I20260630 12:11:24.783447  1176 tablet_service.cc:1917] Received RequestConsensusVote() RPC: tablet_id: "c30dd34bb6fb40da958830102945dd8f" candidate_uuid: "d3df20e807a249b1b622fafdc778dbaa" candidate_term: 1 candidate_status { last_received { term: 0 index: 0 } } ignore_live_leader: false dest_uuid: "814eebc4ff264bfba7b3e19b5c1e2b40" is_pre_election: true
I20260630 12:11:24.784273  1176 raft_consensus.cc:2468] T c30dd34bb6fb40da958830102945dd8f P 814eebc4ff264bfba7b3e19b5c1e2b40 [term 0 FOLLOWER]: Leader pre-election vote request: Granting yes vote for candidate d3df20e807a249b1b622fafdc778dbaa in term 0.
I20260630 12:11:24.785712  1338 leader_election.cc:290] T 499e02db83e647688cee477549d9bec1 P 814eebc4ff264bfba7b3e19b5c1e2b40 [CANDIDATE]: Term 1 election: Requested vote from peers e7b4893cfea34ed592e6b6f986810084 (127.0.107.193:36271), d3df20e807a249b1b622fafdc778dbaa (127.0.107.195:41853)
I20260630 12:11:24.786252  1338 raft_consensus.cc:493] T 047df3f187374741a1ac0df996c062ba P 814eebc4ff264bfba7b3e19b5c1e2b40 [term 0 FOLLOWER]: Starting pre-election (no leader contacted us within the election timeout)
I20260630 12:11:24.786552  1101 tablet_service.cc:1917] Received RequestConsensusVote() RPC: tablet_id: "499e02db83e647688cee477549d9bec1" candidate_uuid: "814eebc4ff264bfba7b3e19b5c1e2b40" candidate_term: 1 candidate_status { last_received { term: 0 index: 0 } } ignore_live_leader: false dest_uuid: "e7b4893cfea34ed592e6b6f986810084"
I20260630 12:11:24.786756  1338 raft_consensus.cc:515] T 047df3f187374741a1ac0df996c062ba P 814eebc4ff264bfba7b3e19b5c1e2b40 [term 0 FOLLOWER]: Starting pre-election with config: opid_index: -1 OBSOLETE_local: false peers { permanent_uuid: "e7b4893cfea34ed592e6b6f986810084" member_type: VOTER last_known_addr { host: "127.0.107.193" port: 36271 } } peers { permanent_uuid: "814eebc4ff264bfba7b3e19b5c1e2b40" member_type: VOTER last_known_addr { host: "127.0.107.194" port: 45311 } } peers { permanent_uuid: "d3df20e807a249b1b622fafdc778dbaa" member_type: VOTER last_known_addr { host: "127.0.107.195" port: 41853 } }
I20260630 12:11:24.787192  1101 raft_consensus.cc:3060] T 499e02db83e647688cee477549d9bec1 P e7b4893cfea34ed592e6b6f986810084 [term 0 FOLLOWER]: Advancing to term 1
I20260630 12:11:24.789918  1299 tablet_bootstrap.cc:492] T 047df3f187374741a1ac0df996c062ba P d3df20e807a249b1b622fafdc778dbaa: No bootstrap required, opened a new log
I20260630 12:11:24.790473  1299 ts_tablet_manager.cc:1403] T 047df3f187374741a1ac0df996c062ba P d3df20e807a249b1b622fafdc778dbaa: Time spent bootstrapping tablet: real 0.060s	user 0.007s	sys 0.007s
I20260630 12:11:24.791587  1338 leader_election.cc:290] T 047df3f187374741a1ac0df996c062ba P 814eebc4ff264bfba7b3e19b5c1e2b40 [CANDIDATE]: Term 1 pre-election: Requested pre-vote from peers e7b4893cfea34ed592e6b6f986810084 (127.0.107.193:36271), d3df20e807a249b1b622fafdc778dbaa (127.0.107.195:41853)
I20260630 12:11:24.792716  1308 raft_consensus.cc:697] T 96767a24022b46c7b0a96307c6cb6d57 P 814eebc4ff264bfba7b3e19b5c1e2b40 [term 1 LEADER]: Becoming Leader. State: Replica: 814eebc4ff264bfba7b3e19b5c1e2b40, State: Running, Role: LEADER
I20260630 12:11:24.793282  1216 leader_election.cc:304] T c30dd34bb6fb40da958830102945dd8f P d3df20e807a249b1b622fafdc778dbaa [CANDIDATE]: Term 1 pre-election: Election decided. Result: candidate won. Election summary: received 2 responses out of 3 voters: 2 yes votes; 0 no votes. yes voters: 814eebc4ff264bfba7b3e19b5c1e2b40, d3df20e807a249b1b622fafdc778dbaa; no voters: 
I20260630 12:11:24.787915  1300 consensus_queue.cc:260] T b0844ad9c6ca456db5dd480250f60c5a P 814eebc4ff264bfba7b3e19b5c1e2b40 [NON_LEADER]: Queue going to NON_LEADER mode. State: All replicated index: 0, Majority replicated index: 0, Committed index: 0, Last appended: 0.0, Last appended by leader: 0, Current term: 0, Majority size: -1, State: 0, Mode: NON_LEADER, active raft config: opid_index: -1 OBSOLETE_local: false peers { permanent_uuid: "e7b4893cfea34ed592e6b6f986810084" member_type: VOTER last_known_addr { host: "127.0.107.193" port: 36271 } } peers { permanent_uuid: "814eebc4ff264bfba7b3e19b5c1e2b40" member_type: VOTER last_known_addr { host: "127.0.107.194" port: 45311 } } peers { permanent_uuid: "d3df20e807a249b1b622fafdc778dbaa" member_type: VOTER last_known_addr { host: "127.0.107.195" port: 41853 } }
I20260630 12:11:24.794711  1303 raft_consensus.cc:2804] T c30dd34bb6fb40da958830102945dd8f P d3df20e807a249b1b622fafdc778dbaa [term 0 FOLLOWER]: Leader pre-election won for term 1
I20260630 12:11:24.795317  1303 raft_consensus.cc:493] T c30dd34bb6fb40da958830102945dd8f P d3df20e807a249b1b622fafdc778dbaa [term 0 FOLLOWER]: Starting leader election (no leader contacted us within the election timeout)
I20260630 12:11:24.795806  1303 raft_consensus.cc:3060] T c30dd34bb6fb40da958830102945dd8f P d3df20e807a249b1b622fafdc778dbaa [term 0 FOLLOWER]: Advancing to term 1
I20260630 12:11:24.796491  1299 raft_consensus.cc:359] T 047df3f187374741a1ac0df996c062ba P d3df20e807a249b1b622fafdc778dbaa [term 0 FOLLOWER]: Replica starting. Triggering 0 pending ops. Active config: opid_index: -1 OBSOLETE_local: false peers { permanent_uuid: "e7b4893cfea34ed592e6b6f986810084" member_type: VOTER last_known_addr { host: "127.0.107.193" port: 36271 } } peers { permanent_uuid: "814eebc4ff264bfba7b3e19b5c1e2b40" member_type: VOTER last_known_addr { host: "127.0.107.194" port: 45311 } } peers { permanent_uuid: "d3df20e807a249b1b622fafdc778dbaa" member_type: VOTER last_known_addr { host: "127.0.107.195" port: 41853 } }
I20260630 12:11:24.793572  1308 consensus_queue.cc:237] T 96767a24022b46c7b0a96307c6cb6d57 P 814eebc4ff264bfba7b3e19b5c1e2b40 [LEADER]: Queue going to LEADER mode. State: All replicated index: 0, Majority replicated index: 0, Committed index: 0, Last appended: 0.0, Last appended by leader: 0, Current term: 1, Majority size: 2, State: 0, Mode: LEADER, active raft config: opid_index: -1 OBSOLETE_local: false peers { permanent_uuid: "e7b4893cfea34ed592e6b6f986810084" member_type: VOTER last_known_addr { host: "127.0.107.193" port: 36271 } } peers { permanent_uuid: "814eebc4ff264bfba7b3e19b5c1e2b40" member_type: VOTER last_known_addr { host: "127.0.107.194" port: 45311 } } peers { permanent_uuid: "d3df20e807a249b1b622fafdc778dbaa" member_type: VOTER last_known_addr { host: "127.0.107.195" port: 41853 } }
I20260630 12:11:24.797261  1299 raft_consensus.cc:385] T 047df3f187374741a1ac0df996c062ba P d3df20e807a249b1b622fafdc778dbaa [term 0 FOLLOWER]: Consensus starting up: Expiring failure detector timer to make a prompt election more likely
I20260630 12:11:24.797590  1299 raft_consensus.cc:740] T 047df3f187374741a1ac0df996c062ba P d3df20e807a249b1b622fafdc778dbaa [term 0 FOLLOWER]: Becoming Follower/Learner. State: Replica: d3df20e807a249b1b622fafdc778dbaa, State: Initialized, Role: FOLLOWER
I20260630 12:11:24.798307  1299 consensus_queue.cc:260] T 047df3f187374741a1ac0df996c062ba P d3df20e807a249b1b622fafdc778dbaa [NON_LEADER]: Queue going to NON_LEADER mode. State: All replicated index: 0, Majority replicated index: 0, Committed index: 0, Last appended: 0.0, Last appended by leader: 0, Current term: 0, Majority size: -1, State: 0, Mode: NON_LEADER, active raft config: opid_index: -1 OBSOLETE_local: false peers { permanent_uuid: "e7b4893cfea34ed592e6b6f986810084" member_type: VOTER last_known_addr { host: "127.0.107.193" port: 36271 } } peers { permanent_uuid: "814eebc4ff264bfba7b3e19b5c1e2b40" member_type: VOTER last_known_addr { host: "127.0.107.194" port: 45311 } } peers { permanent_uuid: "d3df20e807a249b1b622fafdc778dbaa" member_type: VOTER last_known_addr { host: "127.0.107.195" port: 41853 } }
I20260630 12:11:24.799585  1100 tablet_service.cc:1917] Received RequestConsensusVote() RPC: tablet_id: "047df3f187374741a1ac0df996c062ba" candidate_uuid: "814eebc4ff264bfba7b3e19b5c1e2b40" candidate_term: 1 candidate_status { last_received { term: 0 index: 0 } } ignore_live_leader: false dest_uuid: "e7b4893cfea34ed592e6b6f986810084" is_pre_election: true
I20260630 12:11:24.800521  1299 ts_tablet_manager.cc:1434] T 047df3f187374741a1ac0df996c062ba P d3df20e807a249b1b622fafdc778dbaa: Time spent starting tablet: real 0.010s	user 0.000s	sys 0.005s
I20260630 12:11:24.800433  1100 raft_consensus.cc:2468] T 047df3f187374741a1ac0df996c062ba P e7b4893cfea34ed592e6b6f986810084 [term 0 FOLLOWER]: Leader pre-election vote request: Granting yes vote for candidate 814eebc4ff264bfba7b3e19b5c1e2b40 in term 0.
I20260630 12:11:24.801584  1251 tablet_service.cc:1917] Received RequestConsensusVote() RPC: tablet_id: "499e02db83e647688cee477549d9bec1" candidate_uuid: "814eebc4ff264bfba7b3e19b5c1e2b40" candidate_term: 1 candidate_status { last_received { term: 0 index: 0 } } ignore_live_leader: false dest_uuid: "d3df20e807a249b1b622fafdc778dbaa"
I20260630 12:11:24.802847  1102 tablet_service.cc:1917] Received RequestConsensusVote() RPC: tablet_id: "c30dd34bb6fb40da958830102945dd8f" candidate_uuid: "d3df20e807a249b1b622fafdc778dbaa" candidate_term: 1 candidate_status { last_received { term: 0 index: 0 } } ignore_live_leader: false dest_uuid: "e7b4893cfea34ed592e6b6f986810084" is_pre_election: true
I20260630 12:11:24.805792  1000 catalog_manager.cc:5697] T b0844ad9c6ca456db5dd480250f60c5a P e7b4893cfea34ed592e6b6f986810084 reported cstate change: term changed from 0 to 1, leader changed from <none> to e7b4893cfea34ed592e6b6f986810084 (127.0.107.193). New cstate: current_term: 1 leader_uuid: "e7b4893cfea34ed592e6b6f986810084" committed_config { opid_index: -1 OBSOLETE_local: false peers { permanent_uuid: "e7b4893cfea34ed592e6b6f986810084" member_type: VOTER last_known_addr { host: "127.0.107.193" port: 36271 } health_report { overall_health: HEALTHY } } peers { permanent_uuid: "814eebc4ff264bfba7b3e19b5c1e2b40" member_type: VOTER last_known_addr { host: "127.0.107.194" port: 45311 } health_report { overall_health: UNKNOWN } } peers { permanent_uuid: "d3df20e807a249b1b622fafdc778dbaa" member_type: VOTER last_known_addr { host: "127.0.107.195" port: 41853 } health_report { overall_health: UNKNOWN } } }
I20260630 12:11:24.814144  1102 raft_consensus.cc:2468] T c30dd34bb6fb40da958830102945dd8f P e7b4893cfea34ed592e6b6f986810084 [term 0 FOLLOWER]: Leader pre-election vote request: Granting yes vote for candidate d3df20e807a249b1b622fafdc778dbaa in term 0.
I20260630 12:11:24.814831  1343 raft_consensus.cc:493] T b0844ad9c6ca456db5dd480250f60c5a P 814eebc4ff264bfba7b3e19b5c1e2b40 [term 0 FOLLOWER]: Starting pre-election (no leader contacted us within the election timeout)
I20260630 12:11:24.815320  1343 raft_consensus.cc:515] T b0844ad9c6ca456db5dd480250f60c5a P 814eebc4ff264bfba7b3e19b5c1e2b40 [term 0 FOLLOWER]: Starting pre-election with config: opid_index: -1 OBSOLETE_local: false peers { permanent_uuid: "e7b4893cfea34ed592e6b6f986810084" member_type: VOTER last_known_addr { host: "127.0.107.193" port: 36271 } } peers { permanent_uuid: "814eebc4ff264bfba7b3e19b5c1e2b40" member_type: VOTER last_known_addr { host: "127.0.107.194" port: 45311 } } peers { permanent_uuid: "d3df20e807a249b1b622fafdc778dbaa" member_type: VOTER last_known_addr { host: "127.0.107.195" port: 41853 } }
I20260630 12:11:24.820447  1303 raft_consensus.cc:515] T c30dd34bb6fb40da958830102945dd8f P d3df20e807a249b1b622fafdc778dbaa [term 1 FOLLOWER]: Starting leader election with config: opid_index: -1 OBSOLETE_local: false peers { permanent_uuid: "e7b4893cfea34ed592e6b6f986810084" member_type: VOTER last_known_addr { host: "127.0.107.193" port: 36271 } } peers { permanent_uuid: "814eebc4ff264bfba7b3e19b5c1e2b40" member_type: VOTER last_known_addr { host: "127.0.107.194" port: 45311 } } peers { permanent_uuid: "d3df20e807a249b1b622fafdc778dbaa" member_type: VOTER last_known_addr { host: "127.0.107.195" port: 41853 } }
I20260630 12:11:24.809743  1251 tablet_service.cc:1917] Received RequestConsensusVote() RPC: tablet_id: "047df3f187374741a1ac0df996c062ba" candidate_uuid: "814eebc4ff264bfba7b3e19b5c1e2b40" candidate_term: 1 candidate_status { last_received { term: 0 index: 0 } } ignore_live_leader: false dest_uuid: "d3df20e807a249b1b622fafdc778dbaa" is_pre_election: true
I20260630 12:11:24.822639  1251 raft_consensus.cc:2468] T 047df3f187374741a1ac0df996c062ba P d3df20e807a249b1b622fafdc778dbaa [term 0 FOLLOWER]: Leader pre-election vote request: Granting yes vote for candidate 814eebc4ff264bfba7b3e19b5c1e2b40 in term 0.
I20260630 12:11:24.813114  1101 raft_consensus.cc:2468] T 499e02db83e647688cee477549d9bec1 P e7b4893cfea34ed592e6b6f986810084 [term 1 FOLLOWER]: Leader election vote request: Granting yes vote for candidate 814eebc4ff264bfba7b3e19b5c1e2b40 in term 1.
I20260630 12:11:24.817608  1343 leader_election.cc:290] T b0844ad9c6ca456db5dd480250f60c5a P 814eebc4ff264bfba7b3e19b5c1e2b40 [CANDIDATE]: Term 1 pre-election: Requested pre-vote from peers e7b4893cfea34ed592e6b6f986810084 (127.0.107.193:36271), d3df20e807a249b1b622fafdc778dbaa (127.0.107.195:41853)
I20260630 12:11:24.795953  1300 ts_tablet_manager.cc:1434] T b0844ad9c6ca456db5dd480250f60c5a P 814eebc4ff264bfba7b3e19b5c1e2b40: Time spent starting tablet: real 0.022s	user 0.005s	sys 0.000s
I20260630 12:11:24.824965  1300 tablet_bootstrap.cc:492] T fb4c788ca1f54e80b6f7babc8885dd0d P 814eebc4ff264bfba7b3e19b5c1e2b40: Bootstrap starting.
I20260630 12:11:24.826866  1303 leader_election.cc:290] T c30dd34bb6fb40da958830102945dd8f P d3df20e807a249b1b622fafdc778dbaa [CANDIDATE]: Term 1 election: Requested vote from peers e7b4893cfea34ed592e6b6f986810084 (127.0.107.193:36271), 814eebc4ff264bfba7b3e19b5c1e2b40 (127.0.107.194:45311)
I20260630 12:11:24.827580  1101 tablet_service.cc:1917] Received RequestConsensusVote() RPC: tablet_id: "c30dd34bb6fb40da958830102945dd8f" candidate_uuid: "d3df20e807a249b1b622fafdc778dbaa" candidate_term: 1 candidate_status { last_received { term: 0 index: 0 } } ignore_live_leader: false dest_uuid: "e7b4893cfea34ed592e6b6f986810084"
I20260630 12:11:24.828085  1101 raft_consensus.cc:3060] T c30dd34bb6fb40da958830102945dd8f P e7b4893cfea34ed592e6b6f986810084 [term 0 FOLLOWER]: Advancing to term 1
W20260630 12:11:24.809299  1140 leader_election.cc:343] T 499e02db83e647688cee477549d9bec1 P 814eebc4ff264bfba7b3e19b5c1e2b40 [CANDIDATE]: Term 1 election: Tablet error from VoteRequest() call to peer d3df20e807a249b1b622fafdc778dbaa (127.0.107.195:41853): Illegal state: must be running to vote when last-logged opid is not known
I20260630 12:11:24.834909  1299 tablet_bootstrap.cc:492] T 499e02db83e647688cee477549d9bec1 P d3df20e807a249b1b622fafdc778dbaa: Bootstrap starting.
I20260630 12:11:24.835168  1101 raft_consensus.cc:2468] T c30dd34bb6fb40da958830102945dd8f P e7b4893cfea34ed592e6b6f986810084 [term 1 FOLLOWER]: Leader election vote request: Granting yes vote for candidate d3df20e807a249b1b622fafdc778dbaa in term 1.
I20260630 12:11:24.836385  1214 leader_election.cc:304] T c30dd34bb6fb40da958830102945dd8f P d3df20e807a249b1b622fafdc778dbaa [CANDIDATE]: Term 1 election: Election decided. Result: candidate won. Election summary: received 2 responses out of 3 voters: 2 yes votes; 0 no votes. yes voters: d3df20e807a249b1b622fafdc778dbaa, e7b4893cfea34ed592e6b6f986810084; no voters: 
I20260630 12:11:24.837229  1303 raft_consensus.cc:2804] T c30dd34bb6fb40da958830102945dd8f P d3df20e807a249b1b622fafdc778dbaa [term 1 FOLLOWER]: Leader election won for term 1
I20260630 12:11:24.837713  1303 raft_consensus.cc:697] T c30dd34bb6fb40da958830102945dd8f P d3df20e807a249b1b622fafdc778dbaa [term 1 LEADER]: Becoming Leader. State: Replica: d3df20e807a249b1b622fafdc778dbaa, State: Running, Role: LEADER
I20260630 12:11:24.837960  1140 leader_election.cc:304] T 047df3f187374741a1ac0df996c062ba P 814eebc4ff264bfba7b3e19b5c1e2b40 [CANDIDATE]: Term 1 pre-election: Election decided. Result: candidate won. Election summary: received 2 responses out of 3 voters: 2 yes votes; 0 no votes. yes voters: 814eebc4ff264bfba7b3e19b5c1e2b40, e7b4893cfea34ed592e6b6f986810084; no voters: 
I20260630 12:11:24.838505  1303 consensus_queue.cc:237] T c30dd34bb6fb40da958830102945dd8f P d3df20e807a249b1b622fafdc778dbaa [LEADER]: Queue going to LEADER mode. State: All replicated index: 0, Majority replicated index: 0, Committed index: 0, Last appended: 0.0, Last appended by leader: 0, Current term: 1, Majority size: 2, State: 0, Mode: LEADER, active raft config: opid_index: -1 OBSOLETE_local: false peers { permanent_uuid: "e7b4893cfea34ed592e6b6f986810084" member_type: VOTER last_known_addr { host: "127.0.107.193" port: 36271 } } peers { permanent_uuid: "814eebc4ff264bfba7b3e19b5c1e2b40" member_type: VOTER last_known_addr { host: "127.0.107.194" port: 45311 } } peers { permanent_uuid: "d3df20e807a249b1b622fafdc778dbaa" member_type: VOTER last_known_addr { host: "127.0.107.195" port: 41853 } }
I20260630 12:11:24.838836  1140 leader_election.cc:304] T 499e02db83e647688cee477549d9bec1 P 814eebc4ff264bfba7b3e19b5c1e2b40 [CANDIDATE]: Term 1 election: Election decided. Result: candidate won. Election summary: received 3 responses out of 3 voters: 2 yes votes; 1 no votes. yes voters: 814eebc4ff264bfba7b3e19b5c1e2b40, e7b4893cfea34ed592e6b6f986810084; no voters: d3df20e807a249b1b622fafdc778dbaa
I20260630 12:11:24.839592  1343 raft_consensus.cc:2804] T 047df3f187374741a1ac0df996c062ba P 814eebc4ff264bfba7b3e19b5c1e2b40 [term 0 FOLLOWER]: Leader pre-election won for term 1
I20260630 12:11:24.839957  1343 raft_consensus.cc:493] T 047df3f187374741a1ac0df996c062ba P 814eebc4ff264bfba7b3e19b5c1e2b40 [term 0 FOLLOWER]: Starting leader election (no leader contacted us within the election timeout)
I20260630 12:11:24.840288  1343 raft_consensus.cc:3060] T 047df3f187374741a1ac0df996c062ba P 814eebc4ff264bfba7b3e19b5c1e2b40 [term 0 FOLLOWER]: Advancing to term 1
I20260630 12:11:24.847288  1251 tablet_service.cc:1917] Received RequestConsensusVote() RPC: tablet_id: "b0844ad9c6ca456db5dd480250f60c5a" candidate_uuid: "814eebc4ff264bfba7b3e19b5c1e2b40" candidate_term: 1 candidate_status { last_received { term: 0 index: 0 } } ignore_live_leader: false dest_uuid: "d3df20e807a249b1b622fafdc778dbaa" is_pre_election: true
I20260630 12:11:24.867939  1300 tablet_bootstrap.cc:654] T fb4c788ca1f54e80b6f7babc8885dd0d P 814eebc4ff264bfba7b3e19b5c1e2b40: Neither blocks nor log segments found. Creating new log.
I20260630 12:11:24.848946  1251 raft_consensus.cc:2393] T b0844ad9c6ca456db5dd480250f60c5a P d3df20e807a249b1b622fafdc778dbaa [term 1 FOLLOWER]: Leader pre-election vote request: Denying vote to candidate 814eebc4ff264bfba7b3e19b5c1e2b40 in current term 1: Already voted for candidate e7b4893cfea34ed592e6b6f986810084 in this term.
I20260630 12:11:24.848081  1176 tablet_service.cc:1917] Received RequestConsensusVote() RPC: tablet_id: "c30dd34bb6fb40da958830102945dd8f" candidate_uuid: "d3df20e807a249b1b622fafdc778dbaa" candidate_term: 1 candidate_status { last_received { term: 0 index: 0 } } ignore_live_leader: false dest_uuid: "814eebc4ff264bfba7b3e19b5c1e2b40"
I20260630 12:11:24.871102  1299 tablet_bootstrap.cc:654] T 499e02db83e647688cee477549d9bec1 P d3df20e807a249b1b622fafdc778dbaa: Neither blocks nor log segments found. Creating new log.
I20260630 12:11:24.865541  1341 raft_consensus.cc:2804] T 499e02db83e647688cee477549d9bec1 P 814eebc4ff264bfba7b3e19b5c1e2b40 [term 1 FOLLOWER]: Leader election won for term 1
I20260630 12:11:24.871100  1176 raft_consensus.cc:3060] T c30dd34bb6fb40da958830102945dd8f P 814eebc4ff264bfba7b3e19b5c1e2b40 [term 0 FOLLOWER]: Advancing to term 1
I20260630 12:11:24.872995  1341 raft_consensus.cc:697] T 499e02db83e647688cee477549d9bec1 P 814eebc4ff264bfba7b3e19b5c1e2b40 [term 1 LEADER]: Becoming Leader. State: Replica: 814eebc4ff264bfba7b3e19b5c1e2b40, State: Running, Role: LEADER
I20260630 12:11:24.872022   999 catalog_manager.cc:5697] T 96767a24022b46c7b0a96307c6cb6d57 P 814eebc4ff264bfba7b3e19b5c1e2b40 reported cstate change: term changed from 0 to 1, leader changed from <none> to 814eebc4ff264bfba7b3e19b5c1e2b40 (127.0.107.194). New cstate: current_term: 1 leader_uuid: "814eebc4ff264bfba7b3e19b5c1e2b40" committed_config { opid_index: -1 OBSOLETE_local: false peers { permanent_uuid: "e7b4893cfea34ed592e6b6f986810084" member_type: VOTER last_known_addr { host: "127.0.107.193" port: 36271 } health_report { overall_health: UNKNOWN } } peers { permanent_uuid: "814eebc4ff264bfba7b3e19b5c1e2b40" member_type: VOTER last_known_addr { host: "127.0.107.194" port: 45311 } health_report { overall_health: HEALTHY } } peers { permanent_uuid: "d3df20e807a249b1b622fafdc778dbaa" member_type: VOTER last_known_addr { host: "127.0.107.195" port: 41853 } health_report { overall_health: UNKNOWN } } }
I20260630 12:11:24.852082  1343 raft_consensus.cc:515] T 047df3f187374741a1ac0df996c062ba P 814eebc4ff264bfba7b3e19b5c1e2b40 [term 1 FOLLOWER]: Starting leader election with config: opid_index: -1 OBSOLETE_local: false peers { permanent_uuid: "e7b4893cfea34ed592e6b6f986810084" member_type: VOTER last_known_addr { host: "127.0.107.193" port: 36271 } } peers { permanent_uuid: "814eebc4ff264bfba7b3e19b5c1e2b40" member_type: VOTER last_known_addr { host: "127.0.107.194" port: 45311 } } peers { permanent_uuid: "d3df20e807a249b1b622fafdc778dbaa" member_type: VOTER last_known_addr { host: "127.0.107.195" port: 41853 } }
I20260630 12:11:24.878203  1343 leader_election.cc:290] T 047df3f187374741a1ac0df996c062ba P 814eebc4ff264bfba7b3e19b5c1e2b40 [CANDIDATE]: Term 1 election: Requested vote from peers e7b4893cfea34ed592e6b6f986810084 (127.0.107.193:36271), d3df20e807a249b1b622fafdc778dbaa (127.0.107.195:41853)
I20260630 12:11:24.874229  1101 tablet_service.cc:1917] Received RequestConsensusVote() RPC: tablet_id: "b0844ad9c6ca456db5dd480250f60c5a" candidate_uuid: "814eebc4ff264bfba7b3e19b5c1e2b40" candidate_term: 1 candidate_status { last_received { term: 0 index: 0 } } ignore_live_leader: false dest_uuid: "e7b4893cfea34ed592e6b6f986810084" is_pre_election: true
I20260630 12:11:24.878928  1102 tablet_service.cc:1917] Received RequestConsensusVote() RPC: tablet_id: "047df3f187374741a1ac0df996c062ba" candidate_uuid: "814eebc4ff264bfba7b3e19b5c1e2b40" candidate_term: 1 candidate_status { last_received { term: 0 index: 0 } } ignore_live_leader: false dest_uuid: "e7b4893cfea34ed592e6b6f986810084"
I20260630 12:11:24.879472  1102 raft_consensus.cc:3060] T 047df3f187374741a1ac0df996c062ba P e7b4893cfea34ed592e6b6f986810084 [term 0 FOLLOWER]: Advancing to term 1
I20260630 12:11:24.874094  1341 consensus_queue.cc:237] T 499e02db83e647688cee477549d9bec1 P 814eebc4ff264bfba7b3e19b5c1e2b40 [LEADER]: Queue going to LEADER mode. State: All replicated index: 0, Majority replicated index: 0, Committed index: 0, Last appended: 0.0, Last appended by leader: 0, Current term: 1, Majority size: 2, State: 0, Mode: LEADER, active raft config: opid_index: -1 OBSOLETE_local: false peers { permanent_uuid: "e7b4893cfea34ed592e6b6f986810084" member_type: VOTER last_known_addr { host: "127.0.107.193" port: 36271 } } peers { permanent_uuid: "814eebc4ff264bfba7b3e19b5c1e2b40" member_type: VOTER last_known_addr { host: "127.0.107.194" port: 45311 } } peers { permanent_uuid: "d3df20e807a249b1b622fafdc778dbaa" member_type: VOTER last_known_addr { host: "127.0.107.195" port: 41853 } }
I20260630 12:11:24.887224  1176 raft_consensus.cc:2468] T c30dd34bb6fb40da958830102945dd8f P 814eebc4ff264bfba7b3e19b5c1e2b40 [term 1 FOLLOWER]: Leader election vote request: Granting yes vote for candidate d3df20e807a249b1b622fafdc778dbaa in term 1.
I20260630 12:11:24.893157  1140 leader_election.cc:304] T b0844ad9c6ca456db5dd480250f60c5a P 814eebc4ff264bfba7b3e19b5c1e2b40 [CANDIDATE]: Term 1 pre-election: Election decided. Result: candidate lost. Election summary: received 3 responses out of 3 voters: 1 yes votes; 2 no votes. yes voters: 814eebc4ff264bfba7b3e19b5c1e2b40; no voters: d3df20e807a249b1b622fafdc778dbaa, e7b4893cfea34ed592e6b6f986810084
I20260630 12:11:24.894433  1343 raft_consensus.cc:3060] T b0844ad9c6ca456db5dd480250f60c5a P 814eebc4ff264bfba7b3e19b5c1e2b40 [term 0 FOLLOWER]: Advancing to term 1
I20260630 12:11:24.900974  1251 tablet_service.cc:1917] Received RequestConsensusVote() RPC: tablet_id: "047df3f187374741a1ac0df996c062ba" candidate_uuid: "814eebc4ff264bfba7b3e19b5c1e2b40" candidate_term: 1 candidate_status { last_received { term: 0 index: 0 } } ignore_live_leader: false dest_uuid: "d3df20e807a249b1b622fafdc778dbaa"
I20260630 12:11:24.901572  1251 raft_consensus.cc:3060] T 047df3f187374741a1ac0df996c062ba P d3df20e807a249b1b622fafdc778dbaa [term 0 FOLLOWER]: Advancing to term 1
I20260630 12:11:24.905711  1343 raft_consensus.cc:2749] T b0844ad9c6ca456db5dd480250f60c5a P 814eebc4ff264bfba7b3e19b5c1e2b40 [term 1 FOLLOWER]: Leader pre-election lost for term 1. Reason: could not achieve majority
I20260630 12:11:24.887969  1102 raft_consensus.cc:2468] T 047df3f187374741a1ac0df996c062ba P e7b4893cfea34ed592e6b6f986810084 [term 1 FOLLOWER]: Leader election vote request: Granting yes vote for candidate 814eebc4ff264bfba7b3e19b5c1e2b40 in term 1.
I20260630 12:11:24.882337  1000 catalog_manager.cc:5697] T c30dd34bb6fb40da958830102945dd8f P d3df20e807a249b1b622fafdc778dbaa reported cstate change: term changed from 0 to 1, leader changed from <none> to d3df20e807a249b1b622fafdc778dbaa (127.0.107.195). New cstate: current_term: 1 leader_uuid: "d3df20e807a249b1b622fafdc778dbaa" committed_config { opid_index: -1 OBSOLETE_local: false peers { permanent_uuid: "e7b4893cfea34ed592e6b6f986810084" member_type: VOTER last_known_addr { host: "127.0.107.193" port: 36271 } health_report { overall_health: UNKNOWN } } peers { permanent_uuid: "814eebc4ff264bfba7b3e19b5c1e2b40" member_type: VOTER last_known_addr { host: "127.0.107.194" port: 45311 } health_report { overall_health: UNKNOWN } } peers { permanent_uuid: "d3df20e807a249b1b622fafdc778dbaa" member_type: VOTER last_known_addr { host: "127.0.107.195" port: 41853 } health_report { overall_health: HEALTHY } } }
I20260630 12:11:24.911070  1251 raft_consensus.cc:2468] T 047df3f187374741a1ac0df996c062ba P d3df20e807a249b1b622fafdc778dbaa [term 1 FOLLOWER]: Leader election vote request: Granting yes vote for candidate 814eebc4ff264bfba7b3e19b5c1e2b40 in term 1.
I20260630 12:11:24.910758  1140 leader_election.cc:304] T 047df3f187374741a1ac0df996c062ba P 814eebc4ff264bfba7b3e19b5c1e2b40 [CANDIDATE]: Term 1 election: Election decided. Result: candidate won. Election summary: received 2 responses out of 3 voters: 2 yes votes; 0 no votes. yes voters: 814eebc4ff264bfba7b3e19b5c1e2b40, e7b4893cfea34ed592e6b6f986810084; no voters: 
I20260630 12:11:24.913942  1299 tablet_bootstrap.cc:492] T 499e02db83e647688cee477549d9bec1 P d3df20e807a249b1b622fafdc778dbaa: No bootstrap required, opened a new log
I20260630 12:11:24.914188  1343 raft_consensus.cc:2804] T 047df3f187374741a1ac0df996c062ba P 814eebc4ff264bfba7b3e19b5c1e2b40 [term 1 FOLLOWER]: Leader election won for term 1
I20260630 12:11:24.914419  1299 ts_tablet_manager.cc:1403] T 499e02db83e647688cee477549d9bec1 P d3df20e807a249b1b622fafdc778dbaa: Time spent bootstrapping tablet: real 0.080s	user 0.021s	sys 0.025s
I20260630 12:11:24.914891  1343 raft_consensus.cc:697] T 047df3f187374741a1ac0df996c062ba P 814eebc4ff264bfba7b3e19b5c1e2b40 [term 1 LEADER]: Becoming Leader. State: Replica: 814eebc4ff264bfba7b3e19b5c1e2b40, State: Running, Role: LEADER
I20260630 12:11:24.915833  1343 consensus_queue.cc:237] T 047df3f187374741a1ac0df996c062ba P 814eebc4ff264bfba7b3e19b5c1e2b40 [LEADER]: Queue going to LEADER mode. State: All replicated index: 0, Majority replicated index: 0, Committed index: 0, Last appended: 0.0, Last appended by leader: 0, Current term: 1, Majority size: 2, State: 0, Mode: LEADER, active raft config: opid_index: -1 OBSOLETE_local: false peers { permanent_uuid: "e7b4893cfea34ed592e6b6f986810084" member_type: VOTER last_known_addr { host: "127.0.107.193" port: 36271 } } peers { permanent_uuid: "814eebc4ff264bfba7b3e19b5c1e2b40" member_type: VOTER last_known_addr { host: "127.0.107.194" port: 45311 } } peers { permanent_uuid: "d3df20e807a249b1b622fafdc778dbaa" member_type: VOTER last_known_addr { host: "127.0.107.195" port: 41853 } }
I20260630 12:11:24.917196  1299 raft_consensus.cc:359] T 499e02db83e647688cee477549d9bec1 P d3df20e807a249b1b622fafdc778dbaa [term 0 FOLLOWER]: Replica starting. Triggering 0 pending ops. Active config: opid_index: -1 OBSOLETE_local: false peers { permanent_uuid: "e7b4893cfea34ed592e6b6f986810084" member_type: VOTER last_known_addr { host: "127.0.107.193" port: 36271 } } peers { permanent_uuid: "814eebc4ff264bfba7b3e19b5c1e2b40" member_type: VOTER last_known_addr { host: "127.0.107.194" port: 45311 } } peers { permanent_uuid: "d3df20e807a249b1b622fafdc778dbaa" member_type: VOTER last_known_addr { host: "127.0.107.195" port: 41853 } }
I20260630 12:11:24.917941  1299 raft_consensus.cc:385] T 499e02db83e647688cee477549d9bec1 P d3df20e807a249b1b622fafdc778dbaa [term 0 FOLLOWER]: Consensus starting up: Expiring failure detector timer to make a prompt election more likely
I20260630 12:11:24.918241  1299 raft_consensus.cc:740] T 499e02db83e647688cee477549d9bec1 P d3df20e807a249b1b622fafdc778dbaa [term 0 FOLLOWER]: Becoming Follower/Learner. State: Replica: d3df20e807a249b1b622fafdc778dbaa, State: Initialized, Role: FOLLOWER
I20260630 12:11:24.919006  1299 consensus_queue.cc:260] T 499e02db83e647688cee477549d9bec1 P d3df20e807a249b1b622fafdc778dbaa [NON_LEADER]: Queue going to NON_LEADER mode. State: All replicated index: 0, Majority replicated index: 0, Committed index: 0, Last appended: 0.0, Last appended by leader: 0, Current term: 0, Majority size: -1, State: 0, Mode: NON_LEADER, active raft config: opid_index: -1 OBSOLETE_local: false peers { permanent_uuid: "e7b4893cfea34ed592e6b6f986810084" member_type: VOTER last_known_addr { host: "127.0.107.193" port: 36271 } } peers { permanent_uuid: "814eebc4ff264bfba7b3e19b5c1e2b40" member_type: VOTER last_known_addr { host: "127.0.107.194" port: 45311 } } peers { permanent_uuid: "d3df20e807a249b1b622fafdc778dbaa" member_type: VOTER last_known_addr { host: "127.0.107.195" port: 41853 } }
I20260630 12:11:24.919854  1300 tablet_bootstrap.cc:492] T fb4c788ca1f54e80b6f7babc8885dd0d P 814eebc4ff264bfba7b3e19b5c1e2b40: No bootstrap required, opened a new log
I20260630 12:11:24.921052  1300 ts_tablet_manager.cc:1403] T fb4c788ca1f54e80b6f7babc8885dd0d P 814eebc4ff264bfba7b3e19b5c1e2b40: Time spent bootstrapping tablet: real 0.096s	user 0.031s	sys 0.015s
I20260630 12:11:24.922289  1299 ts_tablet_manager.cc:1434] T 499e02db83e647688cee477549d9bec1 P d3df20e807a249b1b622fafdc778dbaa: Time spent starting tablet: real 0.008s	user 0.006s	sys 0.001s
I20260630 12:11:24.923619  1300 raft_consensus.cc:359] T fb4c788ca1f54e80b6f7babc8885dd0d P 814eebc4ff264bfba7b3e19b5c1e2b40 [term 0 FOLLOWER]: Replica starting. Triggering 0 pending ops. Active config: opid_index: -1 OBSOLETE_local: false peers { permanent_uuid: "d3df20e807a249b1b622fafdc778dbaa" member_type: VOTER last_known_addr { host: "127.0.107.195" port: 41853 } } peers { permanent_uuid: "e7b4893cfea34ed592e6b6f986810084" member_type: VOTER last_known_addr { host: "127.0.107.193" port: 36271 } } peers { permanent_uuid: "814eebc4ff264bfba7b3e19b5c1e2b40" member_type: VOTER last_known_addr { host: "127.0.107.194" port: 45311 } }
I20260630 12:11:24.924273  1300 raft_consensus.cc:385] T fb4c788ca1f54e80b6f7babc8885dd0d P 814eebc4ff264bfba7b3e19b5c1e2b40 [term 0 FOLLOWER]: Consensus starting up: Expiring failure detector timer to make a prompt election more likely
I20260630 12:11:24.916723   999 catalog_manager.cc:5697] T 499e02db83e647688cee477549d9bec1 P 814eebc4ff264bfba7b3e19b5c1e2b40 reported cstate change: term changed from 0 to 1, leader changed from <none> to 814eebc4ff264bfba7b3e19b5c1e2b40 (127.0.107.194). New cstate: current_term: 1 leader_uuid: "814eebc4ff264bfba7b3e19b5c1e2b40" committed_config { opid_index: -1 OBSOLETE_local: false peers { permanent_uuid: "e7b4893cfea34ed592e6b6f986810084" member_type: VOTER last_known_addr { host: "127.0.107.193" port: 36271 } health_report { overall_health: UNKNOWN } } peers { permanent_uuid: "814eebc4ff264bfba7b3e19b5c1e2b40" member_type: VOTER last_known_addr { host: "127.0.107.194" port: 45311 } health_report { overall_health: HEALTHY } } peers { permanent_uuid: "d3df20e807a249b1b622fafdc778dbaa" member_type: VOTER last_known_addr { host: "127.0.107.195" port: 41853 } health_report { overall_health: UNKNOWN } } }
I20260630 12:11:24.924539  1300 raft_consensus.cc:740] T fb4c788ca1f54e80b6f7babc8885dd0d P 814eebc4ff264bfba7b3e19b5c1e2b40 [term 0 FOLLOWER]: Becoming Follower/Learner. State: Replica: 814eebc4ff264bfba7b3e19b5c1e2b40, State: Initialized, Role: FOLLOWER
I20260630 12:11:24.925320  1300 consensus_queue.cc:260] T fb4c788ca1f54e80b6f7babc8885dd0d P 814eebc4ff264bfba7b3e19b5c1e2b40 [NON_LEADER]: Queue going to NON_LEADER mode. State: All replicated index: 0, Majority replicated index: 0, Committed index: 0, Last appended: 0.0, Last appended by leader: 0, Current term: 0, Majority size: -1, State: 0, Mode: NON_LEADER, active raft config: opid_index: -1 OBSOLETE_local: false peers { permanent_uuid: "d3df20e807a249b1b622fafdc778dbaa" member_type: VOTER last_known_addr { host: "127.0.107.195" port: 41853 } } peers { permanent_uuid: "e7b4893cfea34ed592e6b6f986810084" member_type: VOTER last_known_addr { host: "127.0.107.193" port: 36271 } } peers { permanent_uuid: "814eebc4ff264bfba7b3e19b5c1e2b40" member_type: VOTER last_known_addr { host: "127.0.107.194" port: 45311 } }
I20260630 12:11:24.927685  1300 ts_tablet_manager.cc:1434] T fb4c788ca1f54e80b6f7babc8885dd0d P 814eebc4ff264bfba7b3e19b5c1e2b40: Time spent starting tablet: real 0.006s	user 0.000s	sys 0.005s
I20260630 12:11:24.938498  1000 catalog_manager.cc:5697] T 047df3f187374741a1ac0df996c062ba P 814eebc4ff264bfba7b3e19b5c1e2b40 reported cstate change: term changed from 0 to 1, leader changed from <none> to 814eebc4ff264bfba7b3e19b5c1e2b40 (127.0.107.194). New cstate: current_term: 1 leader_uuid: "814eebc4ff264bfba7b3e19b5c1e2b40" committed_config { opid_index: -1 OBSOLETE_local: false peers { permanent_uuid: "e7b4893cfea34ed592e6b6f986810084" member_type: VOTER last_known_addr { host: "127.0.107.193" port: 36271 } health_report { overall_health: UNKNOWN } } peers { permanent_uuid: "814eebc4ff264bfba7b3e19b5c1e2b40" member_type: VOTER last_known_addr { host: "127.0.107.194" port: 45311 } health_report { overall_health: HEALTHY } } peers { permanent_uuid: "d3df20e807a249b1b622fafdc778dbaa" member_type: VOTER last_known_addr { host: "127.0.107.195" port: 41853 } health_report { overall_health: UNKNOWN } } }
I20260630 12:11:25.000054   431 file_cache.cc:492] Constructed file cache file cache with capacity 419430
W20260630 12:11:25.006779  1350 instance_detector.cc:116] could not retrieve AWS instance metadata: Network error: curl error: HTTP response code said error: The requested URL returned error: 404
W20260630 12:11:25.008420  1353 instance_detector.cc:116] could not retrieve OpenStack instance metadata: Network error: curl error: HTTP response code said error: The requested URL returned error: 404
I20260630 12:11:25.008509   431 server_base.cc:1061] running on GCE node
W20260630 12:11:25.008534  1351 instance_detector.cc:116] could not retrieve Azure instance metadata: Network error: curl error: HTTP response code said error: The requested URL returned error: 404
I20260630 12:11:25.010098   431 hybrid_clock.cc:584] initializing the hybrid clock with 'system_unsync' time source
W20260630 12:11:25.010346   431 system_unsync_time.cc:38] NTP support is disabled. Clock error bounds will not be accurate. This configuration is not suitable for distributed clusters.
I20260630 12:11:25.010558   431 hybrid_clock.cc:648] HybridClock initialized: now 1782821485010541 us; error 0 us; skew 500 ppm
I20260630 12:11:25.011132   431 server_base.cc:861] Flag tcmalloc_max_total_thread_cache_bytes is not working since tcmalloc is not enabled.
I20260630 12:11:25.014039   431 webserver.cc:533] Webserver started at http://127.0.107.196:40017/ using document root <none> and password file <none>
I20260630 12:11:25.014472   431 fs_manager.cc:362] Metadata directory not provided
I20260630 12:11:25.014642   431 fs_manager.cc:368] Using write-ahead log directory (fs_wal_dir) as metadata directory
I20260630 12:11:25.014993   431 server_base.cc:909] This appears to be a new deployment of Kudu; creating new FS layout
I20260630 12:11:25.016276   431 fs_manager.cc:1068] Generated new instance metadata in path /tmp/dist-test-taskp8p2rW/test-tmp/auto_rebalancer-test.0.AutoRebalancerTest.AutoRebalancingTurnOffAndOn.1782821474277017-431-0/minicluster-data/ts-3-root/instance:
uuid: "4dcf206c1165483eb754083cb7cd2376"
format_stamp: "Formatted at 2026-06-30 12:11:25 on dist-test-slave-zctk"
I20260630 12:11:25.021167   431 fs_manager.cc:696] Time spent creating directory manager: real 0.004s	user 0.004s	sys 0.000s
I20260630 12:11:25.024458  1358 log_block_manager.cc:4031] Time spent loading block containers with low live blocks: real 0.000s	user 0.000s	sys 0.000s
I20260630 12:11:25.025269   431 fs_manager.cc:730] Time spent opening block manager: real 0.002s	user 0.002s	sys 0.001s
I20260630 12:11:25.025563   431 fs_manager.cc:647] Opened local filesystem: /tmp/dist-test-taskp8p2rW/test-tmp/auto_rebalancer-test.0.AutoRebalancerTest.AutoRebalancingTurnOffAndOn.1782821474277017-431-0/minicluster-data/ts-3-root
uuid: "4dcf206c1165483eb754083cb7cd2376"
format_stamp: "Formatted at 2026-06-30 12:11:25 on dist-test-slave-zctk"
I20260630 12:11:25.025826   431 fs_report.cc:389] FS layout report
--------------------
wal directory: /tmp/dist-test-taskp8p2rW/test-tmp/auto_rebalancer-test.0.AutoRebalancerTest.AutoRebalancingTurnOffAndOn.1782821474277017-431-0/minicluster-data/ts-3-root
metadata directory: /tmp/dist-test-taskp8p2rW/test-tmp/auto_rebalancer-test.0.AutoRebalancerTest.AutoRebalancingTurnOffAndOn.1782821474277017-431-0/minicluster-data/ts-3-root
1 data directories: /tmp/dist-test-taskp8p2rW/test-tmp/auto_rebalancer-test.0.AutoRebalancerTest.AutoRebalancingTurnOffAndOn.1782821474277017-431-0/minicluster-data/ts-3-root/data
Total live blocks: 0
Total live bytes: 0
Total live bytes (after alignment): 0
Total number of LBM containers: 0 (0 full)
Did not check for missing blocks
Did not check for orphaned blocks
Total full LBM containers with extra space: 0 (0 repaired)
Total full LBM container extra space in bytes: 0 (0 repaired)
Total incomplete LBM containers: 0 (0 repaired)
Total LBM partial records: 0 (0 repaired)
Total corrupted LBM metadata records in RocksDB: 0 (0 repaired)
I20260630 12:11:25.037348   431 rpc_server.cc:225] running with OpenSSL 1.1.1  11 Sep 2018
I20260630 12:11:25.038920   431 kserver.cc:163] Server-wide thread pool size limit: 3276
I20260630 12:11:25.039546  1176 raft_consensus.cc:3060] T fb4c788ca1f54e80b6f7babc8885dd0d P 814eebc4ff264bfba7b3e19b5c1e2b40 [term 0 FOLLOWER]: Advancing to term 1
I20260630 12:11:25.040685   431 txn_system_client.cc:432] TxnSystemClient initialization is disabled...
I20260630 12:11:25.043504   431 ts_tablet_manager.cc:585] Loaded tablet metadata (0 total tablets, 0 live tablets)
I20260630 12:11:25.043752   431 ts_tablet_manager.cc:531] Time spent load tablet metadata: real 0.000s	user 0.000s	sys 0.000s
I20260630 12:11:25.044013   431 ts_tablet_manager.cc:616] Registered 0 tablets
I20260630 12:11:25.044212   431 ts_tablet_manager.cc:595] Time spent register tablets: real 0.000s	user 0.000s	sys 0.000s
I20260630 12:11:25.046392  1303 consensus_queue.cc:1048] T fb4c788ca1f54e80b6f7babc8885dd0d P d3df20e807a249b1b622fafdc778dbaa [LEADER]: Connected to new peer: Peer: permanent_uuid: "814eebc4ff264bfba7b3e19b5c1e2b40" member_type: VOTER last_known_addr { host: "127.0.107.194" port: 45311 }, Status: LMP_MISMATCH, Last received: 0.0, Next index: 1, Last known committed idx: 0, Time since last communication: 0.000s
I20260630 12:11:25.059139  1303 consensus_queue.cc:1048] T fb4c788ca1f54e80b6f7babc8885dd0d P d3df20e807a249b1b622fafdc778dbaa [LEADER]: Connected to new peer: Peer: permanent_uuid: "e7b4893cfea34ed592e6b6f986810084" member_type: VOTER last_known_addr { host: "127.0.107.193" port: 36271 }, Status: LMP_MISMATCH, Last received: 0.0, Next index: 1, Last known committed idx: 0, Time since last communication: 0.001s
I20260630 12:11:25.109508   431 rpc_server.cc:307] RPC server started. Bound to: 127.0.107.196:34581
I20260630 12:11:25.109623  1425 acceptor_pool.cc:272] collecting diagnostics on the listening RPC socket 127.0.107.196:34581 every 8 connection(s)
I20260630 12:11:25.124048  1426 heartbeater.cc:344] Connected to a master server at 127.0.107.254:38363
I20260630 12:11:25.124434  1426 heartbeater.cc:461] Registering TS with master...
I20260630 12:11:25.125205  1426 heartbeater.cc:507] Master 127.0.107.254:38363 requested a full tablet report, sending...
I20260630 12:11:25.127087  1000 ts_manager.cc:194] Registered new tserver with Master: 4dcf206c1165483eb754083cb7cd2376 (127.0.107.196:34581)
I20260630 12:11:25.128859  1000 master_service.cc:502] Signed X509 certificate for tserver {username='slave'} at 127.0.0.1:34864
I20260630 12:11:25.130183  1303 consensus_queue.cc:1048] T 3ccfeaff9706461c88eb5ce6fe9b957e P d3df20e807a249b1b622fafdc778dbaa [LEADER]: Connected to new peer: Peer: permanent_uuid: "814eebc4ff264bfba7b3e19b5c1e2b40" member_type: VOTER last_known_addr { host: "127.0.107.194" port: 45311 }, Status: LMP_MISMATCH, Last received: 0.0, Next index: 1, Last known committed idx: 0, Time since last communication: 0.000s
I20260630 12:11:25.140097  1331 consensus_queue.cc:1048] T 3ccfeaff9706461c88eb5ce6fe9b957e P d3df20e807a249b1b622fafdc778dbaa [LEADER]: Connected to new peer: Peer: permanent_uuid: "e7b4893cfea34ed592e6b6f986810084" member_type: VOTER last_known_addr { host: "127.0.107.193" port: 36271 }, Status: LMP_MISMATCH, Last received: 0.0, Next index: 1, Last known committed idx: 0, Time since last communication: 0.001s
I20260630 12:11:25.158160  1320 consensus_queue.cc:1048] T b0844ad9c6ca456db5dd480250f60c5a P e7b4893cfea34ed592e6b6f986810084 [LEADER]: Connected to new peer: Peer: permanent_uuid: "814eebc4ff264bfba7b3e19b5c1e2b40" member_type: VOTER last_known_addr { host: "127.0.107.194" port: 45311 }, Status: LMP_MISMATCH, Last received: 0.0, Next index: 1, Last known committed idx: 0, Time since last communication: 0.000s
I20260630 12:11:25.168538  1298 consensus_queue.cc:1048] T b0844ad9c6ca456db5dd480250f60c5a P e7b4893cfea34ed592e6b6f986810084 [LEADER]: Connected to new peer: Peer: permanent_uuid: "d3df20e807a249b1b622fafdc778dbaa" member_type: VOTER last_known_addr { host: "127.0.107.195" port: 41853 }, Status: LMP_MISMATCH, Last received: 0.0, Next index: 1, Last known committed idx: 0, Time since last communication: 0.000s
I20260630 12:11:25.217052  1298 consensus_queue.cc:1048] T e33d94dfe5e6487998bed86ea5837ed3 P e7b4893cfea34ed592e6b6f986810084 [LEADER]: Connected to new peer: Peer: permanent_uuid: "d3df20e807a249b1b622fafdc778dbaa" member_type: VOTER last_known_addr { host: "127.0.107.195" port: 41853 }, Status: LMP_MISMATCH, Last received: 0.0, Next index: 1, Last known committed idx: 0, Time since last communication: 0.000s
I20260630 12:11:25.227341  1320 consensus_queue.cc:1048] T e33d94dfe5e6487998bed86ea5837ed3 P e7b4893cfea34ed592e6b6f986810084 [LEADER]: Connected to new peer: Peer: permanent_uuid: "814eebc4ff264bfba7b3e19b5c1e2b40" member_type: VOTER last_known_addr { host: "127.0.107.194" port: 45311 }, Status: LMP_MISMATCH, Last received: 0.0, Next index: 1, Last known committed idx: 0, Time since last communication: 0.000s
I20260630 12:11:25.254149  1331 consensus_queue.cc:1048] T c30dd34bb6fb40da958830102945dd8f P d3df20e807a249b1b622fafdc778dbaa [LEADER]: Connected to new peer: Peer: permanent_uuid: "e7b4893cfea34ed592e6b6f986810084" member_type: VOTER last_known_addr { host: "127.0.107.193" port: 36271 }, Status: LMP_MISMATCH, Last received: 0.0, Next index: 1, Last known committed idx: 0, Time since last communication: 0.000s
I20260630 12:11:25.264006  1323 consensus_queue.cc:1048] T c30dd34bb6fb40da958830102945dd8f P d3df20e807a249b1b622fafdc778dbaa [LEADER]: Connected to new peer: Peer: permanent_uuid: "814eebc4ff264bfba7b3e19b5c1e2b40" member_type: VOTER last_known_addr { host: "127.0.107.194" port: 45311 }, Status: LMP_MISMATCH, Last received: 0.0, Next index: 1, Last known committed idx: 0, Time since last communication: 0.000s
I20260630 12:11:25.279354  1343 consensus_queue.cc:1048] T 96767a24022b46c7b0a96307c6cb6d57 P 814eebc4ff264bfba7b3e19b5c1e2b40 [LEADER]: Connected to new peer: Peer: permanent_uuid: "d3df20e807a249b1b622fafdc778dbaa" member_type: VOTER last_known_addr { host: "127.0.107.195" port: 41853 }, Status: LMP_MISMATCH, Last received: 0.0, Next index: 1, Last known committed idx: 0, Time since last communication: 0.000s
I20260630 12:11:25.289597  1338 consensus_queue.cc:1048] T 96767a24022b46c7b0a96307c6cb6d57 P 814eebc4ff264bfba7b3e19b5c1e2b40 [LEADER]: Connected to new peer: Peer: permanent_uuid: "e7b4893cfea34ed592e6b6f986810084" member_type: VOTER last_known_addr { host: "127.0.107.193" port: 36271 }, Status: LMP_MISMATCH, Last received: 0.0, Next index: 1, Last known committed idx: 0, Time since last communication: 0.000s
I20260630 12:11:25.323719  1338 consensus_queue.cc:1048] T 499e02db83e647688cee477549d9bec1 P 814eebc4ff264bfba7b3e19b5c1e2b40 [LEADER]: Connected to new peer: Peer: permanent_uuid: "e7b4893cfea34ed592e6b6f986810084" member_type: VOTER last_known_addr { host: "127.0.107.193" port: 36271 }, Status: LMP_MISMATCH, Last received: 0.0, Next index: 1, Last known committed idx: 0, Time since last communication: 0.000s
I20260630 12:11:25.332716  1251 raft_consensus.cc:3060] T 499e02db83e647688cee477549d9bec1 P d3df20e807a249b1b622fafdc778dbaa [term 0 FOLLOWER]: Advancing to term 1
I20260630 12:11:25.340886  1343 consensus_queue.cc:1048] T 499e02db83e647688cee477549d9bec1 P 814eebc4ff264bfba7b3e19b5c1e2b40 [LEADER]: Connected to new peer: Peer: permanent_uuid: "d3df20e807a249b1b622fafdc778dbaa" member_type: VOTER last_known_addr { host: "127.0.107.195" port: 41853 }, Status: LMP_MISMATCH, Last received: 0.0, Next index: 1, Last known committed idx: 0, Time since last communication: 0.000s
I20260630 12:11:25.341962  1323 raft_consensus.cc:493] T 499e02db83e647688cee477549d9bec1 P d3df20e807a249b1b622fafdc778dbaa [term 1 FOLLOWER]: Starting pre-election (no leader contacted us within the election timeout)
I20260630 12:11:25.343256  1323 raft_consensus.cc:515] T 499e02db83e647688cee477549d9bec1 P d3df20e807a249b1b622fafdc778dbaa [term 1 FOLLOWER]: Starting pre-election with config: opid_index: -1 OBSOLETE_local: false peers { permanent_uuid: "e7b4893cfea34ed592e6b6f986810084" member_type: VOTER last_known_addr { host: "127.0.107.193" port: 36271 } } peers { permanent_uuid: "814eebc4ff264bfba7b3e19b5c1e2b40" member_type: VOTER last_known_addr { host: "127.0.107.194" port: 45311 } } peers { permanent_uuid: "d3df20e807a249b1b622fafdc778dbaa" member_type: VOTER last_known_addr { host: "127.0.107.195" port: 41853 } }
I20260630 12:11:25.345083  1323 leader_election.cc:290] T 499e02db83e647688cee477549d9bec1 P d3df20e807a249b1b622fafdc778dbaa [CANDIDATE]: Term 2 pre-election: Requested pre-vote from peers e7b4893cfea34ed592e6b6f986810084 (127.0.107.193:36271), 814eebc4ff264bfba7b3e19b5c1e2b40 (127.0.107.194:45311)
I20260630 12:11:25.346040  1102 tablet_service.cc:1917] Received RequestConsensusVote() RPC: tablet_id: "499e02db83e647688cee477549d9bec1" candidate_uuid: "d3df20e807a249b1b622fafdc778dbaa" candidate_term: 2 candidate_status { last_received { term: 0 index: 0 } } ignore_live_leader: false dest_uuid: "e7b4893cfea34ed592e6b6f986810084" is_pre_election: true
I20260630 12:11:25.346098  1176 tablet_service.cc:1917] Received RequestConsensusVote() RPC: tablet_id: "499e02db83e647688cee477549d9bec1" candidate_uuid: "d3df20e807a249b1b622fafdc778dbaa" candidate_term: 2 candidate_status { last_received { term: 0 index: 0 } } ignore_live_leader: false dest_uuid: "814eebc4ff264bfba7b3e19b5c1e2b40" is_pre_election: true
I20260630 12:11:25.348259  1216 leader_election.cc:304] T 499e02db83e647688cee477549d9bec1 P d3df20e807a249b1b622fafdc778dbaa [CANDIDATE]: Term 2 pre-election: Election decided. Result: candidate lost. Election summary: received 3 responses out of 3 voters: 1 yes votes; 2 no votes. yes voters: d3df20e807a249b1b622fafdc778dbaa; no voters: 814eebc4ff264bfba7b3e19b5c1e2b40, e7b4893cfea34ed592e6b6f986810084
I20260630 12:11:25.349036  1323 raft_consensus.cc:2749] T 499e02db83e647688cee477549d9bec1 P d3df20e807a249b1b622fafdc778dbaa [term 1 FOLLOWER]: Leader pre-election lost for term 2. Reason: could not achieve majority
I20260630 12:11:25.379467  1343 consensus_queue.cc:1048] T 047df3f187374741a1ac0df996c062ba P 814eebc4ff264bfba7b3e19b5c1e2b40 [LEADER]: Connected to new peer: Peer: permanent_uuid: "e7b4893cfea34ed592e6b6f986810084" member_type: VOTER last_known_addr { host: "127.0.107.193" port: 36271 }, Status: LMP_MISMATCH, Last received: 0.0, Next index: 1, Last known committed idx: 0, Time since last communication: 0.000s
I20260630 12:11:25.390285  1338 consensus_queue.cc:1048] T 047df3f187374741a1ac0df996c062ba P 814eebc4ff264bfba7b3e19b5c1e2b40 [LEADER]: Connected to new peer: Peer: permanent_uuid: "d3df20e807a249b1b622fafdc778dbaa" member_type: VOTER last_known_addr { host: "127.0.107.195" port: 41853 }, Status: LMP_MISMATCH, Last received: 0.0, Next index: 1, Last known committed idx: 0, Time since last communication: 0.000s
I20260630 12:11:26.131222  1426 heartbeater.cc:499] Master 127.0.107.254:38363 was elected leader, sending a full tablet report...
I20260630 12:11:26.640190  1053 auto_leader_rebalancer.cc:141] leader rebalance for table test-workload
