I20260630 12:34:52.426714  3563 raft_consensus.cc:2468] T d6aa9d61bfab48d98dd51359e7d82b31 P 0cc5e184c9d4420bbfcbe4b4e91b5683 [term 0 FOLLOWER]: Leader pre-election vote request: Granting yes vote for candidate 4892b99fc99b4bc4adee83c02c7d8210 in term 0.
I20260630 12:34:52.427150  3489 raft_consensus.cc:2468] T d6aa9d61bfab48d98dd51359e7d82b31 P 7e14e10fe5ef43c98f357dd366241ab7 [term 0 FOLLOWER]: Leader pre-election vote request: Granting yes vote for candidate 4892b99fc99b4bc4adee83c02c7d8210 in term 0.
I20260630 12:34:52.427513  3821 raft_consensus.cc:359] T 201465764e3a4308a9b59bad5824415c P 0cc5e184c9d4420bbfcbe4b4e91b5683 [term 0 FOLLOWER]: Replica starting. Triggering 0 pending ops. Active config: opid_index: -1 OBSOLETE_local: false peers { permanent_uuid: "7e14e10fe5ef43c98f357dd366241ab7" member_type: VOTER last_known_addr { host: "127.0.130.65" port: 34937 } } peers { permanent_uuid: "4892b99fc99b4bc4adee83c02c7d8210" member_type: VOTER last_known_addr { host: "127.0.130.68" port: 46267 } } peers { permanent_uuid: "0cc5e184c9d4420bbfcbe4b4e91b5683" member_type: VOTER last_known_addr { host: "127.0.130.66" port: 36205 } }
I20260630 12:34:52.427922  3750 leader_election.cc:304] T d6aa9d61bfab48d98dd51359e7d82b31 P 4892b99fc99b4bc4adee83c02c7d8210 [CANDIDATE]: Term 1 pre-election: Election decided. Result: candidate won. Election summary: received 2 responses out of 3 voters: 2 yes votes; 0 no votes. yes voters: 0cc5e184c9d4420bbfcbe4b4e91b5683, 4892b99fc99b4bc4adee83c02c7d8210; no voters: 
I20260630 12:34:52.428177  3821 raft_consensus.cc:385] T 201465764e3a4308a9b59bad5824415c P 0cc5e184c9d4420bbfcbe4b4e91b5683 [term 0 FOLLOWER]: Consensus starting up: Expiring failure detector timer to make a prompt election more likely
I20260630 12:34:52.428514  3821 raft_consensus.cc:740] T 201465764e3a4308a9b59bad5824415c P 0cc5e184c9d4420bbfcbe4b4e91b5683 [term 0 FOLLOWER]: Becoming Follower/Learner. State: Replica: 0cc5e184c9d4420bbfcbe4b4e91b5683, State: Initialized, Role: FOLLOWER
I20260630 12:34:52.428718  3869 raft_consensus.cc:2804] T d6aa9d61bfab48d98dd51359e7d82b31 P 4892b99fc99b4bc4adee83c02c7d8210 [term 0 FOLLOWER]: Leader pre-election won for term 1
I20260630 12:34:52.429171  3869 raft_consensus.cc:493] T d6aa9d61bfab48d98dd51359e7d82b31 P 4892b99fc99b4bc4adee83c02c7d8210 [term 0 FOLLOWER]: Starting leader election (no leader contacted us within the election timeout)
I20260630 12:34:52.431219  3869 raft_consensus.cc:3060] T d6aa9d61bfab48d98dd51359e7d82b31 P 4892b99fc99b4bc4adee83c02c7d8210 [term 0 FOLLOWER]: Advancing to term 1
I20260630 12:34:52.431612  3821 consensus_queue.cc:260] T 201465764e3a4308a9b59bad5824415c P 0cc5e184c9d4420bbfcbe4b4e91b5683 [NON_LEADER]: Queue going to NON_LEADER mode. State: All replicated index: 0, Majority replicated index: 0, Committed index: 0, Last appended: 0.0, Last appended by leader: 0, Current term: 0, Majority size: -1, State: 0, Mode: NON_LEADER, active raft config: opid_index: -1 OBSOLETE_local: false peers { permanent_uuid: "7e14e10fe5ef43c98f357dd366241ab7" member_type: VOTER last_known_addr { host: "127.0.130.65" port: 34937 } } peers { permanent_uuid: "4892b99fc99b4bc4adee83c02c7d8210" member_type: VOTER last_known_addr { host: "127.0.130.68" port: 46267 } } peers { permanent_uuid: "0cc5e184c9d4420bbfcbe4b4e91b5683" member_type: VOTER last_known_addr { host: "127.0.130.66" port: 36205 } }
I20260630 12:34:52.433890  3685 tablet_bootstrap.cc:654] T 201465764e3a4308a9b59bad5824415c P 7e14e10fe5ef43c98f357dd366241ab7: Neither blocks nor log segments found. Creating new log.
I20260630 12:34:52.437840  3833 tablet_bootstrap.cc:654] T 201465764e3a4308a9b59bad5824415c P 4892b99fc99b4bc4adee83c02c7d8210: Neither blocks nor log segments found. Creating new log.
I20260630 12:34:52.439443  3821 ts_tablet_manager.cc:1434] T 201465764e3a4308a9b59bad5824415c P 0cc5e184c9d4420bbfcbe4b4e91b5683: Time spent starting tablet: real 0.015s	user 0.005s	sys 0.000s
I20260630 12:34:52.439126  3869 raft_consensus.cc:515] T d6aa9d61bfab48d98dd51359e7d82b31 P 4892b99fc99b4bc4adee83c02c7d8210 [term 1 FOLLOWER]: Starting leader election with config: opid_index: -1 OBSOLETE_local: false peers { permanent_uuid: "4892b99fc99b4bc4adee83c02c7d8210" member_type: VOTER last_known_addr { host: "127.0.130.68" port: 46267 } } peers { permanent_uuid: "0cc5e184c9d4420bbfcbe4b4e91b5683" member_type: VOTER last_known_addr { host: "127.0.130.66" port: 36205 } } peers { permanent_uuid: "7e14e10fe5ef43c98f357dd366241ab7" member_type: VOTER last_known_addr { host: "127.0.130.65" port: 34937 } }
I20260630 12:34:52.441968  3563 tablet_service.cc:1917] Received RequestConsensusVote() RPC: tablet_id: "d6aa9d61bfab48d98dd51359e7d82b31" candidate_uuid: "4892b99fc99b4bc4adee83c02c7d8210" candidate_term: 1 candidate_status { last_received { term: 0 index: 0 } } ignore_live_leader: false dest_uuid: "0cc5e184c9d4420bbfcbe4b4e91b5683"
I20260630 12:34:52.442533  3563 raft_consensus.cc:3060] T d6aa9d61bfab48d98dd51359e7d82b31 P 0cc5e184c9d4420bbfcbe4b4e91b5683 [term 0 FOLLOWER]: Advancing to term 1
I20260630 12:34:52.455188  3869 leader_election.cc:290] T d6aa9d61bfab48d98dd51359e7d82b31 P 4892b99fc99b4bc4adee83c02c7d8210 [CANDIDATE]: Term 1 election: Requested vote from peers 0cc5e184c9d4420bbfcbe4b4e91b5683 (127.0.130.66:36205), 7e14e10fe5ef43c98f357dd366241ab7 (127.0.130.65:34937)
I20260630 12:34:52.456177  3563 raft_consensus.cc:2468] T d6aa9d61bfab48d98dd51359e7d82b31 P 0cc5e184c9d4420bbfcbe4b4e91b5683 [term 1 FOLLOWER]: Leader election vote request: Granting yes vote for candidate 4892b99fc99b4bc4adee83c02c7d8210 in term 1.
I20260630 12:34:52.456259  3489 tablet_service.cc:1917] Received RequestConsensusVote() RPC: tablet_id: "d6aa9d61bfab48d98dd51359e7d82b31" candidate_uuid: "4892b99fc99b4bc4adee83c02c7d8210" candidate_term: 1 candidate_status { last_received { term: 0 index: 0 } } ignore_live_leader: false dest_uuid: "7e14e10fe5ef43c98f357dd366241ab7"
I20260630 12:34:52.456840  3489 raft_consensus.cc:3060] T d6aa9d61bfab48d98dd51359e7d82b31 P 7e14e10fe5ef43c98f357dd366241ab7 [term 0 FOLLOWER]: Advancing to term 1
I20260630 12:34:52.457231  3750 leader_election.cc:304] T d6aa9d61bfab48d98dd51359e7d82b31 P 4892b99fc99b4bc4adee83c02c7d8210 [CANDIDATE]: Term 1 election: Election decided. Result: candidate won. Election summary: received 2 responses out of 3 voters: 2 yes votes; 0 no votes. yes voters: 0cc5e184c9d4420bbfcbe4b4e91b5683, 4892b99fc99b4bc4adee83c02c7d8210; no voters: 
I20260630 12:34:52.457959  3833 tablet_bootstrap.cc:492] T 201465764e3a4308a9b59bad5824415c P 4892b99fc99b4bc4adee83c02c7d8210: No bootstrap required, opened a new log
I20260630 12:34:52.458106  3685 tablet_bootstrap.cc:492] T 201465764e3a4308a9b59bad5824415c P 7e14e10fe5ef43c98f357dd366241ab7: No bootstrap required, opened a new log
I20260630 12:34:52.458319  3833 ts_tablet_manager.cc:1403] T 201465764e3a4308a9b59bad5824415c P 4892b99fc99b4bc4adee83c02c7d8210: Time spent bootstrapping tablet: real 0.041s	user 0.018s	sys 0.006s
I20260630 12:34:52.458535  3685 ts_tablet_manager.cc:1403] T 201465764e3a4308a9b59bad5824415c P 7e14e10fe5ef43c98f357dd366241ab7: Time spent bootstrapping tablet: real 0.040s	user 0.006s	sys 0.014s
I20260630 12:34:52.460373  3833 raft_consensus.cc:359] T 201465764e3a4308a9b59bad5824415c P 4892b99fc99b4bc4adee83c02c7d8210 [term 0 FOLLOWER]: Replica starting. Triggering 0 pending ops. Active config: opid_index: -1 OBSOLETE_local: false peers { permanent_uuid: "7e14e10fe5ef43c98f357dd366241ab7" member_type: VOTER last_known_addr { host: "127.0.130.65" port: 34937 } } peers { permanent_uuid: "4892b99fc99b4bc4adee83c02c7d8210" member_type: VOTER last_known_addr { host: "127.0.130.68" port: 46267 } } peers { permanent_uuid: "0cc5e184c9d4420bbfcbe4b4e91b5683" member_type: VOTER last_known_addr { host: "127.0.130.66" port: 36205 } }
I20260630 12:34:52.460824  3833 raft_consensus.cc:385] T 201465764e3a4308a9b59bad5824415c P 4892b99fc99b4bc4adee83c02c7d8210 [term 0 FOLLOWER]: Consensus starting up: Expiring failure detector timer to make a prompt election more likely
I20260630 12:34:52.461018  3833 raft_consensus.cc:740] T 201465764e3a4308a9b59bad5824415c P 4892b99fc99b4bc4adee83c02c7d8210 [term 0 FOLLOWER]: Becoming Follower/Learner. State: Replica: 4892b99fc99b4bc4adee83c02c7d8210, State: Initialized, Role: FOLLOWER
I20260630 12:34:52.460881  3685 raft_consensus.cc:359] T 201465764e3a4308a9b59bad5824415c P 7e14e10fe5ef43c98f357dd366241ab7 [term 0 FOLLOWER]: Replica starting. Triggering 0 pending ops. Active config: opid_index: -1 OBSOLETE_local: false peers { permanent_uuid: "7e14e10fe5ef43c98f357dd366241ab7" member_type: VOTER last_known_addr { host: "127.0.130.65" port: 34937 } } peers { permanent_uuid: "4892b99fc99b4bc4adee83c02c7d8210" member_type: VOTER last_known_addr { host: "127.0.130.68" port: 46267 } } peers { permanent_uuid: "0cc5e184c9d4420bbfcbe4b4e91b5683" member_type: VOTER last_known_addr { host: "127.0.130.66" port: 36205 } }
I20260630 12:34:52.461598  3685 raft_consensus.cc:385] T 201465764e3a4308a9b59bad5824415c P 7e14e10fe5ef43c98f357dd366241ab7 [term 0 FOLLOWER]: Consensus starting up: Expiring failure detector timer to make a prompt election more likely
I20260630 12:34:52.461606  3833 consensus_queue.cc:260] T 201465764e3a4308a9b59bad5824415c P 4892b99fc99b4bc4adee83c02c7d8210 [NON_LEADER]: Queue going to NON_LEADER mode. State: All replicated index: 0, Majority replicated index: 0, Committed index: 0, Last appended: 0.0, Last appended by leader: 0, Current term: 0, Majority size: -1, State: 0, Mode: NON_LEADER, active raft config: opid_index: -1 OBSOLETE_local: false peers { permanent_uuid: "7e14e10fe5ef43c98f357dd366241ab7" member_type: VOTER last_known_addr { host: "127.0.130.65" port: 34937 } } peers { permanent_uuid: "4892b99fc99b4bc4adee83c02c7d8210" member_type: VOTER last_known_addr { host: "127.0.130.68" port: 46267 } } peers { permanent_uuid: "0cc5e184c9d4420bbfcbe4b4e91b5683" member_type: VOTER last_known_addr { host: "127.0.130.66" port: 36205 } }
I20260630 12:34:52.461997  3685 raft_consensus.cc:740] T 201465764e3a4308a9b59bad5824415c P 7e14e10fe5ef43c98f357dd366241ab7 [term 0 FOLLOWER]: Becoming Follower/Learner. State: Replica: 7e14e10fe5ef43c98f357dd366241ab7, State: Initialized, Role: FOLLOWER
I20260630 12:34:52.461659  3869 raft_consensus.cc:2804] T d6aa9d61bfab48d98dd51359e7d82b31 P 4892b99fc99b4bc4adee83c02c7d8210 [term 1 FOLLOWER]: Leader election won for term 1
I20260630 12:34:52.462778  3489 raft_consensus.cc:2468] T d6aa9d61bfab48d98dd51359e7d82b31 P 7e14e10fe5ef43c98f357dd366241ab7 [term 1 FOLLOWER]: Leader election vote request: Granting yes vote for candidate 4892b99fc99b4bc4adee83c02c7d8210 in term 1.
I20260630 12:34:52.462881  3869 raft_consensus.cc:697] T d6aa9d61bfab48d98dd51359e7d82b31 P 4892b99fc99b4bc4adee83c02c7d8210 [term 1 LEADER]: Becoming Leader. State: Replica: 4892b99fc99b4bc4adee83c02c7d8210, State: Running, Role: LEADER
I20260630 12:34:52.463698  3869 consensus_queue.cc:237] T d6aa9d61bfab48d98dd51359e7d82b31 P 4892b99fc99b4bc4adee83c02c7d8210 [LEADER]: Queue going to LEADER mode. State: All replicated index: 0, Majority replicated index: 0, Committed index: 0, Last appended: 0.0, Last appended by leader: 0, Current term: 1, Majority size: 2, State: 0, Mode: LEADER, active raft config: opid_index: -1 OBSOLETE_local: false peers { permanent_uuid: "4892b99fc99b4bc4adee83c02c7d8210" member_type: VOTER last_known_addr { host: "127.0.130.68" port: 46267 } } peers { permanent_uuid: "0cc5e184c9d4420bbfcbe4b4e91b5683" member_type: VOTER last_known_addr { host: "127.0.130.66" port: 36205 } } peers { permanent_uuid: "7e14e10fe5ef43c98f357dd366241ab7" member_type: VOTER last_known_addr { host: "127.0.130.65" port: 34937 } }
I20260630 12:34:52.463881  3685 consensus_queue.cc:260] T 201465764e3a4308a9b59bad5824415c P 7e14e10fe5ef43c98f357dd366241ab7 [NON_LEADER]: Queue going to NON_LEADER mode. State: All replicated index: 0, Majority replicated index: 0, Committed index: 0, Last appended: 0.0, Last appended by leader: 0, Current term: 0, Majority size: -1, State: 0, Mode: NON_LEADER, active raft config: opid_index: -1 OBSOLETE_local: false peers { permanent_uuid: "7e14e10fe5ef43c98f357dd366241ab7" member_type: VOTER last_known_addr { host: "127.0.130.65" port: 34937 } } peers { permanent_uuid: "4892b99fc99b4bc4adee83c02c7d8210" member_type: VOTER last_known_addr { host: "127.0.130.68" port: 46267 } } peers { permanent_uuid: "0cc5e184c9d4420bbfcbe4b4e91b5683" member_type: VOTER last_known_addr { host: "127.0.130.66" port: 36205 } }
I20260630 12:34:52.465435  3833 ts_tablet_manager.cc:1434] T 201465764e3a4308a9b59bad5824415c P 4892b99fc99b4bc4adee83c02c7d8210: Time spent starting tablet: real 0.007s	user 0.006s	sys 0.001s
I20260630 12:34:52.466490  3833 tablet_bootstrap.cc:492] T 699f2655a93e44378eb16ebc13ad781a P 4892b99fc99b4bc4adee83c02c7d8210: Bootstrap starting.
I20260630 12:34:52.465535  3685 ts_tablet_manager.cc:1434] T 201465764e3a4308a9b59bad5824415c P 7e14e10fe5ef43c98f357dd366241ab7: Time spent starting tablet: real 0.007s	user 0.006s	sys 0.000s
I20260630 12:34:52.468231  3685 tablet_bootstrap.cc:492] T 81060274941840198eeab9d5ca7b1b17 P 7e14e10fe5ef43c98f357dd366241ab7: Bootstrap starting.
I20260630 12:34:52.471616  3388 catalog_manager.cc:5697] T d6aa9d61bfab48d98dd51359e7d82b31 P 4892b99fc99b4bc4adee83c02c7d8210 reported cstate change: term changed from 0 to 1, leader changed from <none> to 4892b99fc99b4bc4adee83c02c7d8210 (127.0.130.68). New cstate: current_term: 1 leader_uuid: "4892b99fc99b4bc4adee83c02c7d8210" committed_config { opid_index: -1 OBSOLETE_local: false peers { permanent_uuid: "4892b99fc99b4bc4adee83c02c7d8210" member_type: VOTER last_known_addr { host: "127.0.130.68" port: 46267 } health_report { overall_health: HEALTHY } } peers { permanent_uuid: "0cc5e184c9d4420bbfcbe4b4e91b5683" member_type: VOTER last_known_addr { host: "127.0.130.66" port: 36205 } health_report { overall_health: UNKNOWN } } peers { permanent_uuid: "7e14e10fe5ef43c98f357dd366241ab7" member_type: VOTER last_known_addr { host: "127.0.130.65" port: 34937 } health_report { overall_health: UNKNOWN } } }
I20260630 12:34:52.473152  3685 tablet_bootstrap.cc:654] T 81060274941840198eeab9d5ca7b1b17 P 7e14e10fe5ef43c98f357dd366241ab7: Neither blocks nor log segments found. Creating new log.
I20260630 12:34:52.474689  3833 tablet_bootstrap.cc:654] T 699f2655a93e44378eb16ebc13ad781a P 4892b99fc99b4bc4adee83c02c7d8210: Neither blocks nor log segments found. Creating new log.
I20260630 12:34:52.480468  3685 tablet_bootstrap.cc:492] T 81060274941840198eeab9d5ca7b1b17 P 7e14e10fe5ef43c98f357dd366241ab7: No bootstrap required, opened a new log
I20260630 12:34:52.480485  3833 tablet_bootstrap.cc:492] T 699f2655a93e44378eb16ebc13ad781a P 4892b99fc99b4bc4adee83c02c7d8210: No bootstrap required, opened a new log
I20260630 12:34:52.481058  3685 ts_tablet_manager.cc:1403] T 81060274941840198eeab9d5ca7b1b17 P 7e14e10fe5ef43c98f357dd366241ab7: Time spent bootstrapping tablet: real 0.013s	user 0.009s	sys 0.003s
I20260630 12:34:52.481065  3833 ts_tablet_manager.cc:1403] T 699f2655a93e44378eb16ebc13ad781a P 4892b99fc99b4bc4adee83c02c7d8210: Time spent bootstrapping tablet: real 0.015s	user 0.006s	sys 0.004s
I20260630 12:34:52.483652  3685 raft_consensus.cc:359] T 81060274941840198eeab9d5ca7b1b17 P 7e14e10fe5ef43c98f357dd366241ab7 [term 0 FOLLOWER]: Replica starting. Triggering 0 pending ops. Active config: opid_index: -1 OBSOLETE_local: false peers { permanent_uuid: "7f2c01054d0c417bb16c502266bce72d" member_type: VOTER last_known_addr { host: "127.0.130.67" port: 34309 } } peers { permanent_uuid: "4892b99fc99b4bc4adee83c02c7d8210" member_type: VOTER last_known_addr { host: "127.0.130.68" port: 46267 } } peers { permanent_uuid: "7e14e10fe5ef43c98f357dd366241ab7" member_type: VOTER last_known_addr { host: "127.0.130.65" port: 34937 } }
I20260630 12:34:52.484323  3685 raft_consensus.cc:385] T 81060274941840198eeab9d5ca7b1b17 P 7e14e10fe5ef43c98f357dd366241ab7 [term 0 FOLLOWER]: Consensus starting up: Expiring failure detector timer to make a prompt election more likely
I20260630 12:34:52.484066  3833 raft_consensus.cc:359] T 699f2655a93e44378eb16ebc13ad781a P 4892b99fc99b4bc4adee83c02c7d8210 [term 0 FOLLOWER]: Replica starting. Triggering 0 pending ops. Active config: opid_index: -1 OBSOLETE_local: false peers { permanent_uuid: "7f2c01054d0c417bb16c502266bce72d" member_type: VOTER last_known_addr { host: "127.0.130.67" port: 34309 } } peers { permanent_uuid: "0cc5e184c9d4420bbfcbe4b4e91b5683" member_type: VOTER last_known_addr { host: "127.0.130.66" port: 36205 } } peers { permanent_uuid: "4892b99fc99b4bc4adee83c02c7d8210" member_type: VOTER last_known_addr { host: "127.0.130.68" port: 46267 } }
I20260630 12:34:52.484591  3685 raft_consensus.cc:740] T 81060274941840198eeab9d5ca7b1b17 P 7e14e10fe5ef43c98f357dd366241ab7 [term 0 FOLLOWER]: Becoming Follower/Learner. State: Replica: 7e14e10fe5ef43c98f357dd366241ab7, State: Initialized, Role: FOLLOWER
I20260630 12:34:52.484758  3833 raft_consensus.cc:385] T 699f2655a93e44378eb16ebc13ad781a P 4892b99fc99b4bc4adee83c02c7d8210 [term 0 FOLLOWER]: Consensus starting up: Expiring failure detector timer to make a prompt election more likely
I20260630 12:34:52.485509  3833 raft_consensus.cc:740] T 699f2655a93e44378eb16ebc13ad781a P 4892b99fc99b4bc4adee83c02c7d8210 [term 0 FOLLOWER]: Becoming Follower/Learner. State: Replica: 4892b99fc99b4bc4adee83c02c7d8210, State: Initialized, Role: FOLLOWER
I20260630 12:34:52.485790  3685 consensus_queue.cc:260] T 81060274941840198eeab9d5ca7b1b17 P 7e14e10fe5ef43c98f357dd366241ab7 [NON_LEADER]: Queue going to NON_LEADER mode. State: All replicated index: 0, Majority replicated index: 0, Committed index: 0, Last appended: 0.0, Last appended by leader: 0, Current term: 0, Majority size: -1, State: 0, Mode: NON_LEADER, active raft config: opid_index: -1 OBSOLETE_local: false peers { permanent_uuid: "7f2c01054d0c417bb16c502266bce72d" member_type: VOTER last_known_addr { host: "127.0.130.67" port: 34309 } } peers { permanent_uuid: "4892b99fc99b4bc4adee83c02c7d8210" member_type: VOTER last_known_addr { host: "127.0.130.68" port: 46267 } } peers { permanent_uuid: "7e14e10fe5ef43c98f357dd366241ab7" member_type: VOTER last_known_addr { host: "127.0.130.65" port: 34937 } }
I20260630 12:34:52.486222  3833 consensus_queue.cc:260] T 699f2655a93e44378eb16ebc13ad781a P 4892b99fc99b4bc4adee83c02c7d8210 [NON_LEADER]: Queue going to NON_LEADER mode. State: All replicated index: 0, Majority replicated index: 0, Committed index: 0, Last appended: 0.0, Last appended by leader: 0, Current term: 0, Majority size: -1, State: 0, Mode: NON_LEADER, active raft config: opid_index: -1 OBSOLETE_local: false peers { permanent_uuid: "7f2c01054d0c417bb16c502266bce72d" member_type: VOTER last_known_addr { host: "127.0.130.67" port: 34309 } } peers { permanent_uuid: "0cc5e184c9d4420bbfcbe4b4e91b5683" member_type: VOTER last_known_addr { host: "127.0.130.66" port: 36205 } } peers { permanent_uuid: "4892b99fc99b4bc4adee83c02c7d8210" member_type: VOTER last_known_addr { host: "127.0.130.68" port: 46267 } }
I20260630 12:34:52.487664  3685 ts_tablet_manager.cc:1434] T 81060274941840198eeab9d5ca7b1b17 P 7e14e10fe5ef43c98f357dd366241ab7: Time spent starting tablet: real 0.006s	user 0.003s	sys 0.000s
I20260630 12:34:52.488235  3833 ts_tablet_manager.cc:1434] T 699f2655a93e44378eb16ebc13ad781a P 4892b99fc99b4bc4adee83c02c7d8210: Time spent starting tablet: real 0.007s	user 0.003s	sys 0.003s
I20260630 12:34:52.489137  3833 tablet_bootstrap.cc:492] T 81060274941840198eeab9d5ca7b1b17 P 4892b99fc99b4bc4adee83c02c7d8210: Bootstrap starting.
I20260630 12:34:52.494577  3833 tablet_bootstrap.cc:654] T 81060274941840198eeab9d5ca7b1b17 P 4892b99fc99b4bc4adee83c02c7d8210: Neither blocks nor log segments found. Creating new log.
I20260630 12:34:52.498869  3833 tablet_bootstrap.cc:492] T 81060274941840198eeab9d5ca7b1b17 P 4892b99fc99b4bc4adee83c02c7d8210: No bootstrap required, opened a new log
I20260630 12:34:52.499193  3833 ts_tablet_manager.cc:1403] T 81060274941840198eeab9d5ca7b1b17 P 4892b99fc99b4bc4adee83c02c7d8210: Time spent bootstrapping tablet: real 0.010s	user 0.004s	sys 0.004s
I20260630 12:34:52.501200  3833 raft_consensus.cc:359] T 81060274941840198eeab9d5ca7b1b17 P 4892b99fc99b4bc4adee83c02c7d8210 [term 0 FOLLOWER]: Replica starting. Triggering 0 pending ops. Active config: opid_index: -1 OBSOLETE_local: false peers { permanent_uuid: "7f2c01054d0c417bb16c502266bce72d" member_type: VOTER last_known_addr { host: "127.0.130.67" port: 34309 } } peers { permanent_uuid: "4892b99fc99b4bc4adee83c02c7d8210" member_type: VOTER last_known_addr { host: "127.0.130.68" port: 46267 } } peers { permanent_uuid: "7e14e10fe5ef43c98f357dd366241ab7" member_type: VOTER last_known_addr { host: "127.0.130.65" port: 34937 } }
I20260630 12:34:52.501667  3833 raft_consensus.cc:385] T 81060274941840198eeab9d5ca7b1b17 P 4892b99fc99b4bc4adee83c02c7d8210 [term 0 FOLLOWER]: Consensus starting up: Expiring failure detector timer to make a prompt election more likely
I20260630 12:34:52.501886  3833 raft_consensus.cc:740] T 81060274941840198eeab9d5ca7b1b17 P 4892b99fc99b4bc4adee83c02c7d8210 [term 0 FOLLOWER]: Becoming Follower/Learner. State: Replica: 4892b99fc99b4bc4adee83c02c7d8210, State: Initialized, Role: FOLLOWER
I20260630 12:34:52.502324  3702 raft_consensus.cc:493] T 699f2655a93e44378eb16ebc13ad781a P 7f2c01054d0c417bb16c502266bce72d [term 0 FOLLOWER]: Starting pre-election (no leader contacted us within the election timeout)
I20260630 12:34:52.502440  3833 consensus_queue.cc:260] T 81060274941840198eeab9d5ca7b1b17 P 4892b99fc99b4bc4adee83c02c7d8210 [NON_LEADER]: Queue going to NON_LEADER mode. State: All replicated index: 0, Majority replicated index: 0, Committed index: 0, Last appended: 0.0, Last appended by leader: 0, Current term: 0, Majority size: -1, State: 0, Mode: NON_LEADER, active raft config: opid_index: -1 OBSOLETE_local: false peers { permanent_uuid: "7f2c01054d0c417bb16c502266bce72d" member_type: VOTER last_known_addr { host: "127.0.130.67" port: 34309 } } peers { permanent_uuid: "4892b99fc99b4bc4adee83c02c7d8210" member_type: VOTER last_known_addr { host: "127.0.130.68" port: 46267 } } peers { permanent_uuid: "7e14e10fe5ef43c98f357dd366241ab7" member_type: VOTER last_known_addr { host: "127.0.130.65" port: 34937 } }
I20260630 12:34:52.502712  3702 raft_consensus.cc:515] T 699f2655a93e44378eb16ebc13ad781a P 7f2c01054d0c417bb16c502266bce72d [term 0 FOLLOWER]: Starting pre-election with config: opid_index: -1 OBSOLETE_local: false peers { permanent_uuid: "7f2c01054d0c417bb16c502266bce72d" member_type: VOTER last_known_addr { host: "127.0.130.67" port: 34309 } } peers { permanent_uuid: "0cc5e184c9d4420bbfcbe4b4e91b5683" member_type: VOTER last_known_addr { host: "127.0.130.66" port: 36205 } } peers { permanent_uuid: "4892b99fc99b4bc4adee83c02c7d8210" member_type: VOTER last_known_addr { host: "127.0.130.68" port: 46267 } }
I20260630 12:34:52.504482  3833 ts_tablet_manager.cc:1434] T 81060274941840198eeab9d5ca7b1b17 P 4892b99fc99b4bc4adee83c02c7d8210: Time spent starting tablet: real 0.005s	user 0.006s	sys 0.000s
I20260630 12:34:52.505014  3563 tablet_service.cc:1917] Received RequestConsensusVote() RPC: tablet_id: "699f2655a93e44378eb16ebc13ad781a" candidate_uuid: "7f2c01054d0c417bb16c502266bce72d" candidate_term: 1 candidate_status { last_received { term: 0 index: 0 } } ignore_live_leader: false dest_uuid: "0cc5e184c9d4420bbfcbe4b4e91b5683" is_pre_election: true
I20260630 12:34:52.505173  3702 leader_election.cc:290] T 699f2655a93e44378eb16ebc13ad781a P 7f2c01054d0c417bb16c502266bce72d [CANDIDATE]: Term 1 pre-election: Requested pre-vote from peers 0cc5e184c9d4420bbfcbe4b4e91b5683 (127.0.130.66:36205), 4892b99fc99b4bc4adee83c02c7d8210 (127.0.130.68:46267)
I20260630 12:34:52.505336  3833 tablet_bootstrap.cc:492] T 03c35e8ad5144b698e3ce469367fd186 P 4892b99fc99b4bc4adee83c02c7d8210: Bootstrap starting.
I20260630 12:34:52.505384  3789 tablet_service.cc:1917] Received RequestConsensusVote() RPC: tablet_id: "699f2655a93e44378eb16ebc13ad781a" candidate_uuid: "7f2c01054d0c417bb16c502266bce72d" candidate_term: 1 candidate_status { last_received { term: 0 index: 0 } } ignore_live_leader: false dest_uuid: "4892b99fc99b4bc4adee83c02c7d8210" is_pre_election: true
I20260630 12:34:52.506011  3563 raft_consensus.cc:2468] T 699f2655a93e44378eb16ebc13ad781a P 0cc5e184c9d4420bbfcbe4b4e91b5683 [term 0 FOLLOWER]: Leader pre-election vote request: Granting yes vote for candidate 7f2c01054d0c417bb16c502266bce72d in term 0.
I20260630 12:34:52.506074  3789 raft_consensus.cc:2468] T 699f2655a93e44378eb16ebc13ad781a P 4892b99fc99b4bc4adee83c02c7d8210 [term 0 FOLLOWER]: Leader pre-election vote request: Granting yes vote for candidate 7f2c01054d0c417bb16c502266bce72d in term 0.
I20260630 12:34:52.507207  3602 leader_election.cc:304] T 699f2655a93e44378eb16ebc13ad781a P 7f2c01054d0c417bb16c502266bce72d [CANDIDATE]: Term 1 pre-election: Election decided. Result: candidate won. Election summary: received 2 responses out of 3 voters: 2 yes votes; 0 no votes. yes voters: 0cc5e184c9d4420bbfcbe4b4e91b5683, 7f2c01054d0c417bb16c502266bce72d; no voters: 
I20260630 12:34:52.507985  3702 raft_consensus.cc:2804] T 699f2655a93e44378eb16ebc13ad781a P 7f2c01054d0c417bb16c502266bce72d [term 0 FOLLOWER]: Leader pre-election won for term 1
I20260630 12:34:52.508337  3702 raft_consensus.cc:493] T 699f2655a93e44378eb16ebc13ad781a P 7f2c01054d0c417bb16c502266bce72d [term 0 FOLLOWER]: Starting leader election (no leader contacted us within the election timeout)
I20260630 12:34:52.508649  3702 raft_consensus.cc:3060] T 699f2655a93e44378eb16ebc13ad781a P 7f2c01054d0c417bb16c502266bce72d [term 0 FOLLOWER]: Advancing to term 1
I20260630 12:34:52.512522  3833 tablet_bootstrap.cc:654] T 03c35e8ad5144b698e3ce469367fd186 P 4892b99fc99b4bc4adee83c02c7d8210: Neither blocks nor log segments found. Creating new log.
I20260630 12:34:52.516515  3702 raft_consensus.cc:515] T 699f2655a93e44378eb16ebc13ad781a P 7f2c01054d0c417bb16c502266bce72d [term 1 FOLLOWER]: Starting leader election with config: opid_index: -1 OBSOLETE_local: false peers { permanent_uuid: "7f2c01054d0c417bb16c502266bce72d" member_type: VOTER last_known_addr { host: "127.0.130.67" port: 34309 } } peers { permanent_uuid: "0cc5e184c9d4420bbfcbe4b4e91b5683" member_type: VOTER last_known_addr { host: "127.0.130.66" port: 36205 } } peers { permanent_uuid: "4892b99fc99b4bc4adee83c02c7d8210" member_type: VOTER last_known_addr { host: "127.0.130.68" port: 46267 } }
I20260630 12:34:52.519042  3563 tablet_service.cc:1917] Received RequestConsensusVote() RPC: tablet_id: "699f2655a93e44378eb16ebc13ad781a" candidate_uuid: "7f2c01054d0c417bb16c502266bce72d" candidate_term: 1 candidate_status { last_received { term: 0 index: 0 } } ignore_live_leader: false dest_uuid: "0cc5e184c9d4420bbfcbe4b4e91b5683"
I20260630 12:34:52.519124  3702 leader_election.cc:290] T 699f2655a93e44378eb16ebc13ad781a P 7f2c01054d0c417bb16c502266bce72d [CANDIDATE]: Term 1 election: Requested vote from peers 0cc5e184c9d4420bbfcbe4b4e91b5683 (127.0.130.66:36205), 4892b99fc99b4bc4adee83c02c7d8210 (127.0.130.68:46267)
I20260630 12:34:52.519332  3789 tablet_service.cc:1917] Received RequestConsensusVote() RPC: tablet_id: "699f2655a93e44378eb16ebc13ad781a" candidate_uuid: "7f2c01054d0c417bb16c502266bce72d" candidate_term: 1 candidate_status { last_received { term: 0 index: 0 } } ignore_live_leader: false dest_uuid: "4892b99fc99b4bc4adee83c02c7d8210"
I20260630 12:34:52.519625  3563 raft_consensus.cc:3060] T 699f2655a93e44378eb16ebc13ad781a P 0cc5e184c9d4420bbfcbe4b4e91b5683 [term 0 FOLLOWER]: Advancing to term 1
I20260630 12:34:52.519842  3789 raft_consensus.cc:3060] T 699f2655a93e44378eb16ebc13ad781a P 4892b99fc99b4bc4adee83c02c7d8210 [term 0 FOLLOWER]: Advancing to term 1
I20260630 12:34:52.524039  3789 raft_consensus.cc:2468] T 699f2655a93e44378eb16ebc13ad781a P 4892b99fc99b4bc4adee83c02c7d8210 [term 1 FOLLOWER]: Leader election vote request: Granting yes vote for candidate 7f2c01054d0c417bb16c502266bce72d in term 1.
I20260630 12:34:52.525156  3605 leader_election.cc:304] T 699f2655a93e44378eb16ebc13ad781a P 7f2c01054d0c417bb16c502266bce72d [CANDIDATE]: Term 1 election: Election decided. Result: candidate won. Election summary: received 2 responses out of 3 voters: 2 yes votes; 0 no votes. yes voters: 4892b99fc99b4bc4adee83c02c7d8210, 7f2c01054d0c417bb16c502266bce72d; no voters: 
I20260630 12:34:52.525633  3563 raft_consensus.cc:2468] T 699f2655a93e44378eb16ebc13ad781a P 0cc5e184c9d4420bbfcbe4b4e91b5683 [term 1 FOLLOWER]: Leader election vote request: Granting yes vote for candidate 7f2c01054d0c417bb16c502266bce72d in term 1.
I20260630 12:34:52.525851  3702 raft_consensus.cc:2804] T 699f2655a93e44378eb16ebc13ad781a P 7f2c01054d0c417bb16c502266bce72d [term 1 FOLLOWER]: Leader election won for term 1
I20260630 12:34:52.526005  3833 tablet_bootstrap.cc:492] T 03c35e8ad5144b698e3ce469367fd186 P 4892b99fc99b4bc4adee83c02c7d8210: No bootstrap required, opened a new log
I20260630 12:34:52.526335  3702 raft_consensus.cc:697] T 699f2655a93e44378eb16ebc13ad781a P 7f2c01054d0c417bb16c502266bce72d [term 1 LEADER]: Becoming Leader. State: Replica: 7f2c01054d0c417bb16c502266bce72d, State: Running, Role: LEADER
I20260630 12:34:52.526473  3833 ts_tablet_manager.cc:1403] T 03c35e8ad5144b698e3ce469367fd186 P 4892b99fc99b4bc4adee83c02c7d8210: Time spent bootstrapping tablet: real 0.021s	user 0.008s	sys 0.006s
I20260630 12:34:52.526993  3702 consensus_queue.cc:237] T 699f2655a93e44378eb16ebc13ad781a P 7f2c01054d0c417bb16c502266bce72d [LEADER]: Queue going to LEADER mode. State: All replicated index: 0, Majority replicated index: 0, Committed index: 0, Last appended: 0.0, Last appended by leader: 0, Current term: 1, Majority size: 2, State: 0, Mode: LEADER, active raft config: opid_index: -1 OBSOLETE_local: false peers { permanent_uuid: "7f2c01054d0c417bb16c502266bce72d" member_type: VOTER last_known_addr { host: "127.0.130.67" port: 34309 } } peers { permanent_uuid: "0cc5e184c9d4420bbfcbe4b4e91b5683" member_type: VOTER last_known_addr { host: "127.0.130.66" port: 36205 } } peers { permanent_uuid: "4892b99fc99b4bc4adee83c02c7d8210" member_type: VOTER last_known_addr { host: "127.0.130.68" port: 46267 } }
I20260630 12:34:52.528651  3833 raft_consensus.cc:359] T 03c35e8ad5144b698e3ce469367fd186 P 4892b99fc99b4bc4adee83c02c7d8210 [term 0 FOLLOWER]: Replica starting. Triggering 0 pending ops. Active config: opid_index: -1 OBSOLETE_local: false peers { permanent_uuid: "4892b99fc99b4bc4adee83c02c7d8210" member_type: VOTER last_known_addr { host: "127.0.130.68" port: 46267 } } peers { permanent_uuid: "0cc5e184c9d4420bbfcbe4b4e91b5683" member_type: VOTER last_known_addr { host: "127.0.130.66" port: 36205 } } peers { permanent_uuid: "7e14e10fe5ef43c98f357dd366241ab7" member_type: VOTER last_known_addr { host: "127.0.130.65" port: 34937 } }
I20260630 12:34:52.529091  3833 raft_consensus.cc:385] T 03c35e8ad5144b698e3ce469367fd186 P 4892b99fc99b4bc4adee83c02c7d8210 [term 0 FOLLOWER]: Consensus starting up: Expiring failure detector timer to make a prompt election more likely
I20260630 12:34:52.529294  3833 raft_consensus.cc:740] T 03c35e8ad5144b698e3ce469367fd186 P 4892b99fc99b4bc4adee83c02c7d8210 [term 0 FOLLOWER]: Becoming Follower/Learner. State: Replica: 4892b99fc99b4bc4adee83c02c7d8210, State: Initialized, Role: FOLLOWER
I20260630 12:34:52.529843  3833 consensus_queue.cc:260] T 03c35e8ad5144b698e3ce469367fd186 P 4892b99fc99b4bc4adee83c02c7d8210 [NON_LEADER]: Queue going to NON_LEADER mode. State: All replicated index: 0, Majority replicated index: 0, Committed index: 0, Last appended: 0.0, Last appended by leader: 0, Current term: 0, Majority size: -1, State: 0, Mode: NON_LEADER, active raft config: opid_index: -1 OBSOLETE_local: false peers { permanent_uuid: "4892b99fc99b4bc4adee83c02c7d8210" member_type: VOTER last_known_addr { host: "127.0.130.68" port: 46267 } } peers { permanent_uuid: "0cc5e184c9d4420bbfcbe4b4e91b5683" member_type: VOTER last_known_addr { host: "127.0.130.66" port: 36205 } } peers { permanent_uuid: "7e14e10fe5ef43c98f357dd366241ab7" member_type: VOTER last_known_addr { host: "127.0.130.65" port: 34937 } }
I20260630 12:34:52.531162  3833 ts_tablet_manager.cc:1434] T 03c35e8ad5144b698e3ce469367fd186 P 4892b99fc99b4bc4adee83c02c7d8210: Time spent starting tablet: real 0.004s	user 0.002s	sys 0.001s
I20260630 12:34:52.536347  3388 catalog_manager.cc:5697] T 699f2655a93e44378eb16ebc13ad781a P 7f2c01054d0c417bb16c502266bce72d reported cstate change: term changed from 0 to 1, leader changed from <none> to 7f2c01054d0c417bb16c502266bce72d (127.0.130.67). New cstate: current_term: 1 leader_uuid: "7f2c01054d0c417bb16c502266bce72d" committed_config { opid_index: -1 OBSOLETE_local: false peers { permanent_uuid: "7f2c01054d0c417bb16c502266bce72d" member_type: VOTER last_known_addr { host: "127.0.130.67" port: 34309 } health_report { overall_health: HEALTHY } } peers { permanent_uuid: "0cc5e184c9d4420bbfcbe4b4e91b5683" member_type: VOTER last_known_addr { host: "127.0.130.66" port: 36205 } health_report { overall_health: UNKNOWN } } peers { permanent_uuid: "4892b99fc99b4bc4adee83c02c7d8210" member_type: VOTER last_known_addr { host: "127.0.130.68" port: 46267 } health_report { overall_health: UNKNOWN } } }
I20260630 12:34:52.545084  3688 raft_consensus.cc:493] T 03c35e8ad5144b698e3ce469367fd186 P 0cc5e184c9d4420bbfcbe4b4e91b5683 [term 0 FOLLOWER]: Starting pre-election (no leader contacted us within the election timeout)
I20260630 12:34:52.545447  3688 raft_consensus.cc:515] T 03c35e8ad5144b698e3ce469367fd186 P 0cc5e184c9d4420bbfcbe4b4e91b5683 [term 0 FOLLOWER]: Starting pre-election with config: opid_index: -1 OBSOLETE_local: false peers { permanent_uuid: "4892b99fc99b4bc4adee83c02c7d8210" member_type: VOTER last_known_addr { host: "127.0.130.68" port: 46267 } } peers { permanent_uuid: "0cc5e184c9d4420bbfcbe4b4e91b5683" member_type: VOTER last_known_addr { host: "127.0.130.66" port: 36205 } } peers { permanent_uuid: "7e14e10fe5ef43c98f357dd366241ab7" member_type: VOTER last_known_addr { host: "127.0.130.65" port: 34937 } }
I20260630 12:34:52.547011  3688 leader_election.cc:290] T 03c35e8ad5144b698e3ce469367fd186 P 0cc5e184c9d4420bbfcbe4b4e91b5683 [CANDIDATE]: Term 1 pre-election: Requested pre-vote from peers 4892b99fc99b4bc4adee83c02c7d8210 (127.0.130.68:46267), 7e14e10fe5ef43c98f357dd366241ab7 (127.0.130.65:34937)
I20260630 12:34:52.548149  3489 tablet_service.cc:1917] Received RequestConsensusVote() RPC: tablet_id: "03c35e8ad5144b698e3ce469367fd186" candidate_uuid: "0cc5e184c9d4420bbfcbe4b4e91b5683" candidate_term: 1 candidate_status { last_received { term: 0 index: 0 } } ignore_live_leader: false dest_uuid: "7e14e10fe5ef43c98f357dd366241ab7" is_pre_election: true
I20260630 12:34:52.548650  3489 raft_consensus.cc:2468] T 03c35e8ad5144b698e3ce469367fd186 P 7e14e10fe5ef43c98f357dd366241ab7 [term 0 FOLLOWER]: Leader pre-election vote request: Granting yes vote for candidate 0cc5e184c9d4420bbfcbe4b4e91b5683 in term 0.
I20260630 12:34:52.549451  3530 leader_election.cc:304] T 03c35e8ad5144b698e3ce469367fd186 P 0cc5e184c9d4420bbfcbe4b4e91b5683 [CANDIDATE]: Term 1 pre-election: Election decided. Result: candidate won. Election summary: received 2 responses out of 3 voters: 2 yes votes; 0 no votes. yes voters: 0cc5e184c9d4420bbfcbe4b4e91b5683, 7e14e10fe5ef43c98f357dd366241ab7; no voters: 
I20260630 12:34:52.550014  3688 raft_consensus.cc:2804] T 03c35e8ad5144b698e3ce469367fd186 P 0cc5e184c9d4420bbfcbe4b4e91b5683 [term 0 FOLLOWER]: Leader pre-election won for term 1
I20260630 12:34:52.550274  3688 raft_consensus.cc:493] T 03c35e8ad5144b698e3ce469367fd186 P 0cc5e184c9d4420bbfcbe4b4e91b5683 [term 0 FOLLOWER]: Starting leader election (no leader contacted us within the election timeout)
I20260630 12:34:52.550608  3688 raft_consensus.cc:3060] T 03c35e8ad5144b698e3ce469367fd186 P 0cc5e184c9d4420bbfcbe4b4e91b5683 [term 0 FOLLOWER]: Advancing to term 1
I20260630 12:34:52.556001  3789 tablet_service.cc:1917] Received RequestConsensusVote() RPC: tablet_id: "03c35e8ad5144b698e3ce469367fd186" candidate_uuid: "0cc5e184c9d4420bbfcbe4b4e91b5683" candidate_term: 1 candidate_status { last_received { term: 0 index: 0 } } ignore_live_leader: false dest_uuid: "4892b99fc99b4bc4adee83c02c7d8210" is_pre_election: true
I20260630 12:34:52.556036  3688 raft_consensus.cc:515] T 03c35e8ad5144b698e3ce469367fd186 P 0cc5e184c9d4420bbfcbe4b4e91b5683 [term 1 FOLLOWER]: Starting leader election with config: opid_index: -1 OBSOLETE_local: false peers { permanent_uuid: "4892b99fc99b4bc4adee83c02c7d8210" member_type: VOTER last_known_addr { host: "127.0.130.68" port: 46267 } } peers { permanent_uuid: "0cc5e184c9d4420bbfcbe4b4e91b5683" member_type: VOTER last_known_addr { host: "127.0.130.66" port: 36205 } } peers { permanent_uuid: "7e14e10fe5ef43c98f357dd366241ab7" member_type: VOTER last_known_addr { host: "127.0.130.65" port: 34937 } }
I20260630 12:34:52.556561  3789 raft_consensus.cc:2468] T 03c35e8ad5144b698e3ce469367fd186 P 4892b99fc99b4bc4adee83c02c7d8210 [term 0 FOLLOWER]: Leader pre-election vote request: Granting yes vote for candidate 0cc5e184c9d4420bbfcbe4b4e91b5683 in term 0.
I20260630 12:34:52.557871  3688 leader_election.cc:290] T 03c35e8ad5144b698e3ce469367fd186 P 0cc5e184c9d4420bbfcbe4b4e91b5683 [CANDIDATE]: Term 1 election: Requested vote from peers 4892b99fc99b4bc4adee83c02c7d8210 (127.0.130.68:46267), 7e14e10fe5ef43c98f357dd366241ab7 (127.0.130.65:34937)
I20260630 12:34:52.558566  3789 tablet_service.cc:1917] Received RequestConsensusVote() RPC: tablet_id: "03c35e8ad5144b698e3ce469367fd186" candidate_uuid: "0cc5e184c9d4420bbfcbe4b4e91b5683" candidate_term: 1 candidate_status { last_received { term: 0 index: 0 } } ignore_live_leader: false dest_uuid: "4892b99fc99b4bc4adee83c02c7d8210"
I20260630 12:34:52.559010  3789 raft_consensus.cc:3060] T 03c35e8ad5144b698e3ce469367fd186 P 4892b99fc99b4bc4adee83c02c7d8210 [term 0 FOLLOWER]: Advancing to term 1
I20260630 12:34:52.558917  3489 tablet_service.cc:1917] Received RequestConsensusVote() RPC: tablet_id: "03c35e8ad5144b698e3ce469367fd186" candidate_uuid: "0cc5e184c9d4420bbfcbe4b4e91b5683" candidate_term: 1 candidate_status { last_received { term: 0 index: 0 } } ignore_live_leader: false dest_uuid: "7e14e10fe5ef43c98f357dd366241ab7"
I20260630 12:34:52.559724  3489 raft_consensus.cc:3060] T 03c35e8ad5144b698e3ce469367fd186 P 7e14e10fe5ef43c98f357dd366241ab7 [term 0 FOLLOWER]: Advancing to term 1
I20260630 12:34:52.563226  3789 raft_consensus.cc:2468] T 03c35e8ad5144b698e3ce469367fd186 P 4892b99fc99b4bc4adee83c02c7d8210 [term 1 FOLLOWER]: Leader election vote request: Granting yes vote for candidate 0cc5e184c9d4420bbfcbe4b4e91b5683 in term 1.
I20260630 12:34:52.563694  3489 raft_consensus.cc:2468] T 03c35e8ad5144b698e3ce469367fd186 P 7e14e10fe5ef43c98f357dd366241ab7 [term 1 FOLLOWER]: Leader election vote request: Granting yes vote for candidate 0cc5e184c9d4420bbfcbe4b4e91b5683 in term 1.
I20260630 12:34:52.564085  3531 leader_election.cc:304] T 03c35e8ad5144b698e3ce469367fd186 P 0cc5e184c9d4420bbfcbe4b4e91b5683 [CANDIDATE]: Term 1 election: Election decided. Result: candidate won. Election summary: received 2 responses out of 3 voters: 2 yes votes; 0 no votes. yes voters: 0cc5e184c9d4420bbfcbe4b4e91b5683, 4892b99fc99b4bc4adee83c02c7d8210; no voters: 
I20260630 12:34:52.564733  3688 raft_consensus.cc:2804] T 03c35e8ad5144b698e3ce469367fd186 P 0cc5e184c9d4420bbfcbe4b4e91b5683 [term 1 FOLLOWER]: Leader election won for term 1
I20260630 12:34:52.565135  3688 raft_consensus.cc:697] T 03c35e8ad5144b698e3ce469367fd186 P 0cc5e184c9d4420bbfcbe4b4e91b5683 [term 1 LEADER]: Becoming Leader. State: Replica: 0cc5e184c9d4420bbfcbe4b4e91b5683, State: Running, Role: LEADER
I20260630 12:34:52.565783  3688 consensus_queue.cc:237] T 03c35e8ad5144b698e3ce469367fd186 P 0cc5e184c9d4420bbfcbe4b4e91b5683 [LEADER]: Queue going to LEADER mode. State: All replicated index: 0, Majority replicated index: 0, Committed index: 0, Last appended: 0.0, Last appended by leader: 0, Current term: 1, Majority size: 2, State: 0, Mode: LEADER, active raft config: opid_index: -1 OBSOLETE_local: false peers { permanent_uuid: "4892b99fc99b4bc4adee83c02c7d8210" member_type: VOTER last_known_addr { host: "127.0.130.68" port: 46267 } } peers { permanent_uuid: "0cc5e184c9d4420bbfcbe4b4e91b5683" member_type: VOTER last_known_addr { host: "127.0.130.66" port: 36205 } } peers { permanent_uuid: "7e14e10fe5ef43c98f357dd366241ab7" member_type: VOTER last_known_addr { host: "127.0.130.65" port: 34937 } }
I20260630 12:34:52.571300  3388 catalog_manager.cc:5697] T 03c35e8ad5144b698e3ce469367fd186 P 0cc5e184c9d4420bbfcbe4b4e91b5683 reported cstate change: term changed from 0 to 1, leader changed from <none> to 0cc5e184c9d4420bbfcbe4b4e91b5683 (127.0.130.66). New cstate: current_term: 1 leader_uuid: "0cc5e184c9d4420bbfcbe4b4e91b5683" committed_config { opid_index: -1 OBSOLETE_local: false peers { permanent_uuid: "4892b99fc99b4bc4adee83c02c7d8210" member_type: VOTER last_known_addr { host: "127.0.130.68" port: 46267 } health_report { overall_health: UNKNOWN } } peers { permanent_uuid: "0cc5e184c9d4420bbfcbe4b4e91b5683" member_type: VOTER last_known_addr { host: "127.0.130.66" port: 36205 } health_report { overall_health: HEALTHY } } peers { permanent_uuid: "7e14e10fe5ef43c98f357dd366241ab7" member_type: VOTER last_known_addr { host: "127.0.130.65" port: 34937 } health_report { overall_health: UNKNOWN } } }
I20260630 12:34:52.601724  3869 raft_consensus.cc:493] T 446c15ea48b6450a830e17cf7115750b P 4892b99fc99b4bc4adee83c02c7d8210 [term 0 FOLLOWER]: Starting pre-election (no leader contacted us within the election timeout)
I20260630 12:34:52.601737  3695 raft_consensus.cc:493] T 446c15ea48b6450a830e17cf7115750b P 7e14e10fe5ef43c98f357dd366241ab7 [term 0 FOLLOWER]: Starting pre-election (no leader contacted us within the election timeout)
I20260630 12:34:52.602259  3869 raft_consensus.cc:515] T 446c15ea48b6450a830e17cf7115750b P 4892b99fc99b4bc4adee83c02c7d8210 [term 0 FOLLOWER]: Starting pre-election with config: opid_index: -1 OBSOLETE_local: false peers { permanent_uuid: "4892b99fc99b4bc4adee83c02c7d8210" member_type: VOTER last_known_addr { host: "127.0.130.68" port: 46267 } } peers { permanent_uuid: "7e14e10fe5ef43c98f357dd366241ab7" member_type: VOTER last_known_addr { host: "127.0.130.65" port: 34937 } } peers { permanent_uuid: "7f2c01054d0c417bb16c502266bce72d" member_type: VOTER last_known_addr { host: "127.0.130.67" port: 34309 } }
I20260630 12:34:52.602330  3695 raft_consensus.cc:515] T 446c15ea48b6450a830e17cf7115750b P 7e14e10fe5ef43c98f357dd366241ab7 [term 0 FOLLOWER]: Starting pre-election with config: opid_index: -1 OBSOLETE_local: false peers { permanent_uuid: "4892b99fc99b4bc4adee83c02c7d8210" member_type: VOTER last_known_addr { host: "127.0.130.68" port: 46267 } } peers { permanent_uuid: "7e14e10fe5ef43c98f357dd366241ab7" member_type: VOTER last_known_addr { host: "127.0.130.65" port: 34937 } } peers { permanent_uuid: "7f2c01054d0c417bb16c502266bce72d" member_type: VOTER last_known_addr { host: "127.0.130.67" port: 34309 } }
I20260630 12:34:52.603799  3869 leader_election.cc:290] T 446c15ea48b6450a830e17cf7115750b P 4892b99fc99b4bc4adee83c02c7d8210 [CANDIDATE]: Term 1 pre-election: Requested pre-vote from peers 7e14e10fe5ef43c98f357dd366241ab7 (127.0.130.65:34937), 7f2c01054d0c417bb16c502266bce72d (127.0.130.67:34309)
I20260630 12:34:52.603927  3695 leader_election.cc:290] T 446c15ea48b6450a830e17cf7115750b P 7e14e10fe5ef43c98f357dd366241ab7 [CANDIDATE]: Term 1 pre-election: Requested pre-vote from peers 4892b99fc99b4bc4adee83c02c7d8210 (127.0.130.68:46267), 7f2c01054d0c417bb16c502266bce72d (127.0.130.67:34309)
I20260630 12:34:52.604604  3489 tablet_service.cc:1917] Received RequestConsensusVote() RPC: tablet_id: "446c15ea48b6450a830e17cf7115750b" candidate_uuid: "4892b99fc99b4bc4adee83c02c7d8210" candidate_term: 1 candidate_status { last_received { term: 0 index: 0 } } ignore_live_leader: false dest_uuid: "7e14e10fe5ef43c98f357dd366241ab7" is_pre_election: true
I20260630 12:34:52.604959  3637 tablet_service.cc:1917] Received RequestConsensusVote() RPC: tablet_id: "446c15ea48b6450a830e17cf7115750b" candidate_uuid: "7e14e10fe5ef43c98f357dd366241ab7" candidate_term: 1 candidate_status { last_received { term: 0 index: 0 } } ignore_live_leader: false dest_uuid: "7f2c01054d0c417bb16c502266bce72d" is_pre_election: true
I20260630 12:34:52.605248  3489 raft_consensus.cc:2468] T 446c15ea48b6450a830e17cf7115750b P 7e14e10fe5ef43c98f357dd366241ab7 [term 0 FOLLOWER]: Leader pre-election vote request: Granting yes vote for candidate 4892b99fc99b4bc4adee83c02c7d8210 in term 0.
I20260630 12:34:52.605352  3639 tablet_service.cc:1917] Received RequestConsensusVote() RPC: tablet_id: "446c15ea48b6450a830e17cf7115750b" candidate_uuid: "4892b99fc99b4bc4adee83c02c7d8210" candidate_term: 1 candidate_status { last_received { term: 0 index: 0 } } ignore_live_leader: false dest_uuid: "7f2c01054d0c417bb16c502266bce72d" is_pre_election: true
I20260630 12:34:52.605584  3637 raft_consensus.cc:2468] T 446c15ea48b6450a830e17cf7115750b P 7f2c01054d0c417bb16c502266bce72d [term 0 FOLLOWER]: Leader pre-election vote request: Granting yes vote for candidate 7e14e10fe5ef43c98f357dd366241ab7 in term 0.
I20260630 12:34:52.605382  3789 tablet_service.cc:1917] Received RequestConsensusVote() RPC: tablet_id: "446c15ea48b6450a830e17cf7115750b" candidate_uuid: "7e14e10fe5ef43c98f357dd366241ab7" candidate_term: 1 candidate_status { last_received { term: 0 index: 0 } } ignore_live_leader: false dest_uuid: "4892b99fc99b4bc4adee83c02c7d8210" is_pre_election: true
I20260630 12:34:52.606355  3789 raft_consensus.cc:2468] T 446c15ea48b6450a830e17cf7115750b P 4892b99fc99b4bc4adee83c02c7d8210 [term 0 FOLLOWER]: Leader pre-election vote request: Granting yes vote for candidate 7e14e10fe5ef43c98f357dd366241ab7 in term 0.
I20260630 12:34:52.606642  3752 leader_election.cc:304] T 446c15ea48b6450a830e17cf7115750b P 4892b99fc99b4bc4adee83c02c7d8210 [CANDIDATE]: Term 1 pre-election: Election decided. Result: candidate won. Election summary: received 2 responses out of 3 voters: 2 yes votes; 0 no votes. yes voters: 4892b99fc99b4bc4adee83c02c7d8210, 7e14e10fe5ef43c98f357dd366241ab7; no voters: 
I20260630 12:34:52.606943  3456 leader_election.cc:304] T 446c15ea48b6450a830e17cf7115750b P 7e14e10fe5ef43c98f357dd366241ab7 [CANDIDATE]: Term 1 pre-election: Election decided. Result: candidate won. Election summary: received 2 responses out of 3 voters: 2 yes votes; 0 no votes. yes voters: 7e14e10fe5ef43c98f357dd366241ab7, 7f2c01054d0c417bb16c502266bce72d; no voters: 
I20260630 12:34:52.607424  3869 raft_consensus.cc:2804] T 446c15ea48b6450a830e17cf7115750b P 4892b99fc99b4bc4adee83c02c7d8210 [term 0 FOLLOWER]: Leader pre-election won for term 1
I20260630 12:34:52.607681  3695 raft_consensus.cc:2804] T 446c15ea48b6450a830e17cf7115750b P 7e14e10fe5ef43c98f357dd366241ab7 [term 0 FOLLOWER]: Leader pre-election won for term 1
I20260630 12:34:52.607746  3869 raft_consensus.cc:493] T 446c15ea48b6450a830e17cf7115750b P 4892b99fc99b4bc4adee83c02c7d8210 [term 0 FOLLOWER]: Starting leader election (no leader contacted us within the election timeout)
I20260630 12:34:52.608071  3695 raft_consensus.cc:493] T 446c15ea48b6450a830e17cf7115750b P 7e14e10fe5ef43c98f357dd366241ab7 [term 0 FOLLOWER]: Starting leader election (no leader contacted us within the election timeout)
I20260630 12:34:52.608215  3869 raft_consensus.cc:3060] T 446c15ea48b6450a830e17cf7115750b P 4892b99fc99b4bc4adee83c02c7d8210 [term 0 FOLLOWER]: Advancing to term 1
I20260630 12:34:52.608417  3695 raft_consensus.cc:3060] T 446c15ea48b6450a830e17cf7115750b P 7e14e10fe5ef43c98f357dd366241ab7 [term 0 FOLLOWER]: Advancing to term 1
I20260630 12:34:52.612186  3869 raft_consensus.cc:515] T 446c15ea48b6450a830e17cf7115750b P 4892b99fc99b4bc4adee83c02c7d8210 [term 1 FOLLOWER]: Starting leader election with config: opid_index: -1 OBSOLETE_local: false peers { permanent_uuid: "4892b99fc99b4bc4adee83c02c7d8210" member_type: VOTER last_known_addr { host: "127.0.130.68" port: 46267 } } peers { permanent_uuid: "7e14e10fe5ef43c98f357dd366241ab7" member_type: VOTER last_known_addr { host: "127.0.130.65" port: 34937 } } peers { permanent_uuid: "7f2c01054d0c417bb16c502266bce72d" member_type: VOTER last_known_addr { host: "127.0.130.67" port: 34309 } }
I20260630 12:34:52.612382  3695 raft_consensus.cc:515] T 446c15ea48b6450a830e17cf7115750b P 7e14e10fe5ef43c98f357dd366241ab7 [term 1 FOLLOWER]: Starting leader election with config: opid_index: -1 OBSOLETE_local: false peers { permanent_uuid: "4892b99fc99b4bc4adee83c02c7d8210" member_type: VOTER last_known_addr { host: "127.0.130.68" port: 46267 } } peers { permanent_uuid: "7e14e10fe5ef43c98f357dd366241ab7" member_type: VOTER last_known_addr { host: "127.0.130.65" port: 34937 } } peers { permanent_uuid: "7f2c01054d0c417bb16c502266bce72d" member_type: VOTER last_known_addr { host: "127.0.130.67" port: 34309 } }
I20260630 12:34:52.613595  3869 leader_election.cc:290] T 446c15ea48b6450a830e17cf7115750b P 4892b99fc99b4bc4adee83c02c7d8210 [CANDIDATE]: Term 1 election: Requested vote from peers 7e14e10fe5ef43c98f357dd366241ab7 (127.0.130.65:34937), 7f2c01054d0c417bb16c502266bce72d (127.0.130.67:34309)
I20260630 12:34:52.614380  3489 tablet_service.cc:1917] Received RequestConsensusVote() RPC: tablet_id: "446c15ea48b6450a830e17cf7115750b" candidate_uuid: "4892b99fc99b4bc4adee83c02c7d8210" candidate_term: 1 candidate_status { last_received { term: 0 index: 0 } } ignore_live_leader: false dest_uuid: "7e14e10fe5ef43c98f357dd366241ab7"
