I20260630 12:33:27.990417 11208 catalog_manager.cc:5697] T 7aa01966e54049198d1f46042f6ba265 P bd2f4e8848b141a091e81fa9044c0779 reported cstate change: term changed from 0 to 1, leader changed from <none> to bd2f4e8848b141a091e81fa9044c0779 (127.10.100.67). New cstate: current_term: 1 leader_uuid: "bd2f4e8848b141a091e81fa9044c0779" committed_config { opid_index: -1 OBSOLETE_local: false peers { permanent_uuid: "3a75e5f6b505489db12d6430a37ae3f9" member_type: VOTER last_known_addr { host: "127.10.100.65" port: 34725 } health_report { overall_health: UNKNOWN } } peers { permanent_uuid: "8fedf08c9d2549d68375931ac55cfd4d" member_type: VOTER last_known_addr { host: "127.10.100.66" port: 32903 } health_report { overall_health: UNKNOWN } } peers { permanent_uuid: "bd2f4e8848b141a091e81fa9044c0779" member_type: VOTER last_known_addr { host: "127.10.100.67" port: 40461 } health_report { overall_health: HEALTHY } } }
I20260630 12:33:27.993916 11506 tablet_bootstrap.cc:654] T 1dbb874867874e57a1b535305fdc20ed P 3a75e5f6b505489db12d6430a37ae3f9: Neither blocks nor log segments found. Creating new log.
I20260630 12:33:27.997640 11504 tablet_bootstrap.cc:654] T 17fceb03b467434088e966f446795ca7 P 8fedf08c9d2549d68375931ac55cfd4d: Neither blocks nor log segments found. Creating new log.
I20260630 12:33:27.999390 11459 tablet_service.cc:1917] Received RequestConsensusVote() RPC: tablet_id: "a34e0ed8df804761aba4ae4a6e98cd79" candidate_uuid: "3a75e5f6b505489db12d6430a37ae3f9" candidate_term: 1 candidate_status { last_received { term: 0 index: 0 } } ignore_live_leader: false dest_uuid: "bd2f4e8848b141a091e81fa9044c0779" is_pre_election: true
I20260630 12:33:27.999708 11511 raft_consensus.cc:493] T cccfa1b702d748f2b3927b4869bf2d1d P 3a75e5f6b505489db12d6430a37ae3f9 [term 0 FOLLOWER]: Starting pre-election (no leader contacted us within the election timeout)
I20260630 12:33:28.011366 11459 raft_consensus.cc:2468] T a34e0ed8df804761aba4ae4a6e98cd79 P bd2f4e8848b141a091e81fa9044c0779 [term 0 FOLLOWER]: Leader pre-election vote request: Granting yes vote for candidate 3a75e5f6b505489db12d6430a37ae3f9 in term 0.
I20260630 12:33:28.011366 11511 raft_consensus.cc:515] T cccfa1b702d748f2b3927b4869bf2d1d P 3a75e5f6b505489db12d6430a37ae3f9 [term 0 FOLLOWER]: Starting pre-election with config: opid_index: -1 OBSOLETE_local: false peers { permanent_uuid: "3a75e5f6b505489db12d6430a37ae3f9" member_type: VOTER last_known_addr { host: "127.10.100.65" port: 34725 } } peers { permanent_uuid: "8fedf08c9d2549d68375931ac55cfd4d" member_type: VOTER last_known_addr { host: "127.10.100.66" port: 32903 } } peers { permanent_uuid: "bd2f4e8848b141a091e81fa9044c0779" member_type: VOTER last_known_addr { host: "127.10.100.67" port: 40461 } }
I20260630 12:33:28.013455 11511 leader_election.cc:290] T cccfa1b702d748f2b3927b4869bf2d1d P 3a75e5f6b505489db12d6430a37ae3f9 [CANDIDATE]: Term 1 pre-election: Requested pre-vote from peers 8fedf08c9d2549d68375931ac55cfd4d (127.10.100.66:32903), bd2f4e8848b141a091e81fa9044c0779 (127.10.100.67:40461)
I20260630 12:33:28.013717 11276 leader_election.cc:304] T a34e0ed8df804761aba4ae4a6e98cd79 P 3a75e5f6b505489db12d6430a37ae3f9 [CANDIDATE]: Term 1 pre-election: Election decided. Result: candidate won. Election summary: received 3 responses out of 3 voters: 2 yes votes; 1 no votes. yes voters: 3a75e5f6b505489db12d6430a37ae3f9, bd2f4e8848b141a091e81fa9044c0779; no voters: 8fedf08c9d2549d68375931ac55cfd4d
I20260630 12:33:28.016867 11384 tablet_service.cc:1917] Received RequestConsensusVote() RPC: tablet_id: "cccfa1b702d748f2b3927b4869bf2d1d" candidate_uuid: "3a75e5f6b505489db12d6430a37ae3f9" candidate_term: 1 candidate_status { last_received { term: 0 index: 0 } } ignore_live_leader: false dest_uuid: "8fedf08c9d2549d68375931ac55cfd4d" is_pre_election: true
I20260630 12:33:28.017520 11384 raft_consensus.cc:2468] T cccfa1b702d748f2b3927b4869bf2d1d P 8fedf08c9d2549d68375931ac55cfd4d [term 0 FOLLOWER]: Leader pre-election vote request: Granting yes vote for candidate 3a75e5f6b505489db12d6430a37ae3f9 in term 0.
I20260630 12:33:28.018020 11309 tablet_service.cc:1917] Received RequestConsensusVote() RPC: tablet_id: "540438e3ccc441b984f9f9401f4fa692" candidate_uuid: "8fedf08c9d2549d68375931ac55cfd4d" candidate_term: 1 candidate_status { last_received { term: 0 index: 0 } } ignore_live_leader: false dest_uuid: "3a75e5f6b505489db12d6430a37ae3f9" is_pre_election: true
I20260630 12:33:28.018602 11511 raft_consensus.cc:2804] T a34e0ed8df804761aba4ae4a6e98cd79 P 3a75e5f6b505489db12d6430a37ae3f9 [term 0 FOLLOWER]: Leader pre-election won for term 1
I20260630 12:33:28.018987 11511 raft_consensus.cc:493] T a34e0ed8df804761aba4ae4a6e98cd79 P 3a75e5f6b505489db12d6430a37ae3f9 [term 0 FOLLOWER]: Starting leader election (no leader contacted us within the election timeout)
I20260630 12:33:28.019418 11511 raft_consensus.cc:3060] T a34e0ed8df804761aba4ae4a6e98cd79 P 3a75e5f6b505489db12d6430a37ae3f9 [term 0 FOLLOWER]: Advancing to term 1
I20260630 12:33:28.023458 11459 tablet_service.cc:1917] Received RequestConsensusVote() RPC: tablet_id: "cccfa1b702d748f2b3927b4869bf2d1d" candidate_uuid: "3a75e5f6b505489db12d6430a37ae3f9" candidate_term: 1 candidate_status { last_received { term: 0 index: 0 } } ignore_live_leader: false dest_uuid: "bd2f4e8848b141a091e81fa9044c0779" is_pre_election: true
I20260630 12:33:28.024191 11505 tablet_bootstrap.cc:492] T 540438e3ccc441b984f9f9401f4fa692 P bd2f4e8848b141a091e81fa9044c0779: No bootstrap required, opened a new log
I20260630 12:33:28.024091 11459 raft_consensus.cc:2468] T cccfa1b702d748f2b3927b4869bf2d1d P bd2f4e8848b141a091e81fa9044c0779 [term 0 FOLLOWER]: Leader pre-election vote request: Granting yes vote for candidate 3a75e5f6b505489db12d6430a37ae3f9 in term 0.
I20260630 12:33:28.024431 11506 tablet_bootstrap.cc:492] T 1dbb874867874e57a1b535305fdc20ed P 3a75e5f6b505489db12d6430a37ae3f9: No bootstrap required, opened a new log
I20260630 12:33:28.024981 11506 ts_tablet_manager.cc:1403] T 1dbb874867874e57a1b535305fdc20ed P 3a75e5f6b505489db12d6430a37ae3f9: Time spent bootstrapping tablet: real 0.038s	user 0.004s	sys 0.006s
I20260630 12:33:28.025159 11276 leader_election.cc:304] T cccfa1b702d748f2b3927b4869bf2d1d P 3a75e5f6b505489db12d6430a37ae3f9 [CANDIDATE]: Term 1 pre-election: Election decided. Result: candidate won. Election summary: received 2 responses out of 3 voters: 2 yes votes; 0 no votes. yes voters: 3a75e5f6b505489db12d6430a37ae3f9, 8fedf08c9d2549d68375931ac55cfd4d; no voters: 
I20260630 12:33:28.025755 11505 ts_tablet_manager.cc:1403] T 540438e3ccc441b984f9f9401f4fa692 P bd2f4e8848b141a091e81fa9044c0779: Time spent bootstrapping tablet: real 0.074s	user 0.027s	sys 0.039s
W20260630 12:33:28.026481 11350 leader_election.cc:343] T 540438e3ccc441b984f9f9401f4fa692 P 8fedf08c9d2549d68375931ac55cfd4d [CANDIDATE]: Term 1 pre-election: Tablet error from VoteRequest() call to peer 3a75e5f6b505489db12d6430a37ae3f9 (127.10.100.65:34725): Illegal state: must be running to vote when last-logged opid is not known
I20260630 12:33:28.027153 11537 raft_consensus.cc:2804] T cccfa1b702d748f2b3927b4869bf2d1d P 3a75e5f6b505489db12d6430a37ae3f9 [term 0 FOLLOWER]: Leader pre-election won for term 1
I20260630 12:33:28.027987 11537 raft_consensus.cc:493] T cccfa1b702d748f2b3927b4869bf2d1d P 3a75e5f6b505489db12d6430a37ae3f9 [term 0 FOLLOWER]: Starting leader election (no leader contacted us within the election timeout)
I20260630 12:33:28.027746 11506 raft_consensus.cc:359] T 1dbb874867874e57a1b535305fdc20ed P 3a75e5f6b505489db12d6430a37ae3f9 [term 0 FOLLOWER]: Replica starting. Triggering 0 pending ops. Active config: opid_index: -1 OBSOLETE_local: false peers { permanent_uuid: "3a75e5f6b505489db12d6430a37ae3f9" member_type: VOTER last_known_addr { host: "127.10.100.65" port: 34725 } } peers { permanent_uuid: "8fedf08c9d2549d68375931ac55cfd4d" member_type: VOTER last_known_addr { host: "127.10.100.66" port: 32903 } } peers { permanent_uuid: "bd2f4e8848b141a091e81fa9044c0779" member_type: VOTER last_known_addr { host: "127.10.100.67" port: 40461 } }
I20260630 12:33:28.028450 11505 raft_consensus.cc:359] T 540438e3ccc441b984f9f9401f4fa692 P bd2f4e8848b141a091e81fa9044c0779 [term 0 FOLLOWER]: Replica starting. Triggering 0 pending ops. Active config: opid_index: -1 OBSOLETE_local: false peers { permanent_uuid: "3a75e5f6b505489db12d6430a37ae3f9" member_type: VOTER last_known_addr { host: "127.10.100.65" port: 34725 } } peers { permanent_uuid: "8fedf08c9d2549d68375931ac55cfd4d" member_type: VOTER last_known_addr { host: "127.10.100.66" port: 32903 } } peers { permanent_uuid: "bd2f4e8848b141a091e81fa9044c0779" member_type: VOTER last_known_addr { host: "127.10.100.67" port: 40461 } }
I20260630 12:33:28.028882 11506 raft_consensus.cc:385] T 1dbb874867874e57a1b535305fdc20ed P 3a75e5f6b505489db12d6430a37ae3f9 [term 0 FOLLOWER]: Consensus starting up: Expiring failure detector timer to make a prompt election more likely
I20260630 12:33:28.029063 11505 raft_consensus.cc:385] T 540438e3ccc441b984f9f9401f4fa692 P bd2f4e8848b141a091e81fa9044c0779 [term 0 FOLLOWER]: Consensus starting up: Expiring failure detector timer to make a prompt election more likely
I20260630 12:33:28.029240 11506 raft_consensus.cc:740] T 1dbb874867874e57a1b535305fdc20ed P 3a75e5f6b505489db12d6430a37ae3f9 [term 0 FOLLOWER]: Becoming Follower/Learner. State: Replica: 3a75e5f6b505489db12d6430a37ae3f9, State: Initialized, Role: FOLLOWER
I20260630 12:33:28.029465 11505 raft_consensus.cc:740] T 540438e3ccc441b984f9f9401f4fa692 P bd2f4e8848b141a091e81fa9044c0779 [term 0 FOLLOWER]: Becoming Follower/Learner. State: Replica: bd2f4e8848b141a091e81fa9044c0779, State: Initialized, Role: FOLLOWER
I20260630 12:33:28.028935 11537 raft_consensus.cc:3060] T cccfa1b702d748f2b3927b4869bf2d1d P 3a75e5f6b505489db12d6430a37ae3f9 [term 0 FOLLOWER]: Advancing to term 1
I20260630 12:33:28.030186 11506 consensus_queue.cc:260] T 1dbb874867874e57a1b535305fdc20ed P 3a75e5f6b505489db12d6430a37ae3f9 [NON_LEADER]: Queue going to NON_LEADER mode. State: All replicated index: 0, Majority replicated index: 0, Committed index: 0, Last appended: 0.0, Last appended by leader: 0, Current term: 0, Majority size: -1, State: 0, Mode: NON_LEADER, active raft config: opid_index: -1 OBSOLETE_local: false peers { permanent_uuid: "3a75e5f6b505489db12d6430a37ae3f9" member_type: VOTER last_known_addr { host: "127.10.100.65" port: 34725 } } peers { permanent_uuid: "8fedf08c9d2549d68375931ac55cfd4d" member_type: VOTER last_known_addr { host: "127.10.100.66" port: 32903 } } peers { permanent_uuid: "bd2f4e8848b141a091e81fa9044c0779" member_type: VOTER last_known_addr { host: "127.10.100.67" port: 40461 } }
I20260630 12:33:28.030375 11505 consensus_queue.cc:260] T 540438e3ccc441b984f9f9401f4fa692 P bd2f4e8848b141a091e81fa9044c0779 [NON_LEADER]: Queue going to NON_LEADER mode. State: All replicated index: 0, Majority replicated index: 0, Committed index: 0, Last appended: 0.0, Last appended by leader: 0, Current term: 0, Majority size: -1, State: 0, Mode: NON_LEADER, active raft config: opid_index: -1 OBSOLETE_local: false peers { permanent_uuid: "3a75e5f6b505489db12d6430a37ae3f9" member_type: VOTER last_known_addr { host: "127.10.100.65" port: 34725 } } peers { permanent_uuid: "8fedf08c9d2549d68375931ac55cfd4d" member_type: VOTER last_known_addr { host: "127.10.100.66" port: 32903 } } peers { permanent_uuid: "bd2f4e8848b141a091e81fa9044c0779" member_type: VOTER last_known_addr { host: "127.10.100.67" port: 40461 } }
I20260630 12:33:28.030534 11511 raft_consensus.cc:515] T a34e0ed8df804761aba4ae4a6e98cd79 P 3a75e5f6b505489db12d6430a37ae3f9 [term 1 FOLLOWER]: Starting leader election with config: opid_index: -1 OBSOLETE_local: false peers { permanent_uuid: "3a75e5f6b505489db12d6430a37ae3f9" member_type: VOTER last_known_addr { host: "127.10.100.65" port: 34725 } } peers { permanent_uuid: "8fedf08c9d2549d68375931ac55cfd4d" member_type: VOTER last_known_addr { host: "127.10.100.66" port: 32903 } } peers { permanent_uuid: "bd2f4e8848b141a091e81fa9044c0779" member_type: VOTER last_known_addr { host: "127.10.100.67" port: 40461 } }
I20260630 12:33:28.035509 11505 ts_tablet_manager.cc:1434] T 540438e3ccc441b984f9f9401f4fa692 P bd2f4e8848b141a091e81fa9044c0779: Time spent starting tablet: real 0.009s	user 0.004s	sys 0.002s
I20260630 12:33:28.036509 11505 tablet_bootstrap.cc:492] T 89d7704fa4854d5e9b279869712e971a P bd2f4e8848b141a091e81fa9044c0779: Bootstrap starting.
I20260630 12:33:28.038897 11384 tablet_service.cc:1917] Received RequestConsensusVote() RPC: tablet_id: "a34e0ed8df804761aba4ae4a6e98cd79" candidate_uuid: "3a75e5f6b505489db12d6430a37ae3f9" candidate_term: 1 candidate_status { last_received { term: 0 index: 0 } } ignore_live_leader: false dest_uuid: "8fedf08c9d2549d68375931ac55cfd4d"
W20260630 12:33:28.040463 11276 leader_election.cc:343] T a34e0ed8df804761aba4ae4a6e98cd79 P 3a75e5f6b505489db12d6430a37ae3f9 [CANDIDATE]: Term 1 election: Tablet error from VoteRequest() call to peer 8fedf08c9d2549d68375931ac55cfd4d (127.10.100.66:32903): Illegal state: must be running to vote when last-logged opid is not known
I20260630 12:33:28.042546 11459 tablet_service.cc:1917] Received RequestConsensusVote() RPC: tablet_id: "a34e0ed8df804761aba4ae4a6e98cd79" candidate_uuid: "3a75e5f6b505489db12d6430a37ae3f9" candidate_term: 1 candidate_status { last_received { term: 0 index: 0 } } ignore_live_leader: false dest_uuid: "bd2f4e8848b141a091e81fa9044c0779"
I20260630 12:33:28.043074 11459 raft_consensus.cc:3060] T a34e0ed8df804761aba4ae4a6e98cd79 P bd2f4e8848b141a091e81fa9044c0779 [term 0 FOLLOWER]: Advancing to term 1
I20260630 12:33:28.044870 11537 raft_consensus.cc:515] T cccfa1b702d748f2b3927b4869bf2d1d P 3a75e5f6b505489db12d6430a37ae3f9 [term 1 FOLLOWER]: Starting leader election with config: opid_index: -1 OBSOLETE_local: false peers { permanent_uuid: "3a75e5f6b505489db12d6430a37ae3f9" member_type: VOTER last_known_addr { host: "127.10.100.65" port: 34725 } } peers { permanent_uuid: "8fedf08c9d2549d68375931ac55cfd4d" member_type: VOTER last_known_addr { host: "127.10.100.66" port: 32903 } } peers { permanent_uuid: "bd2f4e8848b141a091e81fa9044c0779" member_type: VOTER last_known_addr { host: "127.10.100.67" port: 40461 } }
I20260630 12:33:28.045567 11505 tablet_bootstrap.cc:654] T 89d7704fa4854d5e9b279869712e971a P bd2f4e8848b141a091e81fa9044c0779: Neither blocks nor log segments found. Creating new log.
I20260630 12:33:28.047101 11506 ts_tablet_manager.cc:1434] T 1dbb874867874e57a1b535305fdc20ed P 3a75e5f6b505489db12d6430a37ae3f9: Time spent starting tablet: real 0.022s	user 0.014s	sys 0.002s
I20260630 12:33:28.048390 11506 tablet_bootstrap.cc:492] T 540438e3ccc441b984f9f9401f4fa692 P 3a75e5f6b505489db12d6430a37ae3f9: Bootstrap starting.
I20260630 12:33:28.049753 11459 raft_consensus.cc:2468] T a34e0ed8df804761aba4ae4a6e98cd79 P bd2f4e8848b141a091e81fa9044c0779 [term 1 FOLLOWER]: Leader election vote request: Granting yes vote for candidate 3a75e5f6b505489db12d6430a37ae3f9 in term 1.
I20260630 12:33:28.050806 11276 leader_election.cc:304] T a34e0ed8df804761aba4ae4a6e98cd79 P 3a75e5f6b505489db12d6430a37ae3f9 [CANDIDATE]: Term 1 election: Election decided. Result: candidate won. Election summary: received 3 responses out of 3 voters: 2 yes votes; 1 no votes. yes voters: 3a75e5f6b505489db12d6430a37ae3f9, bd2f4e8848b141a091e81fa9044c0779; no voters: 8fedf08c9d2549d68375931ac55cfd4d
I20260630 12:33:28.054577 11506 tablet_bootstrap.cc:654] T 540438e3ccc441b984f9f9401f4fa692 P 3a75e5f6b505489db12d6430a37ae3f9: Neither blocks nor log segments found. Creating new log.
I20260630 12:33:28.055804 11511 leader_election.cc:290] T a34e0ed8df804761aba4ae4a6e98cd79 P 3a75e5f6b505489db12d6430a37ae3f9 [CANDIDATE]: Term 1 election: Requested vote from peers 8fedf08c9d2549d68375931ac55cfd4d (127.10.100.66:32903), bd2f4e8848b141a091e81fa9044c0779 (127.10.100.67:40461)
I20260630 12:33:28.056340 11511 raft_consensus.cc:2804] T a34e0ed8df804761aba4ae4a6e98cd79 P 3a75e5f6b505489db12d6430a37ae3f9 [term 1 FOLLOWER]: Leader election won for term 1
I20260630 12:33:28.058298 11505 tablet_bootstrap.cc:492] T 89d7704fa4854d5e9b279869712e971a P bd2f4e8848b141a091e81fa9044c0779: No bootstrap required, opened a new log
I20260630 12:33:28.058809 11505 ts_tablet_manager.cc:1403] T 89d7704fa4854d5e9b279869712e971a P bd2f4e8848b141a091e81fa9044c0779: Time spent bootstrapping tablet: real 0.023s	user 0.016s	sys 0.000s
I20260630 12:33:28.060708 11537 leader_election.cc:290] T cccfa1b702d748f2b3927b4869bf2d1d P 3a75e5f6b505489db12d6430a37ae3f9 [CANDIDATE]: Term 1 election: Requested vote from peers 8fedf08c9d2549d68375931ac55cfd4d (127.10.100.66:32903), bd2f4e8848b141a091e81fa9044c0779 (127.10.100.67:40461)
I20260630 12:33:28.061065 11459 tablet_service.cc:1917] Received RequestConsensusVote() RPC: tablet_id: "540438e3ccc441b984f9f9401f4fa692" candidate_uuid: "8fedf08c9d2549d68375931ac55cfd4d" candidate_term: 1 candidate_status { last_received { term: 0 index: 0 } } ignore_live_leader: false dest_uuid: "bd2f4e8848b141a091e81fa9044c0779" is_pre_election: true
I20260630 12:33:28.061918 11505 raft_consensus.cc:359] T 89d7704fa4854d5e9b279869712e971a P bd2f4e8848b141a091e81fa9044c0779 [term 0 FOLLOWER]: Replica starting. Triggering 0 pending ops. Active config: opid_index: -1 OBSOLETE_local: false peers { permanent_uuid: "3a75e5f6b505489db12d6430a37ae3f9" member_type: VOTER last_known_addr { host: "127.10.100.65" port: 34725 } } peers { permanent_uuid: "8fedf08c9d2549d68375931ac55cfd4d" member_type: VOTER last_known_addr { host: "127.10.100.66" port: 32903 } } peers { permanent_uuid: "bd2f4e8848b141a091e81fa9044c0779" member_type: VOTER last_known_addr { host: "127.10.100.67" port: 40461 } }
I20260630 12:33:28.062284 11511 raft_consensus.cc:697] T a34e0ed8df804761aba4ae4a6e98cd79 P 3a75e5f6b505489db12d6430a37ae3f9 [term 1 LEADER]: Becoming Leader. State: Replica: 3a75e5f6b505489db12d6430a37ae3f9, State: Running, Role: LEADER
I20260630 12:33:28.063304 11505 raft_consensus.cc:385] T 89d7704fa4854d5e9b279869712e971a P bd2f4e8848b141a091e81fa9044c0779 [term 0 FOLLOWER]: Consensus starting up: Expiring failure detector timer to make a prompt election more likely
I20260630 12:33:28.063380 11459 raft_consensus.cc:2468] T 540438e3ccc441b984f9f9401f4fa692 P bd2f4e8848b141a091e81fa9044c0779 [term 0 FOLLOWER]: Leader pre-election vote request: Granting yes vote for candidate 8fedf08c9d2549d68375931ac55cfd4d in term 0.
I20260630 12:33:28.063686 11505 raft_consensus.cc:740] T 89d7704fa4854d5e9b279869712e971a P bd2f4e8848b141a091e81fa9044c0779 [term 0 FOLLOWER]: Becoming Follower/Learner. State: Replica: bd2f4e8848b141a091e81fa9044c0779, State: Initialized, Role: FOLLOWER
I20260630 12:33:28.063910 11511 consensus_queue.cc:237] T a34e0ed8df804761aba4ae4a6e98cd79 P 3a75e5f6b505489db12d6430a37ae3f9 [LEADER]: Queue going to LEADER mode. State: All replicated index: 0, Majority replicated index: 0, Committed index: 0, Last appended: 0.0, Last appended by leader: 0, Current term: 1, Majority size: 2, State: 0, Mode: LEADER, active raft config: opid_index: -1 OBSOLETE_local: false peers { permanent_uuid: "3a75e5f6b505489db12d6430a37ae3f9" member_type: VOTER last_known_addr { host: "127.10.100.65" port: 34725 } } peers { permanent_uuid: "8fedf08c9d2549d68375931ac55cfd4d" member_type: VOTER last_known_addr { host: "127.10.100.66" port: 32903 } } peers { permanent_uuid: "bd2f4e8848b141a091e81fa9044c0779" member_type: VOTER last_known_addr { host: "127.10.100.67" port: 40461 } }
I20260630 12:33:28.064460 11505 consensus_queue.cc:260] T 89d7704fa4854d5e9b279869712e971a P bd2f4e8848b141a091e81fa9044c0779 [NON_LEADER]: Queue going to NON_LEADER mode. State: All replicated index: 0, Majority replicated index: 0, Committed index: 0, Last appended: 0.0, Last appended by leader: 0, Current term: 0, Majority size: -1, State: 0, Mode: NON_LEADER, active raft config: opid_index: -1 OBSOLETE_local: false peers { permanent_uuid: "3a75e5f6b505489db12d6430a37ae3f9" member_type: VOTER last_known_addr { host: "127.10.100.65" port: 34725 } } peers { permanent_uuid: "8fedf08c9d2549d68375931ac55cfd4d" member_type: VOTER last_known_addr { host: "127.10.100.66" port: 32903 } } peers { permanent_uuid: "bd2f4e8848b141a091e81fa9044c0779" member_type: VOTER last_known_addr { host: "127.10.100.67" port: 40461 } }
I20260630 12:33:28.064908 11351 leader_election.cc:304] T 540438e3ccc441b984f9f9401f4fa692 P 8fedf08c9d2549d68375931ac55cfd4d [CANDIDATE]: Term 1 pre-election: Election decided. Result: candidate won. Election summary: received 3 responses out of 3 voters: 2 yes votes; 1 no votes. yes voters: 8fedf08c9d2549d68375931ac55cfd4d, bd2f4e8848b141a091e81fa9044c0779; no voters: 3a75e5f6b505489db12d6430a37ae3f9
I20260630 12:33:28.066162 11515 raft_consensus.cc:2804] T 540438e3ccc441b984f9f9401f4fa692 P 8fedf08c9d2549d68375931ac55cfd4d [term 0 FOLLOWER]: Leader pre-election won for term 1
I20260630 12:33:28.066550 11515 raft_consensus.cc:493] T 540438e3ccc441b984f9f9401f4fa692 P 8fedf08c9d2549d68375931ac55cfd4d [term 0 FOLLOWER]: Starting leader election (no leader contacted us within the election timeout)
I20260630 12:33:28.066922 11515 raft_consensus.cc:3060] T 540438e3ccc441b984f9f9401f4fa692 P 8fedf08c9d2549d68375931ac55cfd4d [term 0 FOLLOWER]: Advancing to term 1
I20260630 12:33:28.072079 11510 raft_consensus.cc:493] T 89d7704fa4854d5e9b279869712e971a P bd2f4e8848b141a091e81fa9044c0779 [term 0 FOLLOWER]: Starting pre-election (no leader contacted us within the election timeout)
I20260630 12:33:28.072569 11510 raft_consensus.cc:515] T 89d7704fa4854d5e9b279869712e971a P bd2f4e8848b141a091e81fa9044c0779 [term 0 FOLLOWER]: Starting pre-election with config: opid_index: -1 OBSOLETE_local: false peers { permanent_uuid: "3a75e5f6b505489db12d6430a37ae3f9" member_type: VOTER last_known_addr { host: "127.10.100.65" port: 34725 } } peers { permanent_uuid: "8fedf08c9d2549d68375931ac55cfd4d" member_type: VOTER last_known_addr { host: "127.10.100.66" port: 32903 } } peers { permanent_uuid: "bd2f4e8848b141a091e81fa9044c0779" member_type: VOTER last_known_addr { host: "127.10.100.67" port: 40461 } }
I20260630 12:33:28.074710 11510 leader_election.cc:290] T 89d7704fa4854d5e9b279869712e971a P bd2f4e8848b141a091e81fa9044c0779 [CANDIDATE]: Term 1 pre-election: Requested pre-vote from peers 3a75e5f6b505489db12d6430a37ae3f9 (127.10.100.65:34725), 8fedf08c9d2549d68375931ac55cfd4d (127.10.100.66:32903)
I20260630 12:33:28.075893 11384 tablet_service.cc:1917] Received RequestConsensusVote() RPC: tablet_id: "89d7704fa4854d5e9b279869712e971a" candidate_uuid: "bd2f4e8848b141a091e81fa9044c0779" candidate_term: 1 candidate_status { last_received { term: 0 index: 0 } } ignore_live_leader: false dest_uuid: "8fedf08c9d2549d68375931ac55cfd4d" is_pre_election: true
W20260630 12:33:28.077415 11425 leader_election.cc:343] T 89d7704fa4854d5e9b279869712e971a P bd2f4e8848b141a091e81fa9044c0779 [CANDIDATE]: Term 1 pre-election: Tablet error from VoteRequest() call to peer 8fedf08c9d2549d68375931ac55cfd4d (127.10.100.66:32903): Illegal state: must be running to vote when last-logged opid is not known
I20260630 12:33:28.077782 11505 ts_tablet_manager.cc:1434] T 89d7704fa4854d5e9b279869712e971a P bd2f4e8848b141a091e81fa9044c0779: Time spent starting tablet: real 0.018s	user 0.005s	sys 0.000s
I20260630 12:33:28.074525 11515 raft_consensus.cc:515] T 540438e3ccc441b984f9f9401f4fa692 P 8fedf08c9d2549d68375931ac55cfd4d [term 1 FOLLOWER]: Starting leader election with config: opid_index: -1 OBSOLETE_local: false peers { permanent_uuid: "3a75e5f6b505489db12d6430a37ae3f9" member_type: VOTER last_known_addr { host: "127.10.100.65" port: 34725 } } peers { permanent_uuid: "8fedf08c9d2549d68375931ac55cfd4d" member_type: VOTER last_known_addr { host: "127.10.100.66" port: 32903 } } peers { permanent_uuid: "bd2f4e8848b141a091e81fa9044c0779" member_type: VOTER last_known_addr { host: "127.10.100.67" port: 40461 } }
I20260630 12:33:28.081377 11459 tablet_service.cc:1917] Received RequestConsensusVote() RPC: tablet_id: "540438e3ccc441b984f9f9401f4fa692" candidate_uuid: "8fedf08c9d2549d68375931ac55cfd4d" candidate_term: 1 candidate_status { last_received { term: 0 index: 0 } } ignore_live_leader: false dest_uuid: "bd2f4e8848b141a091e81fa9044c0779"
I20260630 12:33:28.082062 11459 raft_consensus.cc:3060] T 540438e3ccc441b984f9f9401f4fa692 P bd2f4e8848b141a091e81fa9044c0779 [term 0 FOLLOWER]: Advancing to term 1
I20260630 12:33:28.083714 11505 tablet_bootstrap.cc:492] T 35c7fe8b680349adaa719027ada25a51 P bd2f4e8848b141a091e81fa9044c0779: Bootstrap starting.
I20260630 12:33:28.088949 11459 raft_consensus.cc:2468] T 540438e3ccc441b984f9f9401f4fa692 P bd2f4e8848b141a091e81fa9044c0779 [term 1 FOLLOWER]: Leader election vote request: Granting yes vote for candidate 8fedf08c9d2549d68375931ac55cfd4d in term 1.
I20260630 12:33:28.090178 11351 leader_election.cc:304] T 540438e3ccc441b984f9f9401f4fa692 P 8fedf08c9d2549d68375931ac55cfd4d [CANDIDATE]: Term 1 election: Election decided. Result: candidate won. Election summary: received 2 responses out of 3 voters: 2 yes votes; 0 no votes. yes voters: 8fedf08c9d2549d68375931ac55cfd4d, bd2f4e8848b141a091e81fa9044c0779; no voters: 
I20260630 12:33:28.090610 11505 tablet_bootstrap.cc:654] T 35c7fe8b680349adaa719027ada25a51 P bd2f4e8848b141a091e81fa9044c0779: Neither blocks nor log segments found. Creating new log.
I20260630 12:33:28.095156 11506 tablet_bootstrap.cc:492] T 540438e3ccc441b984f9f9401f4fa692 P 3a75e5f6b505489db12d6430a37ae3f9: No bootstrap required, opened a new log
I20260630 12:33:28.095594 11506 ts_tablet_manager.cc:1403] T 540438e3ccc441b984f9f9401f4fa692 P 3a75e5f6b505489db12d6430a37ae3f9: Time spent bootstrapping tablet: real 0.047s	user 0.008s	sys 0.008s
I20260630 12:33:28.096655 11515 leader_election.cc:290] T 540438e3ccc441b984f9f9401f4fa692 P 8fedf08c9d2549d68375931ac55cfd4d [CANDIDATE]: Term 1 election: Requested vote from peers 3a75e5f6b505489db12d6430a37ae3f9 (127.10.100.65:34725), bd2f4e8848b141a091e81fa9044c0779 (127.10.100.67:40461)
I20260630 12:33:28.097268 11515 raft_consensus.cc:2804] T 540438e3ccc441b984f9f9401f4fa692 P 8fedf08c9d2549d68375931ac55cfd4d [term 1 FOLLOWER]: Leader election won for term 1
I20260630 12:33:28.097762 11515 raft_consensus.cc:697] T 540438e3ccc441b984f9f9401f4fa692 P 8fedf08c9d2549d68375931ac55cfd4d [term 1 LEADER]: Becoming Leader. State: Replica: 8fedf08c9d2549d68375931ac55cfd4d, State: Running, Role: LEADER
I20260630 12:33:28.098641 11506 raft_consensus.cc:359] T 540438e3ccc441b984f9f9401f4fa692 P 3a75e5f6b505489db12d6430a37ae3f9 [term 0 FOLLOWER]: Replica starting. Triggering 0 pending ops. Active config: opid_index: -1 OBSOLETE_local: false peers { permanent_uuid: "3a75e5f6b505489db12d6430a37ae3f9" member_type: VOTER last_known_addr { host: "127.10.100.65" port: 34725 } } peers { permanent_uuid: "8fedf08c9d2549d68375931ac55cfd4d" member_type: VOTER last_known_addr { host: "127.10.100.66" port: 32903 } } peers { permanent_uuid: "bd2f4e8848b141a091e81fa9044c0779" member_type: VOTER last_known_addr { host: "127.10.100.67" port: 40461 } }
I20260630 12:33:28.099583 11506 raft_consensus.cc:385] T 540438e3ccc441b984f9f9401f4fa692 P 3a75e5f6b505489db12d6430a37ae3f9 [term 0 FOLLOWER]: Consensus starting up: Expiring failure detector timer to make a prompt election more likely
I20260630 12:33:28.099938 11506 raft_consensus.cc:740] T 540438e3ccc441b984f9f9401f4fa692 P 3a75e5f6b505489db12d6430a37ae3f9 [term 0 FOLLOWER]: Becoming Follower/Learner. State: Replica: 3a75e5f6b505489db12d6430a37ae3f9, State: Initialized, Role: FOLLOWER
I20260630 12:33:28.100802 11506 consensus_queue.cc:260] T 540438e3ccc441b984f9f9401f4fa692 P 3a75e5f6b505489db12d6430a37ae3f9 [NON_LEADER]: Queue going to NON_LEADER mode. State: All replicated index: 0, Majority replicated index: 0, Committed index: 0, Last appended: 0.0, Last appended by leader: 0, Current term: 0, Majority size: -1, State: 0, Mode: NON_LEADER, active raft config: opid_index: -1 OBSOLETE_local: false peers { permanent_uuid: "3a75e5f6b505489db12d6430a37ae3f9" member_type: VOTER last_known_addr { host: "127.10.100.65" port: 34725 } } peers { permanent_uuid: "8fedf08c9d2549d68375931ac55cfd4d" member_type: VOTER last_known_addr { host: "127.10.100.66" port: 32903 } } peers { permanent_uuid: "bd2f4e8848b141a091e81fa9044c0779" member_type: VOTER last_known_addr { host: "127.10.100.67" port: 40461 } }
I20260630 12:33:28.098755 11515 consensus_queue.cc:237] T 540438e3ccc441b984f9f9401f4fa692 P 8fedf08c9d2549d68375931ac55cfd4d [LEADER]: Queue going to LEADER mode. State: All replicated index: 0, Majority replicated index: 0, Committed index: 0, Last appended: 0.0, Last appended by leader: 0, Current term: 1, Majority size: 2, State: 0, Mode: LEADER, active raft config: opid_index: -1 OBSOLETE_local: false peers { permanent_uuid: "3a75e5f6b505489db12d6430a37ae3f9" member_type: VOTER last_known_addr { host: "127.10.100.65" port: 34725 } } peers { permanent_uuid: "8fedf08c9d2549d68375931ac55cfd4d" member_type: VOTER last_known_addr { host: "127.10.100.66" port: 32903 } } peers { permanent_uuid: "bd2f4e8848b141a091e81fa9044c0779" member_type: VOTER last_known_addr { host: "127.10.100.67" port: 40461 } }
I20260630 12:33:28.104938 11506 ts_tablet_manager.cc:1434] T 540438e3ccc441b984f9f9401f4fa692 P 3a75e5f6b505489db12d6430a37ae3f9: Time spent starting tablet: real 0.009s	user 0.007s	sys 0.000s
I20260630 12:33:28.106076 11506 tablet_bootstrap.cc:492] T 35c7fe8b680349adaa719027ada25a51 P 3a75e5f6b505489db12d6430a37ae3f9: Bootstrap starting.
W20260630 12:33:28.107648 11276 outbound_call.cc:321] RPC callback for RPC call kudu.consensus.ConsensusService.RequestConsensusVote -> {remote=127.10.100.67:40461, user_credentials={real_user=slave}} blocked reactor thread for 56897.5us
I20260630 12:33:28.107924 11504 tablet_bootstrap.cc:492] T 17fceb03b467434088e966f446795ca7 P 8fedf08c9d2549d68375931ac55cfd4d: No bootstrap required, opened a new log
I20260630 12:33:28.108414 11504 ts_tablet_manager.cc:1403] T 17fceb03b467434088e966f446795ca7 P 8fedf08c9d2549d68375931ac55cfd4d: Time spent bootstrapping tablet: real 0.143s	user 0.039s	sys 0.037s
I20260630 12:33:28.109529 11384 tablet_service.cc:1917] Received RequestConsensusVote() RPC: tablet_id: "cccfa1b702d748f2b3927b4869bf2d1d" candidate_uuid: "3a75e5f6b505489db12d6430a37ae3f9" candidate_term: 1 candidate_status { last_received { term: 0 index: 0 } } ignore_live_leader: false dest_uuid: "8fedf08c9d2549d68375931ac55cfd4d"
I20260630 12:33:28.110065 11384 raft_consensus.cc:3060] T cccfa1b702d748f2b3927b4869bf2d1d P 8fedf08c9d2549d68375931ac55cfd4d [term 0 FOLLOWER]: Advancing to term 1
I20260630 12:33:28.113698 11206 catalog_manager.cc:5697] T a34e0ed8df804761aba4ae4a6e98cd79 P 3a75e5f6b505489db12d6430a37ae3f9 reported cstate change: term changed from 0 to 1, leader changed from <none> to 3a75e5f6b505489db12d6430a37ae3f9 (127.10.100.65). New cstate: current_term: 1 leader_uuid: "3a75e5f6b505489db12d6430a37ae3f9" committed_config { opid_index: -1 OBSOLETE_local: false peers { permanent_uuid: "3a75e5f6b505489db12d6430a37ae3f9" member_type: VOTER last_known_addr { host: "127.10.100.65" port: 34725 } health_report { overall_health: HEALTHY } } peers { permanent_uuid: "8fedf08c9d2549d68375931ac55cfd4d" member_type: VOTER last_known_addr { host: "127.10.100.66" port: 32903 } health_report { overall_health: UNKNOWN } } peers { permanent_uuid: "bd2f4e8848b141a091e81fa9044c0779" member_type: VOTER last_known_addr { host: "127.10.100.67" port: 40461 } health_report { overall_health: UNKNOWN } } }
I20260630 12:33:28.116462 11506 tablet_bootstrap.cc:654] T 35c7fe8b680349adaa719027ada25a51 P 3a75e5f6b505489db12d6430a37ae3f9: Neither blocks nor log segments found. Creating new log.
I20260630 12:33:28.118069 11459 tablet_service.cc:1917] Received RequestConsensusVote() RPC: tablet_id: "cccfa1b702d748f2b3927b4869bf2d1d" candidate_uuid: "3a75e5f6b505489db12d6430a37ae3f9" candidate_term: 1 candidate_status { last_received { term: 0 index: 0 } } ignore_live_leader: false dest_uuid: "bd2f4e8848b141a091e81fa9044c0779"
I20260630 12:33:28.116647 11384 raft_consensus.cc:2468] T cccfa1b702d748f2b3927b4869bf2d1d P 8fedf08c9d2549d68375931ac55cfd4d [term 1 FOLLOWER]: Leader election vote request: Granting yes vote for candidate 3a75e5f6b505489db12d6430a37ae3f9 in term 1.
I20260630 12:33:28.118606 11505 tablet_bootstrap.cc:492] T 35c7fe8b680349adaa719027ada25a51 P bd2f4e8848b141a091e81fa9044c0779: No bootstrap required, opened a new log
I20260630 12:33:28.119205 11505 ts_tablet_manager.cc:1403] T 35c7fe8b680349adaa719027ada25a51 P bd2f4e8848b141a091e81fa9044c0779: Time spent bootstrapping tablet: real 0.036s	user 0.015s	sys 0.015s
I20260630 12:33:28.118602 11459 raft_consensus.cc:3060] T cccfa1b702d748f2b3927b4869bf2d1d P bd2f4e8848b141a091e81fa9044c0779 [term 0 FOLLOWER]: Advancing to term 1
I20260630 12:33:28.121682 11505 raft_consensus.cc:359] T 35c7fe8b680349adaa719027ada25a51 P bd2f4e8848b141a091e81fa9044c0779 [term 0 FOLLOWER]: Replica starting. Triggering 0 pending ops. Active config: opid_index: -1 OBSOLETE_local: false peers { permanent_uuid: "3a75e5f6b505489db12d6430a37ae3f9" member_type: VOTER last_known_addr { host: "127.10.100.65" port: 34725 } } peers { permanent_uuid: "8fedf08c9d2549d68375931ac55cfd4d" member_type: VOTER last_known_addr { host: "127.10.100.66" port: 32903 } } peers { permanent_uuid: "bd2f4e8848b141a091e81fa9044c0779" member_type: VOTER last_known_addr { host: "127.10.100.67" port: 40461 } }
I20260630 12:33:28.122359 11505 raft_consensus.cc:385] T 35c7fe8b680349adaa719027ada25a51 P bd2f4e8848b141a091e81fa9044c0779 [term 0 FOLLOWER]: Consensus starting up: Expiring failure detector timer to make a prompt election more likely
I20260630 12:33:28.122619 11505 raft_consensus.cc:740] T 35c7fe8b680349adaa719027ada25a51 P bd2f4e8848b141a091e81fa9044c0779 [term 0 FOLLOWER]: Becoming Follower/Learner. State: Replica: bd2f4e8848b141a091e81fa9044c0779, State: Initialized, Role: FOLLOWER
I20260630 12:33:28.123435 11505 consensus_queue.cc:260] T 35c7fe8b680349adaa719027ada25a51 P bd2f4e8848b141a091e81fa9044c0779 [NON_LEADER]: Queue going to NON_LEADER mode. State: All replicated index: 0, Majority replicated index: 0, Committed index: 0, Last appended: 0.0, Last appended by leader: 0, Current term: 0, Majority size: -1, State: 0, Mode: NON_LEADER, active raft config: opid_index: -1 OBSOLETE_local: false peers { permanent_uuid: "3a75e5f6b505489db12d6430a37ae3f9" member_type: VOTER last_known_addr { host: "127.10.100.65" port: 34725 } } peers { permanent_uuid: "8fedf08c9d2549d68375931ac55cfd4d" member_type: VOTER last_known_addr { host: "127.10.100.66" port: 32903 } } peers { permanent_uuid: "bd2f4e8848b141a091e81fa9044c0779" member_type: VOTER last_known_addr { host: "127.10.100.67" port: 40461 } }
I20260630 12:33:28.125383 11459 raft_consensus.cc:2468] T cccfa1b702d748f2b3927b4869bf2d1d P bd2f4e8848b141a091e81fa9044c0779 [term 1 FOLLOWER]: Leader election vote request: Granting yes vote for candidate 3a75e5f6b505489db12d6430a37ae3f9 in term 1.
I20260630 12:33:28.111272 11504 raft_consensus.cc:359] T 17fceb03b467434088e966f446795ca7 P 8fedf08c9d2549d68375931ac55cfd4d [term 0 FOLLOWER]: Replica starting. Triggering 0 pending ops. Active config: opid_index: -1 OBSOLETE_local: false peers { permanent_uuid: "3a75e5f6b505489db12d6430a37ae3f9" member_type: VOTER last_known_addr { host: "127.10.100.65" port: 34725 } } peers { permanent_uuid: "8fedf08c9d2549d68375931ac55cfd4d" member_type: VOTER last_known_addr { host: "127.10.100.66" port: 32903 } } peers { permanent_uuid: "bd2f4e8848b141a091e81fa9044c0779" member_type: VOTER last_known_addr { host: "127.10.100.67" port: 40461 } }
I20260630 12:33:28.126991 11309 tablet_service.cc:1917] Received RequestConsensusVote() RPC: tablet_id: "540438e3ccc441b984f9f9401f4fa692" candidate_uuid: "8fedf08c9d2549d68375931ac55cfd4d" candidate_term: 1 candidate_status { last_received { term: 0 index: 0 } } ignore_live_leader: false dest_uuid: "3a75e5f6b505489db12d6430a37ae3f9"
I20260630 12:33:28.127442 11504 raft_consensus.cc:385] T 17fceb03b467434088e966f446795ca7 P 8fedf08c9d2549d68375931ac55cfd4d [term 0 FOLLOWER]: Consensus starting up: Expiring failure detector timer to make a prompt election more likely
I20260630 12:33:28.127743 11504 raft_consensus.cc:740] T 17fceb03b467434088e966f446795ca7 P 8fedf08c9d2549d68375931ac55cfd4d [term 0 FOLLOWER]: Becoming Follower/Learner. State: Replica: 8fedf08c9d2549d68375931ac55cfd4d, State: Initialized, Role: FOLLOWER
I20260630 12:33:28.128377 11505 ts_tablet_manager.cc:1434] T 35c7fe8b680349adaa719027ada25a51 P bd2f4e8848b141a091e81fa9044c0779: Time spent starting tablet: real 0.009s	user 0.002s	sys 0.004s
I20260630 12:33:28.129524 11309 raft_consensus.cc:3060] T 540438e3ccc441b984f9f9401f4fa692 P 3a75e5f6b505489db12d6430a37ae3f9 [term 0 FOLLOWER]: Advancing to term 1
I20260630 12:33:28.128417 11504 consensus_queue.cc:260] T 17fceb03b467434088e966f446795ca7 P 8fedf08c9d2549d68375931ac55cfd4d [NON_LEADER]: Queue going to NON_LEADER mode. State: All replicated index: 0, Majority replicated index: 0, Committed index: 0, Last appended: 0.0, Last appended by leader: 0, Current term: 0, Majority size: -1, State: 0, Mode: NON_LEADER, active raft config: opid_index: -1 OBSOLETE_local: false peers { permanent_uuid: "3a75e5f6b505489db12d6430a37ae3f9" member_type: VOTER last_known_addr { host: "127.10.100.65" port: 34725 } } peers { permanent_uuid: "8fedf08c9d2549d68375931ac55cfd4d" member_type: VOTER last_known_addr { host: "127.10.100.66" port: 32903 } } peers { permanent_uuid: "bd2f4e8848b141a091e81fa9044c0779" member_type: VOTER last_known_addr { host: "127.10.100.67" port: 40461 } }
I20260630 12:33:28.132318 11506 tablet_bootstrap.cc:492] T 35c7fe8b680349adaa719027ada25a51 P 3a75e5f6b505489db12d6430a37ae3f9: No bootstrap required, opened a new log
I20260630 12:33:28.132817 11506 ts_tablet_manager.cc:1403] T 35c7fe8b680349adaa719027ada25a51 P 3a75e5f6b505489db12d6430a37ae3f9: Time spent bootstrapping tablet: real 0.027s	user 0.013s	sys 0.005s
I20260630 12:33:28.133585 11504 ts_tablet_manager.cc:1434] T 17fceb03b467434088e966f446795ca7 P 8fedf08c9d2549d68375931ac55cfd4d: Time spent starting tablet: real 0.025s	user 0.002s	sys 0.004s
I20260630 12:33:28.134476 11504 tablet_bootstrap.cc:492] T 7aa01966e54049198d1f46042f6ba265 P 8fedf08c9d2549d68375931ac55cfd4d: Bootstrap starting.
I20260630 12:33:28.135582 11506 raft_consensus.cc:359] T 35c7fe8b680349adaa719027ada25a51 P 3a75e5f6b505489db12d6430a37ae3f9 [term 0 FOLLOWER]: Replica starting. Triggering 0 pending ops. Active config: opid_index: -1 OBSOLETE_local: false peers { permanent_uuid: "3a75e5f6b505489db12d6430a37ae3f9" member_type: VOTER last_known_addr { host: "127.10.100.65" port: 34725 } } peers { permanent_uuid: "8fedf08c9d2549d68375931ac55cfd4d" member_type: VOTER last_known_addr { host: "127.10.100.66" port: 32903 } } peers { permanent_uuid: "bd2f4e8848b141a091e81fa9044c0779" member_type: VOTER last_known_addr { host: "127.10.100.67" port: 40461 } }
I20260630 12:33:28.135962 11309 raft_consensus.cc:2468] T 540438e3ccc441b984f9f9401f4fa692 P 3a75e5f6b505489db12d6430a37ae3f9 [term 1 FOLLOWER]: Leader election vote request: Granting yes vote for candidate 8fedf08c9d2549d68375931ac55cfd4d in term 1.
I20260630 12:33:28.136360 11506 raft_consensus.cc:385] T 35c7fe8b680349adaa719027ada25a51 P 3a75e5f6b505489db12d6430a37ae3f9 [term 0 FOLLOWER]: Consensus starting up: Expiring failure detector timer to make a prompt election more likely
I20260630 12:33:28.136723 11506 raft_consensus.cc:740] T 35c7fe8b680349adaa719027ada25a51 P 3a75e5f6b505489db12d6430a37ae3f9 [term 0 FOLLOWER]: Becoming Follower/Learner. State: Replica: 3a75e5f6b505489db12d6430a37ae3f9, State: Initialized, Role: FOLLOWER
I20260630 12:33:28.137581 11506 consensus_queue.cc:260] T 35c7fe8b680349adaa719027ada25a51 P 3a75e5f6b505489db12d6430a37ae3f9 [NON_LEADER]: Queue going to NON_LEADER mode. State: All replicated index: 0, Majority replicated index: 0, Committed index: 0, Last appended: 0.0, Last appended by leader: 0, Current term: 0, Majority size: -1, State: 0, Mode: NON_LEADER, active raft config: opid_index: -1 OBSOLETE_local: false peers { permanent_uuid: "3a75e5f6b505489db12d6430a37ae3f9" member_type: VOTER last_known_addr { host: "127.10.100.65" port: 34725 } } peers { permanent_uuid: "8fedf08c9d2549d68375931ac55cfd4d" member_type: VOTER last_known_addr { host: "127.10.100.66" port: 32903 } } peers { permanent_uuid: "bd2f4e8848b141a091e81fa9044c0779" member_type: VOTER last_known_addr { host: "127.10.100.67" port: 40461 } }
I20260630 12:33:28.138298 11309 tablet_service.cc:1917] Received RequestConsensusVote() RPC: tablet_id: "89d7704fa4854d5e9b279869712e971a" candidate_uuid: "bd2f4e8848b141a091e81fa9044c0779" candidate_term: 1 candidate_status { last_received { term: 0 index: 0 } } ignore_live_leader: false dest_uuid: "3a75e5f6b505489db12d6430a37ae3f9" is_pre_election: true
I20260630 12:33:28.139474 11276 leader_election.cc:304] T cccfa1b702d748f2b3927b4869bf2d1d P 3a75e5f6b505489db12d6430a37ae3f9 [CANDIDATE]: Term 1 election: Election decided. Result: candidate won. Election summary: received 2 responses out of 3 voters: 2 yes votes; 0 no votes. yes voters: 3a75e5f6b505489db12d6430a37ae3f9, bd2f4e8848b141a091e81fa9044c0779; no voters: 
I20260630 12:33:28.140718 11504 tablet_bootstrap.cc:654] T 7aa01966e54049198d1f46042f6ba265 P 8fedf08c9d2549d68375931ac55cfd4d: Neither blocks nor log segments found. Creating new log.
W20260630 12:33:28.140710 11424 leader_election.cc:343] T 89d7704fa4854d5e9b279869712e971a P bd2f4e8848b141a091e81fa9044c0779 [CANDIDATE]: Term 1 pre-election: Tablet error from VoteRequest() call to peer 3a75e5f6b505489db12d6430a37ae3f9 (127.10.100.65:34725): Illegal state: must be running to vote when last-logged opid is not known
I20260630 12:33:28.141319 11424 leader_election.cc:304] T 89d7704fa4854d5e9b279869712e971a P bd2f4e8848b141a091e81fa9044c0779 [CANDIDATE]: Term 1 pre-election: Election decided. Result: candidate lost. Election summary: received 3 responses out of 3 voters: 1 yes votes; 2 no votes. yes voters: bd2f4e8848b141a091e81fa9044c0779; no voters: 3a75e5f6b505489db12d6430a37ae3f9, 8fedf08c9d2549d68375931ac55cfd4d
I20260630 12:33:28.141649 11511 raft_consensus.cc:2804] T cccfa1b702d748f2b3927b4869bf2d1d P 3a75e5f6b505489db12d6430a37ae3f9 [term 1 FOLLOWER]: Leader election won for term 1
I20260630 12:33:28.142215 11511 raft_consensus.cc:697] T cccfa1b702d748f2b3927b4869bf2d1d P 3a75e5f6b505489db12d6430a37ae3f9 [term 1 LEADER]: Becoming Leader. State: Replica: 3a75e5f6b505489db12d6430a37ae3f9, State: Running, Role: LEADER
I20260630 12:33:28.142366 11510 raft_consensus.cc:2749] T 89d7704fa4854d5e9b279869712e971a P bd2f4e8848b141a091e81fa9044c0779 [term 0 FOLLOWER]: Leader pre-election lost for term 1. Reason: could not achieve majority
I20260630 12:33:28.142988 11511 consensus_queue.cc:237] T cccfa1b702d748f2b3927b4869bf2d1d P 3a75e5f6b505489db12d6430a37ae3f9 [LEADER]: Queue going to LEADER mode. State: All replicated index: 0, Majority replicated index: 0, Committed index: 0, Last appended: 0.0, Last appended by leader: 0, Current term: 1, Majority size: 2, State: 0, Mode: LEADER, active raft config: opid_index: -1 OBSOLETE_local: false peers { permanent_uuid: "3a75e5f6b505489db12d6430a37ae3f9" member_type: VOTER last_known_addr { host: "127.10.100.65" port: 34725 } } peers { permanent_uuid: "8fedf08c9d2549d68375931ac55cfd4d" member_type: VOTER last_known_addr { host: "127.10.100.66" port: 32903 } } peers { permanent_uuid: "bd2f4e8848b141a091e81fa9044c0779" member_type: VOTER last_known_addr { host: "127.10.100.67" port: 40461 } }
W20260630 12:33:28.147372 11256 auto_rebalancer.cc:298] Could not retrieve cluster info: Service unavailable: Tablet not running
I20260630 12:33:28.147691 11261 auto_leader_rebalancer.cc:141] leader rebalance for table test-workload
W20260630 12:33:28.150576 11261 auto_leader_rebalancer.cc:524] the master instance isn't leader: Service unavailable: Tablet not running
I20260630 12:33:28.152108 11506 ts_tablet_manager.cc:1434] T 35c7fe8b680349adaa719027ada25a51 P 3a75e5f6b505489db12d6430a37ae3f9: Time spent starting tablet: real 0.019s	user 0.005s	sys 0.000s
I20260630 12:33:28.153258 11506 tablet_bootstrap.cc:492] T 89d7704fa4854d5e9b279869712e971a P 3a75e5f6b505489db12d6430a37ae3f9: Bootstrap starting.
I20260630 12:33:28.153553 11206 catalog_manager.cc:5697] T cccfa1b702d748f2b3927b4869bf2d1d P 3a75e5f6b505489db12d6430a37ae3f9 reported cstate change: term changed from 0 to 1, leader changed from <none> to 3a75e5f6b505489db12d6430a37ae3f9 (127.10.100.65). New cstate: current_term: 1 leader_uuid: "3a75e5f6b505489db12d6430a37ae3f9" committed_config { opid_index: -1 OBSOLETE_local: false peers { permanent_uuid: "3a75e5f6b505489db12d6430a37ae3f9" member_type: VOTER last_known_addr { host: "127.10.100.65" port: 34725 } health_report { overall_health: HEALTHY } } peers { permanent_uuid: "8fedf08c9d2549d68375931ac55cfd4d" member_type: VOTER last_known_addr { host: "127.10.100.66" port: 32903 } health_report { overall_health: UNKNOWN } } peers { permanent_uuid: "bd2f4e8848b141a091e81fa9044c0779" member_type: VOTER last_known_addr { host: "127.10.100.67" port: 40461 } health_report { overall_health: UNKNOWN } } }
I20260630 12:33:28.157636 11208 catalog_manager.cc:5697] T 540438e3ccc441b984f9f9401f4fa692 P 8fedf08c9d2549d68375931ac55cfd4d reported cstate change: term changed from 0 to 1, leader changed from <none> to 8fedf08c9d2549d68375931ac55cfd4d (127.10.100.66). New cstate: current_term: 1 leader_uuid: "8fedf08c9d2549d68375931ac55cfd4d" committed_config { opid_index: -1 OBSOLETE_local: false peers { permanent_uuid: "3a75e5f6b505489db12d6430a37ae3f9" member_type: VOTER last_known_addr { host: "127.10.100.65" port: 34725 } health_report { overall_health: UNKNOWN } } peers { permanent_uuid: "8fedf08c9d2549d68375931ac55cfd4d" member_type: VOTER last_known_addr { host: "127.10.100.66" port: 32903 } health_report { overall_health: HEALTHY } } peers { permanent_uuid: "bd2f4e8848b141a091e81fa9044c0779" member_type: VOTER last_known_addr { host: "127.10.100.67" port: 40461 } health_report { overall_health: UNKNOWN } } }
I20260630 12:33:28.158453 11504 tablet_bootstrap.cc:492] T 7aa01966e54049198d1f46042f6ba265 P 8fedf08c9d2549d68375931ac55cfd4d: No bootstrap required, opened a new log
I20260630 12:33:28.159159 11506 tablet_bootstrap.cc:654] T 89d7704fa4854d5e9b279869712e971a P 3a75e5f6b505489db12d6430a37ae3f9: Neither blocks nor log segments found. Creating new log.
I20260630 12:33:28.159356 11504 ts_tablet_manager.cc:1403] T 7aa01966e54049198d1f46042f6ba265 P 8fedf08c9d2549d68375931ac55cfd4d: Time spent bootstrapping tablet: real 0.025s	user 0.019s	sys 0.005s
I20260630 12:33:28.162084 11504 raft_consensus.cc:359] T 7aa01966e54049198d1f46042f6ba265 P 8fedf08c9d2549d68375931ac55cfd4d [term 0 FOLLOWER]: Replica starting. Triggering 0 pending ops. Active config: opid_index: -1 OBSOLETE_local: false peers { permanent_uuid: "3a75e5f6b505489db12d6430a37ae3f9" member_type: VOTER last_known_addr { host: "127.10.100.65" port: 34725 } } peers { permanent_uuid: "8fedf08c9d2549d68375931ac55cfd4d" member_type: VOTER last_known_addr { host: "127.10.100.66" port: 32903 } } peers { permanent_uuid: "bd2f4e8848b141a091e81fa9044c0779" member_type: VOTER last_known_addr { host: "127.10.100.67" port: 40461 } }
I20260630 12:33:28.162783 11504 raft_consensus.cc:385] T 7aa01966e54049198d1f46042f6ba265 P 8fedf08c9d2549d68375931ac55cfd4d [term 0 FOLLOWER]: Consensus starting up: Expiring failure detector timer to make a prompt election more likely
I20260630 12:33:28.163095 11504 raft_consensus.cc:740] T 7aa01966e54049198d1f46042f6ba265 P 8fedf08c9d2549d68375931ac55cfd4d [term 0 FOLLOWER]: Becoming Follower/Learner. State: Replica: 8fedf08c9d2549d68375931ac55cfd4d, State: Initialized, Role: FOLLOWER
I20260630 12:33:28.163774 11504 consensus_queue.cc:260] T 7aa01966e54049198d1f46042f6ba265 P 8fedf08c9d2549d68375931ac55cfd4d [NON_LEADER]: Queue going to NON_LEADER mode. State: All replicated index: 0, Majority replicated index: 0, Committed index: 0, Last appended: 0.0, Last appended by leader: 0, Current term: 0, Majority size: -1, State: 0, Mode: NON_LEADER, active raft config: opid_index: -1 OBSOLETE_local: false peers { permanent_uuid: "3a75e5f6b505489db12d6430a37ae3f9" member_type: VOTER last_known_addr { host: "127.10.100.65" port: 34725 } } peers { permanent_uuid: "8fedf08c9d2549d68375931ac55cfd4d" member_type: VOTER last_known_addr { host: "127.10.100.66" port: 32903 } } peers { permanent_uuid: "bd2f4e8848b141a091e81fa9044c0779" member_type: VOTER last_known_addr { host: "127.10.100.67" port: 40461 } }
I20260630 12:33:28.165863 11504 ts_tablet_manager.cc:1434] T 7aa01966e54049198d1f46042f6ba265 P 8fedf08c9d2549d68375931ac55cfd4d: Time spent starting tablet: real 0.006s	user 0.003s	sys 0.001s
I20260630 12:33:28.165797 11511 raft_consensus.cc:493] T 17fceb03b467434088e966f446795ca7 P 3a75e5f6b505489db12d6430a37ae3f9 [term 0 FOLLOWER]: Starting pre-election (no leader contacted us within the election timeout)
I20260630 12:33:28.166352 11511 raft_consensus.cc:515] T 17fceb03b467434088e966f446795ca7 P 3a75e5f6b505489db12d6430a37ae3f9 [term 0 FOLLOWER]: Starting pre-election with config: opid_index: -1 OBSOLETE_local: false peers { permanent_uuid: "3a75e5f6b505489db12d6430a37ae3f9" member_type: VOTER last_known_addr { host: "127.10.100.65" port: 34725 } } peers { permanent_uuid: "8fedf08c9d2549d68375931ac55cfd4d" member_type: VOTER last_known_addr { host: "127.10.100.66" port: 32903 } } peers { permanent_uuid: "bd2f4e8848b141a091e81fa9044c0779" member_type: VOTER last_known_addr { host: "127.10.100.67" port: 40461 } }
