I20260630 12:33:35.672892 11907 sys_catalog.cc:458] T 00000000000000000000000000000000 P 471600ec3bf64083b88cfa92c0de28eb [sys.catalog]: This master's current role is: FOLLOWER
I20260630 12:33:35.674211 11894 sys_catalog.cc:455] T 00000000000000000000000000000000 P 2b1a9da998c24f658e2e1c776775db5a [sys.catalog]: SysCatalogTable state changed. Reason: Peer health change. Latest consensus state: current_term: 1 leader_uuid: "2b1a9da998c24f658e2e1c776775db5a" committed_config { opid_index: -1 OBSOLETE_local: false peers { permanent_uuid: "1333ee1572f94830a5c13596a652ac11" member_type: VOTER last_known_addr { host: "127.10.100.126" port: 45527 } } peers { permanent_uuid: "2b1a9da998c24f658e2e1c776775db5a" member_type: VOTER last_known_addr { host: "127.10.100.125" port: 33243 } } peers { permanent_uuid: "471600ec3bf64083b88cfa92c0de28eb" member_type: VOTER last_known_addr { host: "127.10.100.124" port: 39459 } } }
I20260630 12:33:35.675082 11894 sys_catalog.cc:458] T 00000000000000000000000000000000 P 2b1a9da998c24f658e2e1c776775db5a [sys.catalog]: This master's current role is: LEADER
I20260630 12:33:35.676676 12031 sys_catalog.cc:455] T 00000000000000000000000000000000 P 2b1a9da998c24f658e2e1c776775db5a [sys.catalog]: SysCatalogTable state changed. Reason: Peer health change. Latest consensus state: current_term: 1 leader_uuid: "2b1a9da998c24f658e2e1c776775db5a" committed_config { opid_index: -1 OBSOLETE_local: false peers { permanent_uuid: "1333ee1572f94830a5c13596a652ac11" member_type: VOTER last_known_addr { host: "127.10.100.126" port: 45527 } } peers { permanent_uuid: "2b1a9da998c24f658e2e1c776775db5a" member_type: VOTER last_known_addr { host: "127.10.100.125" port: 33243 } } peers { permanent_uuid: "471600ec3bf64083b88cfa92c0de28eb" member_type: VOTER last_known_addr { host: "127.10.100.124" port: 39459 } } }
I20260630 12:33:35.677662 12016 catalog_manager.cc:1383] Generated new cluster ID: 016fd3b386414ab7b1850a8b80f46e35
I20260630 12:33:35.677946 12016 catalog_manager.cc:1531] Initializing Kudu internal certificate authority...
I20260630 12:33:35.678455 10641 txn_system_client.cc:432] TxnSystemClient initialization is disabled...
I20260630 12:33:35.677438 12031 sys_catalog.cc:458] T 00000000000000000000000000000000 P 2b1a9da998c24f658e2e1c776775db5a [sys.catalog]: This master's current role is: LEADER
I20260630 12:33:35.681565 11920 sys_catalog.cc:455] T 00000000000000000000000000000000 P 1333ee1572f94830a5c13596a652ac11 [sys.catalog]: SysCatalogTable state changed. Reason: Replicated consensus-only round. Latest consensus state: current_term: 1 leader_uuid: "2b1a9da998c24f658e2e1c776775db5a" committed_config { opid_index: -1 OBSOLETE_local: false peers { permanent_uuid: "1333ee1572f94830a5c13596a652ac11" member_type: VOTER last_known_addr { host: "127.10.100.126" port: 45527 } } peers { permanent_uuid: "2b1a9da998c24f658e2e1c776775db5a" member_type: VOTER last_known_addr { host: "127.10.100.125" port: 33243 } } peers { permanent_uuid: "471600ec3bf64083b88cfa92c0de28eb" member_type: VOTER last_known_addr { host: "127.10.100.124" port: 39459 } } }
I20260630 12:33:35.682232 11920 sys_catalog.cc:458] T 00000000000000000000000000000000 P 1333ee1572f94830a5c13596a652ac11 [sys.catalog]: This master's current role is: FOLLOWER
I20260630 12:33:35.684099 10641 ts_tablet_manager.cc:585] Loaded tablet metadata (0 total tablets, 0 live tablets)
I20260630 12:33:35.684405 10641 ts_tablet_manager.cc:531] Time spent load tablet metadata: real 0.000s	user 0.000s	sys 0.000s
I20260630 12:33:35.684706 10641 ts_tablet_manager.cc:616] Registered 0 tablets
I20260630 12:33:35.684883 10641 ts_tablet_manager.cc:595] Time spent register tablets: real 0.000s	user 0.000s	sys 0.000s
I20260630 12:33:35.732113 12016 catalog_manager.cc:1406] Generated new certificate authority record
I20260630 12:33:35.733727 12016 catalog_manager.cc:1540] Loading token signing keys...
I20260630 12:33:35.744642 10641 rpc_server.cc:307] RPC server started. Bound to: 127.10.100.66:38657
I20260630 12:33:35.744854 12092 acceptor_pool.cc:272] collecting diagnostics on the listening RPC socket 127.10.100.66:38657 every 8 connection(s)
I20260630 12:33:35.769629 12016 catalog_manager.cc:6070] T 00000000000000000000000000000000 P 2b1a9da998c24f658e2e1c776775db5a: Generated new TSK 0
I20260630 12:33:35.770342 12016 catalog_manager.cc:1550] Initializing in-progress tserver states...
I20260630 12:33:35.785997 12094 heartbeater.cc:344] Connected to a master server at 127.10.100.125:33243
I20260630 12:33:35.786466 12094 heartbeater.cc:461] Registering TS with master...
I20260630 12:33:35.787415 12094 heartbeater.cc:507] Master 127.10.100.125:33243 requested a full tablet report, sending...
I20260630 12:33:35.789673 11789 ts_manager.cc:194] Registered new tserver with Master: c20589bb340a46cabaad810dbd218636 (127.10.100.66:38657)
I20260630 12:33:35.792013 11789 master_service.cc:502] Signed X509 certificate for tserver {username='slave'} at 127.0.0.1:56448
I20260630 12:33:35.793447 10641 file_cache.cc:492] Constructed file cache file cache with capacity 419430
I20260630 12:33:35.794677 12093 heartbeater.cc:344] Connected to a master server at 127.10.100.124:39459
I20260630 12:33:35.795013 12093 heartbeater.cc:461] Registering TS with master...
I20260630 12:33:35.795677 12093 heartbeater.cc:507] Master 127.10.100.124:39459 requested a full tablet report, sending...
I20260630 12:33:35.798142 11854 ts_manager.cc:194] Registered new tserver with Master: c20589bb340a46cabaad810dbd218636 (127.10.100.66:38657)
I20260630 12:33:35.798303 12095 heartbeater.cc:344] Connected to a master server at 127.10.100.126:45527
I20260630 12:33:35.798667 12095 heartbeater.cc:461] Registering TS with master...
I20260630 12:33:35.799273 12095 heartbeater.cc:507] Master 127.10.100.126:45527 requested a full tablet report, sending...
W20260630 12:33:35.801998 12100 instance_detector.cc:116] could not retrieve AWS instance metadata: Network error: curl error: HTTP response code said error: The requested URL returned error: 404
I20260630 12:33:35.802049 11724 ts_manager.cc:194] Registered new tserver with Master: c20589bb340a46cabaad810dbd218636 (127.10.100.66:38657)
W20260630 12:33:35.803843 12101 instance_detector.cc:116] could not retrieve Azure instance metadata: Network error: curl error: HTTP response code said error: The requested URL returned error: 404
W20260630 12:33:35.805464 12103 instance_detector.cc:116] could not retrieve OpenStack instance metadata: Network error: curl error: HTTP response code said error: The requested URL returned error: 404
I20260630 12:33:35.805632 10641 server_base.cc:1061] running on GCE node
I20260630 12:33:35.806468 10641 hybrid_clock.cc:584] initializing the hybrid clock with 'system_unsync' time source
W20260630 12:33:35.806653 10641 system_unsync_time.cc:38] NTP support is disabled. Clock error bounds will not be accurate. This configuration is not suitable for distributed clusters.
I20260630 12:33:35.806846 10641 hybrid_clock.cc:648] HybridClock initialized: now 1782822815806829 us; error 0 us; skew 500 ppm
I20260630 12:33:35.807336 10641 server_base.cc:861] Flag tcmalloc_max_total_thread_cache_bytes is not working since tcmalloc is not enabled.
I20260630 12:33:35.809633 10641 webserver.cc:533] Webserver started at http://127.10.100.67:39697/ using document root <none> and password file <none>
I20260630 12:33:35.810107 10641 fs_manager.cc:362] Metadata directory not provided
I20260630 12:33:35.810284 10641 fs_manager.cc:368] Using write-ahead log directory (fs_wal_dir) as metadata directory
I20260630 12:33:35.810536 10641 server_base.cc:909] This appears to be a new deployment of Kudu; creating new FS layout
I20260630 12:33:35.811539 10641 fs_manager.cc:1068] Generated new instance metadata in path /tmp/dist-test-taskBlsYQY/test-tmp/auto_rebalancer-test.0.AutoRebalancerTest.NextLeaderResumesAutoRebalancing.1782822799234497-10641-0/minicluster-data/ts-2-root/instance:
uuid: "c55e5631244843a982de41f82974f1ce"
format_stamp: "Formatted at 2026-06-30 12:33:35 on dist-test-slave-1x9w"
I20260630 12:33:35.815619 10641 fs_manager.cc:696] Time spent creating directory manager: real 0.004s	user 0.003s	sys 0.001s
I20260630 12:33:35.818519 12108 log_block_manager.cc:4031] Time spent loading block containers with low live blocks: real 0.000s	user 0.000s	sys 0.000s
I20260630 12:33:35.819298 10641 fs_manager.cc:730] Time spent opening block manager: real 0.002s	user 0.002s	sys 0.001s
I20260630 12:33:35.819588 10641 fs_manager.cc:647] Opened local filesystem: /tmp/dist-test-taskBlsYQY/test-tmp/auto_rebalancer-test.0.AutoRebalancerTest.NextLeaderResumesAutoRebalancing.1782822799234497-10641-0/minicluster-data/ts-2-root
uuid: "c55e5631244843a982de41f82974f1ce"
format_stamp: "Formatted at 2026-06-30 12:33:35 on dist-test-slave-1x9w"
I20260630 12:33:35.819840 10641 fs_report.cc:389] FS layout report
--------------------
wal directory: /tmp/dist-test-taskBlsYQY/test-tmp/auto_rebalancer-test.0.AutoRebalancerTest.NextLeaderResumesAutoRebalancing.1782822799234497-10641-0/minicluster-data/ts-2-root
metadata directory: /tmp/dist-test-taskBlsYQY/test-tmp/auto_rebalancer-test.0.AutoRebalancerTest.NextLeaderResumesAutoRebalancing.1782822799234497-10641-0/minicluster-data/ts-2-root
1 data directories: /tmp/dist-test-taskBlsYQY/test-tmp/auto_rebalancer-test.0.AutoRebalancerTest.NextLeaderResumesAutoRebalancing.1782822799234497-10641-0/minicluster-data/ts-2-root/data
Total live blocks: 0
Total live bytes: 0
Total live bytes (after alignment): 0
Total number of LBM containers: 0 (0 full)
Did not check for missing blocks
Did not check for orphaned blocks
Total full LBM containers with extra space: 0 (0 repaired)
Total full LBM container extra space in bytes: 0 (0 repaired)
Total incomplete LBM containers: 0 (0 repaired)
Total LBM partial records: 0 (0 repaired)
Total corrupted LBM metadata records in RocksDB: 0 (0 repaired)
I20260630 12:33:35.833626 10641 rpc_server.cc:225] running with OpenSSL 1.1.1  11 Sep 2018
I20260630 12:33:35.834824 10641 kserver.cc:163] Server-wide thread pool size limit: 3276
I20260630 12:33:35.836071 10641 txn_system_client.cc:432] TxnSystemClient initialization is disabled...
I20260630 12:33:35.838256 10641 ts_tablet_manager.cc:585] Loaded tablet metadata (0 total tablets, 0 live tablets)
I20260630 12:33:35.838460 10641 ts_tablet_manager.cc:531] Time spent load tablet metadata: real 0.000s	user 0.000s	sys 0.000s
I20260630 12:33:35.838676 10641 ts_tablet_manager.cc:616] Registered 0 tablets
I20260630 12:33:35.838829 10641 ts_tablet_manager.cc:595] Time spent register tablets: real 0.000s	user 0.000s	sys 0.000s
I20260630 12:33:35.876714 10641 rpc_server.cc:307] RPC server started. Bound to: 127.10.100.67:44869
I20260630 12:33:35.876813 12170 acceptor_pool.cc:272] collecting diagnostics on the listening RPC socket 127.10.100.67:44869 every 8 connection(s)
I20260630 12:33:35.907145 12173 heartbeater.cc:344] Connected to a master server at 127.10.100.126:45527
I20260630 12:33:35.907372 12171 heartbeater.cc:344] Connected to a master server at 127.10.100.124:39459
I20260630 12:33:35.907604 12173 heartbeater.cc:461] Registering TS with master...
I20260630 12:33:35.907737 12171 heartbeater.cc:461] Registering TS with master...
I20260630 12:33:35.908499 12173 heartbeater.cc:507] Master 127.10.100.126:45527 requested a full tablet report, sending...
I20260630 12:33:35.909004 12172 heartbeater.cc:344] Connected to a master server at 127.10.100.125:33243
I20260630 12:33:35.909368 12172 heartbeater.cc:461] Registering TS with master...
I20260630 12:33:35.908542 12171 heartbeater.cc:507] Master 127.10.100.124:39459 requested a full tablet report, sending...
I20260630 12:33:35.910181 12172 heartbeater.cc:507] Master 127.10.100.125:33243 requested a full tablet report, sending...
I20260630 12:33:35.911262 11724 ts_manager.cc:194] Registered new tserver with Master: c55e5631244843a982de41f82974f1ce (127.10.100.67:44869)
I20260630 12:33:35.911856 11854 ts_manager.cc:194] Registered new tserver with Master: c55e5631244843a982de41f82974f1ce (127.10.100.67:44869)
I20260630 12:33:35.912246 11789 ts_manager.cc:194] Registered new tserver with Master: c55e5631244843a982de41f82974f1ce (127.10.100.67:44869)
I20260630 12:33:35.912465 10641 internal_mini_cluster.cc:371] 3 TS(s) registered with all masters after 0.009158845s
I20260630 12:33:35.913933 11789 master_service.cc:502] Signed X509 certificate for tserver {username='slave'} at 127.0.0.1:56456
I20260630 12:33:36.467880 11918 catalog_manager.cc:1295] Loaded cluster ID: 016fd3b386414ab7b1850a8b80f46e35
I20260630 12:33:36.468137 11918 catalog_manager.cc:1588] T 00000000000000000000000000000000 P 471600ec3bf64083b88cfa92c0de28eb: loading cluster ID for follower catalog manager: success
I20260630 12:33:36.473250 11918 catalog_manager.cc:1610] T 00000000000000000000000000000000 P 471600ec3bf64083b88cfa92c0de28eb: acquiring CA information for follower catalog manager: success
I20260630 12:33:36.476804 11918 catalog_manager.cc:1638] T 00000000000000000000000000000000 P 471600ec3bf64083b88cfa92c0de28eb: importing token verification keys for follower catalog manager: success; most recent TSK sequence number 0
I20260630 12:33:36.494484 11931 catalog_manager.cc:1295] Loaded cluster ID: 016fd3b386414ab7b1850a8b80f46e35
I20260630 12:33:36.494741 11931 catalog_manager.cc:1588] T 00000000000000000000000000000000 P 1333ee1572f94830a5c13596a652ac11: loading cluster ID for follower catalog manager: success
I20260630 12:33:36.498968 11931 catalog_manager.cc:1610] T 00000000000000000000000000000000 P 1333ee1572f94830a5c13596a652ac11: acquiring CA information for follower catalog manager: success
I20260630 12:33:36.502141 11931 catalog_manager.cc:1638] T 00000000000000000000000000000000 P 1333ee1572f94830a5c13596a652ac11: importing token verification keys for follower catalog manager: success; most recent TSK sequence number 0
I20260630 12:33:36.617544 11789 master_service.cc:502] Signed X509 certificate for tserver {username='slave'} at 127.0.0.1:56434
I20260630 12:33:36.794937 12094 heartbeater.cc:499] Master 127.10.100.125:33243 was elected leader, sending a full tablet report...
I20260630 12:33:36.916102 12172 heartbeater.cc:499] Master 127.10.100.125:33243 was elected leader, sending a full tablet report...
I20260630 12:33:37.435652 11904 auto_leader_rebalancer.cc:515] All tables' leader rebalancing finished this round
I20260630 12:33:37.512269 11789 catalog_manager.cc:2283] Servicing CreateTable request from {username='slave'} at 127.0.0.1:56470:
name: "test-workload"
schema {
  columns {
    name: "key"
    type: INT32
    is_key: true
    is_nullable: false
    encoding: AUTO_ENCODING
    compression: DEFAULT_COMPRESSION
    cfile_block_size: 0
    immutable: false
  }
  columns {
    name: "int_val"
    type: INT32
    is_key: false
    is_nullable: false
    encoding: AUTO_ENCODING
    compression: DEFAULT_COMPRESSION
    cfile_block_size: 0
    immutable: false
  }
  columns {
    name: "string_val"
    type: STRING
    is_key: false
    is_nullable: true
    encoding: AUTO_ENCODING
    compression: DEFAULT_COMPRESSION
    cfile_block_size: 0
    immutable: false
  }
}
num_replicas: 1
split_rows_range_bounds {
  rows: "\004\001\000\252\252\252*\004\001\000TUUU""\004\001\000\252\252\252*\004\001\000TUUU"
  indirect_data: """"
}
partition_schema {
  range_schema {
    columns {
      name: "key"
    }
  }
}
I20260630 12:33:37.582070 11968 tablet_service.cc:1511] Processing CreateTablet for tablet 164b911f779e4604ba3b146f4707921f (DEFAULT_TABLE table=test-workload [id=077ee7e7709747e6a68a75e2a28d41de]), partition=RANGE (key) PARTITION 715827882 <= VALUES < 1431655764
I20260630 12:33:37.583222 11968 data_dirs.cc:400] Could only allocate 1 dirs of requested 3 for tablet 164b911f779e4604ba3b146f4707921f. 1 dirs total, 0 dirs full, 0 dirs failed
I20260630 12:33:37.586936 12136 tablet_service.cc:1511] Processing CreateTablet for tablet df5d032658254ee486e2e36b1a28c25b (DEFAULT_TABLE table=test-workload [id=077ee7e7709747e6a68a75e2a28d41de]), partition=RANGE (key) PARTITION VALUES < 715827882
I20260630 12:33:37.588232 12136 data_dirs.cc:400] Could only allocate 1 dirs of requested 3 for tablet df5d032658254ee486e2e36b1a28c25b. 1 dirs total, 0 dirs full, 0 dirs failed
I20260630 12:33:37.596832 12206 tablet_bootstrap.cc:492] T 164b911f779e4604ba3b146f4707921f P c961f88ed2c1464882997a55aa940e6a: Bootstrap starting.
I20260630 12:33:37.596614 12058 tablet_service.cc:1511] Processing CreateTablet for tablet 8702f6b05ea645568b3674d21ffa71f8 (DEFAULT_TABLE table=test-workload [id=077ee7e7709747e6a68a75e2a28d41de]), partition=RANGE (key) PARTITION 1431655764 <= VALUES
I20260630 12:33:37.597718 12058 data_dirs.cc:400] Could only allocate 1 dirs of requested 3 for tablet 8702f6b05ea645568b3674d21ffa71f8. 1 dirs total, 0 dirs full, 0 dirs failed
I20260630 12:33:37.600421 12207 tablet_bootstrap.cc:492] T df5d032658254ee486e2e36b1a28c25b P c55e5631244843a982de41f82974f1ce: Bootstrap starting.
I20260630 12:33:37.604192 12206 tablet_bootstrap.cc:654] T 164b911f779e4604ba3b146f4707921f P c961f88ed2c1464882997a55aa940e6a: Neither blocks nor log segments found. Creating new log.
I20260630 12:33:37.606266 12207 tablet_bootstrap.cc:654] T df5d032658254ee486e2e36b1a28c25b P c55e5631244843a982de41f82974f1ce: Neither blocks nor log segments found. Creating new log.
I20260630 12:33:37.614737 12207 tablet_bootstrap.cc:492] T df5d032658254ee486e2e36b1a28c25b P c55e5631244843a982de41f82974f1ce: No bootstrap required, opened a new log
I20260630 12:33:37.615144 12206 tablet_bootstrap.cc:492] T 164b911f779e4604ba3b146f4707921f P c961f88ed2c1464882997a55aa940e6a: No bootstrap required, opened a new log
I20260630 12:33:37.615229 12207 ts_tablet_manager.cc:1403] T df5d032658254ee486e2e36b1a28c25b P c55e5631244843a982de41f82974f1ce: Time spent bootstrapping tablet: real 0.015s	user 0.010s	sys 0.004s
I20260630 12:33:37.615752 12206 ts_tablet_manager.cc:1403] T 164b911f779e4604ba3b146f4707921f P c961f88ed2c1464882997a55aa940e6a: Time spent bootstrapping tablet: real 0.019s	user 0.006s	sys 0.009s
I20260630 12:33:37.615994 12210 tablet_bootstrap.cc:492] T 8702f6b05ea645568b3674d21ffa71f8 P c20589bb340a46cabaad810dbd218636: Bootstrap starting.
I20260630 12:33:37.617719 12207 raft_consensus.cc:359] T df5d032658254ee486e2e36b1a28c25b P c55e5631244843a982de41f82974f1ce [term 0 FOLLOWER]: Replica starting. Triggering 0 pending ops. Active config: opid_index: -1 OBSOLETE_local: true peers { permanent_uuid: "c55e5631244843a982de41f82974f1ce" member_type: VOTER last_known_addr { host: "127.10.100.67" port: 44869 } }
I20260630 12:33:37.618134 12207 raft_consensus.cc:385] T df5d032658254ee486e2e36b1a28c25b P c55e5631244843a982de41f82974f1ce [term 0 FOLLOWER]: Consensus starting up: Expiring failure detector timer to make a prompt election more likely
I20260630 12:33:37.618348 12207 raft_consensus.cc:740] T df5d032658254ee486e2e36b1a28c25b P c55e5631244843a982de41f82974f1ce [term 0 FOLLOWER]: Becoming Follower/Learner. State: Replica: c55e5631244843a982de41f82974f1ce, State: Initialized, Role: FOLLOWER
I20260630 12:33:37.618439 12206 raft_consensus.cc:359] T 164b911f779e4604ba3b146f4707921f P c961f88ed2c1464882997a55aa940e6a [term 0 FOLLOWER]: Replica starting. Triggering 0 pending ops. Active config: opid_index: -1 OBSOLETE_local: true peers { permanent_uuid: "c961f88ed2c1464882997a55aa940e6a" member_type: VOTER last_known_addr { host: "127.10.100.65" port: 44409 } }
I20260630 12:33:37.619052 12206 raft_consensus.cc:385] T 164b911f779e4604ba3b146f4707921f P c961f88ed2c1464882997a55aa940e6a [term 0 FOLLOWER]: Consensus starting up: Expiring failure detector timer to make a prompt election more likely
I20260630 12:33:37.618925 12207 consensus_queue.cc:260] T df5d032658254ee486e2e36b1a28c25b P c55e5631244843a982de41f82974f1ce [NON_LEADER]: Queue going to NON_LEADER mode. State: All replicated index: 0, Majority replicated index: 0, Committed index: 0, Last appended: 0.0, Last appended by leader: 0, Current term: 0, Majority size: -1, State: 0, Mode: NON_LEADER, active raft config: opid_index: -1 OBSOLETE_local: true peers { permanent_uuid: "c55e5631244843a982de41f82974f1ce" member_type: VOTER last_known_addr { host: "127.10.100.67" port: 44869 } }
I20260630 12:33:37.619422 12206 raft_consensus.cc:740] T 164b911f779e4604ba3b146f4707921f P c961f88ed2c1464882997a55aa940e6a [term 0 FOLLOWER]: Becoming Follower/Learner. State: Replica: c961f88ed2c1464882997a55aa940e6a, State: Initialized, Role: FOLLOWER
I20260630 12:33:37.619619 12207 raft_consensus.cc:399] T df5d032658254ee486e2e36b1a28c25b P c55e5631244843a982de41f82974f1ce [term 0 FOLLOWER]: Only one voter in the Raft config. Triggering election immediately
I20260630 12:33:37.619773 12004 heartbeater.cc:499] Master 127.10.100.125:33243 was elected leader, sending a full tablet report...
I20260630 12:33:37.620013 12207 raft_consensus.cc:493] T df5d032658254ee486e2e36b1a28c25b P c55e5631244843a982de41f82974f1ce [term 0 FOLLOWER]: Starting leader election (initial election of a single-replica configuration)
I20260630 12:33:37.620210 12206 consensus_queue.cc:260] T 164b911f779e4604ba3b146f4707921f P c961f88ed2c1464882997a55aa940e6a [NON_LEADER]: Queue going to NON_LEADER mode. State: All replicated index: 0, Majority replicated index: 0, Committed index: 0, Last appended: 0.0, Last appended by leader: 0, Current term: 0, Majority size: -1, State: 0, Mode: NON_LEADER, active raft config: opid_index: -1 OBSOLETE_local: true peers { permanent_uuid: "c961f88ed2c1464882997a55aa940e6a" member_type: VOTER last_known_addr { host: "127.10.100.65" port: 44409 } }
I20260630 12:33:37.620568 12207 raft_consensus.cc:3060] T df5d032658254ee486e2e36b1a28c25b P c55e5631244843a982de41f82974f1ce [term 0 FOLLOWER]: Advancing to term 1
I20260630 12:33:37.622277 12210 tablet_bootstrap.cc:654] T 8702f6b05ea645568b3674d21ffa71f8 P c20589bb340a46cabaad810dbd218636: Neither blocks nor log segments found. Creating new log.
I20260630 12:33:37.622205 12206 raft_consensus.cc:399] T 164b911f779e4604ba3b146f4707921f P c961f88ed2c1464882997a55aa940e6a [term 0 FOLLOWER]: Only one voter in the Raft config. Triggering election immediately
I20260630 12:33:37.623713 12206 raft_consensus.cc:493] T 164b911f779e4604ba3b146f4707921f P c961f88ed2c1464882997a55aa940e6a [term 0 FOLLOWER]: Starting leader election (initial election of a single-replica configuration)
I20260630 12:33:37.624107 12206 raft_consensus.cc:3060] T 164b911f779e4604ba3b146f4707921f P c961f88ed2c1464882997a55aa940e6a [term 0 FOLLOWER]: Advancing to term 1
I20260630 12:33:37.627127 12207 raft_consensus.cc:515] T df5d032658254ee486e2e36b1a28c25b P c55e5631244843a982de41f82974f1ce [term 1 FOLLOWER]: Starting leader election with config: opid_index: -1 OBSOLETE_local: true peers { permanent_uuid: "c55e5631244843a982de41f82974f1ce" member_type: VOTER last_known_addr { host: "127.10.100.67" port: 44869 } }
I20260630 12:33:37.628243 12207 leader_election.cc:304] T df5d032658254ee486e2e36b1a28c25b P c55e5631244843a982de41f82974f1ce [CANDIDATE]: Term 1 election: Election decided. Result: candidate won. Election summary: received 1 responses out of 1 voters: 1 yes votes; 0 no votes. yes voters: c55e5631244843a982de41f82974f1ce; no voters: 
I20260630 12:33:37.630806 12206 raft_consensus.cc:515] T 164b911f779e4604ba3b146f4707921f P c961f88ed2c1464882997a55aa940e6a [term 1 FOLLOWER]: Starting leader election with config: opid_index: -1 OBSOLETE_local: true peers { permanent_uuid: "c961f88ed2c1464882997a55aa940e6a" member_type: VOTER last_known_addr { host: "127.10.100.65" port: 44409 } }
I20260630 12:33:37.631620 12206 leader_election.cc:304] T 164b911f779e4604ba3b146f4707921f P c961f88ed2c1464882997a55aa940e6a [CANDIDATE]: Term 1 election: Election decided. Result: candidate won. Election summary: received 1 responses out of 1 voters: 1 yes votes; 0 no votes. yes voters: c961f88ed2c1464882997a55aa940e6a; no voters: 
I20260630 12:33:37.632606 12207 leader_election.cc:290] T df5d032658254ee486e2e36b1a28c25b P c55e5631244843a982de41f82974f1ce [CANDIDATE]: Term 1 election: Requested vote from peers 
I20260630 12:33:37.632876 12212 raft_consensus.cc:2804] T df5d032658254ee486e2e36b1a28c25b P c55e5631244843a982de41f82974f1ce [term 1 FOLLOWER]: Leader election won for term 1
I20260630 12:33:37.633754 12210 tablet_bootstrap.cc:492] T 8702f6b05ea645568b3674d21ffa71f8 P c20589bb340a46cabaad810dbd218636: No bootstrap required, opened a new log
I20260630 12:33:37.634285 12210 ts_tablet_manager.cc:1403] T 8702f6b05ea645568b3674d21ffa71f8 P c20589bb340a46cabaad810dbd218636: Time spent bootstrapping tablet: real 0.018s	user 0.000s	sys 0.017s
I20260630 12:33:37.637261 12210 raft_consensus.cc:359] T 8702f6b05ea645568b3674d21ffa71f8 P c20589bb340a46cabaad810dbd218636 [term 0 FOLLOWER]: Replica starting. Triggering 0 pending ops. Active config: opid_index: -1 OBSOLETE_local: true peers { permanent_uuid: "c20589bb340a46cabaad810dbd218636" member_type: VOTER last_known_addr { host: "127.10.100.66" port: 38657 } }
I20260630 12:33:37.637848 12210 raft_consensus.cc:385] T 8702f6b05ea645568b3674d21ffa71f8 P c20589bb340a46cabaad810dbd218636 [term 0 FOLLOWER]: Consensus starting up: Expiring failure detector timer to make a prompt election more likely
I20260630 12:33:37.638190 12210 raft_consensus.cc:740] T 8702f6b05ea645568b3674d21ffa71f8 P c20589bb340a46cabaad810dbd218636 [term 0 FOLLOWER]: Becoming Follower/Learner. State: Replica: c20589bb340a46cabaad810dbd218636, State: Initialized, Role: FOLLOWER
I20260630 12:33:37.639194 12213 raft_consensus.cc:2804] T 164b911f779e4604ba3b146f4707921f P c961f88ed2c1464882997a55aa940e6a [term 1 FOLLOWER]: Leader election won for term 1
I20260630 12:33:37.639050 12210 consensus_queue.cc:260] T 8702f6b05ea645568b3674d21ffa71f8 P c20589bb340a46cabaad810dbd218636 [NON_LEADER]: Queue going to NON_LEADER mode. State: All replicated index: 0, Majority replicated index: 0, Committed index: 0, Last appended: 0.0, Last appended by leader: 0, Current term: 0, Majority size: -1, State: 0, Mode: NON_LEADER, active raft config: opid_index: -1 OBSOLETE_local: true peers { permanent_uuid: "c20589bb340a46cabaad810dbd218636" member_type: VOTER last_known_addr { host: "127.10.100.66" port: 38657 } }
I20260630 12:33:37.639784 12210 raft_consensus.cc:399] T 8702f6b05ea645568b3674d21ffa71f8 P c20589bb340a46cabaad810dbd218636 [term 0 FOLLOWER]: Only one voter in the Raft config. Triggering election immediately
I20260630 12:33:37.640175 12210 raft_consensus.cc:493] T 8702f6b05ea645568b3674d21ffa71f8 P c20589bb340a46cabaad810dbd218636 [term 0 FOLLOWER]: Starting leader election (initial election of a single-replica configuration)
I20260630 12:33:37.640218 12206 leader_election.cc:290] T 164b911f779e4604ba3b146f4707921f P c961f88ed2c1464882997a55aa940e6a [CANDIDATE]: Term 1 election: Requested vote from peers 
I20260630 12:33:37.640431 12212 raft_consensus.cc:697] T df5d032658254ee486e2e36b1a28c25b P c55e5631244843a982de41f82974f1ce [term 1 LEADER]: Becoming Leader. State: Replica: c55e5631244843a982de41f82974f1ce, State: Running, Role: LEADER
I20260630 12:33:37.641296 12212 consensus_queue.cc:237] T df5d032658254ee486e2e36b1a28c25b P c55e5631244843a982de41f82974f1ce [LEADER]: Queue going to LEADER mode. State: All replicated index: 0, Majority replicated index: 0, Committed index: 0, Last appended: 0.0, Last appended by leader: 0, Current term: 1, Majority size: 1, State: 0, Mode: LEADER, active raft config: opid_index: -1 OBSOLETE_local: true peers { permanent_uuid: "c55e5631244843a982de41f82974f1ce" member_type: VOTER last_known_addr { host: "127.10.100.67" port: 44869 } }
I20260630 12:33:37.641970 12210 raft_consensus.cc:3060] T 8702f6b05ea645568b3674d21ffa71f8 P c20589bb340a46cabaad810dbd218636 [term 0 FOLLOWER]: Advancing to term 1
I20260630 12:33:37.645220 12206 ts_tablet_manager.cc:1434] T 164b911f779e4604ba3b146f4707921f P c961f88ed2c1464882997a55aa940e6a: Time spent starting tablet: real 0.029s	user 0.017s	sys 0.005s
I20260630 12:33:37.651057 12210 raft_consensus.cc:515] T 8702f6b05ea645568b3674d21ffa71f8 P c20589bb340a46cabaad810dbd218636 [term 1 FOLLOWER]: Starting leader election with config: opid_index: -1 OBSOLETE_local: true peers { permanent_uuid: "c20589bb340a46cabaad810dbd218636" member_type: VOTER last_known_addr { host: "127.10.100.66" port: 38657 } }
I20260630 12:33:37.652624 12213 raft_consensus.cc:697] T 164b911f779e4604ba3b146f4707921f P c961f88ed2c1464882997a55aa940e6a [term 1 LEADER]: Becoming Leader. State: Replica: c961f88ed2c1464882997a55aa940e6a, State: Running, Role: LEADER
I20260630 12:33:37.653081 12210 leader_election.cc:304] T 8702f6b05ea645568b3674d21ffa71f8 P c20589bb340a46cabaad810dbd218636 [CANDIDATE]: Term 1 election: Election decided. Result: candidate won. Election summary: received 1 responses out of 1 voters: 1 yes votes; 0 no votes. yes voters: c20589bb340a46cabaad810dbd218636; no voters: 
I20260630 12:33:37.653388 12213 consensus_queue.cc:237] T 164b911f779e4604ba3b146f4707921f P c961f88ed2c1464882997a55aa940e6a [LEADER]: Queue going to LEADER mode. State: All replicated index: 0, Majority replicated index: 0, Committed index: 0, Last appended: 0.0, Last appended by leader: 0, Current term: 1, Majority size: 1, State: 0, Mode: LEADER, active raft config: opid_index: -1 OBSOLETE_local: true peers { permanent_uuid: "c961f88ed2c1464882997a55aa940e6a" member_type: VOTER last_known_addr { host: "127.10.100.65" port: 44409 } }
I20260630 12:33:37.653019 12207 ts_tablet_manager.cc:1434] T df5d032658254ee486e2e36b1a28c25b P c55e5631244843a982de41f82974f1ce: Time spent starting tablet: real 0.037s	user 0.009s	sys 0.021s
I20260630 12:33:37.659865 11789 catalog_manager.cc:5697] T df5d032658254ee486e2e36b1a28c25b P c55e5631244843a982de41f82974f1ce reported cstate change: term changed from 0 to 1, leader changed from <none> to c55e5631244843a982de41f82974f1ce (127.10.100.67). New cstate: current_term: 1 leader_uuid: "c55e5631244843a982de41f82974f1ce" committed_config { opid_index: -1 OBSOLETE_local: true peers { permanent_uuid: "c55e5631244843a982de41f82974f1ce" member_type: VOTER last_known_addr { host: "127.10.100.67" port: 44869 } health_report { overall_health: HEALTHY } } }
I20260630 12:33:37.665261 12210 leader_election.cc:290] T 8702f6b05ea645568b3674d21ffa71f8 P c20589bb340a46cabaad810dbd218636 [CANDIDATE]: Term 1 election: Requested vote from peers 
I20260630 12:33:37.672953 11787 catalog_manager.cc:5697] T 164b911f779e4604ba3b146f4707921f P c961f88ed2c1464882997a55aa940e6a reported cstate change: term changed from 0 to 1, leader changed from <none> to c961f88ed2c1464882997a55aa940e6a (127.10.100.65). New cstate: current_term: 1 leader_uuid: "c961f88ed2c1464882997a55aa940e6a" committed_config { opid_index: -1 OBSOLETE_local: true peers { permanent_uuid: "c961f88ed2c1464882997a55aa940e6a" member_type: VOTER last_known_addr { host: "127.10.100.65" port: 44409 } health_report { overall_health: HEALTHY } } }
I20260630 12:33:37.679015 12219 raft_consensus.cc:2804] T 8702f6b05ea645568b3674d21ffa71f8 P c20589bb340a46cabaad810dbd218636 [term 1 FOLLOWER]: Leader election won for term 1
I20260630 12:33:37.698041 12210 ts_tablet_manager.cc:1434] T 8702f6b05ea645568b3674d21ffa71f8 P c20589bb340a46cabaad810dbd218636: Time spent starting tablet: real 0.063s	user 0.017s	sys 0.008s
I20260630 12:33:37.723343 12219 raft_consensus.cc:697] T 8702f6b05ea645568b3674d21ffa71f8 P c20589bb340a46cabaad810dbd218636 [term 1 LEADER]: Becoming Leader. State: Replica: c20589bb340a46cabaad810dbd218636, State: Running, Role: LEADER
I20260630 12:33:37.724355 12219 consensus_queue.cc:237] T 8702f6b05ea645568b3674d21ffa71f8 P c20589bb340a46cabaad810dbd218636 [LEADER]: Queue going to LEADER mode. State: All replicated index: 0, Majority replicated index: 0, Committed index: 0, Last appended: 0.0, Last appended by leader: 0, Current term: 1, Majority size: 1, State: 0, Mode: LEADER, active raft config: opid_index: -1 OBSOLETE_local: true peers { permanent_uuid: "c20589bb340a46cabaad810dbd218636" member_type: VOTER last_known_addr { host: "127.10.100.66" port: 38657 } }
I20260630 12:33:37.735507 11789 catalog_manager.cc:5697] T 8702f6b05ea645568b3674d21ffa71f8 P c20589bb340a46cabaad810dbd218636 reported cstate change: term changed from 0 to 1, leader changed from <none> to c20589bb340a46cabaad810dbd218636 (127.10.100.66). New cstate: current_term: 1 leader_uuid: "c20589bb340a46cabaad810dbd218636" committed_config { opid_index: -1 OBSOLETE_local: true peers { permanent_uuid: "c20589bb340a46cabaad810dbd218636" member_type: VOTER last_known_addr { host: "127.10.100.66" port: 38657 } health_report { overall_health: HEALTHY } } }
W20260630 12:33:38.978744 11776 outbound_call.cc:321] RPC callback for RPC call kudu.consensus.ConsensusService.UpdateConsensus -> {remote=127.10.100.124:39459, user_credentials={real_user=slave}} blocked reactor thread for 50875.7us
I20260630 12:33:39.326748 12229 raft_consensus.cc:493] T 00000000000000000000000000000000 P 1333ee1572f94830a5c13596a652ac11 [term 1 FOLLOWER]: Starting pre-election (detected failure of leader 2b1a9da998c24f658e2e1c776775db5a)
I20260630 12:33:39.337433 12229 raft_consensus.cc:515] T 00000000000000000000000000000000 P 1333ee1572f94830a5c13596a652ac11 [term 1 FOLLOWER]: Starting pre-election with config: opid_index: -1 OBSOLETE_local: false peers { permanent_uuid: "1333ee1572f94830a5c13596a652ac11" member_type: VOTER last_known_addr { host: "127.10.100.126" port: 45527 } } peers { permanent_uuid: "2b1a9da998c24f658e2e1c776775db5a" member_type: VOTER last_known_addr { host: "127.10.100.125" port: 33243 } } peers { permanent_uuid: "471600ec3bf64083b88cfa92c0de28eb" member_type: VOTER last_known_addr { host: "127.10.100.124" port: 39459 } }
I20260630 12:33:39.341452 11864 tablet_service.cc:1917] Received RequestConsensusVote() RPC: tablet_id: "00000000000000000000000000000000" candidate_uuid: "1333ee1572f94830a5c13596a652ac11" candidate_term: 2 candidate_status { last_received { term: 1 index: 10 } } ignore_live_leader: false dest_uuid: "471600ec3bf64083b88cfa92c0de28eb" is_pre_election: true
I20260630 12:33:39.436923 11904 auto_leader_rebalancer.cc:141] leader rebalance for table test-workload
I20260630 12:33:39.439812 11904 auto_leader_rebalancer.cc:515] All tables' leader rebalancing finished this round
I20260630 12:33:39.392822 12229 leader_election.cc:290] T 00000000000000000000000000000000 P 1333ee1572f94830a5c13596a652ac11 [CANDIDATE]: Term 2 pre-election: Requested pre-vote from peers 2b1a9da998c24f658e2e1c776775db5a (127.10.100.125:33243), 471600ec3bf64083b88cfa92c0de28eb (127.10.100.124:39459)
I20260630 12:33:39.653867 11799 tablet_service.cc:1917] Received RequestConsensusVote() RPC: tablet_id: "00000000000000000000000000000000" candidate_uuid: "1333ee1572f94830a5c13596a652ac11" candidate_term: 2 candidate_status { last_received { term: 1 index: 10 } } ignore_live_leader: false dest_uuid: "2b1a9da998c24f658e2e1c776775db5a" is_pre_election: true
I20260630 12:33:39.743165 11708 leader_election.cc:304] T 00000000000000000000000000000000 P 1333ee1572f94830a5c13596a652ac11 [CANDIDATE]: Term 2 pre-election: Election decided. Result: candidate lost. Election summary: received 3 responses out of 3 voters: 1 yes votes; 2 no votes. yes voters: 1333ee1572f94830a5c13596a652ac11; no voters: 2b1a9da998c24f658e2e1c776775db5a, 471600ec3bf64083b88cfa92c0de28eb
I20260630 12:33:39.756621 12229 raft_consensus.cc:2749] T 00000000000000000000000000000000 P 1333ee1572f94830a5c13596a652ac11 [term 1 FOLLOWER]: Leader pre-election lost for term 2. Reason: could not achieve majority
I20260630 12:33:39.796587 10641 master.cc:562] Master@127.10.100.125:33243 shutting down...
W20260630 12:33:39.804685 12172 heartbeater.cc:646] Failed to heartbeat to 127.10.100.125:33243 (0 consecutive failures): Remote error: Failed to send heartbeat to master: Service unavailable: service kudu.master.MasterService not registered on Master
I20260630 12:33:39.819707 10641 raft_consensus.cc:2243] T 00000000000000000000000000000000 P 2b1a9da998c24f658e2e1c776775db5a [term 1 LEADER]: Raft consensus shutting down.
I20260630 12:33:39.820919 10641 raft_consensus.cc:2272] T 00000000000000000000000000000000 P 2b1a9da998c24f658e2e1c776775db5a [term 1 FOLLOWER]: Raft consensus is shut down!
I20260630 12:33:39.821254 10641 tablet_replica.cc:333] T 00000000000000000000000000000000 P 2b1a9da998c24f658e2e1c776775db5a: stopping tablet replica
I20260630 12:33:39.843150 10641 master.cc:584] Master@127.10.100.125:33243 shutdown complete.
W20260630 12:33:40.012734 11755 debug-util.cc:398] Leaking SignalData structure 0x7b08000ccc00 after lost signal to thread 10644
W20260630 12:33:40.013648 11755 debug-util.cc:398] Leaking SignalData structure 0x7b08000cdf20 after lost signal to thread 11758
W20260630 12:33:40.014870 11755 debug-util.cc:398] Leaking SignalData structure 0x7b0800133280 after lost signal to thread 11888
W20260630 12:33:40.016047 11755 debug-util.cc:398] Leaking SignalData structure 0x7b08000eb900 after lost signal to thread 12002
W20260630 12:33:40.016876 11755 debug-util.cc:398] Leaking SignalData structure 0x7b08000ebe60 after lost signal to thread 12092
W20260630 12:33:40.017709 11755 debug-util.cc:398] Leaking SignalData structure 0x7b0800034380 after lost signal to thread 12170
I20260630 12:33:41.011763 12234 raft_consensus.cc:493] T 00000000000000000000000000000000 P 471600ec3bf64083b88cfa92c0de28eb [term 1 FOLLOWER]: Starting pre-election (detected failure of leader 2b1a9da998c24f658e2e1c776775db5a)
I20260630 12:33:41.012264 12234 raft_consensus.cc:515] T 00000000000000000000000000000000 P 471600ec3bf64083b88cfa92c0de28eb [term 1 FOLLOWER]: Starting pre-election with config: opid_index: -1 OBSOLETE_local: false peers { permanent_uuid: "1333ee1572f94830a5c13596a652ac11" member_type: VOTER last_known_addr { host: "127.10.100.126" port: 45527 } } peers { permanent_uuid: "2b1a9da998c24f658e2e1c776775db5a" member_type: VOTER last_known_addr { host: "127.10.100.125" port: 33243 } } peers { permanent_uuid: "471600ec3bf64083b88cfa92c0de28eb" member_type: VOTER last_known_addr { host: "127.10.100.124" port: 39459 } }
I20260630 12:33:41.014036 12234 leader_election.cc:290] T 00000000000000000000000000000000 P 471600ec3bf64083b88cfa92c0de28eb [CANDIDATE]: Term 2 pre-election: Requested pre-vote from peers 1333ee1572f94830a5c13596a652ac11 (127.10.100.126:45527), 2b1a9da998c24f658e2e1c776775db5a (127.10.100.125:33243)
I20260630 12:33:41.015482 11734 tablet_service.cc:1917] Received RequestConsensusVote() RPC: tablet_id: "00000000000000000000000000000000" candidate_uuid: "471600ec3bf64083b88cfa92c0de28eb" candidate_term: 2 candidate_status { last_received { term: 1 index: 10 } } ignore_live_leader: false dest_uuid: "1333ee1572f94830a5c13596a652ac11" is_pre_election: true
W20260630 12:33:41.018513 11837 proxy.cc:239] Call had error, refreshing address and retrying: Network error: Client connection negotiation failed: client connection to 127.10.100.125:33243: connect: Connection refused (error 111) [suppressed 9 similar messages]
W20260630 12:33:41.022081 11837 leader_election.cc:336] T 00000000000000000000000000000000 P 471600ec3bf64083b88cfa92c0de28eb [CANDIDATE]: Term 2 pre-election: RPC error from VoteRequest() call to peer 2b1a9da998c24f658e2e1c776775db5a (127.10.100.125:33243): Network error: Client connection negotiation failed: client connection to 127.10.100.125:33243: connect: Connection refused (error 111)
I20260630 12:33:41.022425 11837 leader_election.cc:304] T 00000000000000000000000000000000 P 471600ec3bf64083b88cfa92c0de28eb [CANDIDATE]: Term 2 pre-election: Election decided. Result: candidate lost. Election summary: received 3 responses out of 3 voters: 1 yes votes; 2 no votes. yes voters: 471600ec3bf64083b88cfa92c0de28eb; no voters: 1333ee1572f94830a5c13596a652ac11, 2b1a9da998c24f658e2e1c776775db5a
I20260630 12:33:41.023073 12234 raft_consensus.cc:2749] T 00000000000000000000000000000000 P 471600ec3bf64083b88cfa92c0de28eb [term 1 FOLLOWER]: Leader pre-election lost for term 2. Reason: could not achieve majority
I20260630 12:33:41.551013 12237 raft_consensus.cc:493] T 00000000000000000000000000000000 P 1333ee1572f94830a5c13596a652ac11 [term 1 FOLLOWER]: Starting pre-election (detected failure of leader 2b1a9da998c24f658e2e1c776775db5a)
I20260630 12:33:41.551481 12237 raft_consensus.cc:515] T 00000000000000000000000000000000 P 1333ee1572f94830a5c13596a652ac11 [term 1 FOLLOWER]: Starting pre-election with config: opid_index: -1 OBSOLETE_local: false peers { permanent_uuid: "1333ee1572f94830a5c13596a652ac11" member_type: VOTER last_known_addr { host: "127.10.100.126" port: 45527 } } peers { permanent_uuid: "2b1a9da998c24f658e2e1c776775db5a" member_type: VOTER last_known_addr { host: "127.10.100.125" port: 33243 } } peers { permanent_uuid: "471600ec3bf64083b88cfa92c0de28eb" member_type: VOTER last_known_addr { host: "127.10.100.124" port: 39459 } }
I20260630 12:33:41.553145 12237 leader_election.cc:290] T 00000000000000000000000000000000 P 1333ee1572f94830a5c13596a652ac11 [CANDIDATE]: Term 2 pre-election: Requested pre-vote from peers 2b1a9da998c24f658e2e1c776775db5a (127.10.100.125:33243), 471600ec3bf64083b88cfa92c0de28eb (127.10.100.124:39459)
I20260630 12:33:41.554591 11864 tablet_service.cc:1917] Received RequestConsensusVote() RPC: tablet_id: "00000000000000000000000000000000" candidate_uuid: "1333ee1572f94830a5c13596a652ac11" candidate_term: 2 candidate_status { last_received { term: 1 index: 10 } } ignore_live_leader: false dest_uuid: "471600ec3bf64083b88cfa92c0de28eb" is_pre_election: true
I20260630 12:33:41.555266 11864 raft_consensus.cc:2468] T 00000000000000000000000000000000 P 471600ec3bf64083b88cfa92c0de28eb [term 1 FOLLOWER]: Leader pre-election vote request: Granting yes vote for candidate 1333ee1572f94830a5c13596a652ac11 in term 1.
I20260630 12:33:41.556622 11711 leader_election.cc:304] T 00000000000000000000000000000000 P 1333ee1572f94830a5c13596a652ac11 [CANDIDATE]: Term 2 pre-election: Election decided. Result: candidate won. Election summary: received 2 responses out of 3 voters: 2 yes votes; 0 no votes. yes voters: 1333ee1572f94830a5c13596a652ac11, 471600ec3bf64083b88cfa92c0de28eb; no voters: 
I20260630 12:33:41.557377 12237 raft_consensus.cc:2804] T 00000000000000000000000000000000 P 1333ee1572f94830a5c13596a652ac11 [term 1 FOLLOWER]: Leader pre-election won for term 2
I20260630 12:33:41.557741 12237 raft_consensus.cc:493] T 00000000000000000000000000000000 P 1333ee1572f94830a5c13596a652ac11 [term 1 FOLLOWER]: Starting leader election (detected failure of leader 2b1a9da998c24f658e2e1c776775db5a)
I20260630 12:33:41.558130 12237 raft_consensus.cc:3060] T 00000000000000000000000000000000 P 1333ee1572f94830a5c13596a652ac11 [term 1 FOLLOWER]: Advancing to term 2
W20260630 12:33:41.558799 11708 leader_election.cc:336] T 00000000000000000000000000000000 P 1333ee1572f94830a5c13596a652ac11 [CANDIDATE]: Term 2 pre-election: RPC error from VoteRequest() call to peer 2b1a9da998c24f658e2e1c776775db5a (127.10.100.125:33243): Network error: Client connection negotiation failed: client connection to 127.10.100.125:33243: connect: Connection refused (error 111)
I20260630 12:33:41.565379 12237 raft_consensus.cc:515] T 00000000000000000000000000000000 P 1333ee1572f94830a5c13596a652ac11 [term 2 FOLLOWER]: Starting leader election with config: opid_index: -1 OBSOLETE_local: false peers { permanent_uuid: "1333ee1572f94830a5c13596a652ac11" member_type: VOTER last_known_addr { host: "127.10.100.126" port: 45527 } } peers { permanent_uuid: "2b1a9da998c24f658e2e1c776775db5a" member_type: VOTER last_known_addr { host: "127.10.100.125" port: 33243 } } peers { permanent_uuid: "471600ec3bf64083b88cfa92c0de28eb" member_type: VOTER last_known_addr { host: "127.10.100.124" port: 39459 } }
I20260630 12:33:41.567430 12237 leader_election.cc:290] T 00000000000000000000000000000000 P 1333ee1572f94830a5c13596a652ac11 [CANDIDATE]: Term 2 election: Requested vote from peers 2b1a9da998c24f658e2e1c776775db5a (127.10.100.125:33243), 471600ec3bf64083b88cfa92c0de28eb (127.10.100.124:39459)
I20260630 12:33:41.568539 11864 tablet_service.cc:1917] Received RequestConsensusVote() RPC: tablet_id: "00000000000000000000000000000000" candidate_uuid: "1333ee1572f94830a5c13596a652ac11" candidate_term: 2 candidate_status { last_received { term: 1 index: 10 } } ignore_live_leader: false dest_uuid: "471600ec3bf64083b88cfa92c0de28eb"
I20260630 12:33:41.569125 11864 raft_consensus.cc:3060] T 00000000000000000000000000000000 P 471600ec3bf64083b88cfa92c0de28eb [term 1 FOLLOWER]: Advancing to term 2
W20260630 12:33:41.570573 11708 leader_election.cc:336] T 00000000000000000000000000000000 P 1333ee1572f94830a5c13596a652ac11 [CANDIDATE]: Term 2 election: RPC error from VoteRequest() call to peer 2b1a9da998c24f658e2e1c776775db5a (127.10.100.125:33243): Network error: Client connection negotiation failed: client connection to 127.10.100.125:33243: connect: Connection refused (error 111)
I20260630 12:33:41.576063 11864 raft_consensus.cc:2468] T 00000000000000000000000000000000 P 471600ec3bf64083b88cfa92c0de28eb [term 2 FOLLOWER]: Leader election vote request: Granting yes vote for candidate 1333ee1572f94830a5c13596a652ac11 in term 2.
I20260630 12:33:41.577342 11711 leader_election.cc:304] T 00000000000000000000000000000000 P 1333ee1572f94830a5c13596a652ac11 [CANDIDATE]: Term 2 election: Election decided. Result: candidate won. Election summary: received 3 responses out of 3 voters: 2 yes votes; 1 no votes. yes voters: 1333ee1572f94830a5c13596a652ac11, 471600ec3bf64083b88cfa92c0de28eb; no voters: 2b1a9da998c24f658e2e1c776775db5a
I20260630 12:33:41.578224 12237 raft_consensus.cc:2804] T 00000000000000000000000000000000 P 1333ee1572f94830a5c13596a652ac11 [term 2 FOLLOWER]: Leader election won for term 2
I20260630 12:33:41.579320 12237 raft_consensus.cc:697] T 00000000000000000000000000000000 P 1333ee1572f94830a5c13596a652ac11 [term 2 LEADER]: Becoming Leader. State: Replica: 1333ee1572f94830a5c13596a652ac11, State: Running, Role: LEADER
I20260630 12:33:41.580127 12237 consensus_queue.cc:237] T 00000000000000000000000000000000 P 1333ee1572f94830a5c13596a652ac11 [LEADER]: Queue going to LEADER mode. State: All replicated index: 0, Majority replicated index: 10, Committed index: 10, Last appended: 1.10, Last appended by leader: 10, Current term: 2, Majority size: 2, State: 0, Mode: LEADER, active raft config: opid_index: -1 OBSOLETE_local: false peers { permanent_uuid: "1333ee1572f94830a5c13596a652ac11" member_type: VOTER last_known_addr { host: "127.10.100.126" port: 45527 } } peers { permanent_uuid: "2b1a9da998c24f658e2e1c776775db5a" member_type: VOTER last_known_addr { host: "127.10.100.125" port: 33243 } } peers { permanent_uuid: "471600ec3bf64083b88cfa92c0de28eb" member_type: VOTER last_known_addr { host: "127.10.100.124" port: 39459 } }
I20260630 12:33:41.584807 12240 sys_catalog.cc:455] T 00000000000000000000000000000000 P 1333ee1572f94830a5c13596a652ac11 [sys.catalog]: SysCatalogTable state changed. Reason: New leader 1333ee1572f94830a5c13596a652ac11. Latest consensus state: current_term: 2 leader_uuid: "1333ee1572f94830a5c13596a652ac11" committed_config { opid_index: -1 OBSOLETE_local: false peers { permanent_uuid: "1333ee1572f94830a5c13596a652ac11" member_type: VOTER last_known_addr { host: "127.10.100.126" port: 45527 } } peers { permanent_uuid: "2b1a9da998c24f658e2e1c776775db5a" member_type: VOTER last_known_addr { host: "127.10.100.125" port: 33243 } } peers { permanent_uuid: "471600ec3bf64083b88cfa92c0de28eb" member_type: VOTER last_known_addr { host: "127.10.100.124" port: 39459 } } }
I20260630 12:33:41.585433 12240 sys_catalog.cc:458] T 00000000000000000000000000000000 P 1333ee1572f94830a5c13596a652ac11 [sys.catalog]: This master's current role is: LEADER
I20260630 12:33:41.587001 12242 catalog_manager.cc:1511] Loading table and tablet metadata into memory...
I20260630 12:33:41.594959 12242 catalog_manager.cc:679] Loaded metadata for table test-workload [id=077ee7e7709747e6a68a75e2a28d41de]
I20260630 12:33:41.601737 12242 tablet_loader.cc:96] loaded metadata for tablet 164b911f779e4604ba3b146f4707921f (table test-workload [id=077ee7e7709747e6a68a75e2a28d41de])
I20260630 12:33:41.602941 12242 tablet_loader.cc:96] loaded metadata for tablet 8702f6b05ea645568b3674d21ffa71f8 (table test-workload [id=077ee7e7709747e6a68a75e2a28d41de])
I20260630 12:33:41.604103 12242 tablet_loader.cc:96] loaded metadata for tablet df5d032658254ee486e2e36b1a28c25b (table test-workload [id=077ee7e7709747e6a68a75e2a28d41de])
I20260630 12:33:41.605561 12242 catalog_manager.cc:1520] Initializing Kudu cluster ID...
I20260630 12:33:41.609980 12242 catalog_manager.cc:1295] Loaded cluster ID: 016fd3b386414ab7b1850a8b80f46e35
I20260630 12:33:41.610267 12242 catalog_manager.cc:1531] Initializing Kudu internal certificate authority...
I20260630 12:33:41.615299 12242 catalog_manager.cc:1540] Loading token signing keys...
I20260630 12:33:41.619768 12242 catalog_manager.cc:6081] T 00000000000000000000000000000000 P 1333ee1572f94830a5c13596a652ac11: Loaded TSK: 0
I20260630 12:33:41.620918 12242 catalog_manager.cc:1550] Initializing in-progress tserver states...
I20260630 12:33:41.753012 11930 auto_leader_rebalancer.cc:141] leader rebalance for table test-workload
I20260630 12:33:41.754889 11930 auto_leader_rebalancer.cc:515] All tables' leader rebalancing finished this round
I20260630 12:33:41.810969 10641 tablet_server.cc:179] TabletServer@127.10.100.65:0 shutting down...
I20260630 12:33:41.837257 10641 ts_tablet_manager.cc:1507] Shutting down tablet manager...
I20260630 12:33:41.838096 10641 tablet_replica.cc:333] T 164b911f779e4604ba3b146f4707921f P c961f88ed2c1464882997a55aa940e6a: stopping tablet replica
