I20260630 12:35:15.795075   561 ts_tablet_manager.cc:531] Time spent load tablet metadata: real 0.000s	user 0.000s	sys 0.000s
I20260630 12:35:15.795310   561 ts_tablet_manager.cc:616] Registered 0 tablets
I20260630 12:35:15.795457   561 ts_tablet_manager.cc:595] Time spent register tablets: real 0.000s	user 0.000s	sys 0.000s
I20260630 12:35:15.833940   561 rpc_server.cc:307] RPC server started. Bound to: 127.0.140.65:34281
I20260630 12:35:15.834039  5104 acceptor_pool.cc:272] collecting diagnostics on the listening RPC socket 127.0.140.65:34281 every 8 connection(s)
I20260630 12:35:15.838912   561 file_cache.cc:492] Constructed file cache file cache with capacity 419430
W20260630 12:35:15.845376  5109 instance_detector.cc:116] could not retrieve AWS instance metadata: Network error: curl error: HTTP response code said error: The requested URL returned error: 404
W20260630 12:35:15.847283  5110 instance_detector.cc:116] could not retrieve Azure instance metadata: Network error: curl error: HTTP response code said error: The requested URL returned error: 404
W20260630 12:35:15.848225  5112 instance_detector.cc:116] could not retrieve OpenStack instance metadata: Network error: curl error: HTTP response code said error: The requested URL returned error: 404
I20260630 12:35:15.849502   561 server_base.cc:1061] running on GCE node
I20260630 12:35:15.850381   561 hybrid_clock.cc:584] initializing the hybrid clock with 'system_unsync' time source
W20260630 12:35:15.850560   561 system_unsync_time.cc:38] NTP support is disabled. Clock error bounds will not be accurate. This configuration is not suitable for distributed clusters.
I20260630 12:35:15.850736   561 hybrid_clock.cc:648] HybridClock initialized: now 1782822915850718 us; error 0 us; skew 500 ppm
I20260630 12:35:15.851281   561 server_base.cc:861] Flag tcmalloc_max_total_thread_cache_bytes is not working since tcmalloc is not enabled.
I20260630 12:35:15.854069  5105 heartbeater.cc:344] Connected to a master server at 127.0.140.126:37059
I20260630 12:35:15.854470  5105 heartbeater.cc:461] Registering TS with master...
I20260630 12:35:15.854565   561 webserver.cc:533] Webserver started at http://127.0.140.66:44549/ using document root <none> and password file <none>
I20260630 12:35:15.855057   561 fs_manager.cc:362] Metadata directory not provided
I20260630 12:35:15.855237   561 fs_manager.cc:368] Using write-ahead log directory (fs_wal_dir) as metadata directory
I20260630 12:35:15.855188  5105 heartbeater.cc:507] Master 127.0.140.126:37059 requested a full tablet report, sending...
I20260630 12:35:15.855652   561 server_base.cc:909] This appears to be a new deployment of Kudu; creating new FS layout
I20260630 12:35:15.856957   561 fs_manager.cc:1068] Generated new instance metadata in path /tmp/dist-test-taskhTXddy/test-tmp/auto_rebalancer-test.0.AutoRebalancerTest.TestMaxMovesPerServer.1782822793257277-561-0/minicluster-data/ts-1-root/instance:
uuid: "db52b2264890457c822cfa5576296b25"
format_stamp: "Formatted at 2026-06-30 12:35:15 on dist-test-slave-04br"
I20260630 12:35:15.857455  4978 ts_manager.cc:194] Registered new tserver with Master: 00321754ab4a499c8b259c73b9f767ae (127.0.140.65:34281)
I20260630 12:35:15.859198  4978 master_service.cc:502] Signed X509 certificate for tserver {username='slave'} at 127.0.0.1:55510
I20260630 12:35:15.861562   561 fs_manager.cc:696] Time spent creating directory manager: real 0.004s	user 0.001s	sys 0.004s
I20260630 12:35:15.864778  5117 log_block_manager.cc:4031] Time spent loading block containers with low live blocks: real 0.000s	user 0.000s	sys 0.000s
I20260630 12:35:15.865453   561 fs_manager.cc:730] Time spent opening block manager: real 0.002s	user 0.002s	sys 0.000s
I20260630 12:35:15.865708   561 fs_manager.cc:647] Opened local filesystem: /tmp/dist-test-taskhTXddy/test-tmp/auto_rebalancer-test.0.AutoRebalancerTest.TestMaxMovesPerServer.1782822793257277-561-0/minicluster-data/ts-1-root
uuid: "db52b2264890457c822cfa5576296b25"
format_stamp: "Formatted at 2026-06-30 12:35:15 on dist-test-slave-04br"
I20260630 12:35:15.865949   561 fs_report.cc:389] FS layout report
--------------------
wal directory: /tmp/dist-test-taskhTXddy/test-tmp/auto_rebalancer-test.0.AutoRebalancerTest.TestMaxMovesPerServer.1782822793257277-561-0/minicluster-data/ts-1-root
metadata directory: /tmp/dist-test-taskhTXddy/test-tmp/auto_rebalancer-test.0.AutoRebalancerTest.TestMaxMovesPerServer.1782822793257277-561-0/minicluster-data/ts-1-root
1 data directories: /tmp/dist-test-taskhTXddy/test-tmp/auto_rebalancer-test.0.AutoRebalancerTest.TestMaxMovesPerServer.1782822793257277-561-0/minicluster-data/ts-1-root/data
Total live blocks: 0
Total live bytes: 0
Total live bytes (after alignment): 0
Total number of LBM containers: 0 (0 full)
Did not check for missing blocks
Did not check for orphaned blocks
Total full LBM containers with extra space: 0 (0 repaired)
Total full LBM container extra space in bytes: 0 (0 repaired)
Total incomplete LBM containers: 0 (0 repaired)
Total LBM partial records: 0 (0 repaired)
Total corrupted LBM metadata records in RocksDB: 0 (0 repaired)
I20260630 12:35:15.883033   561 rpc_server.cc:225] running with OpenSSL 1.1.1  11 Sep 2018
I20260630 12:35:15.884096   561 kserver.cc:163] Server-wide thread pool size limit: 3276
I20260630 12:35:15.885439   561 txn_system_client.cc:432] TxnSystemClient initialization is disabled...
I20260630 12:35:15.887516   561 ts_tablet_manager.cc:585] Loaded tablet metadata (0 total tablets, 0 live tablets)
I20260630 12:35:15.887707   561 ts_tablet_manager.cc:531] Time spent load tablet metadata: real 0.000s	user 0.000s	sys 0.000s
I20260630 12:35:15.887912   561 ts_tablet_manager.cc:616] Registered 0 tablets
I20260630 12:35:15.888055   561 ts_tablet_manager.cc:595] Time spent register tablets: real 0.000s	user 0.000s	sys 0.000s
I20260630 12:35:15.924330   561 rpc_server.cc:307] RPC server started. Bound to: 127.0.140.66:44929
I20260630 12:35:15.924437  5179 acceptor_pool.cc:272] collecting diagnostics on the listening RPC socket 127.0.140.66:44929 every 8 connection(s)
I20260630 12:35:15.928907   561 file_cache.cc:492] Constructed file cache file cache with capacity 419430
W20260630 12:35:15.934850  5183 instance_detector.cc:116] could not retrieve AWS instance metadata: Network error: curl error: HTTP response code said error: The requested URL returned error: 404
W20260630 12:35:15.936599  5184 instance_detector.cc:116] could not retrieve Azure instance metadata: Network error: curl error: HTTP response code said error: The requested URL returned error: 404
I20260630 12:35:15.938841   561 server_base.cc:1061] running on GCE node
W20260630 12:35:15.939952  5186 instance_detector.cc:116] could not retrieve OpenStack instance metadata: Network error: curl error: HTTP response code said error: The requested URL returned error: 404
I20260630 12:35:15.940613  5180 heartbeater.cc:344] Connected to a master server at 127.0.140.126:37059
I20260630 12:35:15.940814   561 hybrid_clock.cc:584] initializing the hybrid clock with 'system_unsync' time source
I20260630 12:35:15.940922  5180 heartbeater.cc:461] Registering TS with master...
W20260630 12:35:15.941058   561 system_unsync_time.cc:38] NTP support is disabled. Clock error bounds will not be accurate. This configuration is not suitable for distributed clusters.
I20260630 12:35:15.941268   561 hybrid_clock.cc:648] HybridClock initialized: now 1782822915941249 us; error 0 us; skew 500 ppm
I20260630 12:35:15.941691  5180 heartbeater.cc:507] Master 127.0.140.126:37059 requested a full tablet report, sending...
I20260630 12:35:15.941807   561 server_base.cc:861] Flag tcmalloc_max_total_thread_cache_bytes is not working since tcmalloc is not enabled.
I20260630 12:35:15.943758  4978 ts_manager.cc:194] Registered new tserver with Master: db52b2264890457c822cfa5576296b25 (127.0.140.66:44929)
I20260630 12:35:15.944413   561 webserver.cc:533] Webserver started at http://127.0.140.67:35715/ using document root <none> and password file <none>
I20260630 12:35:15.944875   561 fs_manager.cc:362] Metadata directory not provided
I20260630 12:35:15.945044   561 fs_manager.cc:368] Using write-ahead log directory (fs_wal_dir) as metadata directory
I20260630 12:35:15.945178  4978 master_service.cc:502] Signed X509 certificate for tserver {username='slave'} at 127.0.0.1:55522
I20260630 12:35:15.945279   561 server_base.cc:909] This appears to be a new deployment of Kudu; creating new FS layout
I20260630 12:35:15.946635   561 fs_manager.cc:1068] Generated new instance metadata in path /tmp/dist-test-taskhTXddy/test-tmp/auto_rebalancer-test.0.AutoRebalancerTest.TestMaxMovesPerServer.1782822793257277-561-0/minicluster-data/ts-2-root/instance:
uuid: "63c02f90820c4de2bbd7367df7e71536"
format_stamp: "Formatted at 2026-06-30 12:35:15 on dist-test-slave-04br"
I20260630 12:35:15.951006   561 fs_manager.cc:696] Time spent creating directory manager: real 0.004s	user 0.001s	sys 0.003s
I20260630 12:35:15.954025  5191 log_block_manager.cc:4031] Time spent loading block containers with low live blocks: real 0.000s	user 0.000s	sys 0.000s
I20260630 12:35:15.954772   561 fs_manager.cc:730] Time spent opening block manager: real 0.002s	user 0.002s	sys 0.001s
I20260630 12:35:15.955021   561 fs_manager.cc:647] Opened local filesystem: /tmp/dist-test-taskhTXddy/test-tmp/auto_rebalancer-test.0.AutoRebalancerTest.TestMaxMovesPerServer.1782822793257277-561-0/minicluster-data/ts-2-root
uuid: "63c02f90820c4de2bbd7367df7e71536"
format_stamp: "Formatted at 2026-06-30 12:35:15 on dist-test-slave-04br"
I20260630 12:35:15.955268   561 fs_report.cc:389] FS layout report
--------------------
wal directory: /tmp/dist-test-taskhTXddy/test-tmp/auto_rebalancer-test.0.AutoRebalancerTest.TestMaxMovesPerServer.1782822793257277-561-0/minicluster-data/ts-2-root
metadata directory: /tmp/dist-test-taskhTXddy/test-tmp/auto_rebalancer-test.0.AutoRebalancerTest.TestMaxMovesPerServer.1782822793257277-561-0/minicluster-data/ts-2-root
1 data directories: /tmp/dist-test-taskhTXddy/test-tmp/auto_rebalancer-test.0.AutoRebalancerTest.TestMaxMovesPerServer.1782822793257277-561-0/minicluster-data/ts-2-root/data
Total live blocks: 0
Total live bytes: 0
Total live bytes (after alignment): 0
Total number of LBM containers: 0 (0 full)
Did not check for missing blocks
Did not check for orphaned blocks
Total full LBM containers with extra space: 0 (0 repaired)
Total full LBM container extra space in bytes: 0 (0 repaired)
Total incomplete LBM containers: 0 (0 repaired)
Total LBM partial records: 0 (0 repaired)
Total corrupted LBM metadata records in RocksDB: 0 (0 repaired)
I20260630 12:35:15.971953   561 rpc_server.cc:225] running with OpenSSL 1.1.1  11 Sep 2018
I20260630 12:35:15.972997   561 kserver.cc:163] Server-wide thread pool size limit: 3276
I20260630 12:35:15.974319   561 txn_system_client.cc:432] TxnSystemClient initialization is disabled...
I20260630 12:35:15.976372   561 ts_tablet_manager.cc:585] Loaded tablet metadata (0 total tablets, 0 live tablets)
I20260630 12:35:15.976554   561 ts_tablet_manager.cc:531] Time spent load tablet metadata: real 0.000s	user 0.000s	sys 0.000s
I20260630 12:35:15.976763   561 ts_tablet_manager.cc:616] Registered 0 tablets
I20260630 12:35:15.976912   561 ts_tablet_manager.cc:595] Time spent register tablets: real 0.000s	user 0.000s	sys 0.000s
I20260630 12:35:16.012856   561 rpc_server.cc:307] RPC server started. Bound to: 127.0.140.67:33353
I20260630 12:35:16.012950  5253 acceptor_pool.cc:272] collecting diagnostics on the listening RPC socket 127.0.140.67:33353 every 8 connection(s)
I20260630 12:35:16.025895  5254 heartbeater.cc:344] Connected to a master server at 127.0.140.126:37059
I20260630 12:35:16.026262  5254 heartbeater.cc:461] Registering TS with master...
I20260630 12:35:16.026942  5254 heartbeater.cc:507] Master 127.0.140.126:37059 requested a full tablet report, sending...
I20260630 12:35:16.028673  4978 ts_manager.cc:194] Registered new tserver with Master: 63c02f90820c4de2bbd7367df7e71536 (127.0.140.67:33353)
I20260630 12:35:16.028873   561 internal_mini_cluster.cc:371] 3 TS(s) registered with all masters after 0.013041532s
I20260630 12:35:16.029948  4978 master_service.cc:502] Signed X509 certificate for tserver {username='slave'} at 127.0.0.1:55536
I20260630 12:35:16.861779  5105 heartbeater.cc:499] Master 127.0.140.126:37059 was elected leader, sending a full tablet report...
I20260630 12:35:16.947526  5180 heartbeater.cc:499] Master 127.0.140.126:37059 was elected leader, sending a full tablet report...
I20260630 12:35:17.033011  5254 heartbeater.cc:499] Master 127.0.140.126:37059 was elected leader, sending a full tablet report...
I20260630 12:35:17.825981  4978 catalog_manager.cc:2283] Servicing CreateTable request from {username='slave'} at 127.0.0.1:55538:
name: "test-workload"
schema {
  columns {
    name: "key"
    type: INT32
    is_key: true
    is_nullable: false
    encoding: AUTO_ENCODING
    compression: DEFAULT_COMPRESSION
    cfile_block_size: 0
    immutable: false
  }
  columns {
    name: "int_val"
    type: INT32
    is_key: false
    is_nullable: false
    encoding: AUTO_ENCODING
    compression: DEFAULT_COMPRESSION
    cfile_block_size: 0
    immutable: false
  }
  columns {
    name: "string_val"
    type: STRING
    is_key: false
    is_nullable: true
    encoding: AUTO_ENCODING
    compression: DEFAULT_COMPRESSION
    cfile_block_size: 0
    immutable: false
  }
}
num_replicas: 3
split_rows_range_bounds {
  rows: "\004\001\000\252\252\252\n\004\001\000TUU\025\004\001\000\376\377\377\037\004\001\000\250\252\252*\004\001\000RUU5\004\001\000\374\377\377?\004\001\000\246\252\252J\004\001\000PUUU\004\001\000\372\377\377_\004\001\000\244\252\252j\004\001\000NUUu""\004\001\000\252\252\252\n\004\001\000TUU\025\004\001\000\376\377\377\037\004\001\000\250\252\252*\004\001\000RUU5\004\001\000\374\377\377?\004\001\000\246\252\252J\004\001\000PUUU\004\001\000\372\377\377_\004\001\000\244\252\252j\004\001\000NUUu"
  indirect_data: """"
}
partition_schema {
  range_schema {
    columns {
      name: "key"
    }
  }
}
W20260630 12:35:17.828846  4978 catalog_manager.cc:7077] The number of live tablet servers is not enough to re-replicate a tablet replica of the newly created table test-workload in case of a server failure: 4 tablet servers would be needed, 3 are available. Consider bringing up more tablet servers.
I20260630 12:35:17.901445  5069 tablet_service.cc:1511] Processing CreateTablet for tablet 59b7827871d54ec9b321eee639d9fbb1 (DEFAULT_TABLE table=test-workload [id=44b58bc97f024948aae56b71417f6f8a]), partition=RANGE (key) PARTITION 178956970 <= VALUES < 357913940
I20260630 12:35:17.902207  5070 tablet_service.cc:1511] Processing CreateTablet for tablet f47c898cbfcc4a2c8c4eea453537a72e (DEFAULT_TABLE table=test-workload [id=44b58bc97f024948aae56b71417f6f8a]), partition=RANGE (key) PARTITION VALUES < 178956970
I20260630 12:35:17.902873  5069 data_dirs.cc:400] Could only allocate 1 dirs of requested 3 for tablet 59b7827871d54ec9b321eee639d9fbb1. 1 dirs total, 0 dirs full, 0 dirs failed
I20260630 12:35:17.903469  5070 data_dirs.cc:400] Could only allocate 1 dirs of requested 3 for tablet f47c898cbfcc4a2c8c4eea453537a72e. 1 dirs total, 0 dirs full, 0 dirs failed
I20260630 12:35:17.907589  5067 tablet_service.cc:1511] Processing CreateTablet for tablet 75b96160e27946e1ba0884c049121a4f (DEFAULT_TABLE table=test-workload [id=44b58bc97f024948aae56b71417f6f8a]), partition=RANGE (key) PARTITION 536870910 <= VALUES < 715827880
I20260630 12:35:17.908802  5067 data_dirs.cc:400] Could only allocate 1 dirs of requested 3 for tablet 75b96160e27946e1ba0884c049121a4f. 1 dirs total, 0 dirs full, 0 dirs failed
I20260630 12:35:17.905556  5068 tablet_service.cc:1511] Processing CreateTablet for tablet 6c89c49b5a22426a8cb2eb49de31e33e (DEFAULT_TABLE table=test-workload [id=44b58bc97f024948aae56b71417f6f8a]), partition=RANGE (key) PARTITION 357913940 <= VALUES < 536870910
I20260630 12:35:17.910923  5068 data_dirs.cc:400] Could only allocate 1 dirs of requested 3 for tablet 6c89c49b5a22426a8cb2eb49de31e33e. 1 dirs total, 0 dirs full, 0 dirs failed
I20260630 12:35:17.913313  5066 tablet_service.cc:1511] Processing CreateTablet for tablet 42074bf46ddd43f0a24eac52bed2d6fb (DEFAULT_TABLE table=test-workload [id=44b58bc97f024948aae56b71417f6f8a]), partition=RANGE (key) PARTITION 715827880 <= VALUES < 894784850
I20260630 12:35:17.913771  5065 tablet_service.cc:1511] Processing CreateTablet for tablet 652d7a363fb242b8a9bf6943431904af (DEFAULT_TABLE table=test-workload [id=44b58bc97f024948aae56b71417f6f8a]), partition=RANGE (key) PARTITION 894784850 <= VALUES < 1073741820
I20260630 12:35:17.914554  5066 data_dirs.cc:400] Could only allocate 1 dirs of requested 3 for tablet 42074bf46ddd43f0a24eac52bed2d6fb. 1 dirs total, 0 dirs full, 0 dirs failed
I20260630 12:35:17.915119  5065 data_dirs.cc:400] Could only allocate 1 dirs of requested 3 for tablet 652d7a363fb242b8a9bf6943431904af. 1 dirs total, 0 dirs full, 0 dirs failed
I20260630 12:35:17.919260  5064 tablet_service.cc:1511] Processing CreateTablet for tablet 4626c95d9a164de4bb859a4720f24a40 (DEFAULT_TABLE table=test-workload [id=44b58bc97f024948aae56b71417f6f8a]), partition=RANGE (key) PARTITION 1073741820 <= VALUES < 1252698790
I20260630 12:35:17.920456  5064 data_dirs.cc:400] Could only allocate 1 dirs of requested 3 for tablet 4626c95d9a164de4bb859a4720f24a40. 1 dirs total, 0 dirs full, 0 dirs failed
I20260630 12:35:17.921000  5145 tablet_service.cc:1511] Processing CreateTablet for tablet f47c898cbfcc4a2c8c4eea453537a72e (DEFAULT_TABLE table=test-workload [id=44b58bc97f024948aae56b71417f6f8a]), partition=RANGE (key) PARTITION VALUES < 178956970
I20260630 12:35:17.922266  5145 data_dirs.cc:400] Could only allocate 1 dirs of requested 3 for tablet f47c898cbfcc4a2c8c4eea453537a72e. 1 dirs total, 0 dirs full, 0 dirs failed
I20260630 12:35:17.924007  5144 tablet_service.cc:1511] Processing CreateTablet for tablet 59b7827871d54ec9b321eee639d9fbb1 (DEFAULT_TABLE table=test-workload [id=44b58bc97f024948aae56b71417f6f8a]), partition=RANGE (key) PARTITION 178956970 <= VALUES < 357913940
I20260630 12:35:17.925241  5144 data_dirs.cc:400] Could only allocate 1 dirs of requested 3 for tablet 59b7827871d54ec9b321eee639d9fbb1. 1 dirs total, 0 dirs full, 0 dirs failed
I20260630 12:35:17.939088  5143 tablet_service.cc:1511] Processing CreateTablet for tablet 6c89c49b5a22426a8cb2eb49de31e33e (DEFAULT_TABLE table=test-workload [id=44b58bc97f024948aae56b71417f6f8a]), partition=RANGE (key) PARTITION 357913940 <= VALUES < 536870910
I20260630 12:35:17.939491  5142 tablet_service.cc:1511] Processing CreateTablet for tablet 75b96160e27946e1ba0884c049121a4f (DEFAULT_TABLE table=test-workload [id=44b58bc97f024948aae56b71417f6f8a]), partition=RANGE (key) PARTITION 536870910 <= VALUES < 715827880
I20260630 12:35:17.940477  5143 data_dirs.cc:400] Could only allocate 1 dirs of requested 3 for tablet 6c89c49b5a22426a8cb2eb49de31e33e. 1 dirs total, 0 dirs full, 0 dirs failed
I20260630 12:35:17.940254  5141 tablet_service.cc:1511] Processing CreateTablet for tablet 42074bf46ddd43f0a24eac52bed2d6fb (DEFAULT_TABLE table=test-workload [id=44b58bc97f024948aae56b71417f6f8a]), partition=RANGE (key) PARTITION 715827880 <= VALUES < 894784850
I20260630 12:35:17.941455  5141 data_dirs.cc:400] Could only allocate 1 dirs of requested 3 for tablet 42074bf46ddd43f0a24eac52bed2d6fb. 1 dirs total, 0 dirs full, 0 dirs failed
I20260630 12:35:17.941660  5140 tablet_service.cc:1511] Processing CreateTablet for tablet 652d7a363fb242b8a9bf6943431904af (DEFAULT_TABLE table=test-workload [id=44b58bc97f024948aae56b71417f6f8a]), partition=RANGE (key) PARTITION 894784850 <= VALUES < 1073741820
I20260630 12:35:17.942929  5140 data_dirs.cc:400] Could only allocate 1 dirs of requested 3 for tablet 652d7a363fb242b8a9bf6943431904af. 1 dirs total, 0 dirs full, 0 dirs failed
I20260630 12:35:17.945851  5142 data_dirs.cc:400] Could only allocate 1 dirs of requested 3 for tablet 75b96160e27946e1ba0884c049121a4f. 1 dirs total, 0 dirs full, 0 dirs failed
I20260630 12:35:17.984977  5139 tablet_service.cc:1511] Processing CreateTablet for tablet 4626c95d9a164de4bb859a4720f24a40 (DEFAULT_TABLE table=test-workload [id=44b58bc97f024948aae56b71417f6f8a]), partition=RANGE (key) PARTITION 1073741820 <= VALUES < 1252698790
I20260630 12:35:17.986277  5139 data_dirs.cc:400] Could only allocate 1 dirs of requested 3 for tablet 4626c95d9a164de4bb859a4720f24a40. 1 dirs total, 0 dirs full, 0 dirs failed
I20260630 12:35:18.009182  5273 tablet_bootstrap.cc:492] T f47c898cbfcc4a2c8c4eea453537a72e P 00321754ab4a499c8b259c73b9f767ae: Bootstrap starting.
I20260630 12:35:18.015147  5273 tablet_bootstrap.cc:654] T f47c898cbfcc4a2c8c4eea453537a72e P 00321754ab4a499c8b259c73b9f767ae: Neither blocks nor log segments found. Creating new log.
I20260630 12:35:18.017489  5219 tablet_service.cc:1511] Processing CreateTablet for tablet f47c898cbfcc4a2c8c4eea453537a72e (DEFAULT_TABLE table=test-workload [id=44b58bc97f024948aae56b71417f6f8a]), partition=RANGE (key) PARTITION VALUES < 178956970
I20260630 12:35:18.025527  5219 data_dirs.cc:400] Could only allocate 1 dirs of requested 3 for tablet f47c898cbfcc4a2c8c4eea453537a72e. 1 dirs total, 0 dirs full, 0 dirs failed
I20260630 12:35:18.025372  5212 tablet_service.cc:1511] Processing CreateTablet for tablet 4da305091c4045648ab98e11fa931235 (DEFAULT_TABLE table=test-workload [id=44b58bc97f024948aae56b71417f6f8a]), partition=RANGE (key) PARTITION 1252698790 <= VALUES < 1431655760
I20260630 12:35:18.026793  5212 data_dirs.cc:400] Could only allocate 1 dirs of requested 3 for tablet 4da305091c4045648ab98e11fa931235. 1 dirs total, 0 dirs full, 0 dirs failed
I20260630 12:35:18.026515  5141 tablet_service.cc:1511] Processing CreateTablet for tablet 28999c6c2bc54251ac4390da951e225d (DEFAULT_TABLE table=test-workload [id=44b58bc97f024948aae56b71417f6f8a]), partition=RANGE (key) PARTITION 1431655760 <= VALUES < 1610612730
I20260630 12:35:18.027697  5141 data_dirs.cc:400] Could only allocate 1 dirs of requested 3 for tablet 28999c6c2bc54251ac4390da951e225d. 1 dirs total, 0 dirs full, 0 dirs failed
I20260630 12:35:18.018460  5215 tablet_service.cc:1511] Processing CreateTablet for tablet 42074bf46ddd43f0a24eac52bed2d6fb (DEFAULT_TABLE table=test-workload [id=44b58bc97f024948aae56b71417f6f8a]), partition=RANGE (key) PARTITION 715827880 <= VALUES < 894784850
I20260630 12:35:18.029981  5215 data_dirs.cc:400] Could only allocate 1 dirs of requested 3 for tablet 42074bf46ddd43f0a24eac52bed2d6fb. 1 dirs total, 0 dirs full, 0 dirs failed
I20260630 12:35:18.031265  5068 tablet_service.cc:1511] Processing CreateTablet for tablet 28999c6c2bc54251ac4390da951e225d (DEFAULT_TABLE table=test-workload [id=44b58bc97f024948aae56b71417f6f8a]), partition=RANGE (key) PARTITION 1431655760 <= VALUES < 1610612730
I20260630 12:35:18.032421  5068 data_dirs.cc:400] Could only allocate 1 dirs of requested 3 for tablet 28999c6c2bc54251ac4390da951e225d. 1 dirs total, 0 dirs full, 0 dirs failed
I20260630 12:35:18.019198  5218 tablet_service.cc:1511] Processing CreateTablet for tablet 59b7827871d54ec9b321eee639d9fbb1 (DEFAULT_TABLE table=test-workload [id=44b58bc97f024948aae56b71417f6f8a]), partition=RANGE (key) PARTITION 178956970 <= VALUES < 357913940
I20260630 12:35:18.020156  5217 tablet_service.cc:1511] Processing CreateTablet for tablet 6c89c49b5a22426a8cb2eb49de31e33e (DEFAULT_TABLE table=test-workload [id=44b58bc97f024948aae56b71417f6f8a]), partition=RANGE (key) PARTITION 357913940 <= VALUES < 536870910
I20260630 12:35:18.019151  5067 tablet_service.cc:1511] Processing CreateTablet for tablet 4da305091c4045648ab98e11fa931235 (DEFAULT_TABLE table=test-workload [id=44b58bc97f024948aae56b71417f6f8a]), partition=RANGE (key) PARTITION 1252698790 <= VALUES < 1431655760
I20260630 12:35:18.035229  5067 data_dirs.cc:400] Could only allocate 1 dirs of requested 3 for tablet 4da305091c4045648ab98e11fa931235. 1 dirs total, 0 dirs full, 0 dirs failed
I20260630 12:35:18.021447  5139 tablet_service.cc:1511] Processing CreateTablet for tablet 4da305091c4045648ab98e11fa931235 (DEFAULT_TABLE table=test-workload [id=44b58bc97f024948aae56b71417f6f8a]), partition=RANGE (key) PARTITION 1252698790 <= VALUES < 1431655760
I20260630 12:35:18.038132  5218 data_dirs.cc:400] Could only allocate 1 dirs of requested 3 for tablet 59b7827871d54ec9b321eee639d9fbb1. 1 dirs total, 0 dirs full, 0 dirs failed
I20260630 12:35:18.038790  5139 data_dirs.cc:400] Could only allocate 1 dirs of requested 3 for tablet 4da305091c4045648ab98e11fa931235. 1 dirs total, 0 dirs full, 0 dirs failed
I20260630 12:35:18.022058  5274 tablet_bootstrap.cc:492] T 42074bf46ddd43f0a24eac52bed2d6fb P db52b2264890457c822cfa5576296b25: Bootstrap starting.
I20260630 12:35:18.022382  5214 tablet_service.cc:1511] Processing CreateTablet for tablet 652d7a363fb242b8a9bf6943431904af (DEFAULT_TABLE table=test-workload [id=44b58bc97f024948aae56b71417f6f8a]), partition=RANGE (key) PARTITION 894784850 <= VALUES < 1073741820
I20260630 12:35:18.023236  5213 tablet_service.cc:1511] Processing CreateTablet for tablet 4626c95d9a164de4bb859a4720f24a40 (DEFAULT_TABLE table=test-workload [id=44b58bc97f024948aae56b71417f6f8a]), partition=RANGE (key) PARTITION 1073741820 <= VALUES < 1252698790
I20260630 12:35:18.021451  5216 tablet_service.cc:1511] Processing CreateTablet for tablet 75b96160e27946e1ba0884c049121a4f (DEFAULT_TABLE table=test-workload [id=44b58bc97f024948aae56b71417f6f8a]), partition=RANGE (key) PARTITION 536870910 <= VALUES < 715827880
I20260630 12:35:18.042892  5217 data_dirs.cc:400] Could only allocate 1 dirs of requested 3 for tablet 6c89c49b5a22426a8cb2eb49de31e33e. 1 dirs total, 0 dirs full, 0 dirs failed
I20260630 12:35:18.046377  5213 data_dirs.cc:400] Could only allocate 1 dirs of requested 3 for tablet 4626c95d9a164de4bb859a4720f24a40. 1 dirs total, 0 dirs full, 0 dirs failed
I20260630 12:35:18.050725  5216 data_dirs.cc:400] Could only allocate 1 dirs of requested 3 for tablet 75b96160e27946e1ba0884c049121a4f. 1 dirs total, 0 dirs full, 0 dirs failed
I20260630 12:35:18.054813  5214 data_dirs.cc:400] Could only allocate 1 dirs of requested 3 for tablet 652d7a363fb242b8a9bf6943431904af. 1 dirs total, 0 dirs full, 0 dirs failed
I20260630 12:35:18.055349  5274 tablet_bootstrap.cc:654] T 42074bf46ddd43f0a24eac52bed2d6fb P db52b2264890457c822cfa5576296b25: Neither blocks nor log segments found. Creating new log.
I20260630 12:35:18.059924  5064 tablet_service.cc:1511] Processing CreateTablet for tablet 4145fa7929584a6b9f81678bd5efec7b (DEFAULT_TABLE table=test-workload [id=44b58bc97f024948aae56b71417f6f8a]), partition=RANGE (key) PARTITION 1610612730 <= VALUES < 1789569700
I20260630 12:35:18.061084  5064 data_dirs.cc:400] Could only allocate 1 dirs of requested 3 for tablet 4145fa7929584a6b9f81678bd5efec7b. 1 dirs total, 0 dirs full, 0 dirs failed
I20260630 12:35:18.063077  5070 tablet_service.cc:1511] Processing CreateTablet for tablet 06a1de9906f54ef5b85fe6f2e3ab76a3 (DEFAULT_TABLE table=test-workload [id=44b58bc97f024948aae56b71417f6f8a]), partition=RANGE (key) PARTITION 1789569700 <= VALUES < 1968526670
I20260630 12:35:18.064230  5070 data_dirs.cc:400] Could only allocate 1 dirs of requested 3 for tablet 06a1de9906f54ef5b85fe6f2e3ab76a3. 1 dirs total, 0 dirs full, 0 dirs failed
I20260630 12:35:18.068332  5065 tablet_service.cc:1511] Processing CreateTablet for tablet e944e0ca74524694ab9d0f6de76563c2 (DEFAULT_TABLE table=test-workload [id=44b58bc97f024948aae56b71417f6f8a]), partition=RANGE (key) PARTITION 1968526670 <= VALUES
I20260630 12:35:18.069645  5065 data_dirs.cc:400] Could only allocate 1 dirs of requested 3 for tablet e944e0ca74524694ab9d0f6de76563c2. 1 dirs total, 0 dirs full, 0 dirs failed
I20260630 12:35:18.083735  5211 tablet_service.cc:1511] Processing CreateTablet for tablet 28999c6c2bc54251ac4390da951e225d (DEFAULT_TABLE table=test-workload [id=44b58bc97f024948aae56b71417f6f8a]), partition=RANGE (key) PARTITION 1431655760 <= VALUES < 1610612730
I20260630 12:35:18.084985  5211 data_dirs.cc:400] Could only allocate 1 dirs of requested 3 for tablet 28999c6c2bc54251ac4390da951e225d. 1 dirs total, 0 dirs full, 0 dirs failed
I20260630 12:35:18.096545  5145 tablet_service.cc:1511] Processing CreateTablet for tablet 06a1de9906f54ef5b85fe6f2e3ab76a3 (DEFAULT_TABLE table=test-workload [id=44b58bc97f024948aae56b71417f6f8a]), partition=RANGE (key) PARTITION 1789569700 <= VALUES < 1968526670
I20260630 12:35:18.097791  5145 data_dirs.cc:400] Could only allocate 1 dirs of requested 3 for tablet 06a1de9906f54ef5b85fe6f2e3ab76a3. 1 dirs total, 0 dirs full, 0 dirs failed
I20260630 12:35:18.096966  5210 tablet_service.cc:1511] Processing CreateTablet for tablet 4145fa7929584a6b9f81678bd5efec7b (DEFAULT_TABLE table=test-workload [id=44b58bc97f024948aae56b71417f6f8a]), partition=RANGE (key) PARTITION 1610612730 <= VALUES < 1789569700
I20260630 12:35:18.099223  5210 data_dirs.cc:400] Could only allocate 1 dirs of requested 3 for tablet 4145fa7929584a6b9f81678bd5efec7b. 1 dirs total, 0 dirs full, 0 dirs failed
I20260630 12:35:18.100063  5140 tablet_service.cc:1511] Processing CreateTablet for tablet e944e0ca74524694ab9d0f6de76563c2 (DEFAULT_TABLE table=test-workload [id=44b58bc97f024948aae56b71417f6f8a]), partition=RANGE (key) PARTITION 1968526670 <= VALUES
I20260630 12:35:18.101169  5140 data_dirs.cc:400] Could only allocate 1 dirs of requested 3 for tablet e944e0ca74524694ab9d0f6de76563c2. 1 dirs total, 0 dirs full, 0 dirs failed
I20260630 12:35:18.113934  5276 tablet_bootstrap.cc:492] T 4da305091c4045648ab98e11fa931235 P 63c02f90820c4de2bbd7367df7e71536: Bootstrap starting.
I20260630 12:35:18.119803  5215 tablet_service.cc:1511] Processing CreateTablet for tablet e944e0ca74524694ab9d0f6de76563c2 (DEFAULT_TABLE table=test-workload [id=44b58bc97f024948aae56b71417f6f8a]), partition=RANGE (key) PARTITION 1968526670 <= VALUES
I20260630 12:35:18.121058  5215 data_dirs.cc:400] Could only allocate 1 dirs of requested 3 for tablet e944e0ca74524694ab9d0f6de76563c2. 1 dirs total, 0 dirs full, 0 dirs failed
I20260630 12:35:18.127422  5273 tablet_bootstrap.cc:492] T f47c898cbfcc4a2c8c4eea453537a72e P 00321754ab4a499c8b259c73b9f767ae: No bootstrap required, opened a new log
I20260630 12:35:18.127904  5273 ts_tablet_manager.cc:1403] T f47c898cbfcc4a2c8c4eea453537a72e P 00321754ab4a499c8b259c73b9f767ae: Time spent bootstrapping tablet: real 0.119s	user 0.032s	sys 0.029s
I20260630 12:35:18.138200  5274 tablet_bootstrap.cc:492] T 42074bf46ddd43f0a24eac52bed2d6fb P db52b2264890457c822cfa5576296b25: No bootstrap required, opened a new log
I20260630 12:35:18.138702  5274 ts_tablet_manager.cc:1403] T 42074bf46ddd43f0a24eac52bed2d6fb P db52b2264890457c822cfa5576296b25: Time spent bootstrapping tablet: real 0.117s	user 0.008s	sys 0.011s
I20260630 12:35:18.100036  5212 tablet_service.cc:1511] Processing CreateTablet for tablet 06a1de9906f54ef5b85fe6f2e3ab76a3 (DEFAULT_TABLE table=test-workload [id=44b58bc97f024948aae56b71417f6f8a]), partition=RANGE (key) PARTITION 1789569700 <= VALUES < 1968526670
I20260630 12:35:18.140604  5212 data_dirs.cc:400] Could only allocate 1 dirs of requested 3 for tablet 06a1de9906f54ef5b85fe6f2e3ab76a3. 1 dirs total, 0 dirs full, 0 dirs failed
I20260630 12:35:18.141599  5274 raft_consensus.cc:359] T 42074bf46ddd43f0a24eac52bed2d6fb P db52b2264890457c822cfa5576296b25 [term 0 FOLLOWER]: Replica starting. Triggering 0 pending ops. Active config: opid_index: -1 OBSOLETE_local: false peers { permanent_uuid: "00321754ab4a499c8b259c73b9f767ae" member_type: VOTER last_known_addr { host: "127.0.140.65" port: 34281 } } peers { permanent_uuid: "db52b2264890457c822cfa5576296b25" member_type: VOTER last_known_addr { host: "127.0.140.66" port: 44929 } } peers { permanent_uuid: "63c02f90820c4de2bbd7367df7e71536" member_type: VOTER last_known_addr { host: "127.0.140.67" port: 33353 } }
I20260630 12:35:18.142387  5274 raft_consensus.cc:385] T 42074bf46ddd43f0a24eac52bed2d6fb P db52b2264890457c822cfa5576296b25 [term 0 FOLLOWER]: Consensus starting up: Expiring failure detector timer to make a prompt election more likely
I20260630 12:35:18.142659  5274 raft_consensus.cc:740] T 42074bf46ddd43f0a24eac52bed2d6fb P db52b2264890457c822cfa5576296b25 [term 0 FOLLOWER]: Becoming Follower/Learner. State: Replica: db52b2264890457c822cfa5576296b25, State: Initialized, Role: FOLLOWER
I20260630 12:35:18.143555  5274 consensus_queue.cc:260] T 42074bf46ddd43f0a24eac52bed2d6fb P db52b2264890457c822cfa5576296b25 [NON_LEADER]: Queue going to NON_LEADER mode. State: All replicated index: 0, Majority replicated index: 0, Committed index: 0, Last appended: 0.0, Last appended by leader: 0, Current term: 0, Majority size: -1, State: 0, Mode: NON_LEADER, active raft config: opid_index: -1 OBSOLETE_local: false peers { permanent_uuid: "00321754ab4a499c8b259c73b9f767ae" member_type: VOTER last_known_addr { host: "127.0.140.65" port: 34281 } } peers { permanent_uuid: "db52b2264890457c822cfa5576296b25" member_type: VOTER last_known_addr { host: "127.0.140.66" port: 44929 } } peers { permanent_uuid: "63c02f90820c4de2bbd7367df7e71536" member_type: VOTER last_known_addr { host: "127.0.140.67" port: 33353 } }
I20260630 12:35:18.138761  5273 raft_consensus.cc:359] T f47c898cbfcc4a2c8c4eea453537a72e P 00321754ab4a499c8b259c73b9f767ae [term 0 FOLLOWER]: Replica starting. Triggering 0 pending ops. Active config: opid_index: -1 OBSOLETE_local: false peers { permanent_uuid: "00321754ab4a499c8b259c73b9f767ae" member_type: VOTER last_known_addr { host: "127.0.140.65" port: 34281 } } peers { permanent_uuid: "db52b2264890457c822cfa5576296b25" member_type: VOTER last_known_addr { host: "127.0.140.66" port: 44929 } } peers { permanent_uuid: "63c02f90820c4de2bbd7367df7e71536" member_type: VOTER last_known_addr { host: "127.0.140.67" port: 33353 } }
I20260630 12:35:18.145364  5273 raft_consensus.cc:385] T f47c898cbfcc4a2c8c4eea453537a72e P 00321754ab4a499c8b259c73b9f767ae [term 0 FOLLOWER]: Consensus starting up: Expiring failure detector timer to make a prompt election more likely
I20260630 12:35:18.145678  5273 raft_consensus.cc:740] T f47c898cbfcc4a2c8c4eea453537a72e P 00321754ab4a499c8b259c73b9f767ae [term 0 FOLLOWER]: Becoming Follower/Learner. State: Replica: 00321754ab4a499c8b259c73b9f767ae, State: Initialized, Role: FOLLOWER
I20260630 12:35:18.146525  5273 consensus_queue.cc:260] T f47c898cbfcc4a2c8c4eea453537a72e P 00321754ab4a499c8b259c73b9f767ae [NON_LEADER]: Queue going to NON_LEADER mode. State: All replicated index: 0, Majority replicated index: 0, Committed index: 0, Last appended: 0.0, Last appended by leader: 0, Current term: 0, Majority size: -1, State: 0, Mode: NON_LEADER, active raft config: opid_index: -1 OBSOLETE_local: false peers { permanent_uuid: "00321754ab4a499c8b259c73b9f767ae" member_type: VOTER last_known_addr { host: "127.0.140.65" port: 34281 } } peers { permanent_uuid: "db52b2264890457c822cfa5576296b25" member_type: VOTER last_known_addr { host: "127.0.140.66" port: 44929 } } peers { permanent_uuid: "63c02f90820c4de2bbd7367df7e71536" member_type: VOTER last_known_addr { host: "127.0.140.67" port: 33353 } }
I20260630 12:35:18.149324  5276 tablet_bootstrap.cc:654] T 4da305091c4045648ab98e11fa931235 P 63c02f90820c4de2bbd7367df7e71536: Neither blocks nor log segments found. Creating new log.
I20260630 12:35:18.150390  5139 tablet_service.cc:1511] Processing CreateTablet for tablet 4145fa7929584a6b9f81678bd5efec7b (DEFAULT_TABLE table=test-workload [id=44b58bc97f024948aae56b71417f6f8a]), partition=RANGE (key) PARTITION 1610612730 <= VALUES < 1789569700
I20260630 12:35:18.159348  5273 ts_tablet_manager.cc:1434] T f47c898cbfcc4a2c8c4eea453537a72e P 00321754ab4a499c8b259c73b9f767ae: Time spent starting tablet: real 0.031s	user 0.005s	sys 0.005s
I20260630 12:35:18.160437  5273 tablet_bootstrap.cc:492] T 59b7827871d54ec9b321eee639d9fbb1 P 00321754ab4a499c8b259c73b9f767ae: Bootstrap starting.
I20260630 12:35:18.162827  5274 ts_tablet_manager.cc:1434] T 42074bf46ddd43f0a24eac52bed2d6fb P db52b2264890457c822cfa5576296b25: Time spent starting tablet: real 0.024s	user 0.005s	sys 0.003s
I20260630 12:35:18.163640  5139 data_dirs.cc:400] Could only allocate 1 dirs of requested 3 for tablet 4145fa7929584a6b9f81678bd5efec7b. 1 dirs total, 0 dirs full, 0 dirs failed
I20260630 12:35:18.165256  5273 tablet_bootstrap.cc:654] T 59b7827871d54ec9b321eee639d9fbb1 P 00321754ab4a499c8b259c73b9f767ae: Neither blocks nor log segments found. Creating new log.
I20260630 12:35:18.166141  5274 tablet_bootstrap.cc:492] T 75b96160e27946e1ba0884c049121a4f P db52b2264890457c822cfa5576296b25: Bootstrap starting.
I20260630 12:35:18.172214  5274 tablet_bootstrap.cc:654] T 75b96160e27946e1ba0884c049121a4f P db52b2264890457c822cfa5576296b25: Neither blocks nor log segments found. Creating new log.
I20260630 12:35:18.181888  5276 tablet_bootstrap.cc:492] T 4da305091c4045648ab98e11fa931235 P 63c02f90820c4de2bbd7367df7e71536: No bootstrap required, opened a new log
I20260630 12:35:18.182300  5276 ts_tablet_manager.cc:1403] T 4da305091c4045648ab98e11fa931235 P 63c02f90820c4de2bbd7367df7e71536: Time spent bootstrapping tablet: real 0.069s	user 0.009s	sys 0.010s
I20260630 12:35:18.182476  5274 tablet_bootstrap.cc:492] T 75b96160e27946e1ba0884c049121a4f P db52b2264890457c822cfa5576296b25: No bootstrap required, opened a new log
I20260630 12:35:18.182940  5274 ts_tablet_manager.cc:1403] T 75b96160e27946e1ba0884c049121a4f P db52b2264890457c822cfa5576296b25: Time spent bootstrapping tablet: real 0.017s	user 0.011s	sys 0.005s
I20260630 12:35:18.183015  5273 tablet_bootstrap.cc:492] T 59b7827871d54ec9b321eee639d9fbb1 P 00321754ab4a499c8b259c73b9f767ae: No bootstrap required, opened a new log
I20260630 12:35:18.183485  5273 ts_tablet_manager.cc:1403] T 59b7827871d54ec9b321eee639d9fbb1 P 00321754ab4a499c8b259c73b9f767ae: Time spent bootstrapping tablet: real 0.023s	user 0.004s	sys 0.005s
I20260630 12:35:18.184305  5276 raft_consensus.cc:359] T 4da305091c4045648ab98e11fa931235 P 63c02f90820c4de2bbd7367df7e71536 [term 0 FOLLOWER]: Replica starting. Triggering 0 pending ops. Active config: opid_index: -1 OBSOLETE_local: false peers { permanent_uuid: "00321754ab4a499c8b259c73b9f767ae" member_type: VOTER last_known_addr { host: "127.0.140.65" port: 34281 } } peers { permanent_uuid: "db52b2264890457c822cfa5576296b25" member_type: VOTER last_known_addr { host: "127.0.140.66" port: 44929 } } peers { permanent_uuid: "63c02f90820c4de2bbd7367df7e71536" member_type: VOTER last_known_addr { host: "127.0.140.67" port: 33353 } }
I20260630 12:35:18.184842  5276 raft_consensus.cc:385] T 4da305091c4045648ab98e11fa931235 P 63c02f90820c4de2bbd7367df7e71536 [term 0 FOLLOWER]: Consensus starting up: Expiring failure detector timer to make a prompt election more likely
I20260630 12:35:18.185051  5276 raft_consensus.cc:740] T 4da305091c4045648ab98e11fa931235 P 63c02f90820c4de2bbd7367df7e71536 [term 0 FOLLOWER]: Becoming Follower/Learner. State: Replica: 63c02f90820c4de2bbd7367df7e71536, State: Initialized, Role: FOLLOWER
I20260630 12:35:18.185634  5276 consensus_queue.cc:260] T 4da305091c4045648ab98e11fa931235 P 63c02f90820c4de2bbd7367df7e71536 [NON_LEADER]: Queue going to NON_LEADER mode. State: All replicated index: 0, Majority replicated index: 0, Committed index: 0, Last appended: 0.0, Last appended by leader: 0, Current term: 0, Majority size: -1, State: 0, Mode: NON_LEADER, active raft config: opid_index: -1 OBSOLETE_local: false peers { permanent_uuid: "00321754ab4a499c8b259c73b9f767ae" member_type: VOTER last_known_addr { host: "127.0.140.65" port: 34281 } } peers { permanent_uuid: "db52b2264890457c822cfa5576296b25" member_type: VOTER last_known_addr { host: "127.0.140.66" port: 44929 } } peers { permanent_uuid: "63c02f90820c4de2bbd7367df7e71536" member_type: VOTER last_known_addr { host: "127.0.140.67" port: 33353 } }
I20260630 12:35:18.186091  5273 raft_consensus.cc:359] T 59b7827871d54ec9b321eee639d9fbb1 P 00321754ab4a499c8b259c73b9f767ae [term 0 FOLLOWER]: Replica starting. Triggering 0 pending ops. Active config: opid_index: -1 OBSOLETE_local: false peers { permanent_uuid: "00321754ab4a499c8b259c73b9f767ae" member_type: VOTER last_known_addr { host: "127.0.140.65" port: 34281 } } peers { permanent_uuid: "db52b2264890457c822cfa5576296b25" member_type: VOTER last_known_addr { host: "127.0.140.66" port: 44929 } } peers { permanent_uuid: "63c02f90820c4de2bbd7367df7e71536" member_type: VOTER last_known_addr { host: "127.0.140.67" port: 33353 } }
I20260630 12:35:18.186389  5274 raft_consensus.cc:359] T 75b96160e27946e1ba0884c049121a4f P db52b2264890457c822cfa5576296b25 [term 0 FOLLOWER]: Replica starting. Triggering 0 pending ops. Active config: opid_index: -1 OBSOLETE_local: false peers { permanent_uuid: "00321754ab4a499c8b259c73b9f767ae" member_type: VOTER last_known_addr { host: "127.0.140.65" port: 34281 } } peers { permanent_uuid: "db52b2264890457c822cfa5576296b25" member_type: VOTER last_known_addr { host: "127.0.140.66" port: 44929 } } peers { permanent_uuid: "63c02f90820c4de2bbd7367df7e71536" member_type: VOTER last_known_addr { host: "127.0.140.67" port: 33353 } }
I20260630 12:35:18.186859  5273 raft_consensus.cc:385] T 59b7827871d54ec9b321eee639d9fbb1 P 00321754ab4a499c8b259c73b9f767ae [term 0 FOLLOWER]: Consensus starting up: Expiring failure detector timer to make a prompt election more likely
I20260630 12:35:18.187058  5274 raft_consensus.cc:385] T 75b96160e27946e1ba0884c049121a4f P db52b2264890457c822cfa5576296b25 [term 0 FOLLOWER]: Consensus starting up: Expiring failure detector timer to make a prompt election more likely
I20260630 12:35:18.187222  5273 raft_consensus.cc:740] T 59b7827871d54ec9b321eee639d9fbb1 P 00321754ab4a499c8b259c73b9f767ae [term 0 FOLLOWER]: Becoming Follower/Learner. State: Replica: 00321754ab4a499c8b259c73b9f767ae, State: Initialized, Role: FOLLOWER
I20260630 12:35:18.187433  5274 raft_consensus.cc:740] T 75b96160e27946e1ba0884c049121a4f P db52b2264890457c822cfa5576296b25 [term 0 FOLLOWER]: Becoming Follower/Learner. State: Replica: db52b2264890457c822cfa5576296b25, State: Initialized, Role: FOLLOWER
I20260630 12:35:18.188166  5276 ts_tablet_manager.cc:1434] T 4da305091c4045648ab98e11fa931235 P 63c02f90820c4de2bbd7367df7e71536: Time spent starting tablet: real 0.006s	user 0.003s	sys 0.001s
I20260630 12:35:18.188123  5273 consensus_queue.cc:260] T 59b7827871d54ec9b321eee639d9fbb1 P 00321754ab4a499c8b259c73b9f767ae [NON_LEADER]: Queue going to NON_LEADER mode. State: All replicated index: 0, Majority replicated index: 0, Committed index: 0, Last appended: 0.0, Last appended by leader: 0, Current term: 0, Majority size: -1, State: 0, Mode: NON_LEADER, active raft config: opid_index: -1 OBSOLETE_local: false peers { permanent_uuid: "00321754ab4a499c8b259c73b9f767ae" member_type: VOTER last_known_addr { host: "127.0.140.65" port: 34281 } } peers { permanent_uuid: "db52b2264890457c822cfa5576296b25" member_type: VOTER last_known_addr { host: "127.0.140.66" port: 44929 } } peers { permanent_uuid: "63c02f90820c4de2bbd7367df7e71536" member_type: VOTER last_known_addr { host: "127.0.140.67" port: 33353 } }
I20260630 12:35:18.188246  5274 consensus_queue.cc:260] T 75b96160e27946e1ba0884c049121a4f P db52b2264890457c822cfa5576296b25 [NON_LEADER]: Queue going to NON_LEADER mode. State: All replicated index: 0, Majority replicated index: 0, Committed index: 0, Last appended: 0.0, Last appended by leader: 0, Current term: 0, Majority size: -1, State: 0, Mode: NON_LEADER, active raft config: opid_index: -1 OBSOLETE_local: false peers { permanent_uuid: "00321754ab4a499c8b259c73b9f767ae" member_type: VOTER last_known_addr { host: "127.0.140.65" port: 34281 } } peers { permanent_uuid: "db52b2264890457c822cfa5576296b25" member_type: VOTER last_known_addr { host: "127.0.140.66" port: 44929 } } peers { permanent_uuid: "63c02f90820c4de2bbd7367df7e71536" member_type: VOTER last_known_addr { host: "127.0.140.67" port: 33353 } }
I20260630 12:35:18.190367  5278 raft_consensus.cc:493] T 59b7827871d54ec9b321eee639d9fbb1 P 00321754ab4a499c8b259c73b9f767ae [term 0 FOLLOWER]: Starting pre-election (no leader contacted us within the election timeout)
I20260630 12:35:18.190873  5278 raft_consensus.cc:515] T 59b7827871d54ec9b321eee639d9fbb1 P 00321754ab4a499c8b259c73b9f767ae [term 0 FOLLOWER]: Starting pre-election with config: opid_index: -1 OBSOLETE_local: false peers { permanent_uuid: "00321754ab4a499c8b259c73b9f767ae" member_type: VOTER last_known_addr { host: "127.0.140.65" port: 34281 } } peers { permanent_uuid: "db52b2264890457c822cfa5576296b25" member_type: VOTER last_known_addr { host: "127.0.140.66" port: 44929 } } peers { permanent_uuid: "63c02f90820c4de2bbd7367df7e71536" member_type: VOTER last_known_addr { host: "127.0.140.67" port: 33353 } }
I20260630 12:35:18.192198  5274 ts_tablet_manager.cc:1434] T 75b96160e27946e1ba0884c049121a4f P db52b2264890457c822cfa5576296b25: Time spent starting tablet: real 0.009s	user 0.004s	sys 0.001s
I20260630 12:35:18.193118  5274 tablet_bootstrap.cc:492] T 6c89c49b5a22426a8cb2eb49de31e33e P db52b2264890457c822cfa5576296b25: Bootstrap starting.
I20260630 12:35:18.193374  5278 leader_election.cc:290] T 59b7827871d54ec9b321eee639d9fbb1 P 00321754ab4a499c8b259c73b9f767ae [CANDIDATE]: Term 1 pre-election: Requested pre-vote from peers db52b2264890457c822cfa5576296b25 (127.0.140.66:44929), 63c02f90820c4de2bbd7367df7e71536 (127.0.140.67:33353)
I20260630 12:35:18.189287  5276 tablet_bootstrap.cc:492] T 42074bf46ddd43f0a24eac52bed2d6fb P 63c02f90820c4de2bbd7367df7e71536: Bootstrap starting.
I20260630 12:35:18.199097  5274 tablet_bootstrap.cc:654] T 6c89c49b5a22426a8cb2eb49de31e33e P db52b2264890457c822cfa5576296b25: Neither blocks nor log segments found. Creating new log.
I20260630 12:35:18.190372  5273 ts_tablet_manager.cc:1434] T 59b7827871d54ec9b321eee639d9fbb1 P 00321754ab4a499c8b259c73b9f767ae: Time spent starting tablet: real 0.007s	user 0.005s	sys 0.003s
I20260630 12:35:18.201107  5273 tablet_bootstrap.cc:492] T 652d7a363fb242b8a9bf6943431904af P 00321754ab4a499c8b259c73b9f767ae: Bootstrap starting.
I20260630 12:35:18.201412  5276 tablet_bootstrap.cc:654] T 42074bf46ddd43f0a24eac52bed2d6fb P 63c02f90820c4de2bbd7367df7e71536: Neither blocks nor log segments found. Creating new log.
I20260630 12:35:18.208403  5273 tablet_bootstrap.cc:654] T 652d7a363fb242b8a9bf6943431904af P 00321754ab4a499c8b259c73b9f767ae: Neither blocks nor log segments found. Creating new log.
I20260630 12:35:18.216421  5276 tablet_bootstrap.cc:492] T 42074bf46ddd43f0a24eac52bed2d6fb P 63c02f90820c4de2bbd7367df7e71536: No bootstrap required, opened a new log
I20260630 12:35:18.216959  5276 ts_tablet_manager.cc:1403] T 42074bf46ddd43f0a24eac52bed2d6fb P 63c02f90820c4de2bbd7367df7e71536: Time spent bootstrapping tablet: real 0.028s	user 0.011s	sys 0.006s
I20260630 12:35:18.219952  5276 raft_consensus.cc:359] T 42074bf46ddd43f0a24eac52bed2d6fb P 63c02f90820c4de2bbd7367df7e71536 [term 0 FOLLOWER]: Replica starting. Triggering 0 pending ops. Active config: opid_index: -1 OBSOLETE_local: false peers { permanent_uuid: "00321754ab4a499c8b259c73b9f767ae" member_type: VOTER last_known_addr { host: "127.0.140.65" port: 34281 } } peers { permanent_uuid: "db52b2264890457c822cfa5576296b25" member_type: VOTER last_known_addr { host: "127.0.140.66" port: 44929 } } peers { permanent_uuid: "63c02f90820c4de2bbd7367df7e71536" member_type: VOTER last_known_addr { host: "127.0.140.67" port: 33353 } }
I20260630 12:35:18.220791  5276 raft_consensus.cc:385] T 42074bf46ddd43f0a24eac52bed2d6fb P 63c02f90820c4de2bbd7367df7e71536 [term 0 FOLLOWER]: Consensus starting up: Expiring failure detector timer to make a prompt election more likely
I20260630 12:35:18.221127  5276 raft_consensus.cc:740] T 42074bf46ddd43f0a24eac52bed2d6fb P 63c02f90820c4de2bbd7367df7e71536 [term 0 FOLLOWER]: Becoming Follower/Learner. State: Replica: 63c02f90820c4de2bbd7367df7e71536, State: Initialized, Role: FOLLOWER
I20260630 12:35:18.221817  5276 consensus_queue.cc:260] T 42074bf46ddd43f0a24eac52bed2d6fb P 63c02f90820c4de2bbd7367df7e71536 [NON_LEADER]: Queue going to NON_LEADER mode. State: All replicated index: 0, Majority replicated index: 0, Committed index: 0, Last appended: 0.0, Last appended by leader: 0, Current term: 0, Majority size: -1, State: 0, Mode: NON_LEADER, active raft config: opid_index: -1 OBSOLETE_local: false peers { permanent_uuid: "00321754ab4a499c8b259c73b9f767ae" member_type: VOTER last_known_addr { host: "127.0.140.65" port: 34281 } } peers { permanent_uuid: "db52b2264890457c822cfa5576296b25" member_type: VOTER last_known_addr { host: "127.0.140.66" port: 44929 } } peers { permanent_uuid: "63c02f90820c4de2bbd7367df7e71536" member_type: VOTER last_known_addr { host: "127.0.140.67" port: 33353 } }
I20260630 12:35:18.225621  5276 ts_tablet_manager.cc:1434] T 42074bf46ddd43f0a24eac52bed2d6fb P 63c02f90820c4de2bbd7367df7e71536: Time spent starting tablet: real 0.008s	user 0.005s	sys 0.000s
I20260630 12:35:18.226626  5276 tablet_bootstrap.cc:492] T f47c898cbfcc4a2c8c4eea453537a72e P 63c02f90820c4de2bbd7367df7e71536: Bootstrap starting.
I20260630 12:35:18.233383  5273 tablet_bootstrap.cc:492] T 652d7a363fb242b8a9bf6943431904af P 00321754ab4a499c8b259c73b9f767ae: No bootstrap required, opened a new log
I20260630 12:35:18.234537  5273 ts_tablet_manager.cc:1403] T 652d7a363fb242b8a9bf6943431904af P 00321754ab4a499c8b259c73b9f767ae: Time spent bootstrapping tablet: real 0.034s	user 0.009s	sys 0.006s
