I20260630 12:34:13.063812  5052 kserver.cc:163] Server-wide thread pool size limit: 3276
I20260630 12:34:13.099251  5052 rpc_server.cc:307] RPC server started. Bound to: 127.4.239.62:44491
I20260630 12:34:13.099334  7290 acceptor_pool.cc:272] collecting diagnostics on the listening RPC socket 127.4.239.62:44491 every 8 connection(s)
I20260630 12:34:13.103111  7291 data_dirs.cc:400] Could only allocate 1 dirs of requested 3 for tablet 00000000000000000000000000000000. 1 dirs total, 0 dirs full, 0 dirs failed
I20260630 12:34:13.112865  7291 tablet_bootstrap.cc:492] T 00000000000000000000000000000000 P 9889bfe938a345248ffd630614a78674: Bootstrap starting.
I20260630 12:34:13.117070  7291 tablet_bootstrap.cc:654] T 00000000000000000000000000000000 P 9889bfe938a345248ffd630614a78674: Neither blocks nor log segments found. Creating new log.
I20260630 12:34:13.120736  7291 tablet_bootstrap.cc:492] T 00000000000000000000000000000000 P 9889bfe938a345248ffd630614a78674: No bootstrap required, opened a new log
I20260630 12:34:13.122699  7291 raft_consensus.cc:359] T 00000000000000000000000000000000 P 9889bfe938a345248ffd630614a78674 [term 0 FOLLOWER]: Replica starting. Triggering 0 pending ops. Active config: opid_index: -1 OBSOLETE_local: true peers { permanent_uuid: "9889bfe938a345248ffd630614a78674" member_type: VOTER }
I20260630 12:34:13.123062  7291 raft_consensus.cc:385] T 00000000000000000000000000000000 P 9889bfe938a345248ffd630614a78674 [term 0 FOLLOWER]: Consensus starting up: Expiring failure detector timer to make a prompt election more likely
I20260630 12:34:13.123261  7291 raft_consensus.cc:740] T 00000000000000000000000000000000 P 9889bfe938a345248ffd630614a78674 [term 0 FOLLOWER]: Becoming Follower/Learner. State: Replica: 9889bfe938a345248ffd630614a78674, State: Initialized, Role: FOLLOWER
I20260630 12:34:13.123688  7291 consensus_queue.cc:260] T 00000000000000000000000000000000 P 9889bfe938a345248ffd630614a78674 [NON_LEADER]: Queue going to NON_LEADER mode. State: All replicated index: 0, Majority replicated index: 0, Committed index: 0, Last appended: 0.0, Last appended by leader: 0, Current term: 0, Majority size: -1, State: 0, Mode: NON_LEADER, active raft config: opid_index: -1 OBSOLETE_local: true peers { permanent_uuid: "9889bfe938a345248ffd630614a78674" member_type: VOTER }
I20260630 12:34:13.124102  7291 raft_consensus.cc:399] T 00000000000000000000000000000000 P 9889bfe938a345248ffd630614a78674 [term 0 FOLLOWER]: Only one voter in the Raft config. Triggering election immediately
I20260630 12:34:13.124290  7291 raft_consensus.cc:493] T 00000000000000000000000000000000 P 9889bfe938a345248ffd630614a78674 [term 0 FOLLOWER]: Starting leader election (initial election of a single-replica configuration)
I20260630 12:34:13.124506  7291 raft_consensus.cc:3060] T 00000000000000000000000000000000 P 9889bfe938a345248ffd630614a78674 [term 0 FOLLOWER]: Advancing to term 1
I20260630 12:34:13.128134  7291 raft_consensus.cc:515] T 00000000000000000000000000000000 P 9889bfe938a345248ffd630614a78674 [term 1 FOLLOWER]: Starting leader election with config: opid_index: -1 OBSOLETE_local: true peers { permanent_uuid: "9889bfe938a345248ffd630614a78674" member_type: VOTER }
I20260630 12:34:13.128583  7291 leader_election.cc:304] T 00000000000000000000000000000000 P 9889bfe938a345248ffd630614a78674 [CANDIDATE]: Term 1 election: Election decided. Result: candidate won. Election summary: received 1 responses out of 1 voters: 1 yes votes; 0 no votes. yes voters: 9889bfe938a345248ffd630614a78674; no voters: 
I20260630 12:34:13.129626  7291 leader_election.cc:290] T 00000000000000000000000000000000 P 9889bfe938a345248ffd630614a78674 [CANDIDATE]: Term 1 election: Requested vote from peers 
I20260630 12:34:13.130038  7294 raft_consensus.cc:2804] T 00000000000000000000000000000000 P 9889bfe938a345248ffd630614a78674 [term 1 FOLLOWER]: Leader election won for term 1
I20260630 12:34:13.131286  7294 raft_consensus.cc:697] T 00000000000000000000000000000000 P 9889bfe938a345248ffd630614a78674 [term 1 LEADER]: Becoming Leader. State: Replica: 9889bfe938a345248ffd630614a78674, State: Running, Role: LEADER
I20260630 12:34:13.131871  7294 consensus_queue.cc:237] T 00000000000000000000000000000000 P 9889bfe938a345248ffd630614a78674 [LEADER]: Queue going to LEADER mode. State: All replicated index: 0, Majority replicated index: 0, Committed index: 0, Last appended: 0.0, Last appended by leader: 0, Current term: 1, Majority size: 1, State: 0, Mode: LEADER, active raft config: opid_index: -1 OBSOLETE_local: true peers { permanent_uuid: "9889bfe938a345248ffd630614a78674" member_type: VOTER }
I20260630 12:34:13.132375  7291 sys_catalog.cc:565] T 00000000000000000000000000000000 P 9889bfe938a345248ffd630614a78674 [sys.catalog]: configured and running, proceeding with master startup.
I20260630 12:34:13.134759  7296 sys_catalog.cc:455] T 00000000000000000000000000000000 P 9889bfe938a345248ffd630614a78674 [sys.catalog]: SysCatalogTable state changed. Reason: New leader 9889bfe938a345248ffd630614a78674. Latest consensus state: current_term: 1 leader_uuid: "9889bfe938a345248ffd630614a78674" committed_config { opid_index: -1 OBSOLETE_local: true peers { permanent_uuid: "9889bfe938a345248ffd630614a78674" member_type: VOTER } }
I20260630 12:34:13.134686  7295 sys_catalog.cc:455] T 00000000000000000000000000000000 P 9889bfe938a345248ffd630614a78674 [sys.catalog]: SysCatalogTable state changed. Reason: RaftConsensus started. Latest consensus state: current_term: 1 leader_uuid: "9889bfe938a345248ffd630614a78674" committed_config { opid_index: -1 OBSOLETE_local: true peers { permanent_uuid: "9889bfe938a345248ffd630614a78674" member_type: VOTER } }
I20260630 12:34:13.135332  7296 sys_catalog.cc:458] T 00000000000000000000000000000000 P 9889bfe938a345248ffd630614a78674 [sys.catalog]: This master's current role is: LEADER
I20260630 12:34:13.135421  7295 sys_catalog.cc:458] T 00000000000000000000000000000000 P 9889bfe938a345248ffd630614a78674 [sys.catalog]: This master's current role is: LEADER
I20260630 12:34:13.138288  7299 catalog_manager.cc:1511] Loading table and tablet metadata into memory...
I20260630 12:34:13.143069  7299 catalog_manager.cc:1520] Initializing Kudu cluster ID...
I20260630 12:34:13.147553  5052 internal_mini_cluster.cc:184] Waiting to initialize catalog manager on master 0
I20260630 12:34:13.151430  7299 catalog_manager.cc:1383] Generated new cluster ID: 73308a6d60f44b908c25a8f603cff895
I20260630 12:34:13.151675  7299 catalog_manager.cc:1531] Initializing Kudu internal certificate authority...
I20260630 12:34:13.168977  7299 catalog_manager.cc:1406] Generated new certificate authority record
I20260630 12:34:13.170111  7299 catalog_manager.cc:1540] Loading token signing keys...
I20260630 12:34:13.182905  7299 catalog_manager.cc:6070] T 00000000000000000000000000000000 P 9889bfe938a345248ffd630614a78674: Generated new TSK 0
I20260630 12:34:13.183491  7299 catalog_manager.cc:1550] Initializing in-progress tserver states...
I20260630 12:34:13.214589  5052 file_cache.cc:492] Constructed file cache file cache with capacity 419430
W20260630 12:34:13.220068  7312 instance_detector.cc:116] could not retrieve AWS instance metadata: Network error: curl error: HTTP response code said error: The requested URL returned error: 404
W20260630 12:34:13.221057  7313 instance_detector.cc:116] could not retrieve Azure instance metadata: Network error: curl error: HTTP response code said error: The requested URL returned error: 404
W20260630 12:34:13.222585  7315 instance_detector.cc:116] could not retrieve OpenStack instance metadata: Network error: curl error: HTTP response code said error: The requested URL returned error: 404
I20260630 12:34:13.223249  5052 server_base.cc:1061] running on GCE node
I20260630 12:34:13.223968  5052 hybrid_clock.cc:584] initializing the hybrid clock with 'system_unsync' time source
W20260630 12:34:13.224159  5052 system_unsync_time.cc:38] NTP support is disabled. Clock error bounds will not be accurate. This configuration is not suitable for distributed clusters.
I20260630 12:34:13.224337  5052 hybrid_clock.cc:648] HybridClock initialized: now 1782822853224319 us; error 0 us; skew 500 ppm
I20260630 12:34:13.224852  5052 server_base.cc:861] Flag tcmalloc_max_total_thread_cache_bytes is not working since tcmalloc is not enabled.
I20260630 12:34:13.226830  5052 webserver.cc:533] Webserver started at http://127.4.239.1:41561/ using document root <none> and password file <none>
I20260630 12:34:13.227276  5052 fs_manager.cc:362] Metadata directory not provided
I20260630 12:34:13.227466  5052 fs_manager.cc:368] Using write-ahead log directory (fs_wal_dir) as metadata directory
I20260630 12:34:13.227728  5052 server_base.cc:909] This appears to be a new deployment of Kudu; creating new FS layout
I20260630 12:34:13.228919  5052 fs_manager.cc:1068] Generated new instance metadata in path /tmp/dist-test-taskpfACpH/test-tmp/auto_rebalancer-test.0.AutoRebalancerTest.NoReplicaMovesIfNoTablets.1782822790810029-5052-0/minicluster-data/ts-0-root/instance:
uuid: "9c5bc5735d7642dfa24b94db87c0699f"
format_stamp: "Formatted at 2026-06-30 12:34:13 on dist-test-slave-hwbx"
I20260630 12:34:13.233017  5052 fs_manager.cc:696] Time spent creating directory manager: real 0.004s	user 0.004s	sys 0.000s
I20260630 12:34:13.236019  7320 log_block_manager.cc:4031] Time spent loading block containers with low live blocks: real 0.000s	user 0.000s	sys 0.000s
I20260630 12:34:13.236714  5052 fs_manager.cc:730] Time spent opening block manager: real 0.002s	user 0.002s	sys 0.001s
I20260630 12:34:13.236974  5052 fs_manager.cc:647] Opened local filesystem: /tmp/dist-test-taskpfACpH/test-tmp/auto_rebalancer-test.0.AutoRebalancerTest.NoReplicaMovesIfNoTablets.1782822790810029-5052-0/minicluster-data/ts-0-root
uuid: "9c5bc5735d7642dfa24b94db87c0699f"
format_stamp: "Formatted at 2026-06-30 12:34:13 on dist-test-slave-hwbx"
I20260630 12:34:13.237244  5052 fs_report.cc:389] FS layout report
--------------------
wal directory: /tmp/dist-test-taskpfACpH/test-tmp/auto_rebalancer-test.0.AutoRebalancerTest.NoReplicaMovesIfNoTablets.1782822790810029-5052-0/minicluster-data/ts-0-root
metadata directory: /tmp/dist-test-taskpfACpH/test-tmp/auto_rebalancer-test.0.AutoRebalancerTest.NoReplicaMovesIfNoTablets.1782822790810029-5052-0/minicluster-data/ts-0-root
1 data directories: /tmp/dist-test-taskpfACpH/test-tmp/auto_rebalancer-test.0.AutoRebalancerTest.NoReplicaMovesIfNoTablets.1782822790810029-5052-0/minicluster-data/ts-0-root/data
Total live blocks: 0
Total live bytes: 0
Total live bytes (after alignment): 0
Total number of LBM containers: 0 (0 full)
Did not check for missing blocks
Did not check for orphaned blocks
Total full LBM containers with extra space: 0 (0 repaired)
Total full LBM container extra space in bytes: 0 (0 repaired)
Total incomplete LBM containers: 0 (0 repaired)
Total LBM partial records: 0 (0 repaired)
Total corrupted LBM metadata records in RocksDB: 0 (0 repaired)
I20260630 12:34:13.255475  5052 rpc_server.cc:225] running with OpenSSL 1.1.1  11 Sep 2018
I20260630 12:34:13.256561  5052 kserver.cc:163] Server-wide thread pool size limit: 3276
I20260630 12:34:13.257824  5052 txn_system_client.cc:432] TxnSystemClient initialization is disabled...
I20260630 12:34:13.259928  5052 ts_tablet_manager.cc:585] Loaded tablet metadata (0 total tablets, 0 live tablets)
I20260630 12:34:13.260106  5052 ts_tablet_manager.cc:531] Time spent load tablet metadata: real 0.000s	user 0.000s	sys 0.000s
I20260630 12:34:13.260404  5052 ts_tablet_manager.cc:616] Registered 0 tablets
I20260630 12:34:13.260576  5052 ts_tablet_manager.cc:595] Time spent register tablets: real 0.000s	user 0.000s	sys 0.000s
I20260630 12:34:13.297498  5052 rpc_server.cc:307] RPC server started. Bound to: 127.4.239.1:37333
I20260630 12:34:13.297590  7382 acceptor_pool.cc:272] collecting diagnostics on the listening RPC socket 127.4.239.1:37333 every 8 connection(s)
I20260630 12:34:13.302287  5052 file_cache.cc:492] Constructed file cache file cache with capacity 419430
W20260630 12:34:13.309530  7387 instance_detector.cc:116] could not retrieve AWS instance metadata: Network error: curl error: HTTP response code said error: The requested URL returned error: 404
W20260630 12:34:13.310259  7388 instance_detector.cc:116] could not retrieve Azure instance metadata: Network error: curl error: HTTP response code said error: The requested URL returned error: 404
I20260630 12:34:13.312436  5052 server_base.cc:1061] running on GCE node
W20260630 12:34:13.313570  7390 instance_detector.cc:116] could not retrieve OpenStack instance metadata: Network error: curl error: HTTP response code said error: The requested URL returned error: 404
I20260630 12:34:13.314309  5052 hybrid_clock.cc:584] initializing the hybrid clock with 'system_unsync' time source
W20260630 12:34:13.314517  5052 system_unsync_time.cc:38] NTP support is disabled. Clock error bounds will not be accurate. This configuration is not suitable for distributed clusters.
I20260630 12:34:13.314707  5052 hybrid_clock.cc:648] HybridClock initialized: now 1782822853314688 us; error 0 us; skew 500 ppm
I20260630 12:34:13.315225  5052 server_base.cc:861] Flag tcmalloc_max_total_thread_cache_bytes is not working since tcmalloc is not enabled.
I20260630 12:34:13.318265  5052 webserver.cc:533] Webserver started at http://127.4.239.2:38279/ using document root <none> and password file <none>
I20260630 12:34:13.318887  5052 fs_manager.cc:362] Metadata directory not provided
I20260630 12:34:13.319106  5052 fs_manager.cc:368] Using write-ahead log directory (fs_wal_dir) as metadata directory
I20260630 12:34:13.319285  7383 heartbeater.cc:344] Connected to a master server at 127.4.239.62:44491
I20260630 12:34:13.319401  5052 server_base.cc:909] This appears to be a new deployment of Kudu; creating new FS layout
I20260630 12:34:13.319644  7383 heartbeater.cc:461] Registering TS with master...
I20260630 12:34:13.320312  7383 heartbeater.cc:507] Master 127.4.239.62:44491 requested a full tablet report, sending...
I20260630 12:34:13.320703  5052 fs_manager.cc:1068] Generated new instance metadata in path /tmp/dist-test-taskpfACpH/test-tmp/auto_rebalancer-test.0.AutoRebalancerTest.NoReplicaMovesIfNoTablets.1782822790810029-5052-0/minicluster-data/ts-1-root/instance:
uuid: "9e8636aedb4c42c0917419f1882b49d0"
format_stamp: "Formatted at 2026-06-30 12:34:13 on dist-test-slave-hwbx"
I20260630 12:34:13.322465  7256 ts_manager.cc:194] Registered new tserver with Master: 9c5bc5735d7642dfa24b94db87c0699f (127.4.239.1:37333)
I20260630 12:34:13.324785  7256 master_service.cc:502] Signed X509 certificate for tserver {username='slave'} at 127.0.0.1:52672
I20260630 12:34:13.326152  5052 fs_manager.cc:696] Time spent creating directory manager: real 0.005s	user 0.005s	sys 0.000s
I20260630 12:34:13.329197  7395 log_block_manager.cc:4031] Time spent loading block containers with low live blocks: real 0.000s	user 0.000s	sys 0.000s
I20260630 12:34:13.329874  5052 fs_manager.cc:730] Time spent opening block manager: real 0.002s	user 0.003s	sys 0.000s
I20260630 12:34:13.330132  5052 fs_manager.cc:647] Opened local filesystem: /tmp/dist-test-taskpfACpH/test-tmp/auto_rebalancer-test.0.AutoRebalancerTest.NoReplicaMovesIfNoTablets.1782822790810029-5052-0/minicluster-data/ts-1-root
uuid: "9e8636aedb4c42c0917419f1882b49d0"
format_stamp: "Formatted at 2026-06-30 12:34:13 on dist-test-slave-hwbx"
I20260630 12:34:13.330379  5052 fs_report.cc:389] FS layout report
--------------------
wal directory: /tmp/dist-test-taskpfACpH/test-tmp/auto_rebalancer-test.0.AutoRebalancerTest.NoReplicaMovesIfNoTablets.1782822790810029-5052-0/minicluster-data/ts-1-root
metadata directory: /tmp/dist-test-taskpfACpH/test-tmp/auto_rebalancer-test.0.AutoRebalancerTest.NoReplicaMovesIfNoTablets.1782822790810029-5052-0/minicluster-data/ts-1-root
1 data directories: /tmp/dist-test-taskpfACpH/test-tmp/auto_rebalancer-test.0.AutoRebalancerTest.NoReplicaMovesIfNoTablets.1782822790810029-5052-0/minicluster-data/ts-1-root/data
Total live blocks: 0
Total live bytes: 0
Total live bytes (after alignment): 0
Total number of LBM containers: 0 (0 full)
Did not check for missing blocks
Did not check for orphaned blocks
Total full LBM containers with extra space: 0 (0 repaired)
Total full LBM container extra space in bytes: 0 (0 repaired)
Total incomplete LBM containers: 0 (0 repaired)
Total LBM partial records: 0 (0 repaired)
Total corrupted LBM metadata records in RocksDB: 0 (0 repaired)
I20260630 12:34:13.343250  5052 rpc_server.cc:225] running with OpenSSL 1.1.1  11 Sep 2018
I20260630 12:34:13.344278  5052 kserver.cc:163] Server-wide thread pool size limit: 3276
I20260630 12:34:13.345708  5052 txn_system_client.cc:432] TxnSystemClient initialization is disabled...
I20260630 12:34:13.347592  5052 ts_tablet_manager.cc:585] Loaded tablet metadata (0 total tablets, 0 live tablets)
I20260630 12:34:13.347771  5052 ts_tablet_manager.cc:531] Time spent load tablet metadata: real 0.000s	user 0.000s	sys 0.000s
I20260630 12:34:13.348014  5052 ts_tablet_manager.cc:616] Registered 0 tablets
I20260630 12:34:13.348152  5052 ts_tablet_manager.cc:595] Time spent register tablets: real 0.000s	user 0.000s	sys 0.000s
I20260630 12:34:13.384526  5052 rpc_server.cc:307] RPC server started. Bound to: 127.4.239.2:34711
I20260630 12:34:13.384572  7457 acceptor_pool.cc:272] collecting diagnostics on the listening RPC socket 127.4.239.2:34711 every 8 connection(s)
I20260630 12:34:13.389103  5052 file_cache.cc:492] Constructed file cache file cache with capacity 419430
W20260630 12:34:13.395704  7461 instance_detector.cc:116] could not retrieve AWS instance metadata: Network error: curl error: HTTP response code said error: The requested URL returned error: 404
W20260630 12:34:13.396709  7462 instance_detector.cc:116] could not retrieve Azure instance metadata: Network error: curl error: HTTP response code said error: The requested URL returned error: 404
W20260630 12:34:13.399747  7464 instance_detector.cc:116] could not retrieve OpenStack instance metadata: Network error: curl error: HTTP response code said error: The requested URL returned error: 404
I20260630 12:34:13.399868  5052 server_base.cc:1061] running on GCE node
I20260630 12:34:13.400820  7458 heartbeater.cc:344] Connected to a master server at 127.4.239.62:44491
I20260630 12:34:13.400940  5052 hybrid_clock.cc:584] initializing the hybrid clock with 'system_unsync' time source
W20260630 12:34:13.401242  5052 system_unsync_time.cc:38] NTP support is disabled. Clock error bounds will not be accurate. This configuration is not suitable for distributed clusters.
I20260630 12:34:13.401264  7458 heartbeater.cc:461] Registering TS with master...
I20260630 12:34:13.401484  5052 hybrid_clock.cc:648] HybridClock initialized: now 1782822853401465 us; error 0 us; skew 500 ppm
I20260630 12:34:13.402051  5052 server_base.cc:861] Flag tcmalloc_max_total_thread_cache_bytes is not working since tcmalloc is not enabled.
I20260630 12:34:13.402081  7458 heartbeater.cc:507] Master 127.4.239.62:44491 requested a full tablet report, sending...
I20260630 12:34:13.404127  7256 ts_manager.cc:194] Registered new tserver with Master: 9e8636aedb4c42c0917419f1882b49d0 (127.4.239.2:34711)
I20260630 12:34:13.404572  5052 webserver.cc:533] Webserver started at http://127.4.239.3:44803/ using document root <none> and password file <none>
I20260630 12:34:13.405050  5052 fs_manager.cc:362] Metadata directory not provided
I20260630 12:34:13.405249  5052 fs_manager.cc:368] Using write-ahead log directory (fs_wal_dir) as metadata directory
I20260630 12:34:13.405511  5052 server_base.cc:909] This appears to be a new deployment of Kudu; creating new FS layout
I20260630 12:34:13.405606  7256 master_service.cc:502] Signed X509 certificate for tserver {username='slave'} at 127.0.0.1:52682
I20260630 12:34:13.406850  5052 fs_manager.cc:1068] Generated new instance metadata in path /tmp/dist-test-taskpfACpH/test-tmp/auto_rebalancer-test.0.AutoRebalancerTest.NoReplicaMovesIfNoTablets.1782822790810029-5052-0/minicluster-data/ts-2-root/instance:
uuid: "7424ae2709e84754a7e97d5788fc9ae2"
format_stamp: "Formatted at 2026-06-30 12:34:13 on dist-test-slave-hwbx"
I20260630 12:34:13.411048  5052 fs_manager.cc:696] Time spent creating directory manager: real 0.004s	user 0.006s	sys 0.000s
I20260630 12:34:13.414049  7469 log_block_manager.cc:4031] Time spent loading block containers with low live blocks: real 0.000s	user 0.000s	sys 0.000s
I20260630 12:34:13.414763  5052 fs_manager.cc:730] Time spent opening block manager: real 0.002s	user 0.001s	sys 0.000s
I20260630 12:34:13.415030  5052 fs_manager.cc:647] Opened local filesystem: /tmp/dist-test-taskpfACpH/test-tmp/auto_rebalancer-test.0.AutoRebalancerTest.NoReplicaMovesIfNoTablets.1782822790810029-5052-0/minicluster-data/ts-2-root
uuid: "7424ae2709e84754a7e97d5788fc9ae2"
format_stamp: "Formatted at 2026-06-30 12:34:13 on dist-test-slave-hwbx"
I20260630 12:34:13.415305  5052 fs_report.cc:389] FS layout report
--------------------
wal directory: /tmp/dist-test-taskpfACpH/test-tmp/auto_rebalancer-test.0.AutoRebalancerTest.NoReplicaMovesIfNoTablets.1782822790810029-5052-0/minicluster-data/ts-2-root
metadata directory: /tmp/dist-test-taskpfACpH/test-tmp/auto_rebalancer-test.0.AutoRebalancerTest.NoReplicaMovesIfNoTablets.1782822790810029-5052-0/minicluster-data/ts-2-root
1 data directories: /tmp/dist-test-taskpfACpH/test-tmp/auto_rebalancer-test.0.AutoRebalancerTest.NoReplicaMovesIfNoTablets.1782822790810029-5052-0/minicluster-data/ts-2-root/data
Total live blocks: 0
Total live bytes: 0
Total live bytes (after alignment): 0
Total number of LBM containers: 0 (0 full)
Did not check for missing blocks
Did not check for orphaned blocks
Total full LBM containers with extra space: 0 (0 repaired)
Total full LBM container extra space in bytes: 0 (0 repaired)
Total incomplete LBM containers: 0 (0 repaired)
Total LBM partial records: 0 (0 repaired)
Total corrupted LBM metadata records in RocksDB: 0 (0 repaired)
I20260630 12:34:13.425393  5052 rpc_server.cc:225] running with OpenSSL 1.1.1  11 Sep 2018
I20260630 12:34:13.426414  5052 kserver.cc:163] Server-wide thread pool size limit: 3276
I20260630 12:34:13.427752  5052 txn_system_client.cc:432] TxnSystemClient initialization is disabled...
I20260630 12:34:13.429738  5052 ts_tablet_manager.cc:585] Loaded tablet metadata (0 total tablets, 0 live tablets)
I20260630 12:34:13.429946  5052 ts_tablet_manager.cc:531] Time spent load tablet metadata: real 0.000s	user 0.000s	sys 0.000s
I20260630 12:34:13.430159  5052 ts_tablet_manager.cc:616] Registered 0 tablets
I20260630 12:34:13.430323  5052 ts_tablet_manager.cc:595] Time spent register tablets: real 0.000s	user 0.000s	sys 0.000s
I20260630 12:34:13.468715  5052 rpc_server.cc:307] RPC server started. Bound to: 127.4.239.3:33381
I20260630 12:34:13.468794  7531 acceptor_pool.cc:272] collecting diagnostics on the listening RPC socket 127.4.239.3:33381 every 8 connection(s)
I20260630 12:34:13.481416  7532 heartbeater.cc:344] Connected to a master server at 127.4.239.62:44491
I20260630 12:34:13.481775  7532 heartbeater.cc:461] Registering TS with master...
I20260630 12:34:13.482437  7532 heartbeater.cc:507] Master 127.4.239.62:44491 requested a full tablet report, sending...
I20260630 12:34:13.484146  7256 ts_manager.cc:194] Registered new tserver with Master: 7424ae2709e84754a7e97d5788fc9ae2 (127.4.239.3:33381)
I20260630 12:34:13.485030  5052 internal_mini_cluster.cc:371] 3 TS(s) registered with all masters after 0.01327169s
I20260630 12:34:13.485395  7256 master_service.cc:502] Signed X509 certificate for tserver {username='slave'} at 127.0.0.1:52694
I20260630 12:34:14.327350  7383 heartbeater.cc:499] Master 127.4.239.62:44491 was elected leader, sending a full tablet report...
I20260630 12:34:14.407974  7458 heartbeater.cc:499] Master 127.4.239.62:44491 was elected leader, sending a full tablet report...
I20260630 12:34:14.487612  7532 heartbeater.cc:499] Master 127.4.239.62:44491 was elected leader, sending a full tablet report...
I20260630 12:34:15.147261  7309 auto_leader_rebalancer.cc:515] All tables' leader rebalancing finished this round
I20260630 12:34:17.148156  7309 auto_leader_rebalancer.cc:515] All tables' leader rebalancing finished this round
I20260630 12:34:19.149227  7309 auto_leader_rebalancer.cc:515] All tables' leader rebalancing finished this round
I20260630 12:34:21.150414  7309 auto_leader_rebalancer.cc:515] All tables' leader rebalancing finished this round
I20260630 12:34:23.151548  7309 auto_leader_rebalancer.cc:515] All tables' leader rebalancing finished this round
I20260630 12:34:25.152606  7309 auto_leader_rebalancer.cc:515] All tables' leader rebalancing finished this round
I20260630 12:34:25.576997  5052 tablet_server.cc:179] TabletServer@127.4.239.1:0 shutting down...
I20260630 12:34:25.600786  5052 ts_tablet_manager.cc:1507] Shutting down tablet manager...
I20260630 12:34:25.617334  5052 tablet_server.cc:196] TabletServer@127.4.239.1:0 shutdown complete.
I20260630 12:34:25.626479  5052 tablet_server.cc:179] TabletServer@127.4.239.2:0 shutting down...
I20260630 12:34:25.644497  5052 ts_tablet_manager.cc:1507] Shutting down tablet manager...
I20260630 12:34:25.659715  5052 tablet_server.cc:196] TabletServer@127.4.239.2:0 shutdown complete.
I20260630 12:34:25.667886  5052 tablet_server.cc:179] TabletServer@127.4.239.3:0 shutting down...
I20260630 12:34:25.686820  5052 ts_tablet_manager.cc:1507] Shutting down tablet manager...
I20260630 12:34:25.702073  5052 tablet_server.cc:196] TabletServer@127.4.239.3:0 shutdown complete.
I20260630 12:34:25.709954  5052 master.cc:562] Master@127.4.239.62:44491 shutting down...
I20260630 12:34:25.729118  5052 raft_consensus.cc:2243] T 00000000000000000000000000000000 P 9889bfe938a345248ffd630614a78674 [term 1 LEADER]: Raft consensus shutting down.
I20260630 12:34:25.729904  5052 raft_consensus.cc:2272] T 00000000000000000000000000000000 P 9889bfe938a345248ffd630614a78674 [term 1 FOLLOWER]: Raft consensus is shut down!
I20260630 12:34:25.730295  5052 tablet_replica.cc:333] T 00000000000000000000000000000000 P 9889bfe938a345248ffd630614a78674: stopping tablet replica
I20260630 12:34:25.747622  5052 master.cc:584] Master@127.4.239.62:44491 shutdown complete.
[       OK ] AutoRebalancerTest.NoReplicaMovesIfNoTablets (12757 ms)
[ RUN      ] AutoRebalancerTest.RangeAwareBuildClusterInfoGroupsByRange
I20260630 12:34:25.781579  5052 internal_mini_cluster.cc:156] Creating distributed mini masters. Addrs: 127.4.239.62:43655
I20260630 12:34:25.782613  5052 file_cache.cc:492] Constructed file cache file cache with capacity 419430
W20260630 12:34:25.787859  7537 instance_detector.cc:116] could not retrieve AWS instance metadata: Network error: curl error: HTTP response code said error: The requested URL returned error: 404
W20260630 12:34:25.788127  7538 instance_detector.cc:116] could not retrieve Azure instance metadata: Network error: curl error: HTTP response code said error: The requested URL returned error: 404
W20260630 12:34:25.789541  7540 instance_detector.cc:116] could not retrieve OpenStack instance metadata: Network error: curl error: HTTP response code said error: The requested URL returned error: 404
I20260630 12:34:25.790704  5052 server_base.cc:1061] running on GCE node
I20260630 12:34:25.791479  5052 hybrid_clock.cc:584] initializing the hybrid clock with 'system_unsync' time source
W20260630 12:34:25.791661  5052 system_unsync_time.cc:38] NTP support is disabled. Clock error bounds will not be accurate. This configuration is not suitable for distributed clusters.
I20260630 12:34:25.791810  5052 hybrid_clock.cc:648] HybridClock initialized: now 1782822865791794 us; error 0 us; skew 500 ppm
I20260630 12:34:25.792243  5052 server_base.cc:861] Flag tcmalloc_max_total_thread_cache_bytes is not working since tcmalloc is not enabled.
I20260630 12:34:25.794320  5052 webserver.cc:533] Webserver started at http://127.4.239.62:38823/ using document root <none> and password file <none>
I20260630 12:34:25.794783  5052 fs_manager.cc:362] Metadata directory not provided
I20260630 12:34:25.794993  5052 fs_manager.cc:368] Using write-ahead log directory (fs_wal_dir) as metadata directory
I20260630 12:34:25.795266  5052 server_base.cc:909] This appears to be a new deployment of Kudu; creating new FS layout
I20260630 12:34:25.796343  5052 fs_manager.cc:1068] Generated new instance metadata in path /tmp/dist-test-taskpfACpH/test-tmp/auto_rebalancer-test.0.AutoRebalancerTest.RangeAwareBuildClusterInfoGroupsByRange.1782822790810029-5052-0/minicluster-data/master-0-root/instance:
uuid: "8fe4c41171f1410d8bf494fc7447e82a"
format_stamp: "Formatted at 2026-06-30 12:34:25 on dist-test-slave-hwbx"
I20260630 12:34:25.800453  5052 fs_manager.cc:696] Time spent creating directory manager: real 0.004s	user 0.003s	sys 0.000s
I20260630 12:34:25.803411  7545 log_block_manager.cc:4031] Time spent loading block containers with low live blocks: real 0.000s	user 0.000s	sys 0.000s
I20260630 12:34:25.804050  5052 fs_manager.cc:730] Time spent opening block manager: real 0.002s	user 0.003s	sys 0.000s
I20260630 12:34:25.804324  5052 fs_manager.cc:647] Opened local filesystem: /tmp/dist-test-taskpfACpH/test-tmp/auto_rebalancer-test.0.AutoRebalancerTest.RangeAwareBuildClusterInfoGroupsByRange.1782822790810029-5052-0/minicluster-data/master-0-root
uuid: "8fe4c41171f1410d8bf494fc7447e82a"
format_stamp: "Formatted at 2026-06-30 12:34:25 on dist-test-slave-hwbx"
I20260630 12:34:25.804611  5052 fs_report.cc:389] FS layout report
--------------------
wal directory: /tmp/dist-test-taskpfACpH/test-tmp/auto_rebalancer-test.0.AutoRebalancerTest.RangeAwareBuildClusterInfoGroupsByRange.1782822790810029-5052-0/minicluster-data/master-0-root
metadata directory: /tmp/dist-test-taskpfACpH/test-tmp/auto_rebalancer-test.0.AutoRebalancerTest.RangeAwareBuildClusterInfoGroupsByRange.1782822790810029-5052-0/minicluster-data/master-0-root
1 data directories: /tmp/dist-test-taskpfACpH/test-tmp/auto_rebalancer-test.0.AutoRebalancerTest.RangeAwareBuildClusterInfoGroupsByRange.1782822790810029-5052-0/minicluster-data/master-0-root/data
Total live blocks: 0
Total live bytes: 0
Total live bytes (after alignment): 0
Total number of LBM containers: 0 (0 full)
Did not check for missing blocks
Did not check for orphaned blocks
Total full LBM containers with extra space: 0 (0 repaired)
Total full LBM container extra space in bytes: 0 (0 repaired)
Total incomplete LBM containers: 0 (0 repaired)
Total LBM partial records: 0 (0 repaired)
Total corrupted LBM metadata records in RocksDB: 0 (0 repaired)
I20260630 12:34:25.830339  5052 rpc_server.cc:225] running with OpenSSL 1.1.1  11 Sep 2018
I20260630 12:34:25.831861  5052 kserver.cc:163] Server-wide thread pool size limit: 3276
I20260630 12:34:25.880148  5052 rpc_server.cc:307] RPC server started. Bound to: 127.4.239.62:43655
I20260630 12:34:25.880239  7596 acceptor_pool.cc:272] collecting diagnostics on the listening RPC socket 127.4.239.62:43655 every 8 connection(s)
I20260630 12:34:25.884426  7597 data_dirs.cc:400] Could only allocate 1 dirs of requested 3 for tablet 00000000000000000000000000000000. 1 dirs total, 0 dirs full, 0 dirs failed
I20260630 12:34:25.894470  7597 tablet_bootstrap.cc:492] T 00000000000000000000000000000000 P 8fe4c41171f1410d8bf494fc7447e82a: Bootstrap starting.
I20260630 12:34:25.898885  7597 tablet_bootstrap.cc:654] T 00000000000000000000000000000000 P 8fe4c41171f1410d8bf494fc7447e82a: Neither blocks nor log segments found. Creating new log.
I20260630 12:34:25.902729  7597 tablet_bootstrap.cc:492] T 00000000000000000000000000000000 P 8fe4c41171f1410d8bf494fc7447e82a: No bootstrap required, opened a new log
I20260630 12:34:25.904737  7597 raft_consensus.cc:359] T 00000000000000000000000000000000 P 8fe4c41171f1410d8bf494fc7447e82a [term 0 FOLLOWER]: Replica starting. Triggering 0 pending ops. Active config: opid_index: -1 OBSOLETE_local: true peers { permanent_uuid: "8fe4c41171f1410d8bf494fc7447e82a" member_type: VOTER }
I20260630 12:34:25.905200  7597 raft_consensus.cc:385] T 00000000000000000000000000000000 P 8fe4c41171f1410d8bf494fc7447e82a [term 0 FOLLOWER]: Consensus starting up: Expiring failure detector timer to make a prompt election more likely
I20260630 12:34:25.905432  7597 raft_consensus.cc:740] T 00000000000000000000000000000000 P 8fe4c41171f1410d8bf494fc7447e82a [term 0 FOLLOWER]: Becoming Follower/Learner. State: Replica: 8fe4c41171f1410d8bf494fc7447e82a, State: Initialized, Role: FOLLOWER
I20260630 12:34:25.906039  7597 consensus_queue.cc:260] T 00000000000000000000000000000000 P 8fe4c41171f1410d8bf494fc7447e82a [NON_LEADER]: Queue going to NON_LEADER mode. State: All replicated index: 0, Majority replicated index: 0, Committed index: 0, Last appended: 0.0, Last appended by leader: 0, Current term: 0, Majority size: -1, State: 0, Mode: NON_LEADER, active raft config: opid_index: -1 OBSOLETE_local: true peers { permanent_uuid: "8fe4c41171f1410d8bf494fc7447e82a" member_type: VOTER }
I20260630 12:34:25.906512  7597 raft_consensus.cc:399] T 00000000000000000000000000000000 P 8fe4c41171f1410d8bf494fc7447e82a [term 0 FOLLOWER]: Only one voter in the Raft config. Triggering election immediately
I20260630 12:34:25.906754  7597 raft_consensus.cc:493] T 00000000000000000000000000000000 P 8fe4c41171f1410d8bf494fc7447e82a [term 0 FOLLOWER]: Starting leader election (initial election of a single-replica configuration)
I20260630 12:34:25.907012  7597 raft_consensus.cc:3060] T 00000000000000000000000000000000 P 8fe4c41171f1410d8bf494fc7447e82a [term 0 FOLLOWER]: Advancing to term 1
I20260630 12:34:25.910882  7597 raft_consensus.cc:515] T 00000000000000000000000000000000 P 8fe4c41171f1410d8bf494fc7447e82a [term 1 FOLLOWER]: Starting leader election with config: opid_index: -1 OBSOLETE_local: true peers { permanent_uuid: "8fe4c41171f1410d8bf494fc7447e82a" member_type: VOTER }
I20260630 12:34:25.911363  7597 leader_election.cc:304] T 00000000000000000000000000000000 P 8fe4c41171f1410d8bf494fc7447e82a [CANDIDATE]: Term 1 election: Election decided. Result: candidate won. Election summary: received 1 responses out of 1 voters: 1 yes votes; 0 no votes. yes voters: 8fe4c41171f1410d8bf494fc7447e82a; no voters: 
I20260630 12:34:25.912433  7597 leader_election.cc:290] T 00000000000000000000000000000000 P 8fe4c41171f1410d8bf494fc7447e82a [CANDIDATE]: Term 1 election: Requested vote from peers 
I20260630 12:34:25.912794  7600 raft_consensus.cc:2804] T 00000000000000000000000000000000 P 8fe4c41171f1410d8bf494fc7447e82a [term 1 FOLLOWER]: Leader election won for term 1
I20260630 12:34:25.914032  7600 raft_consensus.cc:697] T 00000000000000000000000000000000 P 8fe4c41171f1410d8bf494fc7447e82a [term 1 LEADER]: Becoming Leader. State: Replica: 8fe4c41171f1410d8bf494fc7447e82a, State: Running, Role: LEADER
I20260630 12:34:25.914662  7600 consensus_queue.cc:237] T 00000000000000000000000000000000 P 8fe4c41171f1410d8bf494fc7447e82a [LEADER]: Queue going to LEADER mode. State: All replicated index: 0, Majority replicated index: 0, Committed index: 0, Last appended: 0.0, Last appended by leader: 0, Current term: 1, Majority size: 1, State: 0, Mode: LEADER, active raft config: opid_index: -1 OBSOLETE_local: true peers { permanent_uuid: "8fe4c41171f1410d8bf494fc7447e82a" member_type: VOTER }
I20260630 12:34:25.915251  7597 sys_catalog.cc:565] T 00000000000000000000000000000000 P 8fe4c41171f1410d8bf494fc7447e82a [sys.catalog]: configured and running, proceeding with master startup.
I20260630 12:34:25.917438  7601 sys_catalog.cc:455] T 00000000000000000000000000000000 P 8fe4c41171f1410d8bf494fc7447e82a [sys.catalog]: SysCatalogTable state changed. Reason: RaftConsensus started. Latest consensus state: current_term: 1 leader_uuid: "8fe4c41171f1410d8bf494fc7447e82a" committed_config { opid_index: -1 OBSOLETE_local: true peers { permanent_uuid: "8fe4c41171f1410d8bf494fc7447e82a" member_type: VOTER } }
I20260630 12:34:25.917564  7602 sys_catalog.cc:455] T 00000000000000000000000000000000 P 8fe4c41171f1410d8bf494fc7447e82a [sys.catalog]: SysCatalogTable state changed. Reason: New leader 8fe4c41171f1410d8bf494fc7447e82a. Latest consensus state: current_term: 1 leader_uuid: "8fe4c41171f1410d8bf494fc7447e82a" committed_config { opid_index: -1 OBSOLETE_local: true peers { permanent_uuid: "8fe4c41171f1410d8bf494fc7447e82a" member_type: VOTER } }
I20260630 12:34:25.918126  7601 sys_catalog.cc:458] T 00000000000000000000000000000000 P 8fe4c41171f1410d8bf494fc7447e82a [sys.catalog]: This master's current role is: LEADER
I20260630 12:34:25.918232  7602 sys_catalog.cc:458] T 00000000000000000000000000000000 P 8fe4c41171f1410d8bf494fc7447e82a [sys.catalog]: This master's current role is: LEADER
I20260630 12:34:25.921170  7605 catalog_manager.cc:1511] Loading table and tablet metadata into memory...
I20260630 12:34:25.927457  7605 catalog_manager.cc:1520] Initializing Kudu cluster ID...
I20260630 12:34:25.929656  5052 internal_mini_cluster.cc:184] Waiting to initialize catalog manager on master 0
I20260630 12:34:25.936013  7605 catalog_manager.cc:1383] Generated new cluster ID: 082e042f62f74bf18aa034c694ede89a
I20260630 12:34:25.936259  7605 catalog_manager.cc:1531] Initializing Kudu internal certificate authority...
I20260630 12:34:25.973547  7605 catalog_manager.cc:1406] Generated new certificate authority record
I20260630 12:34:25.974746  7605 catalog_manager.cc:1540] Loading token signing keys...
I20260630 12:34:25.985776  7605 catalog_manager.cc:6070] T 00000000000000000000000000000000 P 8fe4c41171f1410d8bf494fc7447e82a: Generated new TSK 0
I20260630 12:34:25.986300  7605 catalog_manager.cc:1550] Initializing in-progress tserver states...
I20260630 12:34:25.995301  5052 file_cache.cc:492] Constructed file cache file cache with capacity 419430
W20260630 12:34:26.000700  7618 instance_detector.cc:116] could not retrieve AWS instance metadata: Network error: curl error: HTTP response code said error: The requested URL returned error: 404
W20260630 12:34:26.001596  7619 instance_detector.cc:116] could not retrieve Azure instance metadata: Network error: curl error: HTTP response code said error: The requested URL returned error: 404
I20260630 12:34:26.003273  5052 server_base.cc:1061] running on GCE node
W20260630 12:34:26.003890  7621 instance_detector.cc:116] could not retrieve OpenStack instance metadata: Network error: curl error: HTTP response code said error: The requested URL returned error: 404
I20260630 12:34:26.004664  5052 hybrid_clock.cc:584] initializing the hybrid clock with 'system_unsync' time source
W20260630 12:34:26.004873  5052 system_unsync_time.cc:38] NTP support is disabled. Clock error bounds will not be accurate. This configuration is not suitable for distributed clusters.
I20260630 12:34:26.005065  5052 hybrid_clock.cc:648] HybridClock initialized: now 1782822866005043 us; error 0 us; skew 500 ppm
I20260630 12:34:26.005620  5052 server_base.cc:861] Flag tcmalloc_max_total_thread_cache_bytes is not working since tcmalloc is not enabled.
I20260630 12:34:26.007834  5052 webserver.cc:533] Webserver started at http://127.4.239.1:44745/ using document root <none> and password file <none>
I20260630 12:34:26.008289  5052 fs_manager.cc:362] Metadata directory not provided
I20260630 12:34:26.008533  5052 fs_manager.cc:368] Using write-ahead log directory (fs_wal_dir) as metadata directory
I20260630 12:34:26.008795  5052 server_base.cc:909] This appears to be a new deployment of Kudu; creating new FS layout
I20260630 12:34:26.009768  5052 fs_manager.cc:1068] Generated new instance metadata in path /tmp/dist-test-taskpfACpH/test-tmp/auto_rebalancer-test.0.AutoRebalancerTest.RangeAwareBuildClusterInfoGroupsByRange.1782822790810029-5052-0/minicluster-data/ts-0-root/instance:
uuid: "6d18fd17e27e43a5af82afe649670be7"
format_stamp: "Formatted at 2026-06-30 12:34:26 on dist-test-slave-hwbx"
I20260630 12:34:26.014014  5052 fs_manager.cc:696] Time spent creating directory manager: real 0.004s	user 0.005s	sys 0.000s
I20260630 12:34:26.017195  7626 log_block_manager.cc:4031] Time spent loading block containers with low live blocks: real 0.000s	user 0.000s	sys 0.000s
I20260630 12:34:26.018000  5052 fs_manager.cc:730] Time spent opening block manager: real 0.002s	user 0.003s	sys 0.000s
I20260630 12:34:26.018242  5052 fs_manager.cc:647] Opened local filesystem: /tmp/dist-test-taskpfACpH/test-tmp/auto_rebalancer-test.0.AutoRebalancerTest.RangeAwareBuildClusterInfoGroupsByRange.1782822790810029-5052-0/minicluster-data/ts-0-root
uuid: "6d18fd17e27e43a5af82afe649670be7"
format_stamp: "Formatted at 2026-06-30 12:34:26 on dist-test-slave-hwbx"
I20260630 12:34:26.018460  5052 fs_report.cc:389] FS layout report
--------------------
wal directory: /tmp/dist-test-taskpfACpH/test-tmp/auto_rebalancer-test.0.AutoRebalancerTest.RangeAwareBuildClusterInfoGroupsByRange.1782822790810029-5052-0/minicluster-data/ts-0-root
metadata directory: /tmp/dist-test-taskpfACpH/test-tmp/auto_rebalancer-test.0.AutoRebalancerTest.RangeAwareBuildClusterInfoGroupsByRange.1782822790810029-5052-0/minicluster-data/ts-0-root
1 data directories: /tmp/dist-test-taskpfACpH/test-tmp/auto_rebalancer-test.0.AutoRebalancerTest.RangeAwareBuildClusterInfoGroupsByRange.1782822790810029-5052-0/minicluster-data/ts-0-root/data
Total live blocks: 0
Total live bytes: 0
Total live bytes (after alignment): 0
Total number of LBM containers: 0 (0 full)
Did not check for missing blocks
Did not check for orphaned blocks
Total full LBM containers with extra space: 0 (0 repaired)
Total full LBM container extra space in bytes: 0 (0 repaired)
Total incomplete LBM containers: 0 (0 repaired)
Total LBM partial records: 0 (0 repaired)
Total corrupted LBM metadata records in RocksDB: 0 (0 repaired)
I20260630 12:34:26.029191  5052 rpc_server.cc:225] running with OpenSSL 1.1.1  11 Sep 2018
I20260630 12:34:26.030189  5052 kserver.cc:163] Server-wide thread pool size limit: 3276
I20260630 12:34:26.031422  5052 txn_system_client.cc:432] TxnSystemClient initialization is disabled...
I20260630 12:34:26.033528  5052 ts_tablet_manager.cc:585] Loaded tablet metadata (0 total tablets, 0 live tablets)
I20260630 12:34:26.033730  5052 ts_tablet_manager.cc:531] Time spent load tablet metadata: real 0.000s	user 0.000s	sys 0.000s
I20260630 12:34:26.033958  5052 ts_tablet_manager.cc:616] Registered 0 tablets
I20260630 12:34:26.034124  5052 ts_tablet_manager.cc:595] Time spent register tablets: real 0.000s	user 0.000s	sys 0.000s
I20260630 12:34:26.071533  5052 rpc_server.cc:307] RPC server started. Bound to: 127.4.239.1:38615
I20260630 12:34:26.071624  7688 acceptor_pool.cc:272] collecting diagnostics on the listening RPC socket 127.4.239.1:38615 every 8 connection(s)
I20260630 12:34:26.076079  5052 file_cache.cc:492] Constructed file cache file cache with capacity 419430
W20260630 12:34:26.082909  7693 instance_detector.cc:116] could not retrieve AWS instance metadata: Network error: curl error: HTTP response code said error: The requested URL returned error: 404
W20260630 12:34:26.083377  7694 instance_detector.cc:116] could not retrieve Azure instance metadata: Network error: curl error: HTTP response code said error: The requested URL returned error: 404
W20260630 12:34:26.086283  7696 instance_detector.cc:116] could not retrieve OpenStack instance metadata: Network error: curl error: HTTP response code said error: The requested URL returned error: 404
I20260630 12:34:26.087646  5052 server_base.cc:1061] running on GCE node
I20260630 12:34:26.088478  5052 hybrid_clock.cc:584] initializing the hybrid clock with 'system_unsync' time source
W20260630 12:34:26.088735  5052 system_unsync_time.cc:38] NTP support is disabled. Clock error bounds will not be accurate. This configuration is not suitable for distributed clusters.
I20260630 12:34:26.088912  5052 hybrid_clock.cc:648] HybridClock initialized: now 1782822866088880 us; error 0 us; skew 500 ppm
I20260630 12:34:26.089428  5052 server_base.cc:861] Flag tcmalloc_max_total_thread_cache_bytes is not working since tcmalloc is not enabled.
I20260630 12:34:26.089888  7689 heartbeater.cc:344] Connected to a master server at 127.4.239.62:43655
I20260630 12:34:26.090303  7689 heartbeater.cc:461] Registering TS with master...
I20260630 12:34:26.091064  7689 heartbeater.cc:507] Master 127.4.239.62:43655 requested a full tablet report, sending...
I20260630 12:34:26.091830  5052 webserver.cc:533] Webserver started at http://127.4.239.2:42027/ using document root <none> and password file <none>
I20260630 12:34:26.092451  5052 fs_manager.cc:362] Metadata directory not provided
I20260630 12:34:26.092646  5052 fs_manager.cc:368] Using write-ahead log directory (fs_wal_dir) as metadata directory
I20260630 12:34:26.092900  5052 server_base.cc:909] This appears to be a new deployment of Kudu; creating new FS layout
I20260630 12:34:26.093158  7562 ts_manager.cc:194] Registered new tserver with Master: 6d18fd17e27e43a5af82afe649670be7 (127.4.239.1:38615)
I20260630 12:34:26.094079  5052 fs_manager.cc:1068] Generated new instance metadata in path /tmp/dist-test-taskpfACpH/test-tmp/auto_rebalancer-test.0.AutoRebalancerTest.RangeAwareBuildClusterInfoGroupsByRange.1782822790810029-5052-0/minicluster-data/ts-1-root/instance:
uuid: "1efafa58a907467594e5d1b7f0417b6b"
format_stamp: "Formatted at 2026-06-30 12:34:26 on dist-test-slave-hwbx"
I20260630 12:34:26.094884  7562 master_service.cc:502] Signed X509 certificate for tserver {username='slave'} at 127.0.0.1:49604
I20260630 12:34:26.098335  5052 fs_manager.cc:696] Time spent creating directory manager: real 0.004s	user 0.005s	sys 0.000s
I20260630 12:34:26.101294  7701 log_block_manager.cc:4031] Time spent loading block containers with low live blocks: real 0.000s	user 0.000s	sys 0.000s
I20260630 12:34:26.102013  5052 fs_manager.cc:730] Time spent opening block manager: real 0.002s	user 0.002s	sys 0.001s
I20260630 12:34:26.102286  5052 fs_manager.cc:647] Opened local filesystem: /tmp/dist-test-taskpfACpH/test-tmp/auto_rebalancer-test.0.AutoRebalancerTest.RangeAwareBuildClusterInfoGroupsByRange.1782822790810029-5052-0/minicluster-data/ts-1-root
uuid: "1efafa58a907467594e5d1b7f0417b6b"
format_stamp: "Formatted at 2026-06-30 12:34:26 on dist-test-slave-hwbx"
I20260630 12:34:26.102517  5052 fs_report.cc:389] FS layout report
--------------------
wal directory: /tmp/dist-test-taskpfACpH/test-tmp/auto_rebalancer-test.0.AutoRebalancerTest.RangeAwareBuildClusterInfoGroupsByRange.1782822790810029-5052-0/minicluster-data/ts-1-root
metadata directory: /tmp/dist-test-taskpfACpH/test-tmp/auto_rebalancer-test.0.AutoRebalancerTest.RangeAwareBuildClusterInfoGroupsByRange.1782822790810029-5052-0/minicluster-data/ts-1-root
1 data directories: /tmp/dist-test-taskpfACpH/test-tmp/auto_rebalancer-test.0.AutoRebalancerTest.RangeAwareBuildClusterInfoGroupsByRange.1782822790810029-5052-0/minicluster-data/ts-1-root/data
Total live blocks: 0
Total live bytes: 0
Total live bytes (after alignment): 0
Total number of LBM containers: 0 (0 full)
Did not check for missing blocks
Did not check for orphaned blocks
Total full LBM containers with extra space: 0 (0 repaired)
Total full LBM container extra space in bytes: 0 (0 repaired)
Total incomplete LBM containers: 0 (0 repaired)
Total LBM partial records: 0 (0 repaired)
Total corrupted LBM metadata records in RocksDB: 0 (0 repaired)
I20260630 12:34:26.118606  5052 rpc_server.cc:225] running with OpenSSL 1.1.1  11 Sep 2018
I20260630 12:34:26.119604  5052 kserver.cc:163] Server-wide thread pool size limit: 3276
I20260630 12:34:26.121034  5052 txn_system_client.cc:432] TxnSystemClient initialization is disabled...
I20260630 12:34:26.123116  5052 ts_tablet_manager.cc:585] Loaded tablet metadata (0 total tablets, 0 live tablets)
I20260630 12:34:26.123309  5052 ts_tablet_manager.cc:531] Time spent load tablet metadata: real 0.000s	user 0.000s	sys 0.000s
I20260630 12:34:26.123549  5052 ts_tablet_manager.cc:616] Registered 0 tablets
I20260630 12:34:26.123713  5052 ts_tablet_manager.cc:595] Time spent register tablets: real 0.000s	user 0.000s	sys 0.000s
I20260630 12:34:26.160599  5052 rpc_server.cc:307] RPC server started. Bound to: 127.4.239.2:37947
I20260630 12:34:26.160679  7763 acceptor_pool.cc:272] collecting diagnostics on the listening RPC socket 127.4.239.2:37947 every 8 connection(s)
I20260630 12:34:26.165177  5052 file_cache.cc:492] Constructed file cache file cache with capacity 419430
W20260630 12:34:26.172153  7767 instance_detector.cc:116] could not retrieve AWS instance metadata: Network error: curl error: HTTP response code said error: The requested URL returned error: 404
W20260630 12:34:26.173045  7768 instance_detector.cc:116] could not retrieve Azure instance metadata: Network error: curl error: HTTP response code said error: The requested URL returned error: 404
I20260630 12:34:26.175941  5052 server_base.cc:1061] running on GCE node
W20260630 12:34:26.176487  7770 instance_detector.cc:116] could not retrieve OpenStack instance metadata: Network error: curl error: HTTP response code said error: The requested URL returned error: 404
I20260630 12:34:26.177265  7764 heartbeater.cc:344] Connected to a master server at 127.4.239.62:43655
I20260630 12:34:26.177489  5052 hybrid_clock.cc:584] initializing the hybrid clock with 'system_unsync' time source
I20260630 12:34:26.177597  7764 heartbeater.cc:461] Registering TS with master...
W20260630 12:34:26.177765  5052 system_unsync_time.cc:38] NTP support is disabled. Clock error bounds will not be accurate. This configuration is not suitable for distributed clusters.
I20260630 12:34:26.178020  5052 hybrid_clock.cc:648] HybridClock initialized: now 1782822866178002 us; error 0 us; skew 500 ppm
