I20260630 12:34:44.185353 12152 raft_consensus.cc:1275] T 1a71d15808584f6c896869d30a473995 P 24993b6460844e289c75bfc85b141d70 [term 1 LEARNER]: Refusing update from remote peer b1b6e84ac4ce48948e95e6d93f07125a: Log matching property violated. Preceding OpId in replica: term: 1 index: 2. Preceding OpId from leader: term: 1 index: 3. (index mismatch)
I20260630 12:34:44.187150 12231 consensus_queue.cc:1048] T 1a71d15808584f6c896869d30a473995 P b1b6e84ac4ce48948e95e6d93f07125a [LEADER]: Connected to new peer: Peer: permanent_uuid: "2fa20f375bac41b3938d101025d23648" member_type: VOTER last_known_addr { host: "127.8.210.66" port: 35059 }, Status: LMP_MISMATCH, Last received: 0.0, Next index: 3, Last known committed idx: 2, Time since last communication: 0.000s
I20260630 12:34:44.188736 12525 consensus_queue.cc:1048] T 1a71d15808584f6c896869d30a473995 P b1b6e84ac4ce48948e95e6d93f07125a [LEADER]: Connected to new peer: Peer: permanent_uuid: "5aaa00bbbba447e5bab9e4b466e4c146" member_type: VOTER last_known_addr { host: "127.8.210.68" port: 35627 } attrs { replace: true }, Status: LMP_MISMATCH, Last received: 0.0, Next index: 3, Last known committed idx: 2, Time since last communication: 0.000s
I20260630 12:34:44.195573 12289 raft_consensus.cc:1275] T 92e5a47ba17b4b738ef5d1e7592abe95 P 5aaa00bbbba447e5bab9e4b466e4c146 [term 1 FOLLOWER]: Refusing update from remote peer 24993b6460844e289c75bfc85b141d70: Log matching property violated. Preceding OpId in replica: term: 1 index: 2. Preceding OpId from leader: term: 1 index: 3. (index mismatch)
I20260630 12:34:44.197049 12460 consensus_queue.cc:1048] T 92e5a47ba17b4b738ef5d1e7592abe95 P 24993b6460844e289c75bfc85b141d70 [LEADER]: Connected to new peer: Peer: permanent_uuid: "5aaa00bbbba447e5bab9e4b466e4c146" member_type: VOTER last_known_addr { host: "127.8.210.68" port: 35627 } attrs { replace: true }, Status: LMP_MISMATCH, Last received: 0.0, Next index: 3, Last known committed idx: 2, Time since last communication: 0.000s
I20260630 12:34:44.197785 12076 raft_consensus.cc:1275] T 92e5a47ba17b4b738ef5d1e7592abe95 P 2fa20f375bac41b3938d101025d23648 [term 1 LEARNER]: Refusing update from remote peer 24993b6460844e289c75bfc85b141d70: Log matching property violated. Preceding OpId in replica: term: 1 index: 2. Preceding OpId from leader: term: 1 index: 3. (index mismatch)
I20260630 12:34:44.202649 12525 consensus_queue.cc:1048] T 1a71d15808584f6c896869d30a473995 P b1b6e84ac4ce48948e95e6d93f07125a [LEADER]: Connected to new peer: Peer: permanent_uuid: "24993b6460844e289c75bfc85b141d70" member_type: VOTER last_known_addr { host: "127.8.210.67" port: 45843 } attrs { promote: false }, Status: LMP_MISMATCH, Last received: 0.0, Next index: 3, Last known committed idx: 2, Time since last communication: 0.000s
W20260630 12:34:44.204600 11949 auto_rebalancer.cc:911] Removing replace marker failed after 3 inline attempts; will retry on next rebalancer loop iteration: Service unavailable: leader transfer in progress
W20260630 12:34:44.205035 11949 auto_rebalancer.cc:920] Could not move replica: Remote error: Service unavailable: leadership transfer for 062714eb562a4b33a5066a295d7df806 already in progress
W20260630 12:34:44.205255 11949 auto_rebalancer.cc:340] scheduled replica move failed to complete: Remote error: Service unavailable: leadership transfer for 062714eb562a4b33a5066a295d7df806 already in progress
I20260630 12:34:44.202965 12460 consensus_queue.cc:1048] T 92e5a47ba17b4b738ef5d1e7592abe95 P 24993b6460844e289c75bfc85b141d70 [LEADER]: Connected to new peer: Peer: permanent_uuid: "2fa20f375bac41b3938d101025d23648" member_type: VOTER last_known_addr { host: "127.8.210.66" port: 35059 } attrs { promote: false }, Status: LMP_MISMATCH, Last received: 0.0, Next index: 3, Last known committed idx: 2, Time since last communication: 0.000s
I20260630 12:34:44.219802 12001 raft_consensus.cc:1275] T 92e5a47ba17b4b738ef5d1e7592abe95 P b1b6e84ac4ce48948e95e6d93f07125a [term 1 FOLLOWER]: Refusing update from remote peer 24993b6460844e289c75bfc85b141d70: Log matching property violated. Preceding OpId in replica: term: 1 index: 2. Preceding OpId from leader: term: 1 index: 3. (index mismatch)
I20260630 12:34:44.219983 12525 raft_consensus.cc:2955] T 1a71d15808584f6c896869d30a473995 P b1b6e84ac4ce48948e95e6d93f07125a [term 1 LEADER]: Committing config change with OpId 1.3: config changed from index 2 to 3, 24993b6460844e289c75bfc85b141d70 (127.8.210.67) changed from NON_VOTER to VOTER. New config: { opid_index: 3 OBSOLETE_local: false peers { permanent_uuid: "5aaa00bbbba447e5bab9e4b466e4c146" member_type: VOTER last_known_addr { host: "127.8.210.68" port: 35627 } attrs { replace: true } } peers { permanent_uuid: "b1b6e84ac4ce48948e95e6d93f07125a" member_type: VOTER last_known_addr { host: "127.8.210.65" port: 38243 } } peers { permanent_uuid: "2fa20f375bac41b3938d101025d23648" member_type: VOTER last_known_addr { host: "127.8.210.66" port: 35059 } } peers { permanent_uuid: "24993b6460844e289c75bfc85b141d70" member_type: VOTER last_known_addr { host: "127.8.210.67" port: 45843 } attrs { promote: false } } }
I20260630 12:34:44.233991 12152 raft_consensus.cc:2955] T 1a71d15808584f6c896869d30a473995 P 24993b6460844e289c75bfc85b141d70 [term 1 FOLLOWER]: Committing config change with OpId 1.3: config changed from index 2 to 3, 24993b6460844e289c75bfc85b141d70 (127.8.210.67) changed from NON_VOTER to VOTER. New config: { opid_index: 3 OBSOLETE_local: false peers { permanent_uuid: "5aaa00bbbba447e5bab9e4b466e4c146" member_type: VOTER last_known_addr { host: "127.8.210.68" port: 35627 } attrs { replace: true } } peers { permanent_uuid: "b1b6e84ac4ce48948e95e6d93f07125a" member_type: VOTER last_known_addr { host: "127.8.210.65" port: 38243 } } peers { permanent_uuid: "2fa20f375bac41b3938d101025d23648" member_type: VOTER last_known_addr { host: "127.8.210.66" port: 35059 } } peers { permanent_uuid: "24993b6460844e289c75bfc85b141d70" member_type: VOTER last_known_addr { host: "127.8.210.67" port: 45843 } attrs { promote: false } } }
I20260630 12:34:44.243328 12526 consensus_queue.cc:1048] T 92e5a47ba17b4b738ef5d1e7592abe95 P 24993b6460844e289c75bfc85b141d70 [LEADER]: Connected to new peer: Peer: permanent_uuid: "b1b6e84ac4ce48948e95e6d93f07125a" member_type: VOTER last_known_addr { host: "127.8.210.65" port: 38243 }, Status: LMP_MISMATCH, Last received: 0.0, Next index: 3, Last known committed idx: 2, Time since last communication: 0.000s
I20260630 12:34:44.268474 12075 raft_consensus.cc:2955] T 1a71d15808584f6c896869d30a473995 P 2fa20f375bac41b3938d101025d23648 [term 1 FOLLOWER]: Committing config change with OpId 1.3: config changed from index 2 to 3, 24993b6460844e289c75bfc85b141d70 (127.8.210.67) changed from NON_VOTER to VOTER. New config: { opid_index: 3 OBSOLETE_local: false peers { permanent_uuid: "5aaa00bbbba447e5bab9e4b466e4c146" member_type: VOTER last_known_addr { host: "127.8.210.68" port: 35627 } attrs { replace: true } } peers { permanent_uuid: "b1b6e84ac4ce48948e95e6d93f07125a" member_type: VOTER last_known_addr { host: "127.8.210.65" port: 38243 } } peers { permanent_uuid: "2fa20f375bac41b3938d101025d23648" member_type: VOTER last_known_addr { host: "127.8.210.66" port: 35059 } } peers { permanent_uuid: "24993b6460844e289c75bfc85b141d70" member_type: VOTER last_known_addr { host: "127.8.210.67" port: 45843 } attrs { promote: false } } }
I20260630 12:34:44.278749 11901 catalog_manager.cc:5697] T 1a71d15808584f6c896869d30a473995 P 24993b6460844e289c75bfc85b141d70 reported cstate change: config changed from index 2 to 3, 24993b6460844e289c75bfc85b141d70 (127.8.210.67) changed from NON_VOTER to VOTER. New cstate: current_term: 1 leader_uuid: "b1b6e84ac4ce48948e95e6d93f07125a" committed_config { opid_index: 3 OBSOLETE_local: false peers { permanent_uuid: "5aaa00bbbba447e5bab9e4b466e4c146" member_type: VOTER last_known_addr { host: "127.8.210.68" port: 35627 } attrs { replace: true } } peers { permanent_uuid: "b1b6e84ac4ce48948e95e6d93f07125a" member_type: VOTER last_known_addr { host: "127.8.210.65" port: 38243 } } peers { permanent_uuid: "2fa20f375bac41b3938d101025d23648" member_type: VOTER last_known_addr { host: "127.8.210.66" port: 35059 } } peers { permanent_uuid: "24993b6460844e289c75bfc85b141d70" member_type: VOTER last_known_addr { host: "127.8.210.67" port: 45843 } attrs { promote: false } } }
I20260630 12:34:44.286783 12460 raft_consensus.cc:2955] T 92e5a47ba17b4b738ef5d1e7592abe95 P 24993b6460844e289c75bfc85b141d70 [term 1 LEADER]: Committing config change with OpId 1.3: config changed from index 2 to 3, 2fa20f375bac41b3938d101025d23648 (127.8.210.66) changed from NON_VOTER to VOTER. New config: { opid_index: 3 OBSOLETE_local: false peers { permanent_uuid: "b1b6e84ac4ce48948e95e6d93f07125a" member_type: VOTER last_known_addr { host: "127.8.210.65" port: 38243 } } peers { permanent_uuid: "24993b6460844e289c75bfc85b141d70" member_type: VOTER last_known_addr { host: "127.8.210.67" port: 45843 } } peers { permanent_uuid: "5aaa00bbbba447e5bab9e4b466e4c146" member_type: VOTER last_known_addr { host: "127.8.210.68" port: 35627 } attrs { replace: true } } peers { permanent_uuid: "2fa20f375bac41b3938d101025d23648" member_type: VOTER last_known_addr { host: "127.8.210.66" port: 35059 } attrs { promote: false } } }
I20260630 12:34:44.288697 12289 raft_consensus.cc:3060] T 062714eb562a4b33a5066a295d7df806 P 5aaa00bbbba447e5bab9e4b466e4c146 [term 3 LEARNER]: Advancing to term 4
I20260630 12:34:44.289419 12001 raft_consensus.cc:2955] T 92e5a47ba17b4b738ef5d1e7592abe95 P b1b6e84ac4ce48948e95e6d93f07125a [term 1 FOLLOWER]: Committing config change with OpId 1.3: config changed from index 2 to 3, 2fa20f375bac41b3938d101025d23648 (127.8.210.66) changed from NON_VOTER to VOTER. New config: { opid_index: 3 OBSOLETE_local: false peers { permanent_uuid: "b1b6e84ac4ce48948e95e6d93f07125a" member_type: VOTER last_known_addr { host: "127.8.210.65" port: 38243 } } peers { permanent_uuid: "24993b6460844e289c75bfc85b141d70" member_type: VOTER last_known_addr { host: "127.8.210.67" port: 45843 } } peers { permanent_uuid: "5aaa00bbbba447e5bab9e4b466e4c146" member_type: VOTER last_known_addr { host: "127.8.210.68" port: 35627 } attrs { replace: true } } peers { permanent_uuid: "2fa20f375bac41b3938d101025d23648" member_type: VOTER last_known_addr { host: "127.8.210.66" port: 35059 } attrs { promote: false } } }
I20260630 12:34:44.299609 12289 raft_consensus.cc:1275] T 062714eb562a4b33a5066a295d7df806 P 5aaa00bbbba447e5bab9e4b466e4c146 [term 4 LEARNER]: Refusing update from remote peer 24993b6460844e289c75bfc85b141d70: Log matching property violated. Preceding OpId in replica: term: 3 index: 4. Preceding OpId from leader: term: 4 index: 5. (index mismatch)
I20260630 12:34:44.301811 12075 raft_consensus.cc:2955] T 92e5a47ba17b4b738ef5d1e7592abe95 P 2fa20f375bac41b3938d101025d23648 [term 1 FOLLOWER]: Committing config change with OpId 1.3: config changed from index 2 to 3, 2fa20f375bac41b3938d101025d23648 (127.8.210.66) changed from NON_VOTER to VOTER. New config: { opid_index: 3 OBSOLETE_local: false peers { permanent_uuid: "b1b6e84ac4ce48948e95e6d93f07125a" member_type: VOTER last_known_addr { host: "127.8.210.65" port: 38243 } } peers { permanent_uuid: "24993b6460844e289c75bfc85b141d70" member_type: VOTER last_known_addr { host: "127.8.210.67" port: 45843 } } peers { permanent_uuid: "5aaa00bbbba447e5bab9e4b466e4c146" member_type: VOTER last_known_addr { host: "127.8.210.68" port: 35627 } attrs { replace: true } } peers { permanent_uuid: "2fa20f375bac41b3938d101025d23648" member_type: VOTER last_known_addr { host: "127.8.210.66" port: 35059 } attrs { promote: false } } }
I20260630 12:34:44.304276 12289 raft_consensus.cc:2955] T 92e5a47ba17b4b738ef5d1e7592abe95 P 5aaa00bbbba447e5bab9e4b466e4c146 [term 1 FOLLOWER]: Committing config change with OpId 1.3: config changed from index 2 to 3, 2fa20f375bac41b3938d101025d23648 (127.8.210.66) changed from NON_VOTER to VOTER. New config: { opid_index: 3 OBSOLETE_local: false peers { permanent_uuid: "b1b6e84ac4ce48948e95e6d93f07125a" member_type: VOTER last_known_addr { host: "127.8.210.65" port: 38243 } } peers { permanent_uuid: "24993b6460844e289c75bfc85b141d70" member_type: VOTER last_known_addr { host: "127.8.210.67" port: 45843 } } peers { permanent_uuid: "5aaa00bbbba447e5bab9e4b466e4c146" member_type: VOTER last_known_addr { host: "127.8.210.68" port: 35627 } attrs { replace: true } } peers { permanent_uuid: "2fa20f375bac41b3938d101025d23648" member_type: VOTER last_known_addr { host: "127.8.210.66" port: 35059 } attrs { promote: false } } }
I20260630 12:34:44.310940 12290 raft_consensus.cc:2955] T 1a71d15808584f6c896869d30a473995 P 5aaa00bbbba447e5bab9e4b466e4c146 [term 1 FOLLOWER]: Committing config change with OpId 1.3: config changed from index 2 to 3, 24993b6460844e289c75bfc85b141d70 (127.8.210.67) changed from NON_VOTER to VOTER. New config: { opid_index: 3 OBSOLETE_local: false peers { permanent_uuid: "5aaa00bbbba447e5bab9e4b466e4c146" member_type: VOTER last_known_addr { host: "127.8.210.68" port: 35627 } attrs { replace: true } } peers { permanent_uuid: "b1b6e84ac4ce48948e95e6d93f07125a" member_type: VOTER last_known_addr { host: "127.8.210.65" port: 38243 } } peers { permanent_uuid: "2fa20f375bac41b3938d101025d23648" member_type: VOTER last_known_addr { host: "127.8.210.66" port: 35059 } } peers { permanent_uuid: "24993b6460844e289c75bfc85b141d70" member_type: VOTER last_known_addr { host: "127.8.210.67" port: 45843 } attrs { promote: false } } }
I20260630 12:34:44.312598 12551 consensus_queue.cc:1048] T 062714eb562a4b33a5066a295d7df806 P 24993b6460844e289c75bfc85b141d70 [LEADER]: Connected to new peer: Peer: permanent_uuid: "5aaa00bbbba447e5bab9e4b466e4c146" member_type: NON_VOTER last_known_addr { host: "127.8.210.68" port: 35627 } attrs { promote: true }, Status: LMP_MISMATCH, Last received: 0.0, Next index: 5, Last known committed idx: 4, Time since last communication: 0.000s
I20260630 12:34:44.320914 11901 catalog_manager.cc:5697] T 92e5a47ba17b4b738ef5d1e7592abe95 P 24993b6460844e289c75bfc85b141d70 reported cstate change: config changed from index 2 to 3, 2fa20f375bac41b3938d101025d23648 (127.8.210.66) changed from NON_VOTER to VOTER. New cstate: current_term: 1 leader_uuid: "24993b6460844e289c75bfc85b141d70" committed_config { opid_index: 3 OBSOLETE_local: false peers { permanent_uuid: "b1b6e84ac4ce48948e95e6d93f07125a" member_type: VOTER last_known_addr { host: "127.8.210.65" port: 38243 } health_report { overall_health: HEALTHY } } peers { permanent_uuid: "24993b6460844e289c75bfc85b141d70" member_type: VOTER last_known_addr { host: "127.8.210.67" port: 45843 } health_report { overall_health: HEALTHY } } peers { permanent_uuid: "5aaa00bbbba447e5bab9e4b466e4c146" member_type: VOTER last_known_addr { host: "127.8.210.68" port: 35627 } attrs { replace: true } health_report { overall_health: HEALTHY } } peers { permanent_uuid: "2fa20f375bac41b3938d101025d23648" member_type: VOTER last_known_addr { host: "127.8.210.66" port: 35059 } attrs { promote: false } health_report { overall_health: HEALTHY } } }
I20260630 12:34:44.327804 12001 consensus_queue.cc:237] T 1a71d15808584f6c896869d30a473995 P b1b6e84ac4ce48948e95e6d93f07125a [LEADER]: Queue going to LEADER mode. State: All replicated index: 0, Majority replicated index: 3, Committed index: 3, Last appended: 1.3, Last appended by leader: 0, Current term: 1, Majority size: 2, State: 0, Mode: LEADER, active raft config: opid_index: 4 OBSOLETE_local: false peers { permanent_uuid: "b1b6e84ac4ce48948e95e6d93f07125a" member_type: VOTER last_known_addr { host: "127.8.210.65" port: 38243 } } peers { permanent_uuid: "2fa20f375bac41b3938d101025d23648" member_type: VOTER last_known_addr { host: "127.8.210.66" port: 35059 } } peers { permanent_uuid: "24993b6460844e289c75bfc85b141d70" member_type: VOTER last_known_addr { host: "127.8.210.67" port: 45843 } attrs { promote: false } }
I20260630 12:34:44.334959 12152 raft_consensus.cc:1275] T 1a71d15808584f6c896869d30a473995 P 24993b6460844e289c75bfc85b141d70 [term 1 FOLLOWER]: Refusing update from remote peer b1b6e84ac4ce48948e95e6d93f07125a: Log matching property violated. Preceding OpId in replica: term: 1 index: 3. Preceding OpId from leader: term: 1 index: 4. (index mismatch)
I20260630 12:34:44.337891 12075 raft_consensus.cc:1275] T 1a71d15808584f6c896869d30a473995 P 2fa20f375bac41b3938d101025d23648 [term 1 FOLLOWER]: Refusing update from remote peer b1b6e84ac4ce48948e95e6d93f07125a: Log matching property violated. Preceding OpId in replica: term: 1 index: 3. Preceding OpId from leader: term: 1 index: 4. (index mismatch)
I20260630 12:34:44.341203 12544 consensus_queue.cc:1048] T 1a71d15808584f6c896869d30a473995 P b1b6e84ac4ce48948e95e6d93f07125a [LEADER]: Connected to new peer: Peer: permanent_uuid: "2fa20f375bac41b3938d101025d23648" member_type: VOTER last_known_addr { host: "127.8.210.66" port: 35059 }, Status: LMP_MISMATCH, Last received: 0.0, Next index: 4, Last known committed idx: 3, Time since last communication: 0.001s
I20260630 12:34:44.342728 12544 consensus_queue.cc:1048] T 1a71d15808584f6c896869d30a473995 P b1b6e84ac4ce48948e95e6d93f07125a [LEADER]: Connected to new peer: Peer: permanent_uuid: "24993b6460844e289c75bfc85b141d70" member_type: VOTER last_known_addr { host: "127.8.210.67" port: 45843 } attrs { promote: false }, Status: LMP_MISMATCH, Last received: 0.0, Next index: 4, Last known committed idx: 3, Time since last communication: 0.001s
I20260630 12:34:44.350349 12231 raft_consensus.cc:2955] T 1a71d15808584f6c896869d30a473995 P b1b6e84ac4ce48948e95e6d93f07125a [term 1 LEADER]: Committing config change with OpId 1.4: config changed from index 3 to 4, VOTER 5aaa00bbbba447e5bab9e4b466e4c146 (127.8.210.68) evicted. New config: { opid_index: 4 OBSOLETE_local: false peers { permanent_uuid: "b1b6e84ac4ce48948e95e6d93f07125a" member_type: VOTER last_known_addr { host: "127.8.210.65" port: 38243 } } peers { permanent_uuid: "2fa20f375bac41b3938d101025d23648" member_type: VOTER last_known_addr { host: "127.8.210.66" port: 35059 } } peers { permanent_uuid: "24993b6460844e289c75bfc85b141d70" member_type: VOTER last_known_addr { host: "127.8.210.67" port: 45843 } attrs { promote: false } } }
I20260630 12:34:44.353749 12152 raft_consensus.cc:2955] T 1a71d15808584f6c896869d30a473995 P 24993b6460844e289c75bfc85b141d70 [term 1 FOLLOWER]: Committing config change with OpId 1.4: config changed from index 3 to 4, VOTER 5aaa00bbbba447e5bab9e4b466e4c146 (127.8.210.68) evicted. New config: { opid_index: 4 OBSOLETE_local: false peers { permanent_uuid: "b1b6e84ac4ce48948e95e6d93f07125a" member_type: VOTER last_known_addr { host: "127.8.210.65" port: 38243 } } peers { permanent_uuid: "2fa20f375bac41b3938d101025d23648" member_type: VOTER last_known_addr { host: "127.8.210.66" port: 35059 } } peers { permanent_uuid: "24993b6460844e289c75bfc85b141d70" member_type: VOTER last_known_addr { host: "127.8.210.67" port: 45843 } attrs { promote: false } } }
I20260630 12:34:44.363300 12075 raft_consensus.cc:2955] T 1a71d15808584f6c896869d30a473995 P 2fa20f375bac41b3938d101025d23648 [term 1 FOLLOWER]: Committing config change with OpId 1.4: config changed from index 3 to 4, VOTER 5aaa00bbbba447e5bab9e4b466e4c146 (127.8.210.68) evicted. New config: { opid_index: 4 OBSOLETE_local: false peers { permanent_uuid: "b1b6e84ac4ce48948e95e6d93f07125a" member_type: VOTER last_known_addr { host: "127.8.210.65" port: 38243 } } peers { permanent_uuid: "2fa20f375bac41b3938d101025d23648" member_type: VOTER last_known_addr { host: "127.8.210.66" port: 35059 } } peers { permanent_uuid: "24993b6460844e289c75bfc85b141d70" member_type: VOTER last_known_addr { host: "127.8.210.67" port: 45843 } attrs { promote: false } } }
I20260630 12:34:44.376655 11886 catalog_manager.cc:5210] ChangeConfig:REMOVE_PEER RPC for tablet 1a71d15808584f6c896869d30a473995 with cas_config_opid_index 3: ChangeConfig:REMOVE_PEER succeeded (attempt 1)
I20260630 12:34:44.384230 12152 consensus_queue.cc:237] T 92e5a47ba17b4b738ef5d1e7592abe95 P 24993b6460844e289c75bfc85b141d70 [LEADER]: Queue going to LEADER mode. State: All replicated index: 0, Majority replicated index: 3, Committed index: 3, Last appended: 1.3, Last appended by leader: 0, Current term: 1, Majority size: 2, State: 0, Mode: LEADER, active raft config: opid_index: 4 OBSOLETE_local: false peers { permanent_uuid: "b1b6e84ac4ce48948e95e6d93f07125a" member_type: VOTER last_known_addr { host: "127.8.210.65" port: 38243 } } peers { permanent_uuid: "24993b6460844e289c75bfc85b141d70" member_type: VOTER last_known_addr { host: "127.8.210.67" port: 45843 } } peers { permanent_uuid: "2fa20f375bac41b3938d101025d23648" member_type: VOTER last_known_addr { host: "127.8.210.66" port: 35059 } attrs { promote: false } }
W20260630 12:34:44.390522 11886 catalog_manager.cc:5220] ChangeConfig:REMOVE_PEER RPC for tablet 1a71d15808584f6c896869d30a473995 with cas_config_opid_index 3: ChangeConfig:REMOVE_PEER failed with leader b1b6e84ac4ce48948e95e6d93f07125a (127.8.210.65:38243) due to CAS failure; no further retry: Illegal state: Request specified cas_config_opid_index of 3 but the committed config has opid_index of 4
I20260630 12:34:44.393575 12526 raft_consensus.cc:1064] T 062714eb562a4b33a5066a295d7df806 P 24993b6460844e289c75bfc85b141d70: attempting to promote NON_VOTER 5aaa00bbbba447e5bab9e4b466e4c146 to VOTER
W20260630 12:34:44.393924 12526 raft_consensus.cc:1068] T 062714eb562a4b33a5066a295d7df806 P 24993b6460844e289c75bfc85b141d70: Unable to promote non-voter 5aaa00bbbba447e5bab9e4b466e4c146: Service unavailable: leader transfer in progress
I20260630 12:34:44.394510 12075 raft_consensus.cc:1275] T 92e5a47ba17b4b738ef5d1e7592abe95 P 2fa20f375bac41b3938d101025d23648 [term 1 FOLLOWER]: Refusing update from remote peer 24993b6460844e289c75bfc85b141d70: Log matching property violated. Preceding OpId in replica: term: 1 index: 3. Preceding OpId from leader: term: 1 index: 4. (index mismatch)
I20260630 12:34:44.394690 12001 raft_consensus.cc:1275] T 92e5a47ba17b4b738ef5d1e7592abe95 P b1b6e84ac4ce48948e95e6d93f07125a [term 1 FOLLOWER]: Refusing update from remote peer 24993b6460844e289c75bfc85b141d70: Log matching property violated. Preceding OpId in replica: term: 1 index: 3. Preceding OpId from leader: term: 1 index: 4. (index mismatch)
I20260630 12:34:44.395958 12460 consensus_queue.cc:1048] T 92e5a47ba17b4b738ef5d1e7592abe95 P 24993b6460844e289c75bfc85b141d70 [LEADER]: Connected to new peer: Peer: permanent_uuid: "b1b6e84ac4ce48948e95e6d93f07125a" member_type: VOTER last_known_addr { host: "127.8.210.65" port: 38243 }, Status: LMP_MISMATCH, Last received: 0.0, Next index: 4, Last known committed idx: 3, Time since last communication: 0.000s
I20260630 12:34:44.396694 12551 consensus_queue.cc:1048] T 92e5a47ba17b4b738ef5d1e7592abe95 P 24993b6460844e289c75bfc85b141d70 [LEADER]: Connected to new peer: Peer: permanent_uuid: "2fa20f375bac41b3938d101025d23648" member_type: VOTER last_known_addr { host: "127.8.210.66" port: 35059 } attrs { promote: false }, Status: LMP_MISMATCH, Last received: 0.0, Next index: 4, Last known committed idx: 3, Time since last communication: 0.000s
I20260630 12:34:44.398700 11900 catalog_manager.cc:5697] T 1a71d15808584f6c896869d30a473995 P 24993b6460844e289c75bfc85b141d70 reported cstate change: config changed from index 3 to 4, VOTER 5aaa00bbbba447e5bab9e4b466e4c146 (127.8.210.68) evicted. New cstate: current_term: 1 leader_uuid: "b1b6e84ac4ce48948e95e6d93f07125a" committed_config { opid_index: 4 OBSOLETE_local: false peers { permanent_uuid: "b1b6e84ac4ce48948e95e6d93f07125a" member_type: VOTER last_known_addr { host: "127.8.210.65" port: 38243 } } peers { permanent_uuid: "2fa20f375bac41b3938d101025d23648" member_type: VOTER last_known_addr { host: "127.8.210.66" port: 35059 } } peers { permanent_uuid: "24993b6460844e289c75bfc85b141d70" member_type: VOTER last_known_addr { host: "127.8.210.67" port: 45843 } attrs { promote: false } } }
I20260630 12:34:44.403440 12076 raft_consensus.cc:1275] T 062714eb562a4b33a5066a295d7df806 P 2fa20f375bac41b3938d101025d23648 [term 4 FOLLOWER]: Refusing update from remote peer 24993b6460844e289c75bfc85b141d70: Log matching property violated. Preceding OpId in replica: term: 3 index: 4. Preceding OpId from leader: term: 4 index: 5. (index mismatch)
I20260630 12:34:44.403366 12551 raft_consensus.cc:2955] T 92e5a47ba17b4b738ef5d1e7592abe95 P 24993b6460844e289c75bfc85b141d70 [term 1 LEADER]: Committing config change with OpId 1.4: config changed from index 3 to 4, VOTER 5aaa00bbbba447e5bab9e4b466e4c146 (127.8.210.68) evicted. New config: { opid_index: 4 OBSOLETE_local: false peers { permanent_uuid: "b1b6e84ac4ce48948e95e6d93f07125a" member_type: VOTER last_known_addr { host: "127.8.210.65" port: 38243 } } peers { permanent_uuid: "24993b6460844e289c75bfc85b141d70" member_type: VOTER last_known_addr { host: "127.8.210.67" port: 45843 } } peers { permanent_uuid: "2fa20f375bac41b3938d101025d23648" member_type: VOTER last_known_addr { host: "127.8.210.66" port: 35059 } attrs { promote: false } } }
I20260630 12:34:44.410753 12526 consensus_queue.cc:1048] T 062714eb562a4b33a5066a295d7df806 P 24993b6460844e289c75bfc85b141d70 [LEADER]: Connected to new peer: Peer: permanent_uuid: "2fa20f375bac41b3938d101025d23648" member_type: VOTER last_known_addr { host: "127.8.210.66" port: 35059 }, Status: LMP_MISMATCH, Last received: 0.0, Next index: 5, Last known committed idx: 4, Time since last communication: 0.000s
I20260630 12:34:44.410333 12076 raft_consensus.cc:2955] T 92e5a47ba17b4b738ef5d1e7592abe95 P 2fa20f375bac41b3938d101025d23648 [term 1 FOLLOWER]: Committing config change with OpId 1.4: config changed from index 3 to 4, VOTER 5aaa00bbbba447e5bab9e4b466e4c146 (127.8.210.68) evicted. New config: { opid_index: 4 OBSOLETE_local: false peers { permanent_uuid: "b1b6e84ac4ce48948e95e6d93f07125a" member_type: VOTER last_known_addr { host: "127.8.210.65" port: 38243 } } peers { permanent_uuid: "24993b6460844e289c75bfc85b141d70" member_type: VOTER last_known_addr { host: "127.8.210.67" port: 45843 } } peers { permanent_uuid: "2fa20f375bac41b3938d101025d23648" member_type: VOTER last_known_addr { host: "127.8.210.66" port: 35059 } attrs { promote: false } } }
I20260630 12:34:44.411957 12278 tablet_service.cc:1558] Processing DeleteTablet for tablet 1a71d15808584f6c896869d30a473995 with delete_type TABLET_DATA_TOMBSTONED (Replica with old config index 3 (current committed config index is 4)) from {username='slave'} at 127.0.0.1:60008
I20260630 12:34:44.413111 11885 catalog_manager.cc:5210] ChangeConfig:REMOVE_PEER RPC for tablet 92e5a47ba17b4b738ef5d1e7592abe95 with cas_config_opid_index 3: ChangeConfig:REMOVE_PEER succeeded (attempt 1)
I20260630 12:34:44.412523 12001 raft_consensus.cc:2955] T 92e5a47ba17b4b738ef5d1e7592abe95 P b1b6e84ac4ce48948e95e6d93f07125a [term 1 FOLLOWER]: Committing config change with OpId 1.4: config changed from index 3 to 4, VOTER 5aaa00bbbba447e5bab9e4b466e4c146 (127.8.210.68) evicted. New config: { opid_index: 4 OBSOLETE_local: false peers { permanent_uuid: "b1b6e84ac4ce48948e95e6d93f07125a" member_type: VOTER last_known_addr { host: "127.8.210.65" port: 38243 } } peers { permanent_uuid: "24993b6460844e289c75bfc85b141d70" member_type: VOTER last_known_addr { host: "127.8.210.67" port: 45843 } } peers { permanent_uuid: "2fa20f375bac41b3938d101025d23648" member_type: VOTER last_known_addr { host: "127.8.210.66" port: 35059 } attrs { promote: false } } }
I20260630 12:34:44.421036 11901 catalog_manager.cc:5697] T 92e5a47ba17b4b738ef5d1e7592abe95 P 24993b6460844e289c75bfc85b141d70 reported cstate change: config changed from index 3 to 4, VOTER 5aaa00bbbba447e5bab9e4b466e4c146 (127.8.210.68) evicted. New cstate: current_term: 1 leader_uuid: "24993b6460844e289c75bfc85b141d70" committed_config { opid_index: 4 OBSOLETE_local: false peers { permanent_uuid: "b1b6e84ac4ce48948e95e6d93f07125a" member_type: VOTER last_known_addr { host: "127.8.210.65" port: 38243 } health_report { overall_health: HEALTHY } } peers { permanent_uuid: "24993b6460844e289c75bfc85b141d70" member_type: VOTER last_known_addr { host: "127.8.210.67" port: 45843 } health_report { overall_health: HEALTHY } } peers { permanent_uuid: "2fa20f375bac41b3938d101025d23648" member_type: VOTER last_known_addr { host: "127.8.210.66" port: 35059 } attrs { promote: false } health_report { overall_health: HEALTHY } } }
I20260630 12:34:44.427439 12002 raft_consensus.cc:1275] T 062714eb562a4b33a5066a295d7df806 P b1b6e84ac4ce48948e95e6d93f07125a [term 4 FOLLOWER]: Refusing update from remote peer 24993b6460844e289c75bfc85b141d70: Log matching property violated. Preceding OpId in replica: term: 3 index: 4. Preceding OpId from leader: term: 4 index: 5. (index mismatch)
I20260630 12:34:44.428982 12460 consensus_queue.cc:1048] T 062714eb562a4b33a5066a295d7df806 P 24993b6460844e289c75bfc85b141d70 [LEADER]: Connected to new peer: Peer: permanent_uuid: "b1b6e84ac4ce48948e95e6d93f07125a" member_type: VOTER last_known_addr { host: "127.8.210.65" port: 38243 }, Status: LMP_MISMATCH, Last received: 0.0, Next index: 5, Last known committed idx: 4, Time since last communication: 0.000s
I20260630 12:34:44.438889 12277 tablet_service.cc:1558] Processing DeleteTablet for tablet 92e5a47ba17b4b738ef5d1e7592abe95 with delete_type TABLET_DATA_TOMBSTONED (TS 5aaa00bbbba447e5bab9e4b466e4c146 not found in new config with opid_index 4) from {username='slave'} at 127.0.0.1:60008
I20260630 12:34:44.441391 12556 tablet_replica.cc:333] T 1a71d15808584f6c896869d30a473995 P 5aaa00bbbba447e5bab9e4b466e4c146: stopping tablet replica
I20260630 12:34:44.442353 12556 raft_consensus.cc:2243] T 1a71d15808584f6c896869d30a473995 P 5aaa00bbbba447e5bab9e4b466e4c146 [term 1 FOLLOWER]: Raft consensus shutting down.
I20260630 12:34:44.443076 12556 raft_consensus.cc:2272] T 1a71d15808584f6c896869d30a473995 P 5aaa00bbbba447e5bab9e4b466e4c146 [term 1 FOLLOWER]: Raft consensus is shut down!
I20260630 12:34:44.443462 12526 raft_consensus.cc:993] T 062714eb562a4b33a5066a295d7df806 P 24993b6460844e289c75bfc85b141d70: : Instructing follower b1b6e84ac4ce48948e95e6d93f07125a to start an election
I20260630 12:34:44.443915 12526 raft_consensus.cc:1081] T 062714eb562a4b33a5066a295d7df806 P 24993b6460844e289c75bfc85b141d70 [term 4 LEADER]: Signalling peer b1b6e84ac4ce48948e95e6d93f07125a to start an election
I20260630 12:34:44.446924 12556 ts_tablet_manager.cc:1916] T 1a71d15808584f6c896869d30a473995 P 5aaa00bbbba447e5bab9e4b466e4c146: Deleting tablet data with delete state TABLET_DATA_TOMBSTONED
I20260630 12:34:44.447449 12002 tablet_service.cc:2044] Received Run Leader Election RPC: tablet_id: "062714eb562a4b33a5066a295d7df806"
dest_uuid: "b1b6e84ac4ce48948e95e6d93f07125a"
 from {username='slave'} at 127.0.0.1:52316
I20260630 12:34:44.447997 12002 raft_consensus.cc:493] T 062714eb562a4b33a5066a295d7df806 P b1b6e84ac4ce48948e95e6d93f07125a [term 4 FOLLOWER]: Starting forced leader election (received explicit request)
I20260630 12:34:44.448372 12002 raft_consensus.cc:3060] T 062714eb562a4b33a5066a295d7df806 P b1b6e84ac4ce48948e95e6d93f07125a [term 4 FOLLOWER]: Advancing to term 5
I20260630 12:34:44.454973 12002 raft_consensus.cc:515] T 062714eb562a4b33a5066a295d7df806 P b1b6e84ac4ce48948e95e6d93f07125a [term 5 FOLLOWER]: Starting forced leader election with config: opid_index: 4 OBSOLETE_local: false peers { permanent_uuid: "b1b6e84ac4ce48948e95e6d93f07125a" member_type: VOTER last_known_addr { host: "127.8.210.65" port: 38243 } } peers { permanent_uuid: "2fa20f375bac41b3938d101025d23648" member_type: VOTER last_known_addr { host: "127.8.210.66" port: 35059 } } peers { permanent_uuid: "24993b6460844e289c75bfc85b141d70" member_type: VOTER last_known_addr { host: "127.8.210.67" port: 45843 } attrs { replace: true } } peers { permanent_uuid: "5aaa00bbbba447e5bab9e4b466e4c146" member_type: NON_VOTER last_known_addr { host: "127.8.210.68" port: 35627 } attrs { promote: true } }
I20260630 12:34:44.458127 12076 tablet_service.cc:1917] Received RequestConsensusVote() RPC: tablet_id: "062714eb562a4b33a5066a295d7df806" candidate_uuid: "b1b6e84ac4ce48948e95e6d93f07125a" candidate_term: 5 candidate_status { last_received { term: 4 index: 5 } } ignore_live_leader: true dest_uuid: "2fa20f375bac41b3938d101025d23648"
I20260630 12:34:44.460184 12001 raft_consensus.cc:1240] T 062714eb562a4b33a5066a295d7df806 P b1b6e84ac4ce48948e95e6d93f07125a [term 5 FOLLOWER]: Rejecting Update request from peer 24993b6460844e289c75bfc85b141d70 for earlier term 4. Current term is 5. Ops: []
I20260630 12:34:44.461185 12556 ts_tablet_manager.cc:1929] T 1a71d15808584f6c896869d30a473995 P 5aaa00bbbba447e5bab9e4b466e4c146: tablet deleted with delete type TABLET_DATA_TOMBSTONED: last-logged OpId 1.3
I20260630 12:34:44.461663 12556 log.cc:1199] T 1a71d15808584f6c896869d30a473995 P 5aaa00bbbba447e5bab9e4b466e4c146: Deleting WAL directory at /tmp/dist-test-taskD2GxkC/test-tmp/auto_rebalancer-test.0.AutoRebalancerTest.RangeAwareRebalancesNewRangeReplicas.1782822790510199-9033-0/minicluster-data/ts-3-root/wals/1a71d15808584f6c896869d30a473995
I20260630 12:34:44.462476 12551 consensus_queue.cc:1059] T 062714eb562a4b33a5066a295d7df806 P 24993b6460844e289c75bfc85b141d70 [LEADER]: Peer responded invalid term: Peer: permanent_uuid: "b1b6e84ac4ce48948e95e6d93f07125a" member_type: VOTER last_known_addr { host: "127.8.210.65" port: 38243 }, Status: INVALID_TERM, Last received: 4.5, Next index: 6, Last known committed idx: 4, Time since last communication: 0.000s
I20260630 12:34:44.461619 12152 tablet_service.cc:1917] Received RequestConsensusVote() RPC: tablet_id: "062714eb562a4b33a5066a295d7df806" candidate_uuid: "b1b6e84ac4ce48948e95e6d93f07125a" candidate_term: 5 candidate_status { last_received { term: 4 index: 5 } } ignore_live_leader: true dest_uuid: "24993b6460844e289c75bfc85b141d70"
I20260630 12:34:44.463701 12002 leader_election.cc:290] T 062714eb562a4b33a5066a295d7df806 P b1b6e84ac4ce48948e95e6d93f07125a [CANDIDATE]: Term 5 election: Requested vote from peers 2fa20f375bac41b3938d101025d23648 (127.8.210.66:35059), 24993b6460844e289c75bfc85b141d70 (127.8.210.67:45843)
I20260630 12:34:44.463654 11885 catalog_manager.cc:5028] TS 5aaa00bbbba447e5bab9e4b466e4c146 (127.8.210.68:35627): tablet 1a71d15808584f6c896869d30a473995 (table range_aware_rebalance_new_range [id=c317d1f4429241188a0e05588c90c854]) successfully deleted
I20260630 12:34:44.465230 12556 tablet_replica.cc:333] T 92e5a47ba17b4b738ef5d1e7592abe95 P 5aaa00bbbba447e5bab9e4b466e4c146: stopping tablet replica
I20260630 12:34:44.466205 12556 raft_consensus.cc:2243] T 92e5a47ba17b4b738ef5d1e7592abe95 P 5aaa00bbbba447e5bab9e4b466e4c146 [term 1 FOLLOWER]: Raft consensus shutting down.
I20260630 12:34:44.466893 12152 raft_consensus.cc:3055] T 062714eb562a4b33a5066a295d7df806 P 24993b6460844e289c75bfc85b141d70 [term 4 LEADER]: Stepping down as leader of term 4
I20260630 12:34:44.467288 12152 raft_consensus.cc:740] T 062714eb562a4b33a5066a295d7df806 P 24993b6460844e289c75bfc85b141d70 [term 4 LEADER]: Becoming Follower/Learner. State: Replica: 24993b6460844e289c75bfc85b141d70, State: Running, Role: LEADER
I20260630 12:34:44.466848 12556 raft_consensus.cc:2272] T 92e5a47ba17b4b738ef5d1e7592abe95 P 5aaa00bbbba447e5bab9e4b466e4c146 [term 1 FOLLOWER]: Raft consensus is shut down!
I20260630 12:34:44.468084 12152 consensus_queue.cc:260] T 062714eb562a4b33a5066a295d7df806 P 24993b6460844e289c75bfc85b141d70 [NON_LEADER]: Queue going to NON_LEADER mode. State: All replicated index: 0, Majority replicated index: 5, Committed index: 5, Last appended: 4.5, Last appended by leader: 5, Current term: 4, Majority size: -1, State: 0, Mode: NON_LEADER, active raft config: opid_index: 4 OBSOLETE_local: false peers { permanent_uuid: "b1b6e84ac4ce48948e95e6d93f07125a" member_type: VOTER last_known_addr { host: "127.8.210.65" port: 38243 } } peers { permanent_uuid: "2fa20f375bac41b3938d101025d23648" member_type: VOTER last_known_addr { host: "127.8.210.66" port: 35059 } } peers { permanent_uuid: "24993b6460844e289c75bfc85b141d70" member_type: VOTER last_known_addr { host: "127.8.210.67" port: 45843 } attrs { replace: true } } peers { permanent_uuid: "5aaa00bbbba447e5bab9e4b466e4c146" member_type: NON_VOTER last_known_addr { host: "127.8.210.68" port: 35627 } attrs { promote: true } }
I20260630 12:34:44.469274 12152 raft_consensus.cc:3060] T 062714eb562a4b33a5066a295d7df806 P 24993b6460844e289c75bfc85b141d70 [term 4 FOLLOWER]: Advancing to term 5
I20260630 12:34:44.471762 12556 ts_tablet_manager.cc:1916] T 92e5a47ba17b4b738ef5d1e7592abe95 P 5aaa00bbbba447e5bab9e4b466e4c146: Deleting tablet data with delete state TABLET_DATA_TOMBSTONED
I20260630 12:34:44.475144 12152 raft_consensus.cc:2468] T 062714eb562a4b33a5066a295d7df806 P 24993b6460844e289c75bfc85b141d70 [term 5 FOLLOWER]: Leader election vote request: Granting yes vote for candidate b1b6e84ac4ce48948e95e6d93f07125a in term 5.
W20260630 12:34:44.477367 12460 raft_consensus.cc:936] Couldn't advance consensus term.: Illegal state: Can't advance term to: 5 current term: 5 is higher.
I20260630 12:34:44.477717 11966 leader_election.cc:304] T 062714eb562a4b33a5066a295d7df806 P b1b6e84ac4ce48948e95e6d93f07125a [CANDIDATE]: Term 5 election: Election decided. Result: candidate won. Election summary: received 3 responses out of 3 voters: 2 yes votes; 1 no votes. yes voters: 24993b6460844e289c75bfc85b141d70, b1b6e84ac4ce48948e95e6d93f07125a; no voters: 2fa20f375bac41b3938d101025d23648
I20260630 12:34:44.478689 12231 raft_consensus.cc:2804] T 062714eb562a4b33a5066a295d7df806 P b1b6e84ac4ce48948e95e6d93f07125a [term 5 FOLLOWER]: Leader election won for term 5
I20260630 12:34:44.479087 12231 raft_consensus.cc:697] T 062714eb562a4b33a5066a295d7df806 P b1b6e84ac4ce48948e95e6d93f07125a [term 5 LEADER]: Becoming Leader. State: Replica: b1b6e84ac4ce48948e95e6d93f07125a, State: Running, Role: LEADER
I20260630 12:34:44.479686 12231 consensus_queue.cc:237] T 062714eb562a4b33a5066a295d7df806 P b1b6e84ac4ce48948e95e6d93f07125a [LEADER]: Queue going to LEADER mode. State: All replicated index: 0, Majority replicated index: 4, Committed index: 4, Last appended: 4.5, Last appended by leader: 5, Current term: 5, Majority size: 2, State: 0, Mode: LEADER, active raft config: opid_index: 4 OBSOLETE_local: false peers { permanent_uuid: "b1b6e84ac4ce48948e95e6d93f07125a" member_type: VOTER last_known_addr { host: "127.8.210.65" port: 38243 } } peers { permanent_uuid: "2fa20f375bac41b3938d101025d23648" member_type: VOTER last_known_addr { host: "127.8.210.66" port: 35059 } } peers { permanent_uuid: "24993b6460844e289c75bfc85b141d70" member_type: VOTER last_known_addr { host: "127.8.210.67" port: 45843 } attrs { replace: true } } peers { permanent_uuid: "5aaa00bbbba447e5bab9e4b466e4c146" member_type: NON_VOTER last_known_addr { host: "127.8.210.68" port: 35627 } attrs { promote: true } }
I20260630 12:34:44.486865 11900 catalog_manager.cc:5697] T 062714eb562a4b33a5066a295d7df806 P b1b6e84ac4ce48948e95e6d93f07125a reported cstate change: term changed from 4 to 5, leader changed from 24993b6460844e289c75bfc85b141d70 (127.8.210.67) to b1b6e84ac4ce48948e95e6d93f07125a (127.8.210.65). New cstate: current_term: 5 leader_uuid: "b1b6e84ac4ce48948e95e6d93f07125a" committed_config { opid_index: 4 OBSOLETE_local: false peers { permanent_uuid: "b1b6e84ac4ce48948e95e6d93f07125a" member_type: VOTER last_known_addr { host: "127.8.210.65" port: 38243 } health_report { overall_health: HEALTHY } } peers { permanent_uuid: "2fa20f375bac41b3938d101025d23648" member_type: VOTER last_known_addr { host: "127.8.210.66" port: 35059 } health_report { overall_health: UNKNOWN } } peers { permanent_uuid: "24993b6460844e289c75bfc85b141d70" member_type: VOTER last_known_addr { host: "127.8.210.67" port: 45843 } attrs { replace: true } health_report { overall_health: UNKNOWN } } peers { permanent_uuid: "5aaa00bbbba447e5bab9e4b466e4c146" member_type: NON_VOTER last_known_addr { host: "127.8.210.68" port: 35627 } attrs { promote: true } health_report { overall_health: UNKNOWN } } }
I20260630 12:34:44.488704 12556 ts_tablet_manager.cc:1929] T 92e5a47ba17b4b738ef5d1e7592abe95 P 5aaa00bbbba447e5bab9e4b466e4c146: tablet deleted with delete type TABLET_DATA_TOMBSTONED: last-logged OpId 1.3
I20260630 12:34:44.489099 12556 log.cc:1199] T 92e5a47ba17b4b738ef5d1e7592abe95 P 5aaa00bbbba447e5bab9e4b466e4c146: Deleting WAL directory at /tmp/dist-test-taskD2GxkC/test-tmp/auto_rebalancer-test.0.AutoRebalancerTest.RangeAwareRebalancesNewRangeReplicas.1782822790510199-9033-0/minicluster-data/ts-3-root/wals/92e5a47ba17b4b738ef5d1e7592abe95
I20260630 12:34:44.490384 11885 catalog_manager.cc:5028] TS 5aaa00bbbba447e5bab9e4b466e4c146 (127.8.210.68:35627): tablet 92e5a47ba17b4b738ef5d1e7592abe95 (table range_aware_rebalance_new_range [id=c317d1f4429241188a0e05588c90c854]) successfully deleted
I20260630 12:34:44.882911 12289 raft_consensus.cc:3060] T 062714eb562a4b33a5066a295d7df806 P 5aaa00bbbba447e5bab9e4b466e4c146 [term 4 LEARNER]: Advancing to term 5
I20260630 12:34:44.888425 12289 raft_consensus.cc:1275] T 062714eb562a4b33a5066a295d7df806 P 5aaa00bbbba447e5bab9e4b466e4c146 [term 5 LEARNER]: Refusing update from remote peer b1b6e84ac4ce48948e95e6d93f07125a: Log matching property violated. Preceding OpId in replica: term: 4 index: 5. Preceding OpId from leader: term: 5 index: 6. (index mismatch)
I20260630 12:34:44.889389 12544 consensus_queue.cc:1048] T 062714eb562a4b33a5066a295d7df806 P b1b6e84ac4ce48948e95e6d93f07125a [LEADER]: Connected to new peer: Peer: permanent_uuid: "5aaa00bbbba447e5bab9e4b466e4c146" member_type: NON_VOTER last_known_addr { host: "127.8.210.68" port: 35627 } attrs { promote: true }, Status: LMP_MISMATCH, Last received: 0.0, Next index: 6, Last known committed idx: 5, Time since last communication: 0.000s
I20260630 12:34:44.893718 12544 raft_consensus.cc:1064] T 062714eb562a4b33a5066a295d7df806 P b1b6e84ac4ce48948e95e6d93f07125a: attempting to promote NON_VOTER 5aaa00bbbba447e5bab9e4b466e4c146 to VOTER
W20260630 12:34:44.894097 12544 raft_consensus.cc:1068] T 062714eb562a4b33a5066a295d7df806 P b1b6e84ac4ce48948e95e6d93f07125a: Unable to promote non-voter 5aaa00bbbba447e5bab9e4b466e4c146: Illegal state: Leader has not yet committed an operation in its own term
I20260630 12:34:44.927210 12152 raft_consensus.cc:1275] T 062714eb562a4b33a5066a295d7df806 P 24993b6460844e289c75bfc85b141d70 [term 5 FOLLOWER]: Refusing update from remote peer b1b6e84ac4ce48948e95e6d93f07125a: Log matching property violated. Preceding OpId in replica: term: 4 index: 5. Preceding OpId from leader: term: 5 index: 6. (index mismatch)
I20260630 12:34:44.928196 12544 consensus_queue.cc:1048] T 062714eb562a4b33a5066a295d7df806 P b1b6e84ac4ce48948e95e6d93f07125a [LEADER]: Connected to new peer: Peer: permanent_uuid: "24993b6460844e289c75bfc85b141d70" member_type: VOTER last_known_addr { host: "127.8.210.67" port: 45843 } attrs { replace: true }, Status: LMP_MISMATCH, Last received: 0.0, Next index: 6, Last known committed idx: 5, Time since last communication: 0.000s
I20260630 12:34:44.939888 12075 raft_consensus.cc:3060] T 062714eb562a4b33a5066a295d7df806 P 2fa20f375bac41b3938d101025d23648 [term 4 FOLLOWER]: Advancing to term 5
I20260630 12:34:44.944207 12544 raft_consensus.cc:1064] T 062714eb562a4b33a5066a295d7df806 P b1b6e84ac4ce48948e95e6d93f07125a: attempting to promote NON_VOTER 5aaa00bbbba447e5bab9e4b466e4c146 to VOTER
I20260630 12:34:44.945899 12544 consensus_queue.cc:237] T 062714eb562a4b33a5066a295d7df806 P b1b6e84ac4ce48948e95e6d93f07125a [LEADER]: Queue going to LEADER mode. State: All replicated index: 0, Majority replicated index: 6, Committed index: 6, Last appended: 5.6, Last appended by leader: 5, Current term: 5, Majority size: 3, State: 0, Mode: LEADER, active raft config: opid_index: 7 OBSOLETE_local: false peers { permanent_uuid: "b1b6e84ac4ce48948e95e6d93f07125a" member_type: VOTER last_known_addr { host: "127.8.210.65" port: 38243 } } peers { permanent_uuid: "2fa20f375bac41b3938d101025d23648" member_type: VOTER last_known_addr { host: "127.8.210.66" port: 35059 } } peers { permanent_uuid: "24993b6460844e289c75bfc85b141d70" member_type: VOTER last_known_addr { host: "127.8.210.67" port: 45843 } attrs { replace: true } } peers { permanent_uuid: "5aaa00bbbba447e5bab9e4b466e4c146" member_type: VOTER last_known_addr { host: "127.8.210.68" port: 35627 } attrs { promote: false } }
I20260630 12:34:44.947297 12075 raft_consensus.cc:1275] T 062714eb562a4b33a5066a295d7df806 P 2fa20f375bac41b3938d101025d23648 [term 5 FOLLOWER]: Refusing update from remote peer b1b6e84ac4ce48948e95e6d93f07125a: Log matching property violated. Preceding OpId in replica: term: 4 index: 5. Preceding OpId from leader: term: 5 index: 6. (index mismatch)
I20260630 12:34:44.950683 12289 raft_consensus.cc:1275] T 062714eb562a4b33a5066a295d7df806 P 5aaa00bbbba447e5bab9e4b466e4c146 [term 5 LEARNER]: Refusing update from remote peer b1b6e84ac4ce48948e95e6d93f07125a: Log matching property violated. Preceding OpId in replica: term: 5 index: 6. Preceding OpId from leader: term: 5 index: 7. (index mismatch)
I20260630 12:34:44.950836 12075 raft_consensus.cc:1275] T 062714eb562a4b33a5066a295d7df806 P 2fa20f375bac41b3938d101025d23648 [term 5 FOLLOWER]: Refusing update from remote peer b1b6e84ac4ce48948e95e6d93f07125a: Log matching property violated. Preceding OpId in replica: term: 4 index: 5. Preceding OpId from leader: term: 5 index: 7. (index mismatch)
I20260630 12:34:44.950904 12152 raft_consensus.cc:1275] T 062714eb562a4b33a5066a295d7df806 P 24993b6460844e289c75bfc85b141d70 [term 5 FOLLOWER]: Refusing update from remote peer b1b6e84ac4ce48948e95e6d93f07125a: Log matching property violated. Preceding OpId in replica: term: 5 index: 6. Preceding OpId from leader: term: 5 index: 7. (index mismatch)
I20260630 12:34:44.952070 12564 consensus_queue.cc:1048] T 062714eb562a4b33a5066a295d7df806 P b1b6e84ac4ce48948e95e6d93f07125a [LEADER]: Connected to new peer: Peer: permanent_uuid: "2fa20f375bac41b3938d101025d23648" member_type: VOTER last_known_addr { host: "127.8.210.66" port: 35059 }, Status: LMP_MISMATCH, Last received: 0.0, Next index: 7, Last known committed idx: 5, Time since last communication: 0.000s
I20260630 12:34:44.952657 12231 consensus_queue.cc:1048] T 062714eb562a4b33a5066a295d7df806 P b1b6e84ac4ce48948e95e6d93f07125a [LEADER]: Connected to new peer: Peer: permanent_uuid: "5aaa00bbbba447e5bab9e4b466e4c146" member_type: VOTER last_known_addr { host: "127.8.210.68" port: 35627 } attrs { promote: false }, Status: LMP_MISMATCH, Last received: 0.0, Next index: 7, Last known committed idx: 6, Time since last communication: 0.000s
I20260630 12:34:44.953120 12544 consensus_queue.cc:1048] T 062714eb562a4b33a5066a295d7df806 P b1b6e84ac4ce48948e95e6d93f07125a [LEADER]: Connected to new peer: Peer: permanent_uuid: "24993b6460844e289c75bfc85b141d70" member_type: VOTER last_known_addr { host: "127.8.210.67" port: 45843 } attrs { replace: true }, Status: LMP_MISMATCH, Last received: 0.0, Next index: 7, Last known committed idx: 6, Time since last communication: 0.000s
I20260630 12:34:44.961561 12231 raft_consensus.cc:2955] T 062714eb562a4b33a5066a295d7df806 P b1b6e84ac4ce48948e95e6d93f07125a [term 5 LEADER]: Committing config change with OpId 5.7: config changed from index 4 to 7, 5aaa00bbbba447e5bab9e4b466e4c146 (127.8.210.68) changed from NON_VOTER to VOTER. New config: { opid_index: 7 OBSOLETE_local: false peers { permanent_uuid: "b1b6e84ac4ce48948e95e6d93f07125a" member_type: VOTER last_known_addr { host: "127.8.210.65" port: 38243 } } peers { permanent_uuid: "2fa20f375bac41b3938d101025d23648" member_type: VOTER last_known_addr { host: "127.8.210.66" port: 35059 } } peers { permanent_uuid: "24993b6460844e289c75bfc85b141d70" member_type: VOTER last_known_addr { host: "127.8.210.67" port: 45843 } attrs { replace: true } } peers { permanent_uuid: "5aaa00bbbba447e5bab9e4b466e4c146" member_type: VOTER last_known_addr { host: "127.8.210.68" port: 35627 } attrs { promote: false } } }
I20260630 12:34:44.963490 12075 raft_consensus.cc:2955] T 062714eb562a4b33a5066a295d7df806 P 2fa20f375bac41b3938d101025d23648 [term 5 FOLLOWER]: Committing config change with OpId 5.7: config changed from index 4 to 7, 5aaa00bbbba447e5bab9e4b466e4c146 (127.8.210.68) changed from NON_VOTER to VOTER. New config: { opid_index: 7 OBSOLETE_local: false peers { permanent_uuid: "b1b6e84ac4ce48948e95e6d93f07125a" member_type: VOTER last_known_addr { host: "127.8.210.65" port: 38243 } } peers { permanent_uuid: "2fa20f375bac41b3938d101025d23648" member_type: VOTER last_known_addr { host: "127.8.210.66" port: 35059 } } peers { permanent_uuid: "24993b6460844e289c75bfc85b141d70" member_type: VOTER last_known_addr { host: "127.8.210.67" port: 45843 } attrs { replace: true } } peers { permanent_uuid: "5aaa00bbbba447e5bab9e4b466e4c146" member_type: VOTER last_known_addr { host: "127.8.210.68" port: 35627 } attrs { promote: false } } }
