I20260630 12:34:32.184448 10464 raft_consensus.cc:2955] T 9784cedebf004e97a9bb1ab405edeb84 P d3f61d05389340ceaf99a02938ae3b69 [term 1 FOLLOWER]: Committing config change with OpId 1.3: config changed from index 2 to 3, d3f61d05389340ceaf99a02938ae3b69 (127.7.27.131) changed from NON_VOTER to VOTER. New config: { opid_index: 3 OBSOLETE_local: false peers { permanent_uuid: "7ffdf40502424efb87f69942ca545f5b" member_type: VOTER last_known_addr { host: "127.7.27.132" port: 44269 } attrs { replace: true } } peers { permanent_uuid: "e9bb554d9a014d278997462d87366b60" member_type: VOTER last_known_addr { host: "127.7.27.129" port: 33461 } } peers { permanent_uuid: "722b9ee44f7f42feab8bf4446d1d7e75" member_type: VOTER last_known_addr { host: "127.7.27.130" port: 39893 } } peers { permanent_uuid: "d3f61d05389340ceaf99a02938ae3b69" member_type: VOTER last_known_addr { host: "127.7.27.131" port: 35975 } attrs { promote: false } } }
I20260630 12:34:32.192706 10211 catalog_manager.cc:5697] T 9784cedebf004e97a9bb1ab405edeb84 P e9bb554d9a014d278997462d87366b60 reported cstate change: config changed from index 2 to 3, d3f61d05389340ceaf99a02938ae3b69 (127.7.27.131) changed from NON_VOTER to VOTER. New cstate: current_term: 1 leader_uuid: "e9bb554d9a014d278997462d87366b60" committed_config { opid_index: 3 OBSOLETE_local: false peers { permanent_uuid: "7ffdf40502424efb87f69942ca545f5b" member_type: VOTER last_known_addr { host: "127.7.27.132" port: 44269 } attrs { replace: true } health_report { overall_health: UNKNOWN } } peers { permanent_uuid: "e9bb554d9a014d278997462d87366b60" member_type: VOTER last_known_addr { host: "127.7.27.129" port: 33461 } health_report { overall_health: HEALTHY } } peers { permanent_uuid: "722b9ee44f7f42feab8bf4446d1d7e75" member_type: VOTER last_known_addr { host: "127.7.27.130" port: 39893 } health_report { overall_health: HEALTHY } } peers { permanent_uuid: "d3f61d05389340ceaf99a02938ae3b69" member_type: VOTER last_known_addr { host: "127.7.27.131" port: 35975 } attrs { promote: false } health_report { overall_health: HEALTHY } } }
I20260630 12:34:32.196834 10614 raft_consensus.cc:2955] T 9784cedebf004e97a9bb1ab405edeb84 P 7ffdf40502424efb87f69942ca545f5b [term 1 FOLLOWER]: Committing config change with OpId 1.3: config changed from index 2 to 3, d3f61d05389340ceaf99a02938ae3b69 (127.7.27.131) changed from NON_VOTER to VOTER. New config: { opid_index: 3 OBSOLETE_local: false peers { permanent_uuid: "7ffdf40502424efb87f69942ca545f5b" member_type: VOTER last_known_addr { host: "127.7.27.132" port: 44269 } attrs { replace: true } } peers { permanent_uuid: "e9bb554d9a014d278997462d87366b60" member_type: VOTER last_known_addr { host: "127.7.27.129" port: 33461 } } peers { permanent_uuid: "722b9ee44f7f42feab8bf4446d1d7e75" member_type: VOTER last_known_addr { host: "127.7.27.130" port: 39893 } } peers { permanent_uuid: "d3f61d05389340ceaf99a02938ae3b69" member_type: VOTER last_known_addr { host: "127.7.27.131" port: 35975 } attrs { promote: false } } }
I20260630 12:34:32.204999 10315 consensus_queue.cc:237] T 9784cedebf004e97a9bb1ab405edeb84 P e9bb554d9a014d278997462d87366b60 [LEADER]: Queue going to LEADER mode. State: All replicated index: 0, Majority replicated index: 3, Committed index: 3, Last appended: 1.3, Last appended by leader: 0, Current term: 1, Majority size: 2, State: 0, Mode: LEADER, active raft config: opid_index: 4 OBSOLETE_local: false peers { permanent_uuid: "e9bb554d9a014d278997462d87366b60" member_type: VOTER last_known_addr { host: "127.7.27.129" port: 33461 } } peers { permanent_uuid: "722b9ee44f7f42feab8bf4446d1d7e75" member_type: VOTER last_known_addr { host: "127.7.27.130" port: 39893 } } peers { permanent_uuid: "d3f61d05389340ceaf99a02938ae3b69" member_type: VOTER last_known_addr { host: "127.7.27.131" port: 35975 } attrs { promote: false } }
I20260630 12:34:32.211122 10464 raft_consensus.cc:1275] T 9784cedebf004e97a9bb1ab405edeb84 P d3f61d05389340ceaf99a02938ae3b69 [term 1 FOLLOWER]: Refusing update from remote peer e9bb554d9a014d278997462d87366b60: Log matching property violated. Preceding OpId in replica: term: 1 index: 3. Preceding OpId from leader: term: 1 index: 4. (index mismatch)
I20260630 12:34:32.212424 10856 consensus_queue.cc:1048] T 9784cedebf004e97a9bb1ab405edeb84 P e9bb554d9a014d278997462d87366b60 [LEADER]: Connected to new peer: Peer: permanent_uuid: "d3f61d05389340ceaf99a02938ae3b69" member_type: VOTER last_known_addr { host: "127.7.27.131" port: 35975 } attrs { promote: false }, Status: LMP_MISMATCH, Last received: 0.0, Next index: 4, Last known committed idx: 3, Time since last communication: 0.000s
I20260630 12:34:32.213363 10389 raft_consensus.cc:1275] T 9784cedebf004e97a9bb1ab405edeb84 P 722b9ee44f7f42feab8bf4446d1d7e75 [term 1 FOLLOWER]: Refusing update from remote peer e9bb554d9a014d278997462d87366b60: Log matching property violated. Preceding OpId in replica: term: 1 index: 3. Preceding OpId from leader: term: 1 index: 4. (index mismatch)
I20260630 12:34:32.215174 10856 consensus_queue.cc:1048] T 9784cedebf004e97a9bb1ab405edeb84 P e9bb554d9a014d278997462d87366b60 [LEADER]: Connected to new peer: Peer: permanent_uuid: "722b9ee44f7f42feab8bf4446d1d7e75" member_type: VOTER last_known_addr { host: "127.7.27.130" port: 39893 }, Status: LMP_MISMATCH, Last received: 0.0, Next index: 4, Last known committed idx: 3, Time since last communication: 0.000s
I20260630 12:34:32.219333 10812 raft_consensus.cc:2955] T 9784cedebf004e97a9bb1ab405edeb84 P e9bb554d9a014d278997462d87366b60 [term 1 LEADER]: Committing config change with OpId 1.4: config changed from index 3 to 4, VOTER 7ffdf40502424efb87f69942ca545f5b (127.7.27.132) evicted. New config: { opid_index: 4 OBSOLETE_local: false peers { permanent_uuid: "e9bb554d9a014d278997462d87366b60" member_type: VOTER last_known_addr { host: "127.7.27.129" port: 33461 } } peers { permanent_uuid: "722b9ee44f7f42feab8bf4446d1d7e75" member_type: VOTER last_known_addr { host: "127.7.27.130" port: 39893 } } peers { permanent_uuid: "d3f61d05389340ceaf99a02938ae3b69" member_type: VOTER last_known_addr { host: "127.7.27.131" port: 35975 } attrs { promote: false } } }
I20260630 12:34:32.220975 10464 raft_consensus.cc:2955] T 9784cedebf004e97a9bb1ab405edeb84 P d3f61d05389340ceaf99a02938ae3b69 [term 1 FOLLOWER]: Committing config change with OpId 1.4: config changed from index 3 to 4, VOTER 7ffdf40502424efb87f69942ca545f5b (127.7.27.132) evicted. New config: { opid_index: 4 OBSOLETE_local: false peers { permanent_uuid: "e9bb554d9a014d278997462d87366b60" member_type: VOTER last_known_addr { host: "127.7.27.129" port: 33461 } } peers { permanent_uuid: "722b9ee44f7f42feab8bf4446d1d7e75" member_type: VOTER last_known_addr { host: "127.7.27.130" port: 39893 } } peers { permanent_uuid: "d3f61d05389340ceaf99a02938ae3b69" member_type: VOTER last_known_addr { host: "127.7.27.131" port: 35975 } attrs { promote: false } } }
I20260630 12:34:32.225476 10390 raft_consensus.cc:2955] T 9784cedebf004e97a9bb1ab405edeb84 P 722b9ee44f7f42feab8bf4446d1d7e75 [term 1 FOLLOWER]: Committing config change with OpId 1.4: config changed from index 3 to 4, VOTER 7ffdf40502424efb87f69942ca545f5b (127.7.27.132) evicted. New config: { opid_index: 4 OBSOLETE_local: false peers { permanent_uuid: "e9bb554d9a014d278997462d87366b60" member_type: VOTER last_known_addr { host: "127.7.27.129" port: 33461 } } peers { permanent_uuid: "722b9ee44f7f42feab8bf4446d1d7e75" member_type: VOTER last_known_addr { host: "127.7.27.130" port: 39893 } } peers { permanent_uuid: "d3f61d05389340ceaf99a02938ae3b69" member_type: VOTER last_known_addr { host: "127.7.27.131" port: 35975 } attrs { promote: false } } }
I20260630 12:34:32.228765 10197 catalog_manager.cc:5210] ChangeConfig:REMOVE_PEER RPC for tablet 9784cedebf004e97a9bb1ab405edeb84 with cas_config_opid_index 3: ChangeConfig:REMOVE_PEER succeeded (attempt 1)
I20260630 12:34:32.233737 10213 catalog_manager.cc:5697] T 9784cedebf004e97a9bb1ab405edeb84 P d3f61d05389340ceaf99a02938ae3b69 reported cstate change: config changed from index 3 to 4, VOTER 7ffdf40502424efb87f69942ca545f5b (127.7.27.132) evicted. New cstate: current_term: 1 leader_uuid: "e9bb554d9a014d278997462d87366b60" committed_config { opid_index: 4 OBSOLETE_local: false peers { permanent_uuid: "e9bb554d9a014d278997462d87366b60" member_type: VOTER last_known_addr { host: "127.7.27.129" port: 33461 } } peers { permanent_uuid: "722b9ee44f7f42feab8bf4446d1d7e75" member_type: VOTER last_known_addr { host: "127.7.27.130" port: 39893 } } peers { permanent_uuid: "d3f61d05389340ceaf99a02938ae3b69" member_type: VOTER last_known_addr { host: "127.7.27.131" port: 35975 } attrs { promote: false } } }
I20260630 12:34:32.247807 10601 tablet_service.cc:1558] Processing DeleteTablet for tablet 9784cedebf004e97a9bb1ab405edeb84 with delete_type TABLET_DATA_TOMBSTONED (TS 7ffdf40502424efb87f69942ca545f5b not found in new config with opid_index 4) from {username='slave'} at 127.0.0.1:44306
I20260630 12:34:32.248768 10855 tablet_replica.cc:333] T 9784cedebf004e97a9bb1ab405edeb84 P 7ffdf40502424efb87f69942ca545f5b: stopping tablet replica
I20260630 12:34:32.249652 10855 raft_consensus.cc:2243] T 9784cedebf004e97a9bb1ab405edeb84 P 7ffdf40502424efb87f69942ca545f5b [term 1 FOLLOWER]: Raft consensus shutting down.
I20260630 12:34:32.250247 10855 raft_consensus.cc:2272] T 9784cedebf004e97a9bb1ab405edeb84 P 7ffdf40502424efb87f69942ca545f5b [term 1 FOLLOWER]: Raft consensus is shut down!
I20260630 12:34:32.254693 10855 ts_tablet_manager.cc:1916] T 9784cedebf004e97a9bb1ab405edeb84 P 7ffdf40502424efb87f69942ca545f5b: Deleting tablet data with delete state TABLET_DATA_TOMBSTONED
I20260630 12:34:32.269801 10855 ts_tablet_manager.cc:1929] T 9784cedebf004e97a9bb1ab405edeb84 P 7ffdf40502424efb87f69942ca545f5b: tablet deleted with delete type TABLET_DATA_TOMBSTONED: last-logged OpId 1.3
I20260630 12:34:32.270187 10855 log.cc:1199] T 9784cedebf004e97a9bb1ab405edeb84 P 7ffdf40502424efb87f69942ca545f5b: Deleting WAL directory at /tmp/dist-test-tasktiJW9Z/test-tmp/auto_rebalancer-test.0.AutoRebalancerTest.RangeAwareRebalancesNewRangeReplicas.1782822779765690-7278-0/minicluster-data/ts-3-root/wals/9784cedebf004e97a9bb1ab405edeb84
I20260630 12:34:32.271549 10199 catalog_manager.cc:5028] TS 7ffdf40502424efb87f69942ca545f5b (127.7.27.132:44269): tablet 9784cedebf004e97a9bb1ab405edeb84 (table range_aware_rebalance_new_range [id=344f18f6a92d4d65b5435c93db664da3]) successfully deleted
I20260630 12:34:32.348098 10834 raft_consensus.cc:1064] T fe8ca6b70c184fb1bebfed66cbf54ae9 P 722b9ee44f7f42feab8bf4446d1d7e75: attempting to promote NON_VOTER 7ffdf40502424efb87f69942ca545f5b to VOTER
I20260630 12:34:32.349877 10834 consensus_queue.cc:237] T fe8ca6b70c184fb1bebfed66cbf54ae9 P 722b9ee44f7f42feab8bf4446d1d7e75 [LEADER]: Queue going to LEADER mode. State: All replicated index: 0, Majority replicated index: 4, Committed index: 4, Last appended: 3.4, Last appended by leader: 2, Current term: 3, Majority size: 3, State: 0, Mode: LEADER, active raft config: opid_index: 5 OBSOLETE_local: false peers { permanent_uuid: "e9bb554d9a014d278997462d87366b60" member_type: VOTER last_known_addr { host: "127.7.27.129" port: 33461 } } peers { permanent_uuid: "722b9ee44f7f42feab8bf4446d1d7e75" member_type: VOTER last_known_addr { host: "127.7.27.130" port: 39893 } } peers { permanent_uuid: "d3f61d05389340ceaf99a02938ae3b69" member_type: VOTER last_known_addr { host: "127.7.27.131" port: 35975 } attrs { replace: true } } peers { permanent_uuid: "7ffdf40502424efb87f69942ca545f5b" member_type: VOTER last_known_addr { host: "127.7.27.132" port: 44269 } attrs { promote: false } }
I20260630 12:34:32.356802 10614 raft_consensus.cc:1275] T fe8ca6b70c184fb1bebfed66cbf54ae9 P 7ffdf40502424efb87f69942ca545f5b [term 3 LEARNER]: Refusing update from remote peer 722b9ee44f7f42feab8bf4446d1d7e75: Log matching property violated. Preceding OpId in replica: term: 3 index: 4. Preceding OpId from leader: term: 3 index: 5. (index mismatch)
I20260630 12:34:32.357005 10463 raft_consensus.cc:1275] T fe8ca6b70c184fb1bebfed66cbf54ae9 P d3f61d05389340ceaf99a02938ae3b69 [term 3 FOLLOWER]: Refusing update from remote peer 722b9ee44f7f42feab8bf4446d1d7e75: Log matching property violated. Preceding OpId in replica: term: 3 index: 4. Preceding OpId from leader: term: 3 index: 5. (index mismatch)
I20260630 12:34:32.357714 10315 raft_consensus.cc:1275] T fe8ca6b70c184fb1bebfed66cbf54ae9 P e9bb554d9a014d278997462d87366b60 [term 3 FOLLOWER]: Refusing update from remote peer 722b9ee44f7f42feab8bf4446d1d7e75: Log matching property violated. Preceding OpId in replica: term: 3 index: 4. Preceding OpId from leader: term: 3 index: 5. (index mismatch)
I20260630 12:34:32.359628 10834 consensus_queue.cc:1048] T fe8ca6b70c184fb1bebfed66cbf54ae9 P 722b9ee44f7f42feab8bf4446d1d7e75 [LEADER]: Connected to new peer: Peer: permanent_uuid: "7ffdf40502424efb87f69942ca545f5b" member_type: VOTER last_known_addr { host: "127.7.27.132" port: 44269 } attrs { promote: false }, Status: LMP_MISMATCH, Last received: 0.0, Next index: 5, Last known committed idx: 4, Time since last communication: 0.000s
I20260630 12:34:32.360570 10796 consensus_queue.cc:1048] T fe8ca6b70c184fb1bebfed66cbf54ae9 P 722b9ee44f7f42feab8bf4446d1d7e75 [LEADER]: Connected to new peer: Peer: permanent_uuid: "e9bb554d9a014d278997462d87366b60" member_type: VOTER last_known_addr { host: "127.7.27.129" port: 33461 }, Status: LMP_MISMATCH, Last received: 0.0, Next index: 5, Last known committed idx: 4, Time since last communication: 0.000s
I20260630 12:34:32.361701 10831 consensus_queue.cc:1048] T fe8ca6b70c184fb1bebfed66cbf54ae9 P 722b9ee44f7f42feab8bf4446d1d7e75 [LEADER]: Connected to new peer: Peer: permanent_uuid: "d3f61d05389340ceaf99a02938ae3b69" member_type: VOTER last_known_addr { host: "127.7.27.131" port: 35975 } attrs { replace: true }, Status: LMP_MISMATCH, Last received: 0.0, Next index: 5, Last known committed idx: 4, Time since last communication: 0.000s
I20260630 12:34:32.377542 10796 raft_consensus.cc:2955] T fe8ca6b70c184fb1bebfed66cbf54ae9 P 722b9ee44f7f42feab8bf4446d1d7e75 [term 3 LEADER]: Committing config change with OpId 3.5: config changed from index 4 to 5, 7ffdf40502424efb87f69942ca545f5b (127.7.27.132) changed from NON_VOTER to VOTER. New config: { opid_index: 5 OBSOLETE_local: false peers { permanent_uuid: "e9bb554d9a014d278997462d87366b60" member_type: VOTER last_known_addr { host: "127.7.27.129" port: 33461 } } peers { permanent_uuid: "722b9ee44f7f42feab8bf4446d1d7e75" member_type: VOTER last_known_addr { host: "127.7.27.130" port: 39893 } } peers { permanent_uuid: "d3f61d05389340ceaf99a02938ae3b69" member_type: VOTER last_known_addr { host: "127.7.27.131" port: 35975 } attrs { replace: true } } peers { permanent_uuid: "7ffdf40502424efb87f69942ca545f5b" member_type: VOTER last_known_addr { host: "127.7.27.132" port: 44269 } attrs { promote: false } } }
I20260630 12:34:32.379191 10614 raft_consensus.cc:2955] T fe8ca6b70c184fb1bebfed66cbf54ae9 P 7ffdf40502424efb87f69942ca545f5b [term 3 FOLLOWER]: Committing config change with OpId 3.5: config changed from index 4 to 5, 7ffdf40502424efb87f69942ca545f5b (127.7.27.132) changed from NON_VOTER to VOTER. New config: { opid_index: 5 OBSOLETE_local: false peers { permanent_uuid: "e9bb554d9a014d278997462d87366b60" member_type: VOTER last_known_addr { host: "127.7.27.129" port: 33461 } } peers { permanent_uuid: "722b9ee44f7f42feab8bf4446d1d7e75" member_type: VOTER last_known_addr { host: "127.7.27.130" port: 39893 } } peers { permanent_uuid: "d3f61d05389340ceaf99a02938ae3b69" member_type: VOTER last_known_addr { host: "127.7.27.131" port: 35975 } attrs { replace: true } } peers { permanent_uuid: "7ffdf40502424efb87f69942ca545f5b" member_type: VOTER last_known_addr { host: "127.7.27.132" port: 44269 } attrs { promote: false } } }
I20260630 12:34:32.383539 10315 raft_consensus.cc:2955] T fe8ca6b70c184fb1bebfed66cbf54ae9 P e9bb554d9a014d278997462d87366b60 [term 3 FOLLOWER]: Committing config change with OpId 3.5: config changed from index 4 to 5, 7ffdf40502424efb87f69942ca545f5b (127.7.27.132) changed from NON_VOTER to VOTER. New config: { opid_index: 5 OBSOLETE_local: false peers { permanent_uuid: "e9bb554d9a014d278997462d87366b60" member_type: VOTER last_known_addr { host: "127.7.27.129" port: 33461 } } peers { permanent_uuid: "722b9ee44f7f42feab8bf4446d1d7e75" member_type: VOTER last_known_addr { host: "127.7.27.130" port: 39893 } } peers { permanent_uuid: "d3f61d05389340ceaf99a02938ae3b69" member_type: VOTER last_known_addr { host: "127.7.27.131" port: 35975 } attrs { replace: true } } peers { permanent_uuid: "7ffdf40502424efb87f69942ca545f5b" member_type: VOTER last_known_addr { host: "127.7.27.132" port: 44269 } attrs { promote: false } } }
I20260630 12:34:32.390129 10213 catalog_manager.cc:5697] T fe8ca6b70c184fb1bebfed66cbf54ae9 P 722b9ee44f7f42feab8bf4446d1d7e75 reported cstate change: config changed from index 4 to 5, 7ffdf40502424efb87f69942ca545f5b (127.7.27.132) changed from NON_VOTER to VOTER. New cstate: current_term: 3 leader_uuid: "722b9ee44f7f42feab8bf4446d1d7e75" committed_config { opid_index: 5 OBSOLETE_local: false peers { permanent_uuid: "e9bb554d9a014d278997462d87366b60" member_type: VOTER last_known_addr { host: "127.7.27.129" port: 33461 } health_report { overall_health: HEALTHY } } peers { permanent_uuid: "722b9ee44f7f42feab8bf4446d1d7e75" member_type: VOTER last_known_addr { host: "127.7.27.130" port: 39893 } health_report { overall_health: HEALTHY } } peers { permanent_uuid: "d3f61d05389340ceaf99a02938ae3b69" member_type: VOTER last_known_addr { host: "127.7.27.131" port: 35975 } attrs { replace: true } health_report { overall_health: HEALTHY } } peers { permanent_uuid: "7ffdf40502424efb87f69942ca545f5b" member_type: VOTER last_known_addr { host: "127.7.27.132" port: 44269 } attrs { promote: false } health_report { overall_health: HEALTHY } } }
I20260630 12:34:32.387110 10464 raft_consensus.cc:2955] T fe8ca6b70c184fb1bebfed66cbf54ae9 P d3f61d05389340ceaf99a02938ae3b69 [term 3 FOLLOWER]: Committing config change with OpId 3.5: config changed from index 4 to 5, 7ffdf40502424efb87f69942ca545f5b (127.7.27.132) changed from NON_VOTER to VOTER. New config: { opid_index: 5 OBSOLETE_local: false peers { permanent_uuid: "e9bb554d9a014d278997462d87366b60" member_type: VOTER last_known_addr { host: "127.7.27.129" port: 33461 } } peers { permanent_uuid: "722b9ee44f7f42feab8bf4446d1d7e75" member_type: VOTER last_known_addr { host: "127.7.27.130" port: 39893 } } peers { permanent_uuid: "d3f61d05389340ceaf99a02938ae3b69" member_type: VOTER last_known_addr { host: "127.7.27.131" port: 35975 } attrs { replace: true } } peers { permanent_uuid: "7ffdf40502424efb87f69942ca545f5b" member_type: VOTER last_known_addr { host: "127.7.27.132" port: 44269 } attrs { promote: false } } }
I20260630 12:34:32.409114 10390 consensus_queue.cc:237] T fe8ca6b70c184fb1bebfed66cbf54ae9 P 722b9ee44f7f42feab8bf4446d1d7e75 [LEADER]: Queue going to LEADER mode. State: All replicated index: 0, Majority replicated index: 5, Committed index: 5, Last appended: 3.5, Last appended by leader: 2, Current term: 3, Majority size: 2, State: 0, Mode: LEADER, active raft config: opid_index: 6 OBSOLETE_local: false peers { permanent_uuid: "e9bb554d9a014d278997462d87366b60" member_type: VOTER last_known_addr { host: "127.7.27.129" port: 33461 } } peers { permanent_uuid: "722b9ee44f7f42feab8bf4446d1d7e75" member_type: VOTER last_known_addr { host: "127.7.27.130" port: 39893 } } peers { permanent_uuid: "7ffdf40502424efb87f69942ca545f5b" member_type: VOTER last_known_addr { host: "127.7.27.132" port: 44269 } attrs { promote: false } }
I20260630 12:34:32.414736 10315 raft_consensus.cc:1275] T fe8ca6b70c184fb1bebfed66cbf54ae9 P e9bb554d9a014d278997462d87366b60 [term 3 FOLLOWER]: Refusing update from remote peer 722b9ee44f7f42feab8bf4446d1d7e75: Log matching property violated. Preceding OpId in replica: term: 3 index: 5. Preceding OpId from leader: term: 3 index: 6. (index mismatch)
I20260630 12:34:32.415928 10614 raft_consensus.cc:1275] T fe8ca6b70c184fb1bebfed66cbf54ae9 P 7ffdf40502424efb87f69942ca545f5b [term 3 FOLLOWER]: Refusing update from remote peer 722b9ee44f7f42feab8bf4446d1d7e75: Log matching property violated. Preceding OpId in replica: term: 3 index: 5. Preceding OpId from leader: term: 3 index: 6. (index mismatch)
I20260630 12:34:32.415817 10840 consensus_queue.cc:1048] T fe8ca6b70c184fb1bebfed66cbf54ae9 P 722b9ee44f7f42feab8bf4446d1d7e75 [LEADER]: Connected to new peer: Peer: permanent_uuid: "e9bb554d9a014d278997462d87366b60" member_type: VOTER last_known_addr { host: "127.7.27.129" port: 33461 }, Status: LMP_MISMATCH, Last received: 0.0, Next index: 6, Last known committed idx: 5, Time since last communication: 0.000s
I20260630 12:34:32.417522 10840 consensus_queue.cc:1048] T fe8ca6b70c184fb1bebfed66cbf54ae9 P 722b9ee44f7f42feab8bf4446d1d7e75 [LEADER]: Connected to new peer: Peer: permanent_uuid: "7ffdf40502424efb87f69942ca545f5b" member_type: VOTER last_known_addr { host: "127.7.27.132" port: 44269 } attrs { promote: false }, Status: LMP_MISMATCH, Last received: 0.0, Next index: 6, Last known committed idx: 5, Time since last communication: 0.000s
I20260630 12:34:32.423254 10313 raft_consensus.cc:2955] T fe8ca6b70c184fb1bebfed66cbf54ae9 P e9bb554d9a014d278997462d87366b60 [term 3 FOLLOWER]: Committing config change with OpId 3.6: config changed from index 5 to 6, VOTER d3f61d05389340ceaf99a02938ae3b69 (127.7.27.131) evicted. New config: { opid_index: 6 OBSOLETE_local: false peers { permanent_uuid: "e9bb554d9a014d278997462d87366b60" member_type: VOTER last_known_addr { host: "127.7.27.129" port: 33461 } } peers { permanent_uuid: "722b9ee44f7f42feab8bf4446d1d7e75" member_type: VOTER last_known_addr { host: "127.7.27.130" port: 39893 } } peers { permanent_uuid: "7ffdf40502424efb87f69942ca545f5b" member_type: VOTER last_known_addr { host: "127.7.27.132" port: 44269 } attrs { promote: false } } }
I20260630 12:34:32.421792 10796 raft_consensus.cc:2955] T fe8ca6b70c184fb1bebfed66cbf54ae9 P 722b9ee44f7f42feab8bf4446d1d7e75 [term 3 LEADER]: Committing config change with OpId 3.6: config changed from index 5 to 6, VOTER d3f61d05389340ceaf99a02938ae3b69 (127.7.27.131) evicted. New config: { opid_index: 6 OBSOLETE_local: false peers { permanent_uuid: "e9bb554d9a014d278997462d87366b60" member_type: VOTER last_known_addr { host: "127.7.27.129" port: 33461 } } peers { permanent_uuid: "722b9ee44f7f42feab8bf4446d1d7e75" member_type: VOTER last_known_addr { host: "127.7.27.130" port: 39893 } } peers { permanent_uuid: "7ffdf40502424efb87f69942ca545f5b" member_type: VOTER last_known_addr { host: "127.7.27.132" port: 44269 } attrs { promote: false } } }
I20260630 12:34:32.425170 10614 raft_consensus.cc:2955] T fe8ca6b70c184fb1bebfed66cbf54ae9 P 7ffdf40502424efb87f69942ca545f5b [term 3 FOLLOWER]: Committing config change with OpId 3.6: config changed from index 5 to 6, VOTER d3f61d05389340ceaf99a02938ae3b69 (127.7.27.131) evicted. New config: { opid_index: 6 OBSOLETE_local: false peers { permanent_uuid: "e9bb554d9a014d278997462d87366b60" member_type: VOTER last_known_addr { host: "127.7.27.129" port: 33461 } } peers { permanent_uuid: "722b9ee44f7f42feab8bf4446d1d7e75" member_type: VOTER last_known_addr { host: "127.7.27.130" port: 39893 } } peers { permanent_uuid: "7ffdf40502424efb87f69942ca545f5b" member_type: VOTER last_known_addr { host: "127.7.27.132" port: 44269 } attrs { promote: false } } }
I20260630 12:34:32.435621 10199 catalog_manager.cc:5210] ChangeConfig:REMOVE_PEER RPC for tablet fe8ca6b70c184fb1bebfed66cbf54ae9 with cas_config_opid_index 5: ChangeConfig:REMOVE_PEER succeeded (attempt 1)
I20260630 12:34:32.437582 10211 catalog_manager.cc:5697] T fe8ca6b70c184fb1bebfed66cbf54ae9 P 722b9ee44f7f42feab8bf4446d1d7e75 reported cstate change: config changed from index 5 to 6, VOTER d3f61d05389340ceaf99a02938ae3b69 (127.7.27.131) evicted. New cstate: current_term: 3 leader_uuid: "722b9ee44f7f42feab8bf4446d1d7e75" committed_config { opid_index: 6 OBSOLETE_local: false peers { permanent_uuid: "e9bb554d9a014d278997462d87366b60" member_type: VOTER last_known_addr { host: "127.7.27.129" port: 33461 } health_report { overall_health: HEALTHY } } peers { permanent_uuid: "722b9ee44f7f42feab8bf4446d1d7e75" member_type: VOTER last_known_addr { host: "127.7.27.130" port: 39893 } health_report { overall_health: HEALTHY } } peers { permanent_uuid: "7ffdf40502424efb87f69942ca545f5b" member_type: VOTER last_known_addr { host: "127.7.27.132" port: 44269 } attrs { promote: false } health_report { overall_health: HEALTHY } } }
I20260630 12:34:32.447332 10454 tablet_service.cc:1558] Processing DeleteTablet for tablet fe8ca6b70c184fb1bebfed66cbf54ae9 with delete_type TABLET_DATA_TOMBSTONED (TS d3f61d05389340ceaf99a02938ae3b69 not found in new config with opid_index 6) from {username='slave'} at 127.0.0.1:33948
I20260630 12:34:32.449381 10865 tablet_replica.cc:333] T fe8ca6b70c184fb1bebfed66cbf54ae9 P d3f61d05389340ceaf99a02938ae3b69: stopping tablet replica
I20260630 12:34:32.450367 10865 raft_consensus.cc:2243] T fe8ca6b70c184fb1bebfed66cbf54ae9 P d3f61d05389340ceaf99a02938ae3b69 [term 3 FOLLOWER]: Raft consensus shutting down.
I20260630 12:34:32.451082 10865 raft_consensus.cc:2272] T fe8ca6b70c184fb1bebfed66cbf54ae9 P d3f61d05389340ceaf99a02938ae3b69 [term 3 FOLLOWER]: Raft consensus is shut down!
I20260630 12:34:32.454366 10865 ts_tablet_manager.cc:1916] T fe8ca6b70c184fb1bebfed66cbf54ae9 P d3f61d05389340ceaf99a02938ae3b69: Deleting tablet data with delete state TABLET_DATA_TOMBSTONED
I20260630 12:34:32.463928 10865 ts_tablet_manager.cc:1929] T fe8ca6b70c184fb1bebfed66cbf54ae9 P d3f61d05389340ceaf99a02938ae3b69: tablet deleted with delete type TABLET_DATA_TOMBSTONED: last-logged OpId 3.5
I20260630 12:34:32.464177 10865 log.cc:1199] T fe8ca6b70c184fb1bebfed66cbf54ae9 P d3f61d05389340ceaf99a02938ae3b69: Deleting WAL directory at /tmp/dist-test-tasktiJW9Z/test-tmp/auto_rebalancer-test.0.AutoRebalancerTest.RangeAwareRebalancesNewRangeReplicas.1782822779765690-7278-0/minicluster-data/ts-2-root/wals/fe8ca6b70c184fb1bebfed66cbf54ae9
I20260630 12:34:32.465353 10199 catalog_manager.cc:5028] TS d3f61d05389340ceaf99a02938ae3b69 (127.7.27.131:35975): tablet fe8ca6b70c184fb1bebfed66cbf54ae9 (table range_aware_rebalance_new_range [id=344f18f6a92d4d65b5435c93db664da3]) successfully deleted
I20260630 12:34:32.535606 10390 raft_consensus.cc:1275] T be5fda2e00a547f1bd51ba10848f827f P 722b9ee44f7f42feab8bf4446d1d7e75 [term 2 FOLLOWER]: Refusing update from remote peer e9bb554d9a014d278997462d87366b60: Log matching property violated. Preceding OpId in replica: term: 1 index: 1. Preceding OpId from leader: term: 2 index: 2. (index mismatch)
I20260630 12:34:32.536691 10856 consensus_queue.cc:1048] T be5fda2e00a547f1bd51ba10848f827f P e9bb554d9a014d278997462d87366b60 [LEADER]: Connected to new peer: Peer: permanent_uuid: "722b9ee44f7f42feab8bf4446d1d7e75" member_type: VOTER last_known_addr { host: "127.7.27.130" port: 39893 }, Status: LMP_MISMATCH, Last received: 0.0, Next index: 2, Last known committed idx: 1, Time since last communication: 0.000s
I20260630 12:34:32.545189 10464 raft_consensus.cc:1275] T be5fda2e00a547f1bd51ba10848f827f P d3f61d05389340ceaf99a02938ae3b69 [term 2 FOLLOWER]: Refusing update from remote peer e9bb554d9a014d278997462d87366b60: Log matching property violated. Preceding OpId in replica: term: 1 index: 1. Preceding OpId from leader: term: 2 index: 2. (index mismatch)
I20260630 12:34:32.546324 10812 consensus_queue.cc:1048] T be5fda2e00a547f1bd51ba10848f827f P e9bb554d9a014d278997462d87366b60 [LEADER]: Connected to new peer: Peer: permanent_uuid: "d3f61d05389340ceaf99a02938ae3b69" member_type: VOTER last_known_addr { host: "127.7.27.131" port: 35975 }, Status: LMP_MISMATCH, Last received: 0.0, Next index: 2, Last known committed idx: 1, Time since last communication: 0.000s
I20260630 12:34:33.466315 10464 consensus_queue.cc:237] T 9916c9320ecf4f40bfae3da32524d45c P d3f61d05389340ceaf99a02938ae3b69 [LEADER]: Queue going to LEADER mode. State: All replicated index: 0, Majority replicated index: 2, Committed index: 2, Last appended: 2.2, Last appended by leader: 1, Current term: 2, Majority size: 2, State: 0, Mode: LEADER, active raft config: opid_index: 3 OBSOLETE_local: false peers { permanent_uuid: "e9bb554d9a014d278997462d87366b60" member_type: VOTER last_known_addr { host: "127.7.27.129" port: 33461 } } peers { permanent_uuid: "722b9ee44f7f42feab8bf4446d1d7e75" member_type: VOTER last_known_addr { host: "127.7.27.130" port: 39893 } attrs { replace: true } } peers { permanent_uuid: "d3f61d05389340ceaf99a02938ae3b69" member_type: VOTER last_known_addr { host: "127.7.27.131" port: 35975 } } peers { permanent_uuid: "7ffdf40502424efb87f69942ca545f5b" member_type: NON_VOTER last_known_addr { host: "127.7.27.132" port: 44269 } attrs { promote: true } }
I20260630 12:34:33.472486 10390 raft_consensus.cc:1275] T 9916c9320ecf4f40bfae3da32524d45c P 722b9ee44f7f42feab8bf4446d1d7e75 [term 2 FOLLOWER]: Refusing update from remote peer d3f61d05389340ceaf99a02938ae3b69: Log matching property violated. Preceding OpId in replica: term: 2 index: 2. Preceding OpId from leader: term: 2 index: 3. (index mismatch)
W20260630 12:34:33.472601 10429 consensus_peers.cc:597] T 9916c9320ecf4f40bfae3da32524d45c P d3f61d05389340ceaf99a02938ae3b69 -> Peer 7ffdf40502424efb87f69942ca545f5b (127.7.27.132:44269): Couldn't send request to peer 7ffdf40502424efb87f69942ca545f5b. Error code: TABLET_NOT_FOUND (6). Status: Not found: Tablet not found: 9916c9320ecf4f40bfae3da32524d45c. This is attempt 1: this message will repeat every 5th retry.
I20260630 12:34:33.473024 10313 raft_consensus.cc:1275] T 9916c9320ecf4f40bfae3da32524d45c P e9bb554d9a014d278997462d87366b60 [term 2 FOLLOWER]: Refusing update from remote peer d3f61d05389340ceaf99a02938ae3b69: Log matching property violated. Preceding OpId in replica: term: 2 index: 2. Preceding OpId from leader: term: 2 index: 3. (index mismatch)
I20260630 12:34:33.473713 10838 consensus_queue.cc:1048] T 9916c9320ecf4f40bfae3da32524d45c P d3f61d05389340ceaf99a02938ae3b69 [LEADER]: Connected to new peer: Peer: permanent_uuid: "722b9ee44f7f42feab8bf4446d1d7e75" member_type: VOTER last_known_addr { host: "127.7.27.130" port: 39893 } attrs { replace: true }, Status: LMP_MISMATCH, Last received: 0.0, Next index: 3, Last known committed idx: 2, Time since last communication: 0.000s
I20260630 12:34:33.474501 10874 consensus_queue.cc:1048] T 9916c9320ecf4f40bfae3da32524d45c P d3f61d05389340ceaf99a02938ae3b69 [LEADER]: Connected to new peer: Peer: permanent_uuid: "e9bb554d9a014d278997462d87366b60" member_type: VOTER last_known_addr { host: "127.7.27.129" port: 33461 }, Status: LMP_MISMATCH, Last received: 0.0, Next index: 3, Last known committed idx: 2, Time since last communication: 0.000s
I20260630 12:34:33.482309 10874 raft_consensus.cc:2955] T 9916c9320ecf4f40bfae3da32524d45c P d3f61d05389340ceaf99a02938ae3b69 [term 2 LEADER]: Committing config change with OpId 2.3: config changed from index -1 to 3, NON_VOTER 7ffdf40502424efb87f69942ca545f5b (127.7.27.132) added. New config: { opid_index: 3 OBSOLETE_local: false peers { permanent_uuid: "e9bb554d9a014d278997462d87366b60" member_type: VOTER last_known_addr { host: "127.7.27.129" port: 33461 } } peers { permanent_uuid: "722b9ee44f7f42feab8bf4446d1d7e75" member_type: VOTER last_known_addr { host: "127.7.27.130" port: 39893 } attrs { replace: true } } peers { permanent_uuid: "d3f61d05389340ceaf99a02938ae3b69" member_type: VOTER last_known_addr { host: "127.7.27.131" port: 35975 } } peers { permanent_uuid: "7ffdf40502424efb87f69942ca545f5b" member_type: NON_VOTER last_known_addr { host: "127.7.27.132" port: 44269 } attrs { promote: true } } }
I20260630 12:34:33.483503 10313 raft_consensus.cc:2955] T 9916c9320ecf4f40bfae3da32524d45c P e9bb554d9a014d278997462d87366b60 [term 2 FOLLOWER]: Committing config change with OpId 2.3: config changed from index -1 to 3, NON_VOTER 7ffdf40502424efb87f69942ca545f5b (127.7.27.132) added. New config: { opid_index: 3 OBSOLETE_local: false peers { permanent_uuid: "e9bb554d9a014d278997462d87366b60" member_type: VOTER last_known_addr { host: "127.7.27.129" port: 33461 } } peers { permanent_uuid: "722b9ee44f7f42feab8bf4446d1d7e75" member_type: VOTER last_known_addr { host: "127.7.27.130" port: 39893 } attrs { replace: true } } peers { permanent_uuid: "d3f61d05389340ceaf99a02938ae3b69" member_type: VOTER last_known_addr { host: "127.7.27.131" port: 35975 } } peers { permanent_uuid: "7ffdf40502424efb87f69942ca545f5b" member_type: NON_VOTER last_known_addr { host: "127.7.27.132" port: 44269 } attrs { promote: true } } }
I20260630 12:34:33.484006 10390 raft_consensus.cc:2955] T 9916c9320ecf4f40bfae3da32524d45c P 722b9ee44f7f42feab8bf4446d1d7e75 [term 2 FOLLOWER]: Committing config change with OpId 2.3: config changed from index -1 to 3, NON_VOTER 7ffdf40502424efb87f69942ca545f5b (127.7.27.132) added. New config: { opid_index: 3 OBSOLETE_local: false peers { permanent_uuid: "e9bb554d9a014d278997462d87366b60" member_type: VOTER last_known_addr { host: "127.7.27.129" port: 33461 } } peers { permanent_uuid: "722b9ee44f7f42feab8bf4446d1d7e75" member_type: VOTER last_known_addr { host: "127.7.27.130" port: 39893 } attrs { replace: true } } peers { permanent_uuid: "d3f61d05389340ceaf99a02938ae3b69" member_type: VOTER last_known_addr { host: "127.7.27.131" port: 35975 } } peers { permanent_uuid: "7ffdf40502424efb87f69942ca545f5b" member_type: NON_VOTER last_known_addr { host: "127.7.27.132" port: 44269 } attrs { promote: true } } }
I20260630 12:34:33.495589 10212 catalog_manager.cc:5697] T 9916c9320ecf4f40bfae3da32524d45c P e9bb554d9a014d278997462d87366b60 reported cstate change: config changed from index -1 to 3, NON_VOTER 7ffdf40502424efb87f69942ca545f5b (127.7.27.132) added. New cstate: current_term: 2 leader_uuid: "d3f61d05389340ceaf99a02938ae3b69" committed_config { opid_index: 3 OBSOLETE_local: false peers { permanent_uuid: "e9bb554d9a014d278997462d87366b60" member_type: VOTER last_known_addr { host: "127.7.27.129" port: 33461 } } peers { permanent_uuid: "722b9ee44f7f42feab8bf4446d1d7e75" member_type: VOTER last_known_addr { host: "127.7.27.130" port: 39893 } attrs { replace: true } } peers { permanent_uuid: "d3f61d05389340ceaf99a02938ae3b69" member_type: VOTER last_known_addr { host: "127.7.27.131" port: 35975 } } peers { permanent_uuid: "7ffdf40502424efb87f69942ca545f5b" member_type: NON_VOTER last_known_addr { host: "127.7.27.132" port: 44269 } attrs { promote: true } } }
I20260630 12:34:33.653371 10266 auto_leader_rebalancer.cc:141] leader rebalance for table range_aware_rebalance_new_range
I20260630 12:34:33.668267 10313 tablet_service.cc:2072] Received LeaderStepDown RPC: tablet_id: "dcdebd00eff24e18ab714066276fc016"
dest_uuid: "e9bb554d9a014d278997462d87366b60"
mode: GRACEFUL
new_leader_uuid: "7ffdf40502424efb87f69942ca545f5b"
 from {username='slave'} at 127.0.0.1:53108
I20260630 12:34:33.668746 10313 raft_consensus.cc:606] T dcdebd00eff24e18ab714066276fc016 P e9bb554d9a014d278997462d87366b60 [term 1 LEADER]: Received request to transfer leadership to TS 7ffdf40502424efb87f69942ca545f5b
I20260630 12:34:33.669956 10266 auto_leader_rebalancer.cc:440] table: range_aware_rebalance_new_range, leader rebalance finish, leader transfer count: 1
I20260630 12:34:33.670503 10266 auto_leader_rebalancer.cc:515] All tables' leader rebalancing finished this round
I20260630 12:34:33.927668 10884 ts_tablet_manager.cc:933] T 9916c9320ecf4f40bfae3da32524d45c P 7ffdf40502424efb87f69942ca545f5b: Initiating tablet copy from peer d3f61d05389340ceaf99a02938ae3b69 (127.7.27.131:35975)
I20260630 12:34:33.929071 10884 tablet_copy_client.cc:323] T 9916c9320ecf4f40bfae3da32524d45c P 7ffdf40502424efb87f69942ca545f5b: tablet copy: Beginning tablet copy session from remote peer at address 127.7.27.131:35975
I20260630 12:34:33.930405 10474 tablet_copy_service.cc:140] P d3f61d05389340ceaf99a02938ae3b69: Received BeginTabletCopySession request for tablet 9916c9320ecf4f40bfae3da32524d45c from peer 7ffdf40502424efb87f69942ca545f5b ({username='slave'} at 127.0.0.1:33964)
I20260630 12:34:33.930909 10474 tablet_copy_service.cc:161] P d3f61d05389340ceaf99a02938ae3b69: Beginning new tablet copy session on tablet 9916c9320ecf4f40bfae3da32524d45c from peer 7ffdf40502424efb87f69942ca545f5b at {username='slave'} at 127.0.0.1:33964: session id = 7ffdf40502424efb87f69942ca545f5b-9916c9320ecf4f40bfae3da32524d45c
I20260630 12:34:33.937975 10474 tablet_copy_source_session.cc:215] T 9916c9320ecf4f40bfae3da32524d45c P d3f61d05389340ceaf99a02938ae3b69: Tablet Copy: opened 0 blocks and 1 log segments
I20260630 12:34:33.940528 10884 data_dirs.cc:400] Could only allocate 1 dirs of requested 3 for tablet 9916c9320ecf4f40bfae3da32524d45c. 1 dirs total, 0 dirs full, 0 dirs failed
I20260630 12:34:33.950349 10884 tablet_copy_client.cc:806] T 9916c9320ecf4f40bfae3da32524d45c P 7ffdf40502424efb87f69942ca545f5b: tablet copy: Starting download of 0 data blocks...
I20260630 12:34:33.950858 10884 tablet_copy_client.cc:670] T 9916c9320ecf4f40bfae3da32524d45c P 7ffdf40502424efb87f69942ca545f5b: tablet copy: Starting download of 1 WAL segments...
I20260630 12:34:33.954258 10884 tablet_copy_client.cc:538] T 9916c9320ecf4f40bfae3da32524d45c P 7ffdf40502424efb87f69942ca545f5b: tablet copy: Tablet Copy complete. Replacing tablet superblock.
I20260630 12:34:33.959830 10884 tablet_bootstrap.cc:492] T 9916c9320ecf4f40bfae3da32524d45c P 7ffdf40502424efb87f69942ca545f5b: Bootstrap starting.
I20260630 12:34:33.976135 10884 tablet_bootstrap.cc:492] T 9916c9320ecf4f40bfae3da32524d45c P 7ffdf40502424efb87f69942ca545f5b: Bootstrap replayed 1/1 log segments. Stats: ops{read=3 overwritten=0 applied=3 ignored=0} inserts{seen=0 ignored=0} mutations{seen=0 ignored=0} orphaned_commits=0. Pending: 0 replicates
I20260630 12:34:33.976756 10884 tablet_bootstrap.cc:492] T 9916c9320ecf4f40bfae3da32524d45c P 7ffdf40502424efb87f69942ca545f5b: Bootstrap complete.
I20260630 12:34:33.977245 10884 ts_tablet_manager.cc:1403] T 9916c9320ecf4f40bfae3da32524d45c P 7ffdf40502424efb87f69942ca545f5b: Time spent bootstrapping tablet: real 0.018s	user 0.012s	sys 0.004s
I20260630 12:34:33.979161 10884 raft_consensus.cc:359] T 9916c9320ecf4f40bfae3da32524d45c P 7ffdf40502424efb87f69942ca545f5b [term 2 LEARNER]: Replica starting. Triggering 0 pending ops. Active config: opid_index: 3 OBSOLETE_local: false peers { permanent_uuid: "e9bb554d9a014d278997462d87366b60" member_type: VOTER last_known_addr { host: "127.7.27.129" port: 33461 } } peers { permanent_uuid: "722b9ee44f7f42feab8bf4446d1d7e75" member_type: VOTER last_known_addr { host: "127.7.27.130" port: 39893 } attrs { replace: true } } peers { permanent_uuid: "d3f61d05389340ceaf99a02938ae3b69" member_type: VOTER last_known_addr { host: "127.7.27.131" port: 35975 } } peers { permanent_uuid: "7ffdf40502424efb87f69942ca545f5b" member_type: NON_VOTER last_known_addr { host: "127.7.27.132" port: 44269 } attrs { promote: true } }
I20260630 12:34:33.979753 10884 raft_consensus.cc:740] T 9916c9320ecf4f40bfae3da32524d45c P 7ffdf40502424efb87f69942ca545f5b [term 2 LEARNER]: Becoming Follower/Learner. State: Replica: 7ffdf40502424efb87f69942ca545f5b, State: Initialized, Role: LEARNER
I20260630 12:34:33.980223 10884 consensus_queue.cc:260] T 9916c9320ecf4f40bfae3da32524d45c P 7ffdf40502424efb87f69942ca545f5b [NON_LEADER]: Queue going to NON_LEADER mode. State: All replicated index: 0, Majority replicated index: 0, Committed index: 3, Last appended: 2.3, Last appended by leader: 3, Current term: 0, Majority size: -1, State: 0, Mode: NON_LEADER, active raft config: opid_index: 3 OBSOLETE_local: false peers { permanent_uuid: "e9bb554d9a014d278997462d87366b60" member_type: VOTER last_known_addr { host: "127.7.27.129" port: 33461 } } peers { permanent_uuid: "722b9ee44f7f42feab8bf4446d1d7e75" member_type: VOTER last_known_addr { host: "127.7.27.130" port: 39893 } attrs { replace: true } } peers { permanent_uuid: "d3f61d05389340ceaf99a02938ae3b69" member_type: VOTER last_known_addr { host: "127.7.27.131" port: 35975 } } peers { permanent_uuid: "7ffdf40502424efb87f69942ca545f5b" member_type: NON_VOTER last_known_addr { host: "127.7.27.132" port: 44269 } attrs { promote: true } }
I20260630 12:34:33.983013 10884 ts_tablet_manager.cc:1434] T 9916c9320ecf4f40bfae3da32524d45c P 7ffdf40502424efb87f69942ca545f5b: Time spent starting tablet: real 0.006s	user 0.005s	sys 0.000s
I20260630 12:34:33.984576 10474 tablet_copy_service.cc:342] P d3f61d05389340ceaf99a02938ae3b69: Request end of tablet copy session 7ffdf40502424efb87f69942ca545f5b-9916c9320ecf4f40bfae3da32524d45c received from {username='slave'} at 127.0.0.1:33964
I20260630 12:34:33.984949 10474 tablet_copy_service.cc:434] P d3f61d05389340ceaf99a02938ae3b69: ending tablet copy session 7ffdf40502424efb87f69942ca545f5b-9916c9320ecf4f40bfae3da32524d45c on tablet 9916c9320ecf4f40bfae3da32524d45c with peer 7ffdf40502424efb87f69942ca545f5b
I20260630 12:34:34.122504 10887 raft_consensus.cc:993] T dcdebd00eff24e18ab714066276fc016 P e9bb554d9a014d278997462d87366b60: : Instructing follower 7ffdf40502424efb87f69942ca545f5b to start an election
I20260630 12:34:34.122961 10871 raft_consensus.cc:1081] T dcdebd00eff24e18ab714066276fc016 P e9bb554d9a014d278997462d87366b60 [term 1 LEADER]: Signalling peer 7ffdf40502424efb87f69942ca545f5b to start an election
I20260630 12:34:34.124365 10614 tablet_service.cc:2044] Received Run Leader Election RPC: tablet_id: "dcdebd00eff24e18ab714066276fc016"
dest_uuid: "7ffdf40502424efb87f69942ca545f5b"
 from {username='slave'} at 127.0.0.1:44310
I20260630 12:34:34.124784 10614 raft_consensus.cc:493] T dcdebd00eff24e18ab714066276fc016 P 7ffdf40502424efb87f69942ca545f5b [term 1 FOLLOWER]: Starting forced leader election (received explicit request)
I20260630 12:34:34.125030 10614 raft_consensus.cc:3060] T dcdebd00eff24e18ab714066276fc016 P 7ffdf40502424efb87f69942ca545f5b [term 1 FOLLOWER]: Advancing to term 2
I20260630 12:34:34.128952 10614 raft_consensus.cc:515] T dcdebd00eff24e18ab714066276fc016 P 7ffdf40502424efb87f69942ca545f5b [term 2 FOLLOWER]: Starting forced leader election with config: opid_index: 4 OBSOLETE_local: false peers { permanent_uuid: "e9bb554d9a014d278997462d87366b60" member_type: VOTER last_known_addr { host: "127.7.27.129" port: 33461 } } peers { permanent_uuid: "722b9ee44f7f42feab8bf4446d1d7e75" member_type: VOTER last_known_addr { host: "127.7.27.130" port: 39893 } } peers { permanent_uuid: "7ffdf40502424efb87f69942ca545f5b" member_type: VOTER last_known_addr { host: "127.7.27.132" port: 44269 } attrs { promote: false } }
I20260630 12:34:34.130366 10614 leader_election.cc:290] T dcdebd00eff24e18ab714066276fc016 P 7ffdf40502424efb87f69942ca545f5b [CANDIDATE]: Term 2 election: Requested vote from peers e9bb554d9a014d278997462d87366b60 (127.7.27.129:33461), 722b9ee44f7f42feab8bf4446d1d7e75 (127.7.27.130:39893)
I20260630 12:34:34.131152 10315 tablet_service.cc:1917] Received RequestConsensusVote() RPC: tablet_id: "dcdebd00eff24e18ab714066276fc016" candidate_uuid: "7ffdf40502424efb87f69942ca545f5b" candidate_term: 2 candidate_status { last_received { term: 1 index: 4 } } ignore_live_leader: true dest_uuid: "e9bb554d9a014d278997462d87366b60"
I20260630 12:34:34.131399 10390 tablet_service.cc:1917] Received RequestConsensusVote() RPC: tablet_id: "dcdebd00eff24e18ab714066276fc016" candidate_uuid: "7ffdf40502424efb87f69942ca545f5b" candidate_term: 2 candidate_status { last_received { term: 1 index: 4 } } ignore_live_leader: true dest_uuid: "722b9ee44f7f42feab8bf4446d1d7e75"
I20260630 12:34:34.131740 10315 raft_consensus.cc:3055] T dcdebd00eff24e18ab714066276fc016 P e9bb554d9a014d278997462d87366b60 [term 1 LEADER]: Stepping down as leader of term 1
I20260630 12:34:34.132009 10390 raft_consensus.cc:3060] T dcdebd00eff24e18ab714066276fc016 P 722b9ee44f7f42feab8bf4446d1d7e75 [term 1 FOLLOWER]: Advancing to term 2
I20260630 12:34:34.132066 10315 raft_consensus.cc:740] T dcdebd00eff24e18ab714066276fc016 P e9bb554d9a014d278997462d87366b60 [term 1 LEADER]: Becoming Follower/Learner. State: Replica: e9bb554d9a014d278997462d87366b60, State: Running, Role: LEADER
I20260630 12:34:34.132922 10315 consensus_queue.cc:260] T dcdebd00eff24e18ab714066276fc016 P e9bb554d9a014d278997462d87366b60 [NON_LEADER]: Queue going to NON_LEADER mode. State: All replicated index: 0, Majority replicated index: 4, Committed index: 4, Last appended: 1.4, Last appended by leader: 4, Current term: 1, Majority size: -1, State: 0, Mode: NON_LEADER, active raft config: opid_index: 4 OBSOLETE_local: false peers { permanent_uuid: "e9bb554d9a014d278997462d87366b60" member_type: VOTER last_known_addr { host: "127.7.27.129" port: 33461 } } peers { permanent_uuid: "722b9ee44f7f42feab8bf4446d1d7e75" member_type: VOTER last_known_addr { host: "127.7.27.130" port: 39893 } } peers { permanent_uuid: "7ffdf40502424efb87f69942ca545f5b" member_type: VOTER last_known_addr { host: "127.7.27.132" port: 44269 } attrs { promote: false } }
I20260630 12:34:34.133925 10315 raft_consensus.cc:3060] T dcdebd00eff24e18ab714066276fc016 P e9bb554d9a014d278997462d87366b60 [term 1 FOLLOWER]: Advancing to term 2
I20260630 12:34:34.137800 10315 raft_consensus.cc:2468] T dcdebd00eff24e18ab714066276fc016 P e9bb554d9a014d278997462d87366b60 [term 2 FOLLOWER]: Leader election vote request: Granting yes vote for candidate 7ffdf40502424efb87f69942ca545f5b in term 2.
I20260630 12:34:34.137871 10390 raft_consensus.cc:2468] T dcdebd00eff24e18ab714066276fc016 P 722b9ee44f7f42feab8bf4446d1d7e75 [term 2 FOLLOWER]: Leader election vote request: Granting yes vote for candidate 7ffdf40502424efb87f69942ca545f5b in term 2.
I20260630 12:34:34.138566 10389 raft_consensus.cc:1240] T dcdebd00eff24e18ab714066276fc016 P 722b9ee44f7f42feab8bf4446d1d7e75 [term 2 FOLLOWER]: Rejecting Update request from peer e9bb554d9a014d278997462d87366b60 for earlier term 1. Current term is 2. Ops: []
I20260630 12:34:34.139086 10575 leader_election.cc:304] T dcdebd00eff24e18ab714066276fc016 P 7ffdf40502424efb87f69942ca545f5b [CANDIDATE]: Term 2 election: Election decided. Result: candidate won. Election summary: received 2 responses out of 3 voters: 2 yes votes; 0 no votes. yes voters: 7ffdf40502424efb87f69942ca545f5b, e9bb554d9a014d278997462d87366b60; no voters: 
I20260630 12:34:34.139964 10801 raft_consensus.cc:2804] T dcdebd00eff24e18ab714066276fc016 P 7ffdf40502424efb87f69942ca545f5b [term 2 FOLLOWER]: Leader election won for term 2
I20260630 12:34:34.141000 10801 raft_consensus.cc:697] T dcdebd00eff24e18ab714066276fc016 P 7ffdf40502424efb87f69942ca545f5b [term 2 LEADER]: Becoming Leader. State: Replica: 7ffdf40502424efb87f69942ca545f5b, State: Running, Role: LEADER
I20260630 12:34:34.141839 10801 consensus_queue.cc:237] T dcdebd00eff24e18ab714066276fc016 P 7ffdf40502424efb87f69942ca545f5b [LEADER]: Queue going to LEADER mode. State: All replicated index: 0, Majority replicated index: 4, Committed index: 4, Last appended: 1.4, Last appended by leader: 4, Current term: 2, Majority size: 2, State: 0, Mode: LEADER, active raft config: opid_index: 4 OBSOLETE_local: false peers { permanent_uuid: "e9bb554d9a014d278997462d87366b60" member_type: VOTER last_known_addr { host: "127.7.27.129" port: 33461 } } peers { permanent_uuid: "722b9ee44f7f42feab8bf4446d1d7e75" member_type: VOTER last_known_addr { host: "127.7.27.130" port: 39893 } } peers { permanent_uuid: "7ffdf40502424efb87f69942ca545f5b" member_type: VOTER last_known_addr { host: "127.7.27.132" port: 44269 } attrs { promote: false } }
I20260630 12:34:34.148845 10210 catalog_manager.cc:5697] T dcdebd00eff24e18ab714066276fc016 P 7ffdf40502424efb87f69942ca545f5b reported cstate change: term changed from 1 to 2, leader changed from e9bb554d9a014d278997462d87366b60 (127.7.27.129) to 7ffdf40502424efb87f69942ca545f5b (127.7.27.132). New cstate: current_term: 2 leader_uuid: "7ffdf40502424efb87f69942ca545f5b" committed_config { opid_index: 4 OBSOLETE_local: false peers { permanent_uuid: "e9bb554d9a014d278997462d87366b60" member_type: VOTER last_known_addr { host: "127.7.27.129" port: 33461 } health_report { overall_health: UNKNOWN } } peers { permanent_uuid: "722b9ee44f7f42feab8bf4446d1d7e75" member_type: VOTER last_known_addr { host: "127.7.27.130" port: 39893 } health_report { overall_health: UNKNOWN } } peers { permanent_uuid: "7ffdf40502424efb87f69942ca545f5b" member_type: VOTER last_known_addr { host: "127.7.27.132" port: 44269 } attrs { promote: false } health_report { overall_health: HEALTHY } } }
I20260630 12:34:34.327695 10614 raft_consensus.cc:1217] T 9916c9320ecf4f40bfae3da32524d45c P 7ffdf40502424efb87f69942ca545f5b [term 2 LEARNER]: Deduplicated request from leader. Original: 2.2->[2.3-2.3]   Dedup: 2.3->[]
I20260630 12:34:34.534899 10315 raft_consensus.cc:1275] T dcdebd00eff24e18ab714066276fc016 P e9bb554d9a014d278997462d87366b60 [term 2 FOLLOWER]: Refusing update from remote peer 7ffdf40502424efb87f69942ca545f5b: Log matching property violated. Preceding OpId in replica: term: 1 index: 4. Preceding OpId from leader: term: 2 index: 5. (index mismatch)
I20260630 12:34:34.536029 10801 consensus_queue.cc:1048] T dcdebd00eff24e18ab714066276fc016 P 7ffdf40502424efb87f69942ca545f5b [LEADER]: Connected to new peer: Peer: permanent_uuid: "e9bb554d9a014d278997462d87366b60" member_type: VOTER last_known_addr { host: "127.7.27.129" port: 33461 }, Status: LMP_MISMATCH, Last received: 0.0, Next index: 5, Last known committed idx: 4, Time since last communication: 0.000s
