I20260630 12:33:08.399226  7532 raft_consensus.cc:493] T 075efd05aa264a879d575895d4b47341 P d314af83901e4027a90765d74047af87 [term 0 FOLLOWER]: Starting pre-election (no leader contacted us within the election timeout)
I20260630 12:33:08.400125  7525 tablet_bootstrap.cc:492] T 64cfd847fd05486eb776a80817d7e698 P d314af83901e4027a90765d74047af87: Bootstrap starting.
I20260630 12:33:08.399845  7532 raft_consensus.cc:515] T 075efd05aa264a879d575895d4b47341 P d314af83901e4027a90765d74047af87 [term 0 FOLLOWER]: Starting pre-election with config: opid_index: -1 OBSOLETE_local: false peers { permanent_uuid: "eb6d56857a5b420ea38cafdc92740f7a" member_type: VOTER last_known_addr { host: "127.6.129.195" port: 36777 } } peers { permanent_uuid: "719f755989a84e079eb7a599f5dc4036" member_type: VOTER last_known_addr { host: "127.6.129.194" port: 43757 } } peers { permanent_uuid: "d314af83901e4027a90765d74047af87" member_type: VOTER last_known_addr { host: "127.6.129.193" port: 33489 } }
I20260630 12:33:08.404951  7532 leader_election.cc:290] T 075efd05aa264a879d575895d4b47341 P d314af83901e4027a90765d74047af87 [CANDIDATE]: Term 1 pre-election: Requested pre-vote from peers eb6d56857a5b420ea38cafdc92740f7a (127.6.129.195:36777), 719f755989a84e079eb7a599f5dc4036 (127.6.129.194:43757)
I20260630 12:33:08.410377  7523 tablet_bootstrap.cc:654] T 07924eb3ac1b4af184b54256164f38f3 P eb6d56857a5b420ea38cafdc92740f7a: Neither blocks nor log segments found. Creating new log.
I20260630 12:33:08.390542  7529 raft_consensus.cc:515] T 07924eb3ac1b4af184b54256164f38f3 P 719f755989a84e079eb7a599f5dc4036 [term 0 FOLLOWER]: Starting pre-election with config: opid_index: -1 OBSOLETE_local: false peers { permanent_uuid: "d314af83901e4027a90765d74047af87" member_type: VOTER last_known_addr { host: "127.6.129.193" port: 33489 } } peers { permanent_uuid: "719f755989a84e079eb7a599f5dc4036" member_type: VOTER last_known_addr { host: "127.6.129.194" port: 43757 } } peers { permanent_uuid: "eb6d56857a5b420ea38cafdc92740f7a" member_type: VOTER last_known_addr { host: "127.6.129.195" port: 36777 } }
I20260630 12:33:08.411412  7525 tablet_bootstrap.cc:654] T 64cfd847fd05486eb776a80817d7e698 P d314af83901e4027a90765d74047af87: Neither blocks nor log segments found. Creating new log.
I20260630 12:33:08.413550  7524 tablet_bootstrap.cc:492] T 781f629d71274b0b8ae66b377336b7bb P 719f755989a84e079eb7a599f5dc4036: No bootstrap required, opened a new log
I20260630 12:33:08.414008  7524 ts_tablet_manager.cc:1403] T 781f629d71274b0b8ae66b377336b7bb P 719f755989a84e079eb7a599f5dc4036: Time spent bootstrapping tablet: real 0.031s	user 0.013s	sys 0.011s
I20260630 12:33:08.419405  7529 leader_election.cc:290] T 07924eb3ac1b4af184b54256164f38f3 P 719f755989a84e079eb7a599f5dc4036 [CANDIDATE]: Term 1 pre-election: Requested pre-vote from peers d314af83901e4027a90765d74047af87 (127.6.129.193:33489), eb6d56857a5b420ea38cafdc92740f7a (127.6.129.195:36777)
I20260630 12:33:08.422127  7524 raft_consensus.cc:359] T 781f629d71274b0b8ae66b377336b7bb P 719f755989a84e079eb7a599f5dc4036 [term 0 FOLLOWER]: Replica starting. Triggering 0 pending ops. Active config: opid_index: -1 OBSOLETE_local: false peers { permanent_uuid: "d314af83901e4027a90765d74047af87" member_type: VOTER last_known_addr { host: "127.6.129.193" port: 33489 } } peers { permanent_uuid: "719f755989a84e079eb7a599f5dc4036" member_type: VOTER last_known_addr { host: "127.6.129.194" port: 43757 } } peers { permanent_uuid: "eb6d56857a5b420ea38cafdc92740f7a" member_type: VOTER last_known_addr { host: "127.6.129.195" port: 36777 } }
I20260630 12:33:08.423321  7524 raft_consensus.cc:385] T 781f629d71274b0b8ae66b377336b7bb P 719f755989a84e079eb7a599f5dc4036 [term 0 FOLLOWER]: Consensus starting up: Expiring failure detector timer to make a prompt election more likely
I20260630 12:33:08.423712  7524 raft_consensus.cc:740] T 781f629d71274b0b8ae66b377336b7bb P 719f755989a84e079eb7a599f5dc4036 [term 0 FOLLOWER]: Becoming Follower/Learner. State: Replica: 719f755989a84e079eb7a599f5dc4036, State: Initialized, Role: FOLLOWER
I20260630 12:33:08.426307  7524 consensus_queue.cc:260] T 781f629d71274b0b8ae66b377336b7bb P 719f755989a84e079eb7a599f5dc4036 [NON_LEADER]: Queue going to NON_LEADER mode. State: All replicated index: 0, Majority replicated index: 0, Committed index: 0, Last appended: 0.0, Last appended by leader: 0, Current term: 0, Majority size: -1, State: 0, Mode: NON_LEADER, active raft config: opid_index: -1 OBSOLETE_local: false peers { permanent_uuid: "d314af83901e4027a90765d74047af87" member_type: VOTER last_known_addr { host: "127.6.129.193" port: 33489 } } peers { permanent_uuid: "719f755989a84e079eb7a599f5dc4036" member_type: VOTER last_known_addr { host: "127.6.129.194" port: 43757 } } peers { permanent_uuid: "eb6d56857a5b420ea38cafdc92740f7a" member_type: VOTER last_known_addr { host: "127.6.129.195" port: 36777 } }
I20260630 12:33:08.433292  7524 ts_tablet_manager.cc:1434] T 781f629d71274b0b8ae66b377336b7bb P 719f755989a84e079eb7a599f5dc4036: Time spent starting tablet: real 0.019s	user 0.008s	sys 0.000s
I20260630 12:33:08.434481  7524 tablet_bootstrap.cc:492] T d18bebbea2c04e4592e4b279c6dd05bf P 719f755989a84e079eb7a599f5dc4036: Bootstrap starting.
I20260630 12:33:08.434947  7523 tablet_bootstrap.cc:492] T 07924eb3ac1b4af184b54256164f38f3 P eb6d56857a5b420ea38cafdc92740f7a: No bootstrap required, opened a new log
I20260630 12:33:08.435458  7523 ts_tablet_manager.cc:1403] T 07924eb3ac1b4af184b54256164f38f3 P eb6d56857a5b420ea38cafdc92740f7a: Time spent bootstrapping tablet: real 0.038s	user 0.010s	sys 0.002s
I20260630 12:33:08.438143  7523 raft_consensus.cc:359] T 07924eb3ac1b4af184b54256164f38f3 P eb6d56857a5b420ea38cafdc92740f7a [term 0 FOLLOWER]: Replica starting. Triggering 0 pending ops. Active config: opid_index: -1 OBSOLETE_local: false peers { permanent_uuid: "d314af83901e4027a90765d74047af87" member_type: VOTER last_known_addr { host: "127.6.129.193" port: 33489 } } peers { permanent_uuid: "719f755989a84e079eb7a599f5dc4036" member_type: VOTER last_known_addr { host: "127.6.129.194" port: 43757 } } peers { permanent_uuid: "eb6d56857a5b420ea38cafdc92740f7a" member_type: VOTER last_known_addr { host: "127.6.129.195" port: 36777 } }
I20260630 12:33:08.438901  7523 raft_consensus.cc:385] T 07924eb3ac1b4af184b54256164f38f3 P eb6d56857a5b420ea38cafdc92740f7a [term 0 FOLLOWER]: Consensus starting up: Expiring failure detector timer to make a prompt election more likely
I20260630 12:33:08.439265  7523 raft_consensus.cc:740] T 07924eb3ac1b4af184b54256164f38f3 P eb6d56857a5b420ea38cafdc92740f7a [term 0 FOLLOWER]: Becoming Follower/Learner. State: Replica: eb6d56857a5b420ea38cafdc92740f7a, State: Initialized, Role: FOLLOWER
I20260630 12:33:08.440160  7523 consensus_queue.cc:260] T 07924eb3ac1b4af184b54256164f38f3 P eb6d56857a5b420ea38cafdc92740f7a [NON_LEADER]: Queue going to NON_LEADER mode. State: All replicated index: 0, Majority replicated index: 0, Committed index: 0, Last appended: 0.0, Last appended by leader: 0, Current term: 0, Majority size: -1, State: 0, Mode: NON_LEADER, active raft config: opid_index: -1 OBSOLETE_local: false peers { permanent_uuid: "d314af83901e4027a90765d74047af87" member_type: VOTER last_known_addr { host: "127.6.129.193" port: 33489 } } peers { permanent_uuid: "719f755989a84e079eb7a599f5dc4036" member_type: VOTER last_known_addr { host: "127.6.129.194" port: 43757 } } peers { permanent_uuid: "eb6d56857a5b420ea38cafdc92740f7a" member_type: VOTER last_known_addr { host: "127.6.129.195" port: 36777 } }
I20260630 12:33:08.448257  7523 ts_tablet_manager.cc:1434] T 07924eb3ac1b4af184b54256164f38f3 P eb6d56857a5b420ea38cafdc92740f7a: Time spent starting tablet: real 0.012s	user 0.001s	sys 0.003s
I20260630 12:33:08.452378  7523 tablet_bootstrap.cc:492] T f12f2e23063e40fe9c15868a77362035 P eb6d56857a5b420ea38cafdc92740f7a: Bootstrap starting.
I20260630 12:33:08.453191  7524 tablet_bootstrap.cc:654] T d18bebbea2c04e4592e4b279c6dd05bf P 719f755989a84e079eb7a599f5dc4036: Neither blocks nor log segments found. Creating new log.
I20260630 12:33:08.475199  7523 tablet_bootstrap.cc:654] T f12f2e23063e40fe9c15868a77362035 P eb6d56857a5b420ea38cafdc92740f7a: Neither blocks nor log segments found. Creating new log.
I20260630 12:33:08.477985  7478 tablet_service.cc:1917] Received RequestConsensusVote() RPC: tablet_id: "07924eb3ac1b4af184b54256164f38f3" candidate_uuid: "719f755989a84e079eb7a599f5dc4036" candidate_term: 1 candidate_status { last_received { term: 0 index: 0 } } ignore_live_leader: false dest_uuid: "eb6d56857a5b420ea38cafdc92740f7a" is_pre_election: true
I20260630 12:33:08.478714  7478 raft_consensus.cc:2468] T 07924eb3ac1b4af184b54256164f38f3 P eb6d56857a5b420ea38cafdc92740f7a [term 0 FOLLOWER]: Leader pre-election vote request: Granting yes vote for candidate 719f755989a84e079eb7a599f5dc4036 in term 0.
I20260630 12:33:08.479146  7524 tablet_bootstrap.cc:492] T d18bebbea2c04e4592e4b279c6dd05bf P 719f755989a84e079eb7a599f5dc4036: No bootstrap required, opened a new log
I20260630 12:33:08.479792  7524 ts_tablet_manager.cc:1403] T d18bebbea2c04e4592e4b279c6dd05bf P 719f755989a84e079eb7a599f5dc4036: Time spent bootstrapping tablet: real 0.046s	user 0.006s	sys 0.006s
I20260630 12:33:08.480247  7369 leader_election.cc:304] T 07924eb3ac1b4af184b54256164f38f3 P 719f755989a84e079eb7a599f5dc4036 [CANDIDATE]: Term 1 pre-election: Election decided. Result: candidate won. Election summary: received 2 responses out of 3 voters: 2 yes votes; 0 no votes. yes voters: 719f755989a84e079eb7a599f5dc4036, eb6d56857a5b420ea38cafdc92740f7a; no voters: 
I20260630 12:33:08.481590  7529 raft_consensus.cc:2804] T 07924eb3ac1b4af184b54256164f38f3 P 719f755989a84e079eb7a599f5dc4036 [term 0 FOLLOWER]: Leader pre-election won for term 1
I20260630 12:33:08.482048  7529 raft_consensus.cc:493] T 07924eb3ac1b4af184b54256164f38f3 P 719f755989a84e079eb7a599f5dc4036 [term 0 FOLLOWER]: Starting leader election (no leader contacted us within the election timeout)
I20260630 12:33:08.482462  7529 raft_consensus.cc:3060] T 07924eb3ac1b4af184b54256164f38f3 P 719f755989a84e079eb7a599f5dc4036 [term 0 FOLLOWER]: Advancing to term 1
I20260630 12:33:08.487531  7523 tablet_bootstrap.cc:492] T f12f2e23063e40fe9c15868a77362035 P eb6d56857a5b420ea38cafdc92740f7a: No bootstrap required, opened a new log
I20260630 12:33:08.483120  7524 raft_consensus.cc:359] T d18bebbea2c04e4592e4b279c6dd05bf P 719f755989a84e079eb7a599f5dc4036 [term 0 FOLLOWER]: Replica starting. Triggering 0 pending ops. Active config: opid_index: -1 OBSOLETE_local: false peers { permanent_uuid: "d314af83901e4027a90765d74047af87" member_type: VOTER last_known_addr { host: "127.6.129.193" port: 33489 } } peers { permanent_uuid: "719f755989a84e079eb7a599f5dc4036" member_type: VOTER last_known_addr { host: "127.6.129.194" port: 43757 } } peers { permanent_uuid: "eb6d56857a5b420ea38cafdc92740f7a" member_type: VOTER last_known_addr { host: "127.6.129.195" port: 36777 } }
I20260630 12:33:08.488049  7523 ts_tablet_manager.cc:1403] T f12f2e23063e40fe9c15868a77362035 P eb6d56857a5b420ea38cafdc92740f7a: Time spent bootstrapping tablet: real 0.036s	user 0.012s	sys 0.020s
I20260630 12:33:08.488348  7524 raft_consensus.cc:385] T d18bebbea2c04e4592e4b279c6dd05bf P 719f755989a84e079eb7a599f5dc4036 [term 0 FOLLOWER]: Consensus starting up: Expiring failure detector timer to make a prompt election more likely
I20260630 12:33:08.488817  7524 raft_consensus.cc:740] T d18bebbea2c04e4592e4b279c6dd05bf P 719f755989a84e079eb7a599f5dc4036 [term 0 FOLLOWER]: Becoming Follower/Learner. State: Replica: 719f755989a84e079eb7a599f5dc4036, State: Initialized, Role: FOLLOWER
I20260630 12:33:08.489724  7529 raft_consensus.cc:515] T 07924eb3ac1b4af184b54256164f38f3 P 719f755989a84e079eb7a599f5dc4036 [term 1 FOLLOWER]: Starting leader election with config: opid_index: -1 OBSOLETE_local: false peers { permanent_uuid: "d314af83901e4027a90765d74047af87" member_type: VOTER last_known_addr { host: "127.6.129.193" port: 33489 } } peers { permanent_uuid: "719f755989a84e079eb7a599f5dc4036" member_type: VOTER last_known_addr { host: "127.6.129.194" port: 43757 } } peers { permanent_uuid: "eb6d56857a5b420ea38cafdc92740f7a" member_type: VOTER last_known_addr { host: "127.6.129.195" port: 36777 } }
I20260630 12:33:08.491003  7523 raft_consensus.cc:359] T f12f2e23063e40fe9c15868a77362035 P eb6d56857a5b420ea38cafdc92740f7a [term 0 FOLLOWER]: Replica starting. Triggering 0 pending ops. Active config: opid_index: -1 OBSOLETE_local: false peers { permanent_uuid: "d314af83901e4027a90765d74047af87" member_type: VOTER last_known_addr { host: "127.6.129.193" port: 33489 } } peers { permanent_uuid: "719f755989a84e079eb7a599f5dc4036" member_type: VOTER last_known_addr { host: "127.6.129.194" port: 43757 } } peers { permanent_uuid: "eb6d56857a5b420ea38cafdc92740f7a" member_type: VOTER last_known_addr { host: "127.6.129.195" port: 36777 } }
I20260630 12:33:08.491770  7523 raft_consensus.cc:385] T f12f2e23063e40fe9c15868a77362035 P eb6d56857a5b420ea38cafdc92740f7a [term 0 FOLLOWER]: Consensus starting up: Expiring failure detector timer to make a prompt election more likely
I20260630 12:33:08.492237  7523 raft_consensus.cc:740] T f12f2e23063e40fe9c15868a77362035 P eb6d56857a5b420ea38cafdc92740f7a [term 0 FOLLOWER]: Becoming Follower/Learner. State: Replica: eb6d56857a5b420ea38cafdc92740f7a, State: Initialized, Role: FOLLOWER
I20260630 12:33:08.491628  7524 consensus_queue.cc:260] T d18bebbea2c04e4592e4b279c6dd05bf P 719f755989a84e079eb7a599f5dc4036 [NON_LEADER]: Queue going to NON_LEADER mode. State: All replicated index: 0, Majority replicated index: 0, Committed index: 0, Last appended: 0.0, Last appended by leader: 0, Current term: 0, Majority size: -1, State: 0, Mode: NON_LEADER, active raft config: opid_index: -1 OBSOLETE_local: false peers { permanent_uuid: "d314af83901e4027a90765d74047af87" member_type: VOTER last_known_addr { host: "127.6.129.193" port: 33489 } } peers { permanent_uuid: "719f755989a84e079eb7a599f5dc4036" member_type: VOTER last_known_addr { host: "127.6.129.194" port: 43757 } } peers { permanent_uuid: "eb6d56857a5b420ea38cafdc92740f7a" member_type: VOTER last_known_addr { host: "127.6.129.195" port: 36777 } }
I20260630 12:33:08.493119  7523 consensus_queue.cc:260] T f12f2e23063e40fe9c15868a77362035 P eb6d56857a5b420ea38cafdc92740f7a [NON_LEADER]: Queue going to NON_LEADER mode. State: All replicated index: 0, Majority replicated index: 0, Committed index: 0, Last appended: 0.0, Last appended by leader: 0, Current term: 0, Majority size: -1, State: 0, Mode: NON_LEADER, active raft config: opid_index: -1 OBSOLETE_local: false peers { permanent_uuid: "d314af83901e4027a90765d74047af87" member_type: VOTER last_known_addr { host: "127.6.129.193" port: 33489 } } peers { permanent_uuid: "719f755989a84e079eb7a599f5dc4036" member_type: VOTER last_known_addr { host: "127.6.129.194" port: 43757 } } peers { permanent_uuid: "eb6d56857a5b420ea38cafdc92740f7a" member_type: VOTER last_known_addr { host: "127.6.129.195" port: 36777 } }
I20260630 12:33:08.494547  7524 ts_tablet_manager.cc:1434] T d18bebbea2c04e4592e4b279c6dd05bf P 719f755989a84e079eb7a599f5dc4036: Time spent starting tablet: real 0.014s	user 0.002s	sys 0.004s
I20260630 12:33:08.495780  7524 tablet_bootstrap.cc:492] T 64cfd847fd05486eb776a80817d7e698 P 719f755989a84e079eb7a599f5dc4036: Bootstrap starting.
I20260630 12:33:08.502884  7523 ts_tablet_manager.cc:1434] T f12f2e23063e40fe9c15868a77362035 P eb6d56857a5b420ea38cafdc92740f7a: Time spent starting tablet: real 0.014s	user 0.004s	sys 0.001s
I20260630 12:33:08.506448  7523 tablet_bootstrap.cc:492] T 64cfd847fd05486eb776a80817d7e698 P eb6d56857a5b420ea38cafdc92740f7a: Bootstrap starting.
I20260630 12:33:08.510438  7524 tablet_bootstrap.cc:654] T 64cfd847fd05486eb776a80817d7e698 P 719f755989a84e079eb7a599f5dc4036: Neither blocks nor log segments found. Creating new log.
I20260630 12:33:08.511806  7523 tablet_bootstrap.cc:654] T 64cfd847fd05486eb776a80817d7e698 P eb6d56857a5b420ea38cafdc92740f7a: Neither blocks nor log segments found. Creating new log.
I20260630 12:33:08.512887  7404 tablet_service.cc:1917] Received RequestConsensusVote() RPC: tablet_id: "075efd05aa264a879d575895d4b47341" candidate_uuid: "d314af83901e4027a90765d74047af87" candidate_term: 1 candidate_status { last_received { term: 0 index: 0 } } ignore_live_leader: false dest_uuid: "719f755989a84e079eb7a599f5dc4036" is_pre_election: true
I20260630 12:33:08.514276  7329 tablet_service.cc:1917] Received RequestConsensusVote() RPC: tablet_id: "07924eb3ac1b4af184b54256164f38f3" candidate_uuid: "719f755989a84e079eb7a599f5dc4036" candidate_term: 1 candidate_status { last_received { term: 0 index: 0 } } ignore_live_leader: false dest_uuid: "d314af83901e4027a90765d74047af87" is_pre_election: true
I20260630 12:33:08.515331  7478 tablet_service.cc:1917] Received RequestConsensusVote() RPC: tablet_id: "075efd05aa264a879d575895d4b47341" candidate_uuid: "d314af83901e4027a90765d74047af87" candidate_term: 1 candidate_status { last_received { term: 0 index: 0 } } ignore_live_leader: false dest_uuid: "eb6d56857a5b420ea38cafdc92740f7a" is_pre_election: true
I20260630 12:33:08.515940  7478 raft_consensus.cc:2468] T 075efd05aa264a879d575895d4b47341 P eb6d56857a5b420ea38cafdc92740f7a [term 0 FOLLOWER]: Leader pre-election vote request: Granting yes vote for candidate d314af83901e4027a90765d74047af87 in term 0.
W20260630 12:33:08.516279  7368 leader_election.cc:343] T 07924eb3ac1b4af184b54256164f38f3 P 719f755989a84e079eb7a599f5dc4036 [CANDIDATE]: Term 1 pre-election: Tablet error from VoteRequest() call to peer d314af83901e4027a90765d74047af87 (127.6.129.193:33489): Illegal state: must be running to vote when last-logged opid is not known
I20260630 12:33:08.517203  7478 tablet_service.cc:1917] Received RequestConsensusVote() RPC: tablet_id: "07924eb3ac1b4af184b54256164f38f3" candidate_uuid: "719f755989a84e079eb7a599f5dc4036" candidate_term: 1 candidate_status { last_received { term: 0 index: 0 } } ignore_live_leader: false dest_uuid: "eb6d56857a5b420ea38cafdc92740f7a"
I20260630 12:33:08.517318  7329 tablet_service.cc:1917] Received RequestConsensusVote() RPC: tablet_id: "07924eb3ac1b4af184b54256164f38f3" candidate_uuid: "719f755989a84e079eb7a599f5dc4036" candidate_term: 1 candidate_status { last_received { term: 0 index: 0 } } ignore_live_leader: false dest_uuid: "d314af83901e4027a90765d74047af87"
I20260630 12:33:08.517369  7529 leader_election.cc:290] T 07924eb3ac1b4af184b54256164f38f3 P 719f755989a84e079eb7a599f5dc4036 [CANDIDATE]: Term 1 election: Requested vote from peers d314af83901e4027a90765d74047af87 (127.6.129.193:33489), eb6d56857a5b420ea38cafdc92740f7a (127.6.129.195:36777)
I20260630 12:33:08.517836  7478 raft_consensus.cc:3060] T 07924eb3ac1b4af184b54256164f38f3 P eb6d56857a5b420ea38cafdc92740f7a [term 0 FOLLOWER]: Advancing to term 1
W20260630 12:33:08.518702  7368 leader_election.cc:343] T 07924eb3ac1b4af184b54256164f38f3 P 719f755989a84e079eb7a599f5dc4036 [CANDIDATE]: Term 1 election: Tablet error from VoteRequest() call to peer d314af83901e4027a90765d74047af87 (127.6.129.193:33489): Illegal state: must be running to vote when last-logged opid is not known
I20260630 12:33:08.520577  7525 tablet_bootstrap.cc:492] T 64cfd847fd05486eb776a80817d7e698 P d314af83901e4027a90765d74047af87: No bootstrap required, opened a new log
I20260630 12:33:08.521035  7525 ts_tablet_manager.cc:1403] T 64cfd847fd05486eb776a80817d7e698 P d314af83901e4027a90765d74047af87: Time spent bootstrapping tablet: real 0.121s	user 0.026s	sys 0.054s
W20260630 12:33:08.516871  7294 leader_election.cc:343] T 075efd05aa264a879d575895d4b47341 P d314af83901e4027a90765d74047af87 [CANDIDATE]: Term 1 pre-election: Tablet error from VoteRequest() call to peer 719f755989a84e079eb7a599f5dc4036 (127.6.129.194:43757): Illegal state: must be running to vote when last-logged opid is not known
I20260630 12:33:08.523630  7525 raft_consensus.cc:359] T 64cfd847fd05486eb776a80817d7e698 P d314af83901e4027a90765d74047af87 [term 0 FOLLOWER]: Replica starting. Triggering 0 pending ops. Active config: opid_index: -1 OBSOLETE_local: false peers { permanent_uuid: "d314af83901e4027a90765d74047af87" member_type: VOTER last_known_addr { host: "127.6.129.193" port: 33489 } } peers { permanent_uuid: "719f755989a84e079eb7a599f5dc4036" member_type: VOTER last_known_addr { host: "127.6.129.194" port: 43757 } } peers { permanent_uuid: "eb6d56857a5b420ea38cafdc92740f7a" member_type: VOTER last_known_addr { host: "127.6.129.195" port: 36777 } }
I20260630 12:33:08.524294  7525 raft_consensus.cc:385] T 64cfd847fd05486eb776a80817d7e698 P d314af83901e4027a90765d74047af87 [term 0 FOLLOWER]: Consensus starting up: Expiring failure detector timer to make a prompt election more likely
I20260630 12:33:08.524462  7478 raft_consensus.cc:2468] T 07924eb3ac1b4af184b54256164f38f3 P eb6d56857a5b420ea38cafdc92740f7a [term 1 FOLLOWER]: Leader election vote request: Granting yes vote for candidate 719f755989a84e079eb7a599f5dc4036 in term 1.
I20260630 12:33:08.524632  7525 raft_consensus.cc:740] T 64cfd847fd05486eb776a80817d7e698 P d314af83901e4027a90765d74047af87 [term 0 FOLLOWER]: Becoming Follower/Learner. State: Replica: d314af83901e4027a90765d74047af87, State: Initialized, Role: FOLLOWER
I20260630 12:33:08.524027  7294 leader_election.cc:304] T 075efd05aa264a879d575895d4b47341 P d314af83901e4027a90765d74047af87 [CANDIDATE]: Term 1 pre-election: Election decided. Result: candidate won. Election summary: received 3 responses out of 3 voters: 2 yes votes; 1 no votes. yes voters: d314af83901e4027a90765d74047af87, eb6d56857a5b420ea38cafdc92740f7a; no voters: 719f755989a84e079eb7a599f5dc4036
I20260630 12:33:08.525573  7532 raft_consensus.cc:2804] T 075efd05aa264a879d575895d4b47341 P d314af83901e4027a90765d74047af87 [term 0 FOLLOWER]: Leader pre-election won for term 1
I20260630 12:33:08.525894  7369 leader_election.cc:304] T 07924eb3ac1b4af184b54256164f38f3 P 719f755989a84e079eb7a599f5dc4036 [CANDIDATE]: Term 1 election: Election decided. Result: candidate won. Election summary: received 3 responses out of 3 voters: 2 yes votes; 1 no votes. yes voters: 719f755989a84e079eb7a599f5dc4036, eb6d56857a5b420ea38cafdc92740f7a; no voters: d314af83901e4027a90765d74047af87
I20260630 12:33:08.526511  7525 consensus_queue.cc:260] T 64cfd847fd05486eb776a80817d7e698 P d314af83901e4027a90765d74047af87 [NON_LEADER]: Queue going to NON_LEADER mode. State: All replicated index: 0, Majority replicated index: 0, Committed index: 0, Last appended: 0.0, Last appended by leader: 0, Current term: 0, Majority size: -1, State: 0, Mode: NON_LEADER, active raft config: opid_index: -1 OBSOLETE_local: false peers { permanent_uuid: "d314af83901e4027a90765d74047af87" member_type: VOTER last_known_addr { host: "127.6.129.193" port: 33489 } } peers { permanent_uuid: "719f755989a84e079eb7a599f5dc4036" member_type: VOTER last_known_addr { host: "127.6.129.194" port: 43757 } } peers { permanent_uuid: "eb6d56857a5b420ea38cafdc92740f7a" member_type: VOTER last_known_addr { host: "127.6.129.195" port: 36777 } }
I20260630 12:33:08.525916  7532 raft_consensus.cc:493] T 075efd05aa264a879d575895d4b47341 P d314af83901e4027a90765d74047af87 [term 0 FOLLOWER]: Starting leader election (no leader contacted us within the election timeout)
I20260630 12:33:08.527586  7532 raft_consensus.cc:3060] T 075efd05aa264a879d575895d4b47341 P d314af83901e4027a90765d74047af87 [term 0 FOLLOWER]: Advancing to term 1
I20260630 12:33:08.530531  7523 tablet_bootstrap.cc:492] T 64cfd847fd05486eb776a80817d7e698 P eb6d56857a5b420ea38cafdc92740f7a: No bootstrap required, opened a new log
I20260630 12:33:08.526952  7530 raft_consensus.cc:493] T d18bebbea2c04e4592e4b279c6dd05bf P 719f755989a84e079eb7a599f5dc4036 [term 0 FOLLOWER]: Starting pre-election (no leader contacted us within the election timeout)
I20260630 12:33:08.531078  7523 ts_tablet_manager.cc:1403] T 64cfd847fd05486eb776a80817d7e698 P eb6d56857a5b420ea38cafdc92740f7a: Time spent bootstrapping tablet: real 0.025s	user 0.017s	sys 0.006s
I20260630 12:33:08.531222  7530 raft_consensus.cc:515] T d18bebbea2c04e4592e4b279c6dd05bf P 719f755989a84e079eb7a599f5dc4036 [term 0 FOLLOWER]: Starting pre-election with config: opid_index: -1 OBSOLETE_local: false peers { permanent_uuid: "d314af83901e4027a90765d74047af87" member_type: VOTER last_known_addr { host: "127.6.129.193" port: 33489 } } peers { permanent_uuid: "719f755989a84e079eb7a599f5dc4036" member_type: VOTER last_known_addr { host: "127.6.129.194" port: 43757 } } peers { permanent_uuid: "eb6d56857a5b420ea38cafdc92740f7a" member_type: VOTER last_known_addr { host: "127.6.129.195" port: 36777 } }
I20260630 12:33:08.534036  7530 leader_election.cc:290] T d18bebbea2c04e4592e4b279c6dd05bf P 719f755989a84e079eb7a599f5dc4036 [CANDIDATE]: Term 1 pre-election: Requested pre-vote from peers d314af83901e4027a90765d74047af87 (127.6.129.193:33489), eb6d56857a5b420ea38cafdc92740f7a (127.6.129.195:36777)
I20260630 12:33:08.534425  7523 raft_consensus.cc:359] T 64cfd847fd05486eb776a80817d7e698 P eb6d56857a5b420ea38cafdc92740f7a [term 0 FOLLOWER]: Replica starting. Triggering 0 pending ops. Active config: opid_index: -1 OBSOLETE_local: false peers { permanent_uuid: "d314af83901e4027a90765d74047af87" member_type: VOTER last_known_addr { host: "127.6.129.193" port: 33489 } } peers { permanent_uuid: "719f755989a84e079eb7a599f5dc4036" member_type: VOTER last_known_addr { host: "127.6.129.194" port: 43757 } } peers { permanent_uuid: "eb6d56857a5b420ea38cafdc92740f7a" member_type: VOTER last_known_addr { host: "127.6.129.195" port: 36777 } }
I20260630 12:33:08.535415  7523 raft_consensus.cc:385] T 64cfd847fd05486eb776a80817d7e698 P eb6d56857a5b420ea38cafdc92740f7a [term 0 FOLLOWER]: Consensus starting up: Expiring failure detector timer to make a prompt election more likely
I20260630 12:33:08.535781  7523 raft_consensus.cc:740] T 64cfd847fd05486eb776a80817d7e698 P eb6d56857a5b420ea38cafdc92740f7a [term 0 FOLLOWER]: Becoming Follower/Learner. State: Replica: eb6d56857a5b420ea38cafdc92740f7a, State: Initialized, Role: FOLLOWER
I20260630 12:33:08.536293  7329 tablet_service.cc:1917] Received RequestConsensusVote() RPC: tablet_id: "d18bebbea2c04e4592e4b279c6dd05bf" candidate_uuid: "719f755989a84e079eb7a599f5dc4036" candidate_term: 1 candidate_status { last_received { term: 0 index: 0 } } ignore_live_leader: false dest_uuid: "d314af83901e4027a90765d74047af87" is_pre_election: true
I20260630 12:33:08.536756  7523 consensus_queue.cc:260] T 64cfd847fd05486eb776a80817d7e698 P eb6d56857a5b420ea38cafdc92740f7a [NON_LEADER]: Queue going to NON_LEADER mode. State: All replicated index: 0, Majority replicated index: 0, Committed index: 0, Last appended: 0.0, Last appended by leader: 0, Current term: 0, Majority size: -1, State: 0, Mode: NON_LEADER, active raft config: opid_index: -1 OBSOLETE_local: false peers { permanent_uuid: "d314af83901e4027a90765d74047af87" member_type: VOTER last_known_addr { host: "127.6.129.193" port: 33489 } } peers { permanent_uuid: "719f755989a84e079eb7a599f5dc4036" member_type: VOTER last_known_addr { host: "127.6.129.194" port: 43757 } } peers { permanent_uuid: "eb6d56857a5b420ea38cafdc92740f7a" member_type: VOTER last_known_addr { host: "127.6.129.195" port: 36777 } }
W20260630 12:33:08.537937  7368 leader_election.cc:343] T d18bebbea2c04e4592e4b279c6dd05bf P 719f755989a84e079eb7a599f5dc4036 [CANDIDATE]: Term 1 pre-election: Tablet error from VoteRequest() call to peer d314af83901e4027a90765d74047af87 (127.6.129.193:33489): Illegal state: must be running to vote when last-logged opid is not known
I20260630 12:33:08.540062  7477 tablet_service.cc:1917] Received RequestConsensusVote() RPC: tablet_id: "d18bebbea2c04e4592e4b279c6dd05bf" candidate_uuid: "719f755989a84e079eb7a599f5dc4036" candidate_term: 1 candidate_status { last_received { term: 0 index: 0 } } ignore_live_leader: false dest_uuid: "eb6d56857a5b420ea38cafdc92740f7a" is_pre_election: true
W20260630 12:33:08.541808  7369 leader_election.cc:343] T d18bebbea2c04e4592e4b279c6dd05bf P 719f755989a84e079eb7a599f5dc4036 [CANDIDATE]: Term 1 pre-election: Tablet error from VoteRequest() call to peer eb6d56857a5b420ea38cafdc92740f7a (127.6.129.195:36777): Illegal state: must be running to vote when last-logged opid is not known
I20260630 12:33:08.542356  7369 leader_election.cc:304] T d18bebbea2c04e4592e4b279c6dd05bf P 719f755989a84e079eb7a599f5dc4036 [CANDIDATE]: Term 1 pre-election: Election decided. Result: candidate lost. Election summary: received 3 responses out of 3 voters: 1 yes votes; 2 no votes. yes voters: 719f755989a84e079eb7a599f5dc4036; no voters: d314af83901e4027a90765d74047af87, eb6d56857a5b420ea38cafdc92740f7a
I20260630 12:33:08.543716  7529 raft_consensus.cc:2749] T d18bebbea2c04e4592e4b279c6dd05bf P 719f755989a84e079eb7a599f5dc4036 [term 0 FOLLOWER]: Leader pre-election lost for term 1. Reason: could not achieve majority
I20260630 12:33:08.546288  7531 raft_consensus.cc:493] T f12f2e23063e40fe9c15868a77362035 P eb6d56857a5b420ea38cafdc92740f7a [term 0 FOLLOWER]: Starting pre-election (no leader contacted us within the election timeout)
I20260630 12:33:08.546840  7531 raft_consensus.cc:515] T f12f2e23063e40fe9c15868a77362035 P eb6d56857a5b420ea38cafdc92740f7a [term 0 FOLLOWER]: Starting pre-election with config: opid_index: -1 OBSOLETE_local: false peers { permanent_uuid: "d314af83901e4027a90765d74047af87" member_type: VOTER last_known_addr { host: "127.6.129.193" port: 33489 } } peers { permanent_uuid: "719f755989a84e079eb7a599f5dc4036" member_type: VOTER last_known_addr { host: "127.6.129.194" port: 43757 } } peers { permanent_uuid: "eb6d56857a5b420ea38cafdc92740f7a" member_type: VOTER last_known_addr { host: "127.6.129.195" port: 36777 } }
I20260630 12:33:08.534574  7530 raft_consensus.cc:2804] T 07924eb3ac1b4af184b54256164f38f3 P 719f755989a84e079eb7a599f5dc4036 [term 1 FOLLOWER]: Leader election won for term 1
I20260630 12:33:08.551337  7530 raft_consensus.cc:697] T 07924eb3ac1b4af184b54256164f38f3 P 719f755989a84e079eb7a599f5dc4036 [term 1 LEADER]: Becoming Leader. State: Replica: 719f755989a84e079eb7a599f5dc4036, State: Running, Role: LEADER
I20260630 12:33:08.552366  7530 consensus_queue.cc:237] T 07924eb3ac1b4af184b54256164f38f3 P 719f755989a84e079eb7a599f5dc4036 [LEADER]: Queue going to LEADER mode. State: All replicated index: 0, Majority replicated index: 0, Committed index: 0, Last appended: 0.0, Last appended by leader: 0, Current term: 1, Majority size: 2, State: 0, Mode: LEADER, active raft config: opid_index: -1 OBSOLETE_local: false peers { permanent_uuid: "d314af83901e4027a90765d74047af87" member_type: VOTER last_known_addr { host: "127.6.129.193" port: 33489 } } peers { permanent_uuid: "719f755989a84e079eb7a599f5dc4036" member_type: VOTER last_known_addr { host: "127.6.129.194" port: 43757 } } peers { permanent_uuid: "eb6d56857a5b420ea38cafdc92740f7a" member_type: VOTER last_known_addr { host: "127.6.129.195" port: 36777 } }
I20260630 12:33:08.550266  7532 raft_consensus.cc:515] T 075efd05aa264a879d575895d4b47341 P d314af83901e4027a90765d74047af87 [term 1 FOLLOWER]: Starting leader election with config: opid_index: -1 OBSOLETE_local: false peers { permanent_uuid: "eb6d56857a5b420ea38cafdc92740f7a" member_type: VOTER last_known_addr { host: "127.6.129.195" port: 36777 } } peers { permanent_uuid: "719f755989a84e079eb7a599f5dc4036" member_type: VOTER last_known_addr { host: "127.6.129.194" port: 43757 } } peers { permanent_uuid: "d314af83901e4027a90765d74047af87" member_type: VOTER last_known_addr { host: "127.6.129.193" port: 33489 } }
I20260630 12:33:08.560285  7404 tablet_service.cc:1917] Received RequestConsensusVote() RPC: tablet_id: "075efd05aa264a879d575895d4b47341" candidate_uuid: "d314af83901e4027a90765d74047af87" candidate_term: 1 candidate_status { last_received { term: 0 index: 0 } } ignore_live_leader: false dest_uuid: "719f755989a84e079eb7a599f5dc4036"
I20260630 12:33:08.560532  7531 leader_election.cc:290] T f12f2e23063e40fe9c15868a77362035 P eb6d56857a5b420ea38cafdc92740f7a [CANDIDATE]: Term 1 pre-election: Requested pre-vote from peers d314af83901e4027a90765d74047af87 (127.6.129.193:33489), 719f755989a84e079eb7a599f5dc4036 (127.6.129.194:43757)
W20260630 12:33:08.561669  7294 leader_election.cc:343] T 075efd05aa264a879d575895d4b47341 P d314af83901e4027a90765d74047af87 [CANDIDATE]: Term 1 election: Tablet error from VoteRequest() call to peer 719f755989a84e079eb7a599f5dc4036 (127.6.129.194:43757): Illegal state: must be running to vote when last-logged opid is not known
I20260630 12:33:08.563046  7532 leader_election.cc:290] T 075efd05aa264a879d575895d4b47341 P d314af83901e4027a90765d74047af87 [CANDIDATE]: Term 1 election: Requested vote from peers eb6d56857a5b420ea38cafdc92740f7a (127.6.129.195:36777), 719f755989a84e079eb7a599f5dc4036 (127.6.129.194:43757)
I20260630 12:33:08.571317  7525 ts_tablet_manager.cc:1434] T 64cfd847fd05486eb776a80817d7e698 P d314af83901e4027a90765d74047af87: Time spent starting tablet: real 0.050s	user 0.022s	sys 0.026s
I20260630 12:33:08.572263  7525 tablet_bootstrap.cc:492] T 26c35257f6c54540b6cb75868f66d636 P d314af83901e4027a90765d74047af87: Bootstrap starting.
I20260630 12:33:08.573576  7523 ts_tablet_manager.cc:1434] T 64cfd847fd05486eb776a80817d7e698 P eb6d56857a5b420ea38cafdc92740f7a: Time spent starting tablet: real 0.042s	user 0.007s	sys 0.001s
I20260630 12:33:08.574553  7523 tablet_bootstrap.cc:492] T 781f629d71274b0b8ae66b377336b7bb P eb6d56857a5b420ea38cafdc92740f7a: Bootstrap starting.
I20260630 12:33:08.575866  7530 raft_consensus.cc:493] T 781f629d71274b0b8ae66b377336b7bb P 719f755989a84e079eb7a599f5dc4036 [term 0 FOLLOWER]: Starting pre-election (no leader contacted us within the election timeout)
I20260630 12:33:08.576345  7530 raft_consensus.cc:515] T 781f629d71274b0b8ae66b377336b7bb P 719f755989a84e079eb7a599f5dc4036 [term 0 FOLLOWER]: Starting pre-election with config: opid_index: -1 OBSOLETE_local: false peers { permanent_uuid: "d314af83901e4027a90765d74047af87" member_type: VOTER last_known_addr { host: "127.6.129.193" port: 33489 } } peers { permanent_uuid: "719f755989a84e079eb7a599f5dc4036" member_type: VOTER last_known_addr { host: "127.6.129.194" port: 43757 } } peers { permanent_uuid: "eb6d56857a5b420ea38cafdc92740f7a" member_type: VOTER last_known_addr { host: "127.6.129.195" port: 36777 } }
I20260630 12:33:08.577435  7525 tablet_bootstrap.cc:654] T 26c35257f6c54540b6cb75868f66d636 P d314af83901e4027a90765d74047af87: Neither blocks nor log segments found. Creating new log.
I20260630 12:33:08.574225  7225 catalog_manager.cc:5697] T 07924eb3ac1b4af184b54256164f38f3 P 719f755989a84e079eb7a599f5dc4036 reported cstate change: term changed from 0 to 1, leader changed from <none> to 719f755989a84e079eb7a599f5dc4036 (127.6.129.194). New cstate: current_term: 1 leader_uuid: "719f755989a84e079eb7a599f5dc4036" committed_config { opid_index: -1 OBSOLETE_local: false peers { permanent_uuid: "d314af83901e4027a90765d74047af87" member_type: VOTER last_known_addr { host: "127.6.129.193" port: 33489 } health_report { overall_health: UNKNOWN } } peers { permanent_uuid: "719f755989a84e079eb7a599f5dc4036" member_type: VOTER last_known_addr { host: "127.6.129.194" port: 43757 } health_report { overall_health: HEALTHY } } peers { permanent_uuid: "eb6d56857a5b420ea38cafdc92740f7a" member_type: VOTER last_known_addr { host: "127.6.129.195" port: 36777 } health_report { overall_health: UNKNOWN } } }
I20260630 12:33:08.578300  7530 leader_election.cc:290] T 781f629d71274b0b8ae66b377336b7bb P 719f755989a84e079eb7a599f5dc4036 [CANDIDATE]: Term 1 pre-election: Requested pre-vote from peers d314af83901e4027a90765d74047af87 (127.6.129.193:33489), eb6d56857a5b420ea38cafdc92740f7a (127.6.129.195:36777)
I20260630 12:33:08.580174  7329 tablet_service.cc:1917] Received RequestConsensusVote() RPC: tablet_id: "781f629d71274b0b8ae66b377336b7bb" candidate_uuid: "719f755989a84e079eb7a599f5dc4036" candidate_term: 1 candidate_status { last_received { term: 0 index: 0 } } ignore_live_leader: false dest_uuid: "d314af83901e4027a90765d74047af87" is_pre_election: true
W20260630 12:33:08.582010  7368 leader_election.cc:343] T 781f629d71274b0b8ae66b377336b7bb P 719f755989a84e079eb7a599f5dc4036 [CANDIDATE]: Term 1 pre-election: Tablet error from VoteRequest() call to peer d314af83901e4027a90765d74047af87 (127.6.129.193:33489): Illegal state: must be running to vote when last-logged opid is not known
I20260630 12:33:08.585232  7525 tablet_bootstrap.cc:492] T 26c35257f6c54540b6cb75868f66d636 P d314af83901e4027a90765d74047af87: No bootstrap required, opened a new log
I20260630 12:33:08.585758  7525 ts_tablet_manager.cc:1403] T 26c35257f6c54540b6cb75868f66d636 P d314af83901e4027a90765d74047af87: Time spent bootstrapping tablet: real 0.014s	user 0.005s	sys 0.007s
I20260630 12:33:08.586858  7478 tablet_service.cc:1917] Received RequestConsensusVote() RPC: tablet_id: "781f629d71274b0b8ae66b377336b7bb" candidate_uuid: "719f755989a84e079eb7a599f5dc4036" candidate_term: 1 candidate_status { last_received { term: 0 index: 0 } } ignore_live_leader: false dest_uuid: "eb6d56857a5b420ea38cafdc92740f7a" is_pre_election: true
I20260630 12:33:08.587563  7524 tablet_bootstrap.cc:492] T 64cfd847fd05486eb776a80817d7e698 P 719f755989a84e079eb7a599f5dc4036: No bootstrap required, opened a new log
I20260630 12:33:08.587908  7477 tablet_service.cc:1917] Received RequestConsensusVote() RPC: tablet_id: "075efd05aa264a879d575895d4b47341" candidate_uuid: "d314af83901e4027a90765d74047af87" candidate_term: 1 candidate_status { last_received { term: 0 index: 0 } } ignore_live_leader: false dest_uuid: "eb6d56857a5b420ea38cafdc92740f7a"
W20260630 12:33:08.588653  7369 leader_election.cc:343] T 781f629d71274b0b8ae66b377336b7bb P 719f755989a84e079eb7a599f5dc4036 [CANDIDATE]: Term 1 pre-election: Tablet error from VoteRequest() call to peer eb6d56857a5b420ea38cafdc92740f7a (127.6.129.195:36777): Illegal state: must be running to vote when last-logged opid is not known
I20260630 12:33:08.589396  7524 ts_tablet_manager.cc:1403] T 64cfd847fd05486eb776a80817d7e698 P 719f755989a84e079eb7a599f5dc4036: Time spent bootstrapping tablet: real 0.094s	user 0.025s	sys 0.018s
I20260630 12:33:08.589424  7477 raft_consensus.cc:3060] T 075efd05aa264a879d575895d4b47341 P eb6d56857a5b420ea38cafdc92740f7a [term 0 FOLLOWER]: Advancing to term 1
I20260630 12:33:08.589435  7369 leader_election.cc:304] T 781f629d71274b0b8ae66b377336b7bb P 719f755989a84e079eb7a599f5dc4036 [CANDIDATE]: Term 1 pre-election: Election decided. Result: candidate lost. Election summary: received 3 responses out of 3 voters: 1 yes votes; 2 no votes. yes voters: 719f755989a84e079eb7a599f5dc4036; no voters: d314af83901e4027a90765d74047af87, eb6d56857a5b420ea38cafdc92740f7a
I20260630 12:33:08.590785  7530 raft_consensus.cc:2749] T 781f629d71274b0b8ae66b377336b7bb P 719f755989a84e079eb7a599f5dc4036 [term 0 FOLLOWER]: Leader pre-election lost for term 1. Reason: could not achieve majority
I20260630 12:33:08.588359  7525 raft_consensus.cc:359] T 26c35257f6c54540b6cb75868f66d636 P d314af83901e4027a90765d74047af87 [term 0 FOLLOWER]: Replica starting. Triggering 0 pending ops. Active config: opid_index: -1 OBSOLETE_local: false peers { permanent_uuid: "d314af83901e4027a90765d74047af87" member_type: VOTER last_known_addr { host: "127.6.129.193" port: 33489 } } peers { permanent_uuid: "719f755989a84e079eb7a599f5dc4036" member_type: VOTER last_known_addr { host: "127.6.129.194" port: 43757 } } peers { permanent_uuid: "eb6d56857a5b420ea38cafdc92740f7a" member_type: VOTER last_known_addr { host: "127.6.129.195" port: 36777 } }
I20260630 12:33:08.591691  7525 raft_consensus.cc:385] T 26c35257f6c54540b6cb75868f66d636 P d314af83901e4027a90765d74047af87 [term 0 FOLLOWER]: Consensus starting up: Expiring failure detector timer to make a prompt election more likely
I20260630 12:33:08.592016  7525 raft_consensus.cc:740] T 26c35257f6c54540b6cb75868f66d636 P d314af83901e4027a90765d74047af87 [term 0 FOLLOWER]: Becoming Follower/Learner. State: Replica: d314af83901e4027a90765d74047af87, State: Initialized, Role: FOLLOWER
I20260630 12:33:08.592726  7525 consensus_queue.cc:260] T 26c35257f6c54540b6cb75868f66d636 P d314af83901e4027a90765d74047af87 [NON_LEADER]: Queue going to NON_LEADER mode. State: All replicated index: 0, Majority replicated index: 0, Committed index: 0, Last appended: 0.0, Last appended by leader: 0, Current term: 0, Majority size: -1, State: 0, Mode: NON_LEADER, active raft config: opid_index: -1 OBSOLETE_local: false peers { permanent_uuid: "d314af83901e4027a90765d74047af87" member_type: VOTER last_known_addr { host: "127.6.129.193" port: 33489 } } peers { permanent_uuid: "719f755989a84e079eb7a599f5dc4036" member_type: VOTER last_known_addr { host: "127.6.129.194" port: 43757 } } peers { permanent_uuid: "eb6d56857a5b420ea38cafdc92740f7a" member_type: VOTER last_known_addr { host: "127.6.129.195" port: 36777 } }
I20260630 12:33:08.594169  7523 tablet_bootstrap.cc:654] T 781f629d71274b0b8ae66b377336b7bb P eb6d56857a5b420ea38cafdc92740f7a: Neither blocks nor log segments found. Creating new log.
I20260630 12:33:08.595716  7525 ts_tablet_manager.cc:1434] T 26c35257f6c54540b6cb75868f66d636 P d314af83901e4027a90765d74047af87: Time spent starting tablet: real 0.010s	user 0.004s	sys 0.004s
I20260630 12:33:08.596655  7525 tablet_bootstrap.cc:492] T 781f629d71274b0b8ae66b377336b7bb P d314af83901e4027a90765d74047af87: Bootstrap starting.
I20260630 12:33:08.598153  7477 raft_consensus.cc:2468] T 075efd05aa264a879d575895d4b47341 P eb6d56857a5b420ea38cafdc92740f7a [term 1 FOLLOWER]: Leader election vote request: Granting yes vote for candidate d314af83901e4027a90765d74047af87 in term 1.
I20260630 12:33:08.602506  7525 tablet_bootstrap.cc:654] T 781f629d71274b0b8ae66b377336b7bb P d314af83901e4027a90765d74047af87: Neither blocks nor log segments found. Creating new log.
I20260630 12:33:08.604079  7524 raft_consensus.cc:359] T 64cfd847fd05486eb776a80817d7e698 P 719f755989a84e079eb7a599f5dc4036 [term 0 FOLLOWER]: Replica starting. Triggering 0 pending ops. Active config: opid_index: -1 OBSOLETE_local: false peers { permanent_uuid: "d314af83901e4027a90765d74047af87" member_type: VOTER last_known_addr { host: "127.6.129.193" port: 33489 } } peers { permanent_uuid: "719f755989a84e079eb7a599f5dc4036" member_type: VOTER last_known_addr { host: "127.6.129.194" port: 43757 } } peers { permanent_uuid: "eb6d56857a5b420ea38cafdc92740f7a" member_type: VOTER last_known_addr { host: "127.6.129.195" port: 36777 } }
I20260630 12:33:08.604789  7524 raft_consensus.cc:385] T 64cfd847fd05486eb776a80817d7e698 P 719f755989a84e079eb7a599f5dc4036 [term 0 FOLLOWER]: Consensus starting up: Expiring failure detector timer to make a prompt election more likely
I20260630 12:33:08.605087  7524 raft_consensus.cc:740] T 64cfd847fd05486eb776a80817d7e698 P 719f755989a84e079eb7a599f5dc4036 [term 0 FOLLOWER]: Becoming Follower/Learner. State: Replica: 719f755989a84e079eb7a599f5dc4036, State: Initialized, Role: FOLLOWER
I20260630 12:33:08.605862  7524 consensus_queue.cc:260] T 64cfd847fd05486eb776a80817d7e698 P 719f755989a84e079eb7a599f5dc4036 [NON_LEADER]: Queue going to NON_LEADER mode. State: All replicated index: 0, Majority replicated index: 0, Committed index: 0, Last appended: 0.0, Last appended by leader: 0, Current term: 0, Majority size: -1, State: 0, Mode: NON_LEADER, active raft config: opid_index: -1 OBSOLETE_local: false peers { permanent_uuid: "d314af83901e4027a90765d74047af87" member_type: VOTER last_known_addr { host: "127.6.129.193" port: 33489 } } peers { permanent_uuid: "719f755989a84e079eb7a599f5dc4036" member_type: VOTER last_known_addr { host: "127.6.129.194" port: 43757 } } peers { permanent_uuid: "eb6d56857a5b420ea38cafdc92740f7a" member_type: VOTER last_known_addr { host: "127.6.129.195" port: 36777 } }
I20260630 12:33:08.614014  7294 leader_election.cc:304] T 075efd05aa264a879d575895d4b47341 P d314af83901e4027a90765d74047af87 [CANDIDATE]: Term 1 election: Election decided. Result: candidate won. Election summary: received 3 responses out of 3 voters: 2 yes votes; 1 no votes. yes voters: d314af83901e4027a90765d74047af87, eb6d56857a5b420ea38cafdc92740f7a; no voters: 719f755989a84e079eb7a599f5dc4036
I20260630 12:33:08.614810  7544 raft_consensus.cc:2804] T 075efd05aa264a879d575895d4b47341 P d314af83901e4027a90765d74047af87 [term 1 FOLLOWER]: Leader election won for term 1
I20260630 12:33:08.615324  7544 raft_consensus.cc:697] T 075efd05aa264a879d575895d4b47341 P d314af83901e4027a90765d74047af87 [term 1 LEADER]: Becoming Leader. State: Replica: d314af83901e4027a90765d74047af87, State: Running, Role: LEADER
I20260630 12:33:08.616036  7524 ts_tablet_manager.cc:1434] T 64cfd847fd05486eb776a80817d7e698 P 719f755989a84e079eb7a599f5dc4036: Time spent starting tablet: real 0.026s	user 0.006s	sys 0.001s
I20260630 12:33:08.616187  7329 tablet_service.cc:1917] Received RequestConsensusVote() RPC: tablet_id: "f12f2e23063e40fe9c15868a77362035" candidate_uuid: "eb6d56857a5b420ea38cafdc92740f7a" candidate_term: 1 candidate_status { last_received { term: 0 index: 0 } } ignore_live_leader: false dest_uuid: "d314af83901e4027a90765d74047af87" is_pre_election: true
I20260630 12:33:08.616143  7544 consensus_queue.cc:237] T 075efd05aa264a879d575895d4b47341 P d314af83901e4027a90765d74047af87 [LEADER]: Queue going to LEADER mode. State: All replicated index: 0, Majority replicated index: 0, Committed index: 0, Last appended: 0.0, Last appended by leader: 0, Current term: 1, Majority size: 2, State: 0, Mode: LEADER, active raft config: opid_index: -1 OBSOLETE_local: false peers { permanent_uuid: "eb6d56857a5b420ea38cafdc92740f7a" member_type: VOTER last_known_addr { host: "127.6.129.195" port: 36777 } } peers { permanent_uuid: "719f755989a84e079eb7a599f5dc4036" member_type: VOTER last_known_addr { host: "127.6.129.194" port: 43757 } } peers { permanent_uuid: "d314af83901e4027a90765d74047af87" member_type: VOTER last_known_addr { host: "127.6.129.193" port: 33489 } }
W20260630 12:33:08.618552  7442 leader_election.cc:343] T f12f2e23063e40fe9c15868a77362035 P eb6d56857a5b420ea38cafdc92740f7a [CANDIDATE]: Term 1 pre-election: Tablet error from VoteRequest() call to peer d314af83901e4027a90765d74047af87 (127.6.129.193:33489): Illegal state: must be running to vote when last-logged opid is not known
I20260630 12:33:08.622056  7525 tablet_bootstrap.cc:492] T 781f629d71274b0b8ae66b377336b7bb P d314af83901e4027a90765d74047af87: No bootstrap required, opened a new log
I20260630 12:33:08.622543  7525 ts_tablet_manager.cc:1403] T 781f629d71274b0b8ae66b377336b7bb P d314af83901e4027a90765d74047af87: Time spent bootstrapping tablet: real 0.026s	user 0.013s	sys 0.005s
I20260630 12:33:08.623970  7404 tablet_service.cc:1917] Received RequestConsensusVote() RPC: tablet_id: "f12f2e23063e40fe9c15868a77362035" candidate_uuid: "eb6d56857a5b420ea38cafdc92740f7a" candidate_term: 1 candidate_status { last_received { term: 0 index: 0 } } ignore_live_leader: false dest_uuid: "719f755989a84e079eb7a599f5dc4036" is_pre_election: true
I20260630 12:33:08.625356  7524 tablet_bootstrap.cc:492] T f12f2e23063e40fe9c15868a77362035 P 719f755989a84e079eb7a599f5dc4036: Bootstrap starting.
W20260630 12:33:08.625521  7443 leader_election.cc:343] T f12f2e23063e40fe9c15868a77362035 P eb6d56857a5b420ea38cafdc92740f7a [CANDIDATE]: Term 1 pre-election: Tablet error from VoteRequest() call to peer 719f755989a84e079eb7a599f5dc4036 (127.6.129.194:43757): Illegal state: must be running to vote when last-logged opid is not known
I20260630 12:33:08.626216  7443 leader_election.cc:304] T f12f2e23063e40fe9c15868a77362035 P eb6d56857a5b420ea38cafdc92740f7a [CANDIDATE]: Term 1 pre-election: Election decided. Result: candidate lost. Election summary: received 3 responses out of 3 voters: 1 yes votes; 2 no votes. yes voters: eb6d56857a5b420ea38cafdc92740f7a; no voters: 719f755989a84e079eb7a599f5dc4036, d314af83901e4027a90765d74047af87
I20260630 12:33:08.627261  7531 raft_consensus.cc:2749] T f12f2e23063e40fe9c15868a77362035 P eb6d56857a5b420ea38cafdc92740f7a [term 0 FOLLOWER]: Leader pre-election lost for term 1. Reason: could not achieve majority
I20260630 12:33:08.625443  7525 raft_consensus.cc:359] T 781f629d71274b0b8ae66b377336b7bb P d314af83901e4027a90765d74047af87 [term 0 FOLLOWER]: Replica starting. Triggering 0 pending ops. Active config: opid_index: -1 OBSOLETE_local: false peers { permanent_uuid: "d314af83901e4027a90765d74047af87" member_type: VOTER last_known_addr { host: "127.6.129.193" port: 33489 } } peers { permanent_uuid: "719f755989a84e079eb7a599f5dc4036" member_type: VOTER last_known_addr { host: "127.6.129.194" port: 43757 } } peers { permanent_uuid: "eb6d56857a5b420ea38cafdc92740f7a" member_type: VOTER last_known_addr { host: "127.6.129.195" port: 36777 } }
I20260630 12:33:08.631455  7525 raft_consensus.cc:385] T 781f629d71274b0b8ae66b377336b7bb P d314af83901e4027a90765d74047af87 [term 0 FOLLOWER]: Consensus starting up: Expiring failure detector timer to make a prompt election more likely
I20260630 12:33:08.631762  7525 raft_consensus.cc:740] T 781f629d71274b0b8ae66b377336b7bb P d314af83901e4027a90765d74047af87 [term 0 FOLLOWER]: Becoming Follower/Learner. State: Replica: d314af83901e4027a90765d74047af87, State: Initialized, Role: FOLLOWER
I20260630 12:33:08.633409  7524 tablet_bootstrap.cc:654] T f12f2e23063e40fe9c15868a77362035 P 719f755989a84e079eb7a599f5dc4036: Neither blocks nor log segments found. Creating new log.
