I20260630 12:34:20.794093  9836 consensus_queue.cc:260] T 4e1f60a92f9f46f8899bbd877aac00aa P 28a72f9ac6a14ab79f5d17530b9a5ae3 [NON_LEADER]: Queue going to NON_LEADER mode. State: All replicated index: 0, Majority replicated index: 0, Committed index: 0, Last appended: 0.0, Last appended by leader: 0, Current term: 0, Majority size: -1, State: 0, Mode: NON_LEADER, active raft config: opid_index: -1 OBSOLETE_local: false peers { permanent_uuid: "28a72f9ac6a14ab79f5d17530b9a5ae3" member_type: VOTER last_known_addr { host: "127.6.129.193" port: 39829 } } peers { permanent_uuid: "20e5140f6fa84b749add82de5970bcaa" member_type: VOTER last_known_addr { host: "127.6.129.194" port: 44419 } } peers { permanent_uuid: "1190c026beb644bca6cb1879f7c13e59" member_type: VOTER last_known_addr { host: "127.6.129.195" port: 44779 } }
I20260630 12:34:20.796130  9839 tablet_bootstrap.cc:654] T c11347e94d414cc79f9e960ba5c3bae3 P 1190c026beb644bca6cb1879f7c13e59: Neither blocks nor log segments found. Creating new log.
I20260630 12:34:20.797572  9837 tablet_bootstrap.cc:492] T b10be055235d4ca5940e64145e2552b7 P 20e5140f6fa84b749add82de5970bcaa: No bootstrap required, opened a new log
I20260630 12:34:20.798034  9837 ts_tablet_manager.cc:1403] T b10be055235d4ca5940e64145e2552b7 P 20e5140f6fa84b749add82de5970bcaa: Time spent bootstrapping tablet: real 0.036s	user 0.010s	sys 0.004s
I20260630 12:34:20.802135  9837 raft_consensus.cc:359] T b10be055235d4ca5940e64145e2552b7 P 20e5140f6fa84b749add82de5970bcaa [term 0 FOLLOWER]: Replica starting. Triggering 0 pending ops. Active config: opid_index: -1 OBSOLETE_local: false peers { permanent_uuid: "20e5140f6fa84b749add82de5970bcaa" member_type: VOTER last_known_addr { host: "127.6.129.194" port: 44419 } } peers { permanent_uuid: "28a72f9ac6a14ab79f5d17530b9a5ae3" member_type: VOTER last_known_addr { host: "127.6.129.193" port: 39829 } } peers { permanent_uuid: "1190c026beb644bca6cb1879f7c13e59" member_type: VOTER last_known_addr { host: "127.6.129.195" port: 44779 } }
I20260630 12:34:20.803078  9837 raft_consensus.cc:385] T b10be055235d4ca5940e64145e2552b7 P 20e5140f6fa84b749add82de5970bcaa [term 0 FOLLOWER]: Consensus starting up: Expiring failure detector timer to make a prompt election more likely
I20260630 12:34:20.803416  9837 raft_consensus.cc:740] T b10be055235d4ca5940e64145e2552b7 P 20e5140f6fa84b749add82de5970bcaa [term 0 FOLLOWER]: Becoming Follower/Learner. State: Replica: 20e5140f6fa84b749add82de5970bcaa, State: Initialized, Role: FOLLOWER
I20260630 12:34:20.804497  9837 consensus_queue.cc:260] T b10be055235d4ca5940e64145e2552b7 P 20e5140f6fa84b749add82de5970bcaa [NON_LEADER]: Queue going to NON_LEADER mode. State: All replicated index: 0, Majority replicated index: 0, Committed index: 0, Last appended: 0.0, Last appended by leader: 0, Current term: 0, Majority size: -1, State: 0, Mode: NON_LEADER, active raft config: opid_index: -1 OBSOLETE_local: false peers { permanent_uuid: "20e5140f6fa84b749add82de5970bcaa" member_type: VOTER last_known_addr { host: "127.6.129.194" port: 44419 } } peers { permanent_uuid: "28a72f9ac6a14ab79f5d17530b9a5ae3" member_type: VOTER last_known_addr { host: "127.6.129.193" port: 39829 } } peers { permanent_uuid: "1190c026beb644bca6cb1879f7c13e59" member_type: VOTER last_known_addr { host: "127.6.129.195" port: 44779 } }
I20260630 12:34:20.810108  9839 tablet_bootstrap.cc:492] T c11347e94d414cc79f9e960ba5c3bae3 P 1190c026beb644bca6cb1879f7c13e59: No bootstrap required, opened a new log
I20260630 12:34:20.810472  9839 ts_tablet_manager.cc:1403] T c11347e94d414cc79f9e960ba5c3bae3 P 1190c026beb644bca6cb1879f7c13e59: Time spent bootstrapping tablet: real 0.024s	user 0.013s	sys 0.007s
I20260630 12:34:20.804435  9836 ts_tablet_manager.cc:1434] T 4e1f60a92f9f46f8899bbd877aac00aa P 28a72f9ac6a14ab79f5d17530b9a5ae3: Time spent starting tablet: real 0.023s	user 0.007s	sys 0.007s
I20260630 12:34:20.811825  9836 tablet_bootstrap.cc:492] T b10be055235d4ca5940e64145e2552b7 P 28a72f9ac6a14ab79f5d17530b9a5ae3: Bootstrap starting.
I20260630 12:34:20.813112  9839 raft_consensus.cc:359] T c11347e94d414cc79f9e960ba5c3bae3 P 1190c026beb644bca6cb1879f7c13e59 [term 0 FOLLOWER]: Replica starting. Triggering 0 pending ops. Active config: opid_index: -1 OBSOLETE_local: false peers { permanent_uuid: "28a72f9ac6a14ab79f5d17530b9a5ae3" member_type: VOTER last_known_addr { host: "127.6.129.193" port: 39829 } } peers { permanent_uuid: "20e5140f6fa84b749add82de5970bcaa" member_type: VOTER last_known_addr { host: "127.6.129.194" port: 44419 } } peers { permanent_uuid: "1190c026beb644bca6cb1879f7c13e59" member_type: VOTER last_known_addr { host: "127.6.129.195" port: 44779 } }
I20260630 12:34:20.813776  9839 raft_consensus.cc:385] T c11347e94d414cc79f9e960ba5c3bae3 P 1190c026beb644bca6cb1879f7c13e59 [term 0 FOLLOWER]: Consensus starting up: Expiring failure detector timer to make a prompt election more likely
I20260630 12:34:20.814136  9839 raft_consensus.cc:740] T c11347e94d414cc79f9e960ba5c3bae3 P 1190c026beb644bca6cb1879f7c13e59 [term 0 FOLLOWER]: Becoming Follower/Learner. State: Replica: 1190c026beb644bca6cb1879f7c13e59, State: Initialized, Role: FOLLOWER
I20260630 12:34:20.814795  9839 consensus_queue.cc:260] T c11347e94d414cc79f9e960ba5c3bae3 P 1190c026beb644bca6cb1879f7c13e59 [NON_LEADER]: Queue going to NON_LEADER mode. State: All replicated index: 0, Majority replicated index: 0, Committed index: 0, Last appended: 0.0, Last appended by leader: 0, Current term: 0, Majority size: -1, State: 0, Mode: NON_LEADER, active raft config: opid_index: -1 OBSOLETE_local: false peers { permanent_uuid: "28a72f9ac6a14ab79f5d17530b9a5ae3" member_type: VOTER last_known_addr { host: "127.6.129.193" port: 39829 } } peers { permanent_uuid: "20e5140f6fa84b749add82de5970bcaa" member_type: VOTER last_known_addr { host: "127.6.129.194" port: 44419 } } peers { permanent_uuid: "1190c026beb644bca6cb1879f7c13e59" member_type: VOTER last_known_addr { host: "127.6.129.195" port: 44779 } }
I20260630 12:34:20.818682  9836 tablet_bootstrap.cc:654] T b10be055235d4ca5940e64145e2552b7 P 28a72f9ac6a14ab79f5d17530b9a5ae3: Neither blocks nor log segments found. Creating new log.
I20260630 12:34:20.823774  9837 ts_tablet_manager.cc:1434] T b10be055235d4ca5940e64145e2552b7 P 20e5140f6fa84b749add82de5970bcaa: Time spent starting tablet: real 0.025s	user 0.015s	sys 0.009s
I20260630 12:34:20.824497  9839 ts_tablet_manager.cc:1434] T c11347e94d414cc79f9e960ba5c3bae3 P 1190c026beb644bca6cb1879f7c13e59: Time spent starting tablet: real 0.014s	user 0.010s	sys 0.004s
I20260630 12:34:20.825500  9836 tablet_bootstrap.cc:492] T b10be055235d4ca5940e64145e2552b7 P 28a72f9ac6a14ab79f5d17530b9a5ae3: No bootstrap required, opened a new log
I20260630 12:34:20.825551  9839 tablet_bootstrap.cc:492] T b10be055235d4ca5940e64145e2552b7 P 1190c026beb644bca6cb1879f7c13e59: Bootstrap starting.
I20260630 12:34:20.826087  9836 ts_tablet_manager.cc:1403] T b10be055235d4ca5940e64145e2552b7 P 28a72f9ac6a14ab79f5d17530b9a5ae3: Time spent bootstrapping tablet: real 0.014s	user 0.001s	sys 0.010s
I20260630 12:34:20.826694  9837 tablet_bootstrap.cc:492] T c11347e94d414cc79f9e960ba5c3bae3 P 20e5140f6fa84b749add82de5970bcaa: Bootstrap starting.
I20260630 12:34:20.830216  9836 raft_consensus.cc:359] T b10be055235d4ca5940e64145e2552b7 P 28a72f9ac6a14ab79f5d17530b9a5ae3 [term 0 FOLLOWER]: Replica starting. Triggering 0 pending ops. Active config: opid_index: -1 OBSOLETE_local: false peers { permanent_uuid: "20e5140f6fa84b749add82de5970bcaa" member_type: VOTER last_known_addr { host: "127.6.129.194" port: 44419 } } peers { permanent_uuid: "28a72f9ac6a14ab79f5d17530b9a5ae3" member_type: VOTER last_known_addr { host: "127.6.129.193" port: 39829 } } peers { permanent_uuid: "1190c026beb644bca6cb1879f7c13e59" member_type: VOTER last_known_addr { host: "127.6.129.195" port: 44779 } }
I20260630 12:34:20.830873  9836 raft_consensus.cc:385] T b10be055235d4ca5940e64145e2552b7 P 28a72f9ac6a14ab79f5d17530b9a5ae3 [term 0 FOLLOWER]: Consensus starting up: Expiring failure detector timer to make a prompt election more likely
I20260630 12:34:20.831156  9836 raft_consensus.cc:740] T b10be055235d4ca5940e64145e2552b7 P 28a72f9ac6a14ab79f5d17530b9a5ae3 [term 0 FOLLOWER]: Becoming Follower/Learner. State: Replica: 28a72f9ac6a14ab79f5d17530b9a5ae3, State: Initialized, Role: FOLLOWER
I20260630 12:34:20.831789  9836 consensus_queue.cc:260] T b10be055235d4ca5940e64145e2552b7 P 28a72f9ac6a14ab79f5d17530b9a5ae3 [NON_LEADER]: Queue going to NON_LEADER mode. State: All replicated index: 0, Majority replicated index: 0, Committed index: 0, Last appended: 0.0, Last appended by leader: 0, Current term: 0, Majority size: -1, State: 0, Mode: NON_LEADER, active raft config: opid_index: -1 OBSOLETE_local: false peers { permanent_uuid: "20e5140f6fa84b749add82de5970bcaa" member_type: VOTER last_known_addr { host: "127.6.129.194" port: 44419 } } peers { permanent_uuid: "28a72f9ac6a14ab79f5d17530b9a5ae3" member_type: VOTER last_known_addr { host: "127.6.129.193" port: 39829 } } peers { permanent_uuid: "1190c026beb644bca6cb1879f7c13e59" member_type: VOTER last_known_addr { host: "127.6.129.195" port: 44779 } }
I20260630 12:34:20.832285  9839 tablet_bootstrap.cc:654] T b10be055235d4ca5940e64145e2552b7 P 1190c026beb644bca6cb1879f7c13e59: Neither blocks nor log segments found. Creating new log.
I20260630 12:34:20.833840  9837 tablet_bootstrap.cc:654] T c11347e94d414cc79f9e960ba5c3bae3 P 20e5140f6fa84b749add82de5970bcaa: Neither blocks nor log segments found. Creating new log.
I20260630 12:34:20.834067  9836 ts_tablet_manager.cc:1434] T b10be055235d4ca5940e64145e2552b7 P 28a72f9ac6a14ab79f5d17530b9a5ae3: Time spent starting tablet: real 0.008s	user 0.005s	sys 0.002s
I20260630 12:34:20.835060  9836 tablet_bootstrap.cc:492] T a39d36cbe11b4e44a070695ef700d33f P 28a72f9ac6a14ab79f5d17530b9a5ae3: Bootstrap starting.
I20260630 12:34:20.842725  9836 tablet_bootstrap.cc:654] T a39d36cbe11b4e44a070695ef700d33f P 28a72f9ac6a14ab79f5d17530b9a5ae3: Neither blocks nor log segments found. Creating new log.
I20260630 12:34:20.845480  9837 tablet_bootstrap.cc:492] T c11347e94d414cc79f9e960ba5c3bae3 P 20e5140f6fa84b749add82de5970bcaa: No bootstrap required, opened a new log
I20260630 12:34:20.845991  9837 ts_tablet_manager.cc:1403] T c11347e94d414cc79f9e960ba5c3bae3 P 20e5140f6fa84b749add82de5970bcaa: Time spent bootstrapping tablet: real 0.019s	user 0.008s	sys 0.010s
I20260630 12:34:20.848647  9837 raft_consensus.cc:359] T c11347e94d414cc79f9e960ba5c3bae3 P 20e5140f6fa84b749add82de5970bcaa [term 0 FOLLOWER]: Replica starting. Triggering 0 pending ops. Active config: opid_index: -1 OBSOLETE_local: false peers { permanent_uuid: "28a72f9ac6a14ab79f5d17530b9a5ae3" member_type: VOTER last_known_addr { host: "127.6.129.193" port: 39829 } } peers { permanent_uuid: "20e5140f6fa84b749add82de5970bcaa" member_type: VOTER last_known_addr { host: "127.6.129.194" port: 44419 } } peers { permanent_uuid: "1190c026beb644bca6cb1879f7c13e59" member_type: VOTER last_known_addr { host: "127.6.129.195" port: 44779 } }
I20260630 12:34:20.849488  9837 raft_consensus.cc:385] T c11347e94d414cc79f9e960ba5c3bae3 P 20e5140f6fa84b749add82de5970bcaa [term 0 FOLLOWER]: Consensus starting up: Expiring failure detector timer to make a prompt election more likely
I20260630 12:34:20.849864  9837 raft_consensus.cc:740] T c11347e94d414cc79f9e960ba5c3bae3 P 20e5140f6fa84b749add82de5970bcaa [term 0 FOLLOWER]: Becoming Follower/Learner. State: Replica: 20e5140f6fa84b749add82de5970bcaa, State: Initialized, Role: FOLLOWER
I20260630 12:34:20.850740  9837 consensus_queue.cc:260] T c11347e94d414cc79f9e960ba5c3bae3 P 20e5140f6fa84b749add82de5970bcaa [NON_LEADER]: Queue going to NON_LEADER mode. State: All replicated index: 0, Majority replicated index: 0, Committed index: 0, Last appended: 0.0, Last appended by leader: 0, Current term: 0, Majority size: -1, State: 0, Mode: NON_LEADER, active raft config: opid_index: -1 OBSOLETE_local: false peers { permanent_uuid: "28a72f9ac6a14ab79f5d17530b9a5ae3" member_type: VOTER last_known_addr { host: "127.6.129.193" port: 39829 } } peers { permanent_uuid: "20e5140f6fa84b749add82de5970bcaa" member_type: VOTER last_known_addr { host: "127.6.129.194" port: 44419 } } peers { permanent_uuid: "1190c026beb644bca6cb1879f7c13e59" member_type: VOTER last_known_addr { host: "127.6.129.195" port: 44779 } }
I20260630 12:34:20.853030  9837 ts_tablet_manager.cc:1434] T c11347e94d414cc79f9e960ba5c3bae3 P 20e5140f6fa84b749add82de5970bcaa: Time spent starting tablet: real 0.007s	user 0.005s	sys 0.000s
I20260630 12:34:20.853922  9837 tablet_bootstrap.cc:492] T a39d36cbe11b4e44a070695ef700d33f P 20e5140f6fa84b749add82de5970bcaa: Bootstrap starting.
I20260630 12:34:20.859957  9837 tablet_bootstrap.cc:654] T a39d36cbe11b4e44a070695ef700d33f P 20e5140f6fa84b749add82de5970bcaa: Neither blocks nor log segments found. Creating new log.
I20260630 12:34:20.868753  9839 tablet_bootstrap.cc:492] T b10be055235d4ca5940e64145e2552b7 P 1190c026beb644bca6cb1879f7c13e59: No bootstrap required, opened a new log
I20260630 12:34:20.869194  9839 ts_tablet_manager.cc:1403] T b10be055235d4ca5940e64145e2552b7 P 1190c026beb644bca6cb1879f7c13e59: Time spent bootstrapping tablet: real 0.044s	user 0.021s	sys 0.019s
I20260630 12:34:20.869524  9836 tablet_bootstrap.cc:492] T a39d36cbe11b4e44a070695ef700d33f P 28a72f9ac6a14ab79f5d17530b9a5ae3: No bootstrap required, opened a new log
I20260630 12:34:20.870028  9836 ts_tablet_manager.cc:1403] T a39d36cbe11b4e44a070695ef700d33f P 28a72f9ac6a14ab79f5d17530b9a5ae3: Time spent bootstrapping tablet: real 0.035s	user 0.010s	sys 0.022s
I20260630 12:34:20.871827  9839 raft_consensus.cc:359] T b10be055235d4ca5940e64145e2552b7 P 1190c026beb644bca6cb1879f7c13e59 [term 0 FOLLOWER]: Replica starting. Triggering 0 pending ops. Active config: opid_index: -1 OBSOLETE_local: false peers { permanent_uuid: "20e5140f6fa84b749add82de5970bcaa" member_type: VOTER last_known_addr { host: "127.6.129.194" port: 44419 } } peers { permanent_uuid: "28a72f9ac6a14ab79f5d17530b9a5ae3" member_type: VOTER last_known_addr { host: "127.6.129.193" port: 39829 } } peers { permanent_uuid: "1190c026beb644bca6cb1879f7c13e59" member_type: VOTER last_known_addr { host: "127.6.129.195" port: 44779 } }
I20260630 12:34:20.872485  9839 raft_consensus.cc:385] T b10be055235d4ca5940e64145e2552b7 P 1190c026beb644bca6cb1879f7c13e59 [term 0 FOLLOWER]: Consensus starting up: Expiring failure detector timer to make a prompt election more likely
I20260630 12:34:20.872551  9837 tablet_bootstrap.cc:492] T a39d36cbe11b4e44a070695ef700d33f P 20e5140f6fa84b749add82de5970bcaa: No bootstrap required, opened a new log
I20260630 12:34:20.872849  9839 raft_consensus.cc:740] T b10be055235d4ca5940e64145e2552b7 P 1190c026beb644bca6cb1879f7c13e59 [term 0 FOLLOWER]: Becoming Follower/Learner. State: Replica: 1190c026beb644bca6cb1879f7c13e59, State: Initialized, Role: FOLLOWER
I20260630 12:34:20.872591  9836 raft_consensus.cc:359] T a39d36cbe11b4e44a070695ef700d33f P 28a72f9ac6a14ab79f5d17530b9a5ae3 [term 0 FOLLOWER]: Replica starting. Triggering 0 pending ops. Active config: opid_index: -1 OBSOLETE_local: false peers { permanent_uuid: "28a72f9ac6a14ab79f5d17530b9a5ae3" member_type: VOTER last_known_addr { host: "127.6.129.193" port: 39829 } } peers { permanent_uuid: "20e5140f6fa84b749add82de5970bcaa" member_type: VOTER last_known_addr { host: "127.6.129.194" port: 44419 } } peers { permanent_uuid: "1190c026beb644bca6cb1879f7c13e59" member_type: VOTER last_known_addr { host: "127.6.129.195" port: 44779 } }
I20260630 12:34:20.873147  9837 ts_tablet_manager.cc:1403] T a39d36cbe11b4e44a070695ef700d33f P 20e5140f6fa84b749add82de5970bcaa: Time spent bootstrapping tablet: real 0.019s	user 0.011s	sys 0.002s
I20260630 12:34:20.873356  9836 raft_consensus.cc:385] T a39d36cbe11b4e44a070695ef700d33f P 28a72f9ac6a14ab79f5d17530b9a5ae3 [term 0 FOLLOWER]: Consensus starting up: Expiring failure detector timer to make a prompt election more likely
I20260630 12:34:20.873751  9836 raft_consensus.cc:740] T a39d36cbe11b4e44a070695ef700d33f P 28a72f9ac6a14ab79f5d17530b9a5ae3 [term 0 FOLLOWER]: Becoming Follower/Learner. State: Replica: 28a72f9ac6a14ab79f5d17530b9a5ae3, State: Initialized, Role: FOLLOWER
I20260630 12:34:20.873627  9839 consensus_queue.cc:260] T b10be055235d4ca5940e64145e2552b7 P 1190c026beb644bca6cb1879f7c13e59 [NON_LEADER]: Queue going to NON_LEADER mode. State: All replicated index: 0, Majority replicated index: 0, Committed index: 0, Last appended: 0.0, Last appended by leader: 0, Current term: 0, Majority size: -1, State: 0, Mode: NON_LEADER, active raft config: opid_index: -1 OBSOLETE_local: false peers { permanent_uuid: "20e5140f6fa84b749add82de5970bcaa" member_type: VOTER last_known_addr { host: "127.6.129.194" port: 44419 } } peers { permanent_uuid: "28a72f9ac6a14ab79f5d17530b9a5ae3" member_type: VOTER last_known_addr { host: "127.6.129.193" port: 39829 } } peers { permanent_uuid: "1190c026beb644bca6cb1879f7c13e59" member_type: VOTER last_known_addr { host: "127.6.129.195" port: 44779 } }
I20260630 12:34:20.874460  9836 consensus_queue.cc:260] T a39d36cbe11b4e44a070695ef700d33f P 28a72f9ac6a14ab79f5d17530b9a5ae3 [NON_LEADER]: Queue going to NON_LEADER mode. State: All replicated index: 0, Majority replicated index: 0, Committed index: 0, Last appended: 0.0, Last appended by leader: 0, Current term: 0, Majority size: -1, State: 0, Mode: NON_LEADER, active raft config: opid_index: -1 OBSOLETE_local: false peers { permanent_uuid: "28a72f9ac6a14ab79f5d17530b9a5ae3" member_type: VOTER last_known_addr { host: "127.6.129.193" port: 39829 } } peers { permanent_uuid: "20e5140f6fa84b749add82de5970bcaa" member_type: VOTER last_known_addr { host: "127.6.129.194" port: 44419 } } peers { permanent_uuid: "1190c026beb644bca6cb1879f7c13e59" member_type: VOTER last_known_addr { host: "127.6.129.195" port: 44779 } }
I20260630 12:34:20.875829  9837 raft_consensus.cc:359] T a39d36cbe11b4e44a070695ef700d33f P 20e5140f6fa84b749add82de5970bcaa [term 0 FOLLOWER]: Replica starting. Triggering 0 pending ops. Active config: opid_index: -1 OBSOLETE_local: false peers { permanent_uuid: "28a72f9ac6a14ab79f5d17530b9a5ae3" member_type: VOTER last_known_addr { host: "127.6.129.193" port: 39829 } } peers { permanent_uuid: "20e5140f6fa84b749add82de5970bcaa" member_type: VOTER last_known_addr { host: "127.6.129.194" port: 44419 } } peers { permanent_uuid: "1190c026beb644bca6cb1879f7c13e59" member_type: VOTER last_known_addr { host: "127.6.129.195" port: 44779 } }
I20260630 12:34:20.876505  9837 raft_consensus.cc:385] T a39d36cbe11b4e44a070695ef700d33f P 20e5140f6fa84b749add82de5970bcaa [term 0 FOLLOWER]: Consensus starting up: Expiring failure detector timer to make a prompt election more likely
I20260630 12:34:20.876802  9837 raft_consensus.cc:740] T a39d36cbe11b4e44a070695ef700d33f P 20e5140f6fa84b749add82de5970bcaa [term 0 FOLLOWER]: Becoming Follower/Learner. State: Replica: 20e5140f6fa84b749add82de5970bcaa, State: Initialized, Role: FOLLOWER
I20260630 12:34:20.877979  9839 ts_tablet_manager.cc:1434] T b10be055235d4ca5940e64145e2552b7 P 1190c026beb644bca6cb1879f7c13e59: Time spent starting tablet: real 0.009s	user 0.006s	sys 0.001s
I20260630 12:34:20.877725  9837 consensus_queue.cc:260] T a39d36cbe11b4e44a070695ef700d33f P 20e5140f6fa84b749add82de5970bcaa [NON_LEADER]: Queue going to NON_LEADER mode. State: All replicated index: 0, Majority replicated index: 0, Committed index: 0, Last appended: 0.0, Last appended by leader: 0, Current term: 0, Majority size: -1, State: 0, Mode: NON_LEADER, active raft config: opid_index: -1 OBSOLETE_local: false peers { permanent_uuid: "28a72f9ac6a14ab79f5d17530b9a5ae3" member_type: VOTER last_known_addr { host: "127.6.129.193" port: 39829 } } peers { permanent_uuid: "20e5140f6fa84b749add82de5970bcaa" member_type: VOTER last_known_addr { host: "127.6.129.194" port: 44419 } } peers { permanent_uuid: "1190c026beb644bca6cb1879f7c13e59" member_type: VOTER last_known_addr { host: "127.6.129.195" port: 44779 } }
I20260630 12:34:20.878870  9839 tablet_bootstrap.cc:492] T eeaaeb4e35f04cb9ad28cd320dbf5cdc P 1190c026beb644bca6cb1879f7c13e59: Bootstrap starting.
I20260630 12:34:20.879913  9837 ts_tablet_manager.cc:1434] T a39d36cbe11b4e44a070695ef700d33f P 20e5140f6fa84b749add82de5970bcaa: Time spent starting tablet: real 0.006s	user 0.007s	sys 0.000s
I20260630 12:34:20.879917  9836 ts_tablet_manager.cc:1434] T a39d36cbe11b4e44a070695ef700d33f P 28a72f9ac6a14ab79f5d17530b9a5ae3: Time spent starting tablet: real 0.010s	user 0.007s	sys 0.000s
I20260630 12:34:20.881093  9836 tablet_bootstrap.cc:492] T eeaaeb4e35f04cb9ad28cd320dbf5cdc P 28a72f9ac6a14ab79f5d17530b9a5ae3: Bootstrap starting.
I20260630 12:34:20.884191  9837 tablet_bootstrap.cc:492] T eeaaeb4e35f04cb9ad28cd320dbf5cdc P 20e5140f6fa84b749add82de5970bcaa: Bootstrap starting.
I20260630 12:34:20.884974  9839 tablet_bootstrap.cc:654] T eeaaeb4e35f04cb9ad28cd320dbf5cdc P 1190c026beb644bca6cb1879f7c13e59: Neither blocks nor log segments found. Creating new log.
I20260630 12:34:20.888329  9836 tablet_bootstrap.cc:654] T eeaaeb4e35f04cb9ad28cd320dbf5cdc P 28a72f9ac6a14ab79f5d17530b9a5ae3: Neither blocks nor log segments found. Creating new log.
I20260630 12:34:20.890610  9837 tablet_bootstrap.cc:654] T eeaaeb4e35f04cb9ad28cd320dbf5cdc P 20e5140f6fa84b749add82de5970bcaa: Neither blocks nor log segments found. Creating new log.
I20260630 12:34:20.896626  9839 tablet_bootstrap.cc:492] T eeaaeb4e35f04cb9ad28cd320dbf5cdc P 1190c026beb644bca6cb1879f7c13e59: No bootstrap required, opened a new log
I20260630 12:34:20.896473  9843 raft_consensus.cc:493] T c11347e94d414cc79f9e960ba5c3bae3 P 20e5140f6fa84b749add82de5970bcaa [term 0 FOLLOWER]: Starting pre-election (no leader contacted us within the election timeout)
I20260630 12:34:20.897234  9839 ts_tablet_manager.cc:1403] T eeaaeb4e35f04cb9ad28cd320dbf5cdc P 1190c026beb644bca6cb1879f7c13e59: Time spent bootstrapping tablet: real 0.019s	user 0.008s	sys 0.008s
I20260630 12:34:20.900878  9839 raft_consensus.cc:359] T eeaaeb4e35f04cb9ad28cd320dbf5cdc P 1190c026beb644bca6cb1879f7c13e59 [term 0 FOLLOWER]: Replica starting. Triggering 0 pending ops. Active config: opid_index: -1 OBSOLETE_local: false peers { permanent_uuid: "28a72f9ac6a14ab79f5d17530b9a5ae3" member_type: VOTER last_known_addr { host: "127.6.129.193" port: 39829 } } peers { permanent_uuid: "20e5140f6fa84b749add82de5970bcaa" member_type: VOTER last_known_addr { host: "127.6.129.194" port: 44419 } } peers { permanent_uuid: "1190c026beb644bca6cb1879f7c13e59" member_type: VOTER last_known_addr { host: "127.6.129.195" port: 44779 } }
I20260630 12:34:20.901682  9839 raft_consensus.cc:385] T eeaaeb4e35f04cb9ad28cd320dbf5cdc P 1190c026beb644bca6cb1879f7c13e59 [term 0 FOLLOWER]: Consensus starting up: Expiring failure detector timer to make a prompt election more likely
I20260630 12:34:20.901996  9839 raft_consensus.cc:740] T eeaaeb4e35f04cb9ad28cd320dbf5cdc P 1190c026beb644bca6cb1879f7c13e59 [term 0 FOLLOWER]: Becoming Follower/Learner. State: Replica: 1190c026beb644bca6cb1879f7c13e59, State: Initialized, Role: FOLLOWER
I20260630 12:34:20.903859  9839 consensus_queue.cc:260] T eeaaeb4e35f04cb9ad28cd320dbf5cdc P 1190c026beb644bca6cb1879f7c13e59 [NON_LEADER]: Queue going to NON_LEADER mode. State: All replicated index: 0, Majority replicated index: 0, Committed index: 0, Last appended: 0.0, Last appended by leader: 0, Current term: 0, Majority size: -1, State: 0, Mode: NON_LEADER, active raft config: opid_index: -1 OBSOLETE_local: false peers { permanent_uuid: "28a72f9ac6a14ab79f5d17530b9a5ae3" member_type: VOTER last_known_addr { host: "127.6.129.193" port: 39829 } } peers { permanent_uuid: "20e5140f6fa84b749add82de5970bcaa" member_type: VOTER last_known_addr { host: "127.6.129.194" port: 44419 } } peers { permanent_uuid: "1190c026beb644bca6cb1879f7c13e59" member_type: VOTER last_known_addr { host: "127.6.129.195" port: 44779 } }
I20260630 12:34:20.904939  9836 tablet_bootstrap.cc:492] T eeaaeb4e35f04cb9ad28cd320dbf5cdc P 28a72f9ac6a14ab79f5d17530b9a5ae3: No bootstrap required, opened a new log
I20260630 12:34:20.905436  9836 ts_tablet_manager.cc:1403] T eeaaeb4e35f04cb9ad28cd320dbf5cdc P 28a72f9ac6a14ab79f5d17530b9a5ae3: Time spent bootstrapping tablet: real 0.025s	user 0.017s	sys 0.005s
I20260630 12:34:20.897243  9843 raft_consensus.cc:515] T c11347e94d414cc79f9e960ba5c3bae3 P 20e5140f6fa84b749add82de5970bcaa [term 0 FOLLOWER]: Starting pre-election with config: opid_index: -1 OBSOLETE_local: false peers { permanent_uuid: "28a72f9ac6a14ab79f5d17530b9a5ae3" member_type: VOTER last_known_addr { host: "127.6.129.193" port: 39829 } } peers { permanent_uuid: "20e5140f6fa84b749add82de5970bcaa" member_type: VOTER last_known_addr { host: "127.6.129.194" port: 44419 } } peers { permanent_uuid: "1190c026beb644bca6cb1879f7c13e59" member_type: VOTER last_known_addr { host: "127.6.129.195" port: 44779 } }
I20260630 12:34:20.907177  9837 tablet_bootstrap.cc:492] T eeaaeb4e35f04cb9ad28cd320dbf5cdc P 20e5140f6fa84b749add82de5970bcaa: No bootstrap required, opened a new log
I20260630 12:34:20.907658  9837 ts_tablet_manager.cc:1403] T eeaaeb4e35f04cb9ad28cd320dbf5cdc P 20e5140f6fa84b749add82de5970bcaa: Time spent bootstrapping tablet: real 0.024s	user 0.010s	sys 0.012s
I20260630 12:34:20.908131  9836 raft_consensus.cc:359] T eeaaeb4e35f04cb9ad28cd320dbf5cdc P 28a72f9ac6a14ab79f5d17530b9a5ae3 [term 0 FOLLOWER]: Replica starting. Triggering 0 pending ops. Active config: opid_index: -1 OBSOLETE_local: false peers { permanent_uuid: "28a72f9ac6a14ab79f5d17530b9a5ae3" member_type: VOTER last_known_addr { host: "127.6.129.193" port: 39829 } } peers { permanent_uuid: "20e5140f6fa84b749add82de5970bcaa" member_type: VOTER last_known_addr { host: "127.6.129.194" port: 44419 } } peers { permanent_uuid: "1190c026beb644bca6cb1879f7c13e59" member_type: VOTER last_known_addr { host: "127.6.129.195" port: 44779 } }
I20260630 12:34:20.908878  9836 raft_consensus.cc:385] T eeaaeb4e35f04cb9ad28cd320dbf5cdc P 28a72f9ac6a14ab79f5d17530b9a5ae3 [term 0 FOLLOWER]: Consensus starting up: Expiring failure detector timer to make a prompt election more likely
I20260630 12:34:20.909024  9839 ts_tablet_manager.cc:1434] T eeaaeb4e35f04cb9ad28cd320dbf5cdc P 1190c026beb644bca6cb1879f7c13e59: Time spent starting tablet: real 0.011s	user 0.006s	sys 0.000s
I20260630 12:34:20.909186  9836 raft_consensus.cc:740] T eeaaeb4e35f04cb9ad28cd320dbf5cdc P 28a72f9ac6a14ab79f5d17530b9a5ae3 [term 0 FOLLOWER]: Becoming Follower/Learner. State: Replica: 28a72f9ac6a14ab79f5d17530b9a5ae3, State: Initialized, Role: FOLLOWER
I20260630 12:34:20.909986  9839 tablet_bootstrap.cc:492] T a39d36cbe11b4e44a070695ef700d33f P 1190c026beb644bca6cb1879f7c13e59: Bootstrap starting.
I20260630 12:34:20.909986  9836 consensus_queue.cc:260] T eeaaeb4e35f04cb9ad28cd320dbf5cdc P 28a72f9ac6a14ab79f5d17530b9a5ae3 [NON_LEADER]: Queue going to NON_LEADER mode. State: All replicated index: 0, Majority replicated index: 0, Committed index: 0, Last appended: 0.0, Last appended by leader: 0, Current term: 0, Majority size: -1, State: 0, Mode: NON_LEADER, active raft config: opid_index: -1 OBSOLETE_local: false peers { permanent_uuid: "28a72f9ac6a14ab79f5d17530b9a5ae3" member_type: VOTER last_known_addr { host: "127.6.129.193" port: 39829 } } peers { permanent_uuid: "20e5140f6fa84b749add82de5970bcaa" member_type: VOTER last_known_addr { host: "127.6.129.194" port: 44419 } } peers { permanent_uuid: "1190c026beb644bca6cb1879f7c13e59" member_type: VOTER last_known_addr { host: "127.6.129.195" port: 44779 } }
I20260630 12:34:20.910665  9837 raft_consensus.cc:359] T eeaaeb4e35f04cb9ad28cd320dbf5cdc P 20e5140f6fa84b749add82de5970bcaa [term 0 FOLLOWER]: Replica starting. Triggering 0 pending ops. Active config: opid_index: -1 OBSOLETE_local: false peers { permanent_uuid: "28a72f9ac6a14ab79f5d17530b9a5ae3" member_type: VOTER last_known_addr { host: "127.6.129.193" port: 39829 } } peers { permanent_uuid: "20e5140f6fa84b749add82de5970bcaa" member_type: VOTER last_known_addr { host: "127.6.129.194" port: 44419 } } peers { permanent_uuid: "1190c026beb644bca6cb1879f7c13e59" member_type: VOTER last_known_addr { host: "127.6.129.195" port: 44779 } }
I20260630 12:34:20.911370  9837 raft_consensus.cc:385] T eeaaeb4e35f04cb9ad28cd320dbf5cdc P 20e5140f6fa84b749add82de5970bcaa [term 0 FOLLOWER]: Consensus starting up: Expiring failure detector timer to make a prompt election more likely
I20260630 12:34:20.911631  9837 raft_consensus.cc:740] T eeaaeb4e35f04cb9ad28cd320dbf5cdc P 20e5140f6fa84b749add82de5970bcaa [term 0 FOLLOWER]: Becoming Follower/Learner. State: Replica: 20e5140f6fa84b749add82de5970bcaa, State: Initialized, Role: FOLLOWER
I20260630 12:34:20.912319  9836 ts_tablet_manager.cc:1434] T eeaaeb4e35f04cb9ad28cd320dbf5cdc P 28a72f9ac6a14ab79f5d17530b9a5ae3: Time spent starting tablet: real 0.007s	user 0.005s	sys 0.001s
I20260630 12:34:20.912439  9837 consensus_queue.cc:260] T eeaaeb4e35f04cb9ad28cd320dbf5cdc P 20e5140f6fa84b749add82de5970bcaa [NON_LEADER]: Queue going to NON_LEADER mode. State: All replicated index: 0, Majority replicated index: 0, Committed index: 0, Last appended: 0.0, Last appended by leader: 0, Current term: 0, Majority size: -1, State: 0, Mode: NON_LEADER, active raft config: opid_index: -1 OBSOLETE_local: false peers { permanent_uuid: "28a72f9ac6a14ab79f5d17530b9a5ae3" member_type: VOTER last_known_addr { host: "127.6.129.193" port: 39829 } } peers { permanent_uuid: "20e5140f6fa84b749add82de5970bcaa" member_type: VOTER last_known_addr { host: "127.6.129.194" port: 44419 } } peers { permanent_uuid: "1190c026beb644bca6cb1879f7c13e59" member_type: VOTER last_known_addr { host: "127.6.129.195" port: 44779 } }
I20260630 12:34:20.913272  9836 tablet_bootstrap.cc:492] T c11347e94d414cc79f9e960ba5c3bae3 P 28a72f9ac6a14ab79f5d17530b9a5ae3: Bootstrap starting.
I20260630 12:34:20.916270  9839 tablet_bootstrap.cc:654] T a39d36cbe11b4e44a070695ef700d33f P 1190c026beb644bca6cb1879f7c13e59: Neither blocks nor log segments found. Creating new log.
I20260630 12:34:20.917171  9843 leader_election.cc:290] T c11347e94d414cc79f9e960ba5c3bae3 P 20e5140f6fa84b749add82de5970bcaa [CANDIDATE]: Term 1 pre-election: Requested pre-vote from peers 28a72f9ac6a14ab79f5d17530b9a5ae3 (127.6.129.193:39829), 1190c026beb644bca6cb1879f7c13e59 (127.6.129.195:44779)
I20260630 12:34:20.920008  9836 tablet_bootstrap.cc:654] T c11347e94d414cc79f9e960ba5c3bae3 P 28a72f9ac6a14ab79f5d17530b9a5ae3: Neither blocks nor log segments found. Creating new log.
I20260630 12:34:20.933159  9837 ts_tablet_manager.cc:1434] T eeaaeb4e35f04cb9ad28cd320dbf5cdc P 20e5140f6fa84b749add82de5970bcaa: Time spent starting tablet: real 0.025s	user 0.005s	sys 0.007s
I20260630 12:34:20.934204  9837 tablet_bootstrap.cc:492] T 4e1f60a92f9f46f8899bbd877aac00aa P 20e5140f6fa84b749add82de5970bcaa: Bootstrap starting.
I20260630 12:34:20.940392  9837 tablet_bootstrap.cc:654] T 4e1f60a92f9f46f8899bbd877aac00aa P 20e5140f6fa84b749add82de5970bcaa: Neither blocks nor log segments found. Creating new log.
I20260630 12:34:20.942775  9854 raft_consensus.cc:493] T eeaaeb4e35f04cb9ad28cd320dbf5cdc P 20e5140f6fa84b749add82de5970bcaa [term 0 FOLLOWER]: Starting pre-election (no leader contacted us within the election timeout)
I20260630 12:34:20.943300  9854 raft_consensus.cc:515] T eeaaeb4e35f04cb9ad28cd320dbf5cdc P 20e5140f6fa84b749add82de5970bcaa [term 0 FOLLOWER]: Starting pre-election with config: opid_index: -1 OBSOLETE_local: false peers { permanent_uuid: "28a72f9ac6a14ab79f5d17530b9a5ae3" member_type: VOTER last_known_addr { host: "127.6.129.193" port: 39829 } } peers { permanent_uuid: "20e5140f6fa84b749add82de5970bcaa" member_type: VOTER last_known_addr { host: "127.6.129.194" port: 44419 } } peers { permanent_uuid: "1190c026beb644bca6cb1879f7c13e59" member_type: VOTER last_known_addr { host: "127.6.129.195" port: 44779 } }
I20260630 12:34:20.950860  9841 raft_consensus.cc:493] T 4e1f60a92f9f46f8899bbd877aac00aa P 28a72f9ac6a14ab79f5d17530b9a5ae3 [term 0 FOLLOWER]: Starting pre-election (no leader contacted us within the election timeout)
I20260630 12:34:20.951311  9841 raft_consensus.cc:515] T 4e1f60a92f9f46f8899bbd877aac00aa P 28a72f9ac6a14ab79f5d17530b9a5ae3 [term 0 FOLLOWER]: Starting pre-election with config: opid_index: -1 OBSOLETE_local: false peers { permanent_uuid: "28a72f9ac6a14ab79f5d17530b9a5ae3" member_type: VOTER last_known_addr { host: "127.6.129.193" port: 39829 } } peers { permanent_uuid: "20e5140f6fa84b749add82de5970bcaa" member_type: VOTER last_known_addr { host: "127.6.129.194" port: 44419 } } peers { permanent_uuid: "1190c026beb644bca6cb1879f7c13e59" member_type: VOTER last_known_addr { host: "127.6.129.195" port: 44779 } }
I20260630 12:34:20.953896  9841 leader_election.cc:290] T 4e1f60a92f9f46f8899bbd877aac00aa P 28a72f9ac6a14ab79f5d17530b9a5ae3 [CANDIDATE]: Term 1 pre-election: Requested pre-vote from peers 20e5140f6fa84b749add82de5970bcaa (127.6.129.194:44419), 1190c026beb644bca6cb1879f7c13e59 (127.6.129.195:44779)
I20260630 12:34:20.965478  9641 tablet_service.cc:1917] Received RequestConsensusVote() RPC: tablet_id: "c11347e94d414cc79f9e960ba5c3bae3" candidate_uuid: "20e5140f6fa84b749add82de5970bcaa" candidate_term: 1 candidate_status { last_received { term: 0 index: 0 } } ignore_live_leader: false dest_uuid: "28a72f9ac6a14ab79f5d17530b9a5ae3" is_pre_election: true
I20260630 12:34:20.968266  9641 tablet_service.cc:1917] Received RequestConsensusVote() RPC: tablet_id: "eeaaeb4e35f04cb9ad28cd320dbf5cdc" candidate_uuid: "20e5140f6fa84b749add82de5970bcaa" candidate_term: 1 candidate_status { last_received { term: 0 index: 0 } } ignore_live_leader: false dest_uuid: "28a72f9ac6a14ab79f5d17530b9a5ae3" is_pre_election: true
I20260630 12:34:20.968987  9641 raft_consensus.cc:2468] T eeaaeb4e35f04cb9ad28cd320dbf5cdc P 28a72f9ac6a14ab79f5d17530b9a5ae3 [term 0 FOLLOWER]: Leader pre-election vote request: Granting yes vote for candidate 20e5140f6fa84b749add82de5970bcaa in term 0.
W20260630 12:34:20.970757  9682 leader_election.cc:343] T c11347e94d414cc79f9e960ba5c3bae3 P 20e5140f6fa84b749add82de5970bcaa [CANDIDATE]: Term 1 pre-election: Tablet error from VoteRequest() call to peer 28a72f9ac6a14ab79f5d17530b9a5ae3 (127.6.129.193:39829): Illegal state: must be running to vote when last-logged opid is not known
I20260630 12:34:20.971794  9682 leader_election.cc:304] T eeaaeb4e35f04cb9ad28cd320dbf5cdc P 20e5140f6fa84b749add82de5970bcaa [CANDIDATE]: Term 1 pre-election: Election decided. Result: candidate won. Election summary: received 2 responses out of 3 voters: 2 yes votes; 0 no votes. yes voters: 20e5140f6fa84b749add82de5970bcaa, 28a72f9ac6a14ab79f5d17530b9a5ae3; no voters: 
I20260630 12:34:20.972806  9843 raft_consensus.cc:2804] T eeaaeb4e35f04cb9ad28cd320dbf5cdc P 20e5140f6fa84b749add82de5970bcaa [term 0 FOLLOWER]: Leader pre-election won for term 1
I20260630 12:34:20.973186  9843 raft_consensus.cc:493] T eeaaeb4e35f04cb9ad28cd320dbf5cdc P 20e5140f6fa84b749add82de5970bcaa [term 0 FOLLOWER]: Starting leader election (no leader contacted us within the election timeout)
I20260630 12:34:20.973538  9843 raft_consensus.cc:3060] T eeaaeb4e35f04cb9ad28cd320dbf5cdc P 20e5140f6fa84b749add82de5970bcaa [term 0 FOLLOWER]: Advancing to term 1
I20260630 12:34:20.982182  9843 raft_consensus.cc:515] T eeaaeb4e35f04cb9ad28cd320dbf5cdc P 20e5140f6fa84b749add82de5970bcaa [term 1 FOLLOWER]: Starting leader election with config: opid_index: -1 OBSOLETE_local: false peers { permanent_uuid: "28a72f9ac6a14ab79f5d17530b9a5ae3" member_type: VOTER last_known_addr { host: "127.6.129.193" port: 39829 } } peers { permanent_uuid: "20e5140f6fa84b749add82de5970bcaa" member_type: VOTER last_known_addr { host: "127.6.129.194" port: 44419 } } peers { permanent_uuid: "1190c026beb644bca6cb1879f7c13e59" member_type: VOTER last_known_addr { host: "127.6.129.195" port: 44779 } }
I20260630 12:34:20.984833  9641 tablet_service.cc:1917] Received RequestConsensusVote() RPC: tablet_id: "eeaaeb4e35f04cb9ad28cd320dbf5cdc" candidate_uuid: "20e5140f6fa84b749add82de5970bcaa" candidate_term: 1 candidate_status { last_received { term: 0 index: 0 } } ignore_live_leader: false dest_uuid: "28a72f9ac6a14ab79f5d17530b9a5ae3"
I20260630 12:34:20.985349  9641 raft_consensus.cc:3060] T eeaaeb4e35f04cb9ad28cd320dbf5cdc P 28a72f9ac6a14ab79f5d17530b9a5ae3 [term 0 FOLLOWER]: Advancing to term 1
I20260630 12:34:20.986547  9790 tablet_service.cc:1917] Received RequestConsensusVote() RPC: tablet_id: "c11347e94d414cc79f9e960ba5c3bae3" candidate_uuid: "20e5140f6fa84b749add82de5970bcaa" candidate_term: 1 candidate_status { last_received { term: 0 index: 0 } } ignore_live_leader: false dest_uuid: "1190c026beb644bca6cb1879f7c13e59" is_pre_election: true
I20260630 12:34:20.987207  9790 raft_consensus.cc:2468] T c11347e94d414cc79f9e960ba5c3bae3 P 1190c026beb644bca6cb1879f7c13e59 [term 0 FOLLOWER]: Leader pre-election vote request: Granting yes vote for candidate 20e5140f6fa84b749add82de5970bcaa in term 0.
I20260630 12:34:20.988561  9789 tablet_service.cc:1917] Received RequestConsensusVote() RPC: tablet_id: "eeaaeb4e35f04cb9ad28cd320dbf5cdc" candidate_uuid: "20e5140f6fa84b749add82de5970bcaa" candidate_term: 1 candidate_status { last_received { term: 0 index: 0 } } ignore_live_leader: false dest_uuid: "1190c026beb644bca6cb1879f7c13e59" is_pre_election: true
I20260630 12:34:20.989234  9789 raft_consensus.cc:2468] T eeaaeb4e35f04cb9ad28cd320dbf5cdc P 1190c026beb644bca6cb1879f7c13e59 [term 0 FOLLOWER]: Leader pre-election vote request: Granting yes vote for candidate 20e5140f6fa84b749add82de5970bcaa in term 0.
I20260630 12:34:20.990587  9679 leader_election.cc:304] T c11347e94d414cc79f9e960ba5c3bae3 P 20e5140f6fa84b749add82de5970bcaa [CANDIDATE]: Term 1 pre-election: Election decided. Result: candidate won. Election summary: received 3 responses out of 3 voters: 2 yes votes; 1 no votes. yes voters: 1190c026beb644bca6cb1879f7c13e59, 20e5140f6fa84b749add82de5970bcaa; no voters: 28a72f9ac6a14ab79f5d17530b9a5ae3
I20260630 12:34:20.993017  9641 raft_consensus.cc:2468] T eeaaeb4e35f04cb9ad28cd320dbf5cdc P 28a72f9ac6a14ab79f5d17530b9a5ae3 [term 1 FOLLOWER]: Leader election vote request: Granting yes vote for candidate 20e5140f6fa84b749add82de5970bcaa in term 1.
I20260630 12:34:20.994390  9682 leader_election.cc:304] T eeaaeb4e35f04cb9ad28cd320dbf5cdc P 20e5140f6fa84b749add82de5970bcaa [CANDIDATE]: Term 1 election: Election decided. Result: candidate won. Election summary: received 2 responses out of 3 voters: 2 yes votes; 0 no votes. yes voters: 20e5140f6fa84b749add82de5970bcaa, 28a72f9ac6a14ab79f5d17530b9a5ae3; no voters: 
I20260630 12:34:20.996304  9854 leader_election.cc:290] T eeaaeb4e35f04cb9ad28cd320dbf5cdc P 20e5140f6fa84b749add82de5970bcaa [CANDIDATE]: Term 1 pre-election: Requested pre-vote from peers 28a72f9ac6a14ab79f5d17530b9a5ae3 (127.6.129.193:39829), 1190c026beb644bca6cb1879f7c13e59 (127.6.129.195:44779)
I20260630 12:34:20.996567  9843 leader_election.cc:290] T eeaaeb4e35f04cb9ad28cd320dbf5cdc P 20e5140f6fa84b749add82de5970bcaa [CANDIDATE]: Term 1 election: Requested vote from peers 28a72f9ac6a14ab79f5d17530b9a5ae3 (127.6.129.193:39829), 1190c026beb644bca6cb1879f7c13e59 (127.6.129.195:44779)
I20260630 12:34:20.996867  9854 raft_consensus.cc:2804] T c11347e94d414cc79f9e960ba5c3bae3 P 20e5140f6fa84b749add82de5970bcaa [term 0 FOLLOWER]: Leader pre-election won for term 1
I20260630 12:34:20.997192  9854 raft_consensus.cc:493] T c11347e94d414cc79f9e960ba5c3bae3 P 20e5140f6fa84b749add82de5970bcaa [term 0 FOLLOWER]: Starting leader election (no leader contacted us within the election timeout)
I20260630 12:34:20.997210  9843 raft_consensus.cc:2804] T eeaaeb4e35f04cb9ad28cd320dbf5cdc P 20e5140f6fa84b749add82de5970bcaa [term 1 FOLLOWER]: Leader election won for term 1
I20260630 12:34:20.998240  9843 raft_consensus.cc:697] T eeaaeb4e35f04cb9ad28cd320dbf5cdc P 20e5140f6fa84b749add82de5970bcaa [term 1 LEADER]: Becoming Leader. State: Replica: 20e5140f6fa84b749add82de5970bcaa, State: Running, Role: LEADER
I20260630 12:34:21.001044  9843 consensus_queue.cc:237] T eeaaeb4e35f04cb9ad28cd320dbf5cdc P 20e5140f6fa84b749add82de5970bcaa [LEADER]: Queue going to LEADER mode. State: All replicated index: 0, Majority replicated index: 0, Committed index: 0, Last appended: 0.0, Last appended by leader: 0, Current term: 1, Majority size: 2, State: 0, Mode: LEADER, active raft config: opid_index: -1 OBSOLETE_local: false peers { permanent_uuid: "28a72f9ac6a14ab79f5d17530b9a5ae3" member_type: VOTER last_known_addr { host: "127.6.129.193" port: 39829 } } peers { permanent_uuid: "20e5140f6fa84b749add82de5970bcaa" member_type: VOTER last_known_addr { host: "127.6.129.194" port: 44419 } } peers { permanent_uuid: "1190c026beb644bca6cb1879f7c13e59" member_type: VOTER last_known_addr { host: "127.6.129.195" port: 44779 } }
I20260630 12:34:21.001729  9839 tablet_bootstrap.cc:492] T a39d36cbe11b4e44a070695ef700d33f P 1190c026beb644bca6cb1879f7c13e59: No bootstrap required, opened a new log
I20260630 12:34:21.003371  9839 ts_tablet_manager.cc:1403] T a39d36cbe11b4e44a070695ef700d33f P 1190c026beb644bca6cb1879f7c13e59: Time spent bootstrapping tablet: real 0.094s	user 0.039s	sys 0.052s
I20260630 12:34:21.006812  9839 raft_consensus.cc:359] T a39d36cbe11b4e44a070695ef700d33f P 1190c026beb644bca6cb1879f7c13e59 [term 0 FOLLOWER]: Replica starting. Triggering 0 pending ops. Active config: opid_index: -1 OBSOLETE_local: false peers { permanent_uuid: "28a72f9ac6a14ab79f5d17530b9a5ae3" member_type: VOTER last_known_addr { host: "127.6.129.193" port: 39829 } } peers { permanent_uuid: "20e5140f6fa84b749add82de5970bcaa" member_type: VOTER last_known_addr { host: "127.6.129.194" port: 44419 } } peers { permanent_uuid: "1190c026beb644bca6cb1879f7c13e59" member_type: VOTER last_known_addr { host: "127.6.129.195" port: 44779 } }
I20260630 12:34:21.007660  9839 raft_consensus.cc:385] T a39d36cbe11b4e44a070695ef700d33f P 1190c026beb644bca6cb1879f7c13e59 [term 0 FOLLOWER]: Consensus starting up: Expiring failure detector timer to make a prompt election more likely
I20260630 12:34:21.007992  9839 raft_consensus.cc:740] T a39d36cbe11b4e44a070695ef700d33f P 1190c026beb644bca6cb1879f7c13e59 [term 0 FOLLOWER]: Becoming Follower/Learner. State: Replica: 1190c026beb644bca6cb1879f7c13e59, State: Initialized, Role: FOLLOWER
I20260630 12:34:20.997706  9854 raft_consensus.cc:3060] T c11347e94d414cc79f9e960ba5c3bae3 P 20e5140f6fa84b749add82de5970bcaa [term 0 FOLLOWER]: Advancing to term 1
I20260630 12:34:21.010910  9836 tablet_bootstrap.cc:492] T c11347e94d414cc79f9e960ba5c3bae3 P 28a72f9ac6a14ab79f5d17530b9a5ae3: No bootstrap required, opened a new log
I20260630 12:34:21.011395  9836 ts_tablet_manager.cc:1403] T c11347e94d414cc79f9e960ba5c3bae3 P 28a72f9ac6a14ab79f5d17530b9a5ae3: Time spent bootstrapping tablet: real 0.098s	user 0.023s	sys 0.067s
I20260630 12:34:21.011163  9839 consensus_queue.cc:260] T a39d36cbe11b4e44a070695ef700d33f P 1190c026beb644bca6cb1879f7c13e59 [NON_LEADER]: Queue going to NON_LEADER mode. State: All replicated index: 0, Majority replicated index: 0, Committed index: 0, Last appended: 0.0, Last appended by leader: 0, Current term: 0, Majority size: -1, State: 0, Mode: NON_LEADER, active raft config: opid_index: -1 OBSOLETE_local: false peers { permanent_uuid: "28a72f9ac6a14ab79f5d17530b9a5ae3" member_type: VOTER last_known_addr { host: "127.6.129.193" port: 39829 } } peers { permanent_uuid: "20e5140f6fa84b749add82de5970bcaa" member_type: VOTER last_known_addr { host: "127.6.129.194" port: 44419 } } peers { permanent_uuid: "1190c026beb644bca6cb1879f7c13e59" member_type: VOTER last_known_addr { host: "127.6.129.195" port: 44779 } }
I20260630 12:34:21.013607  9839 ts_tablet_manager.cc:1434] T a39d36cbe11b4e44a070695ef700d33f P 1190c026beb644bca6cb1879f7c13e59: Time spent starting tablet: real 0.010s	user 0.007s	sys 0.000s
I20260630 12:34:21.014042  9836 raft_consensus.cc:359] T c11347e94d414cc79f9e960ba5c3bae3 P 28a72f9ac6a14ab79f5d17530b9a5ae3 [term 0 FOLLOWER]: Replica starting. Triggering 0 pending ops. Active config: opid_index: -1 OBSOLETE_local: false peers { permanent_uuid: "28a72f9ac6a14ab79f5d17530b9a5ae3" member_type: VOTER last_known_addr { host: "127.6.129.193" port: 39829 } } peers { permanent_uuid: "20e5140f6fa84b749add82de5970bcaa" member_type: VOTER last_known_addr { host: "127.6.129.194" port: 44419 } } peers { permanent_uuid: "1190c026beb644bca6cb1879f7c13e59" member_type: VOTER last_known_addr { host: "127.6.129.195" port: 44779 } }
I20260630 12:34:21.014530  9839 tablet_bootstrap.cc:492] T b882c49b16144095adc5a4782325dc52 P 1190c026beb644bca6cb1879f7c13e59: Bootstrap starting.
I20260630 12:34:21.014739  9836 raft_consensus.cc:385] T c11347e94d414cc79f9e960ba5c3bae3 P 28a72f9ac6a14ab79f5d17530b9a5ae3 [term 0 FOLLOWER]: Consensus starting up: Expiring failure detector timer to make a prompt election more likely
I20260630 12:34:21.015033  9836 raft_consensus.cc:740] T c11347e94d414cc79f9e960ba5c3bae3 P 28a72f9ac6a14ab79f5d17530b9a5ae3 [term 0 FOLLOWER]: Becoming Follower/Learner. State: Replica: 28a72f9ac6a14ab79f5d17530b9a5ae3, State: Initialized, Role: FOLLOWER
I20260630 12:34:21.015712  9836 consensus_queue.cc:260] T c11347e94d414cc79f9e960ba5c3bae3 P 28a72f9ac6a14ab79f5d17530b9a5ae3 [NON_LEADER]: Queue going to NON_LEADER mode. State: All replicated index: 0, Majority replicated index: 0, Committed index: 0, Last appended: 0.0, Last appended by leader: 0, Current term: 0, Majority size: -1, State: 0, Mode: NON_LEADER, active raft config: opid_index: -1 OBSOLETE_local: false peers { permanent_uuid: "28a72f9ac6a14ab79f5d17530b9a5ae3" member_type: VOTER last_known_addr { host: "127.6.129.193" port: 39829 } } peers { permanent_uuid: "20e5140f6fa84b749add82de5970bcaa" member_type: VOTER last_known_addr { host: "127.6.129.194" port: 44419 } } peers { permanent_uuid: "1190c026beb644bca6cb1879f7c13e59" member_type: VOTER last_known_addr { host: "127.6.129.195" port: 44779 } }
I20260630 12:34:21.018041  9836 ts_tablet_manager.cc:1434] T c11347e94d414cc79f9e960ba5c3bae3 P 28a72f9ac6a14ab79f5d17530b9a5ae3: Time spent starting tablet: real 0.006s	user 0.006s	sys 0.000s
I20260630 12:34:21.018174  9844 raft_consensus.cc:493] T a39d36cbe11b4e44a070695ef700d33f P 1190c026beb644bca6cb1879f7c13e59 [term 0 FOLLOWER]: Starting pre-election (no leader contacted us within the election timeout)
I20260630 12:34:21.018980  9836 tablet_bootstrap.cc:492] T ab2d5b9e939b44a9bff4717709e262d6 P 28a72f9ac6a14ab79f5d17530b9a5ae3: Bootstrap starting.
I20260630 12:34:21.018589  9844 raft_consensus.cc:515] T a39d36cbe11b4e44a070695ef700d33f P 1190c026beb644bca6cb1879f7c13e59 [term 0 FOLLOWER]: Starting pre-election with config: opid_index: -1 OBSOLETE_local: false peers { permanent_uuid: "28a72f9ac6a14ab79f5d17530b9a5ae3" member_type: VOTER last_known_addr { host: "127.6.129.193" port: 39829 } } peers { permanent_uuid: "20e5140f6fa84b749add82de5970bcaa" member_type: VOTER last_known_addr { host: "127.6.129.194" port: 44419 } } peers { permanent_uuid: "1190c026beb644bca6cb1879f7c13e59" member_type: VOTER last_known_addr { host: "127.6.129.195" port: 44779 } }
I20260630 12:34:21.025862  9844 leader_election.cc:290] T a39d36cbe11b4e44a070695ef700d33f P 1190c026beb644bca6cb1879f7c13e59 [CANDIDATE]: Term 1 pre-election: Requested pre-vote from peers 28a72f9ac6a14ab79f5d17530b9a5ae3 (127.6.129.193:39829), 20e5140f6fa84b749add82de5970bcaa (127.6.129.194:44419)
W20260630 12:34:21.036237  9679 outbound_call.cc:321] RPC callback for RPC call kudu.consensus.ConsensusService.RequestConsensusVote -> {remote=127.6.129.195:44779, user_credentials={real_user=slave}} blocked reactor thread for 45833.3us
I20260630 12:34:21.053649  9789 tablet_service.cc:1917] Received RequestConsensusVote() RPC: tablet_id: "eeaaeb4e35f04cb9ad28cd320dbf5cdc" candidate_uuid: "20e5140f6fa84b749add82de5970bcaa" candidate_term: 1 candidate_status { last_received { term: 0 index: 0 } } ignore_live_leader: false dest_uuid: "1190c026beb644bca6cb1879f7c13e59"
I20260630 12:34:21.054193  9789 raft_consensus.cc:3060] T eeaaeb4e35f04cb9ad28cd320dbf5cdc P 1190c026beb644bca6cb1879f7c13e59 [term 0 FOLLOWER]: Advancing to term 1
I20260630 12:34:21.054674  9836 tablet_bootstrap.cc:654] T ab2d5b9e939b44a9bff4717709e262d6 P 28a72f9ac6a14ab79f5d17530b9a5ae3: Neither blocks nor log segments found. Creating new log.
I20260630 12:34:21.053773  9536 catalog_manager.cc:5697] T eeaaeb4e35f04cb9ad28cd320dbf5cdc P 20e5140f6fa84b749add82de5970bcaa reported cstate change: term changed from 0 to 1, leader changed from <none> to 20e5140f6fa84b749add82de5970bcaa (127.6.129.194). New cstate: current_term: 1 leader_uuid: "20e5140f6fa84b749add82de5970bcaa" committed_config { opid_index: -1 OBSOLETE_local: false peers { permanent_uuid: "28a72f9ac6a14ab79f5d17530b9a5ae3" member_type: VOTER last_known_addr { host: "127.6.129.193" port: 39829 } health_report { overall_health: UNKNOWN } } peers { permanent_uuid: "20e5140f6fa84b749add82de5970bcaa" member_type: VOTER last_known_addr { host: "127.6.129.194" port: 44419 } health_report { overall_health: HEALTHY } } peers { permanent_uuid: "1190c026beb644bca6cb1879f7c13e59" member_type: VOTER last_known_addr { host: "127.6.129.195" port: 44779 } health_report { overall_health: UNKNOWN } } }
