I20260630 12:34:31.280534 32717 ts_tablet_manager.cc:595] Time spent register tablets: real 0.000s	user 0.000s	sys 0.000s
I20260630 12:34:31.324417 32717 rpc_server.cc:307] RPC server started. Bound to: 127.31.243.66:39773
I20260630 12:34:31.324558  4555 acceptor_pool.cc:272] collecting diagnostics on the listening RPC socket 127.31.243.66:39773 every 8 connection(s)
I20260630 12:34:31.329424 32717 file_cache.cc:492] Constructed file cache file cache with capacity 419430
W20260630 12:34:31.337257  4559 instance_detector.cc:116] could not retrieve AWS instance metadata: Network error: curl error: HTTP response code said error: The requested URL returned error: 404
W20260630 12:34:31.338712  4560 instance_detector.cc:116] could not retrieve Azure instance metadata: Network error: curl error: HTTP response code said error: The requested URL returned error: 404
I20260630 12:34:31.341128 32717 server_base.cc:1061] running on GCE node
W20260630 12:34:31.341681  4562 instance_detector.cc:116] could not retrieve OpenStack instance metadata: Network error: curl error: HTTP response code said error: The requested URL returned error: 404
I20260630 12:34:31.342386  4556 heartbeater.cc:344] Connected to a master server at 127.31.243.126:42905
I20260630 12:34:31.342834  4556 heartbeater.cc:461] Registering TS with master...
I20260630 12:34:31.342978 32717 hybrid_clock.cc:584] initializing the hybrid clock with 'system_unsync' time source
W20260630 12:34:31.343287 32717 system_unsync_time.cc:38] NTP support is disabled. Clock error bounds will not be accurate. This configuration is not suitable for distributed clusters.
I20260630 12:34:31.343518 32717 hybrid_clock.cc:648] HybridClock initialized: now 1782822871343496 us; error 0 us; skew 500 ppm
I20260630 12:34:31.343861  4556 heartbeater.cc:507] Master 127.31.243.126:42905 requested a full tablet report, sending...
I20260630 12:34:31.344275 32717 server_base.cc:861] Flag tcmalloc_max_total_thread_cache_bytes is not working since tcmalloc is not enabled.
I20260630 12:34:31.346252  4354 ts_manager.cc:194] Registered new tserver with Master: d5058e898f9049f0a6af0e9c15c48fef (127.31.243.66:39773)
I20260630 12:34:31.347209 32717 webserver.cc:533] Webserver started at http://127.31.243.67:34685/ using document root <none> and password file <none>
I20260630 12:34:31.347927 32717 fs_manager.cc:362] Metadata directory not provided
I20260630 12:34:31.348169 32717 fs_manager.cc:368] Using write-ahead log directory (fs_wal_dir) as metadata directory
I20260630 12:34:31.348325  4354 master_service.cc:502] Signed X509 certificate for tserver {username='slave'} at 127.0.0.1:54122
I20260630 12:34:31.348523 32717 server_base.cc:909] This appears to be a new deployment of Kudu; creating new FS layout
I20260630 12:34:31.350006 32717 fs_manager.cc:1068] Generated new instance metadata in path /tmp/dist-test-taskpLXJ6j/test-tmp/auto_rebalancer-test.0.AutoRebalancerTest.NoReplicaMovesIfCannotFixPlacementPolicy.1782822757693721-32717-0/minicluster-data/ts-2-root/instance:
uuid: "1b34f2b4c01d44c68e3f26f38e312251"
format_stamp: "Formatted at 2026-06-30 12:34:31 on dist-test-slave-zxq3"
I20260630 12:34:31.354538 32717 fs_manager.cc:696] Time spent creating directory manager: real 0.004s	user 0.003s	sys 0.004s
I20260630 12:34:31.357854  4567 log_block_manager.cc:4031] Time spent loading block containers with low live blocks: real 0.000s	user 0.000s	sys 0.000s
I20260630 12:34:31.358566 32717 fs_manager.cc:730] Time spent opening block manager: real 0.002s	user 0.002s	sys 0.000s
I20260630 12:34:31.358851 32717 fs_manager.cc:647] Opened local filesystem: /tmp/dist-test-taskpLXJ6j/test-tmp/auto_rebalancer-test.0.AutoRebalancerTest.NoReplicaMovesIfCannotFixPlacementPolicy.1782822757693721-32717-0/minicluster-data/ts-2-root
uuid: "1b34f2b4c01d44c68e3f26f38e312251"
format_stamp: "Formatted at 2026-06-30 12:34:31 on dist-test-slave-zxq3"
I20260630 12:34:31.359179 32717 fs_report.cc:389] FS layout report
--------------------
wal directory: /tmp/dist-test-taskpLXJ6j/test-tmp/auto_rebalancer-test.0.AutoRebalancerTest.NoReplicaMovesIfCannotFixPlacementPolicy.1782822757693721-32717-0/minicluster-data/ts-2-root
metadata directory: /tmp/dist-test-taskpLXJ6j/test-tmp/auto_rebalancer-test.0.AutoRebalancerTest.NoReplicaMovesIfCannotFixPlacementPolicy.1782822757693721-32717-0/minicluster-data/ts-2-root
1 data directories: /tmp/dist-test-taskpLXJ6j/test-tmp/auto_rebalancer-test.0.AutoRebalancerTest.NoReplicaMovesIfCannotFixPlacementPolicy.1782822757693721-32717-0/minicluster-data/ts-2-root/data
Total live blocks: 0
Total live bytes: 0
Total live bytes (after alignment): 0
Total number of LBM containers: 0 (0 full)
Did not check for missing blocks
Did not check for orphaned blocks
Total full LBM containers with extra space: 0 (0 repaired)
Total full LBM container extra space in bytes: 0 (0 repaired)
Total incomplete LBM containers: 0 (0 repaired)
Total LBM partial records: 0 (0 repaired)
Total corrupted LBM metadata records in RocksDB: 0 (0 repaired)
I20260630 12:34:31.375991 32717 rpc_server.cc:225] running with OpenSSL 1.1.1  11 Sep 2018
I20260630 12:34:31.377264 32717 kserver.cc:163] Server-wide thread pool size limit: 3276
I20260630 12:34:31.378751 32717 txn_system_client.cc:432] TxnSystemClient initialization is disabled...
I20260630 12:34:31.381157 32717 ts_tablet_manager.cc:585] Loaded tablet metadata (0 total tablets, 0 live tablets)
I20260630 12:34:31.381361 32717 ts_tablet_manager.cc:531] Time spent load tablet metadata: real 0.000s	user 0.000s	sys 0.000s
I20260630 12:34:31.381583 32717 ts_tablet_manager.cc:616] Registered 0 tablets
I20260630 12:34:31.381734 32717 ts_tablet_manager.cc:595] Time spent register tablets: real 0.000s	user 0.000s	sys 0.000s
I20260630 12:34:31.424932 32717 rpc_server.cc:307] RPC server started. Bound to: 127.31.243.67:38153
I20260630 12:34:31.425019  4629 acceptor_pool.cc:272] collecting diagnostics on the listening RPC socket 127.31.243.67:38153 every 8 connection(s)
I20260630 12:34:31.439782  4630 heartbeater.cc:344] Connected to a master server at 127.31.243.126:42905
I20260630 12:34:31.440210  4630 heartbeater.cc:461] Registering TS with master...
I20260630 12:34:31.441030  4630 heartbeater.cc:507] Master 127.31.243.126:42905 requested a full tablet report, sending...
I20260630 12:34:31.443171  4354 ts_manager.cc:194] Registered new tserver with Master: 1b34f2b4c01d44c68e3f26f38e312251 (127.31.243.67:38153)
I20260630 12:34:31.443333 32717 internal_mini_cluster.cc:371] 3 TS(s) registered with all masters after 0.014997858s
I20260630 12:34:31.445159  4354 master_service.cc:502] Signed X509 certificate for tserver {username='slave'} at 127.0.0.1:54126
I20260630 12:34:32.236465  4481 heartbeater.cc:499] Master 127.31.243.126:42905 was elected leader, sending a full tablet report...
I20260630 12:34:32.351181  4556 heartbeater.cc:499] Master 127.31.243.126:42905 was elected leader, sending a full tablet report...
I20260630 12:34:32.448438  4630 heartbeater.cc:499] Master 127.31.243.126:42905 was elected leader, sending a full tablet report...
I20260630 12:34:32.722635  4353 catalog_manager.cc:2283] Servicing CreateTable request from {username='slave'} at 127.0.0.1:54150:
name: "test-workload"
schema {
  columns {
    name: "key"
    type: INT32
    is_key: true
    is_nullable: false
    encoding: AUTO_ENCODING
    compression: DEFAULT_COMPRESSION
    cfile_block_size: 0
    immutable: false
  }
  columns {
    name: "int_val"
    type: INT32
    is_key: false
    is_nullable: false
    encoding: AUTO_ENCODING
    compression: DEFAULT_COMPRESSION
    cfile_block_size: 0
    immutable: false
  }
  columns {
    name: "string_val"
    type: STRING
    is_key: false
    is_nullable: true
    encoding: AUTO_ENCODING
    compression: DEFAULT_COMPRESSION
    cfile_block_size: 0
    immutable: false
  }
}
num_replicas: 3
split_rows_range_bounds {
}
partition_schema {
  range_schema {
    columns {
      name: "key"
    }
  }
}
W20260630 12:34:32.724921  4353 catalog_manager.cc:7077] The number of live tablet servers is not enough to re-replicate a tablet replica of the newly created table test-workload in case of a server failure: 4 tablet servers would be needed, 3 are available. Consider bringing up more tablet servers.
I20260630 12:34:32.769443  4521 tablet_service.cc:1511] Processing CreateTablet for tablet e5e0bf0228ff471bb32be8b884a3c4af (DEFAULT_TABLE table=test-workload [id=5d478221cd7a48b19e8f53c07ce3c6f8]), partition=RANGE (key) PARTITION UNBOUNDED
I20260630 12:34:32.771087  4521 data_dirs.cc:400] Could only allocate 1 dirs of requested 3 for tablet e5e0bf0228ff471bb32be8b884a3c4af. 1 dirs total, 0 dirs full, 0 dirs failed
I20260630 12:34:32.772964  4595 tablet_service.cc:1511] Processing CreateTablet for tablet e5e0bf0228ff471bb32be8b884a3c4af (DEFAULT_TABLE table=test-workload [id=5d478221cd7a48b19e8f53c07ce3c6f8]), partition=RANGE (key) PARTITION UNBOUNDED
I20260630 12:34:32.774317  4595 data_dirs.cc:400] Could only allocate 1 dirs of requested 3 for tablet e5e0bf0228ff471bb32be8b884a3c4af. 1 dirs total, 0 dirs full, 0 dirs failed
I20260630 12:34:32.783927  4446 tablet_service.cc:1511] Processing CreateTablet for tablet e5e0bf0228ff471bb32be8b884a3c4af (DEFAULT_TABLE table=test-workload [id=5d478221cd7a48b19e8f53c07ce3c6f8]), partition=RANGE (key) PARTITION UNBOUNDED
I20260630 12:34:32.785254  4446 data_dirs.cc:400] Could only allocate 1 dirs of requested 3 for tablet e5e0bf0228ff471bb32be8b884a3c4af. 1 dirs total, 0 dirs full, 0 dirs failed
I20260630 12:34:32.789675  4651 tablet_bootstrap.cc:492] T e5e0bf0228ff471bb32be8b884a3c4af P d5058e898f9049f0a6af0e9c15c48fef: Bootstrap starting.
I20260630 12:34:32.792589  4652 tablet_bootstrap.cc:492] T e5e0bf0228ff471bb32be8b884a3c4af P 1b34f2b4c01d44c68e3f26f38e312251: Bootstrap starting.
I20260630 12:34:32.798216  4652 tablet_bootstrap.cc:654] T e5e0bf0228ff471bb32be8b884a3c4af P 1b34f2b4c01d44c68e3f26f38e312251: Neither blocks nor log segments found. Creating new log.
I20260630 12:34:32.800336  4651 tablet_bootstrap.cc:654] T e5e0bf0228ff471bb32be8b884a3c4af P d5058e898f9049f0a6af0e9c15c48fef: Neither blocks nor log segments found. Creating new log.
I20260630 12:34:32.802121  4653 tablet_bootstrap.cc:492] T e5e0bf0228ff471bb32be8b884a3c4af P 4ea5399bc20f45bdb771b8c9c03b5589: Bootstrap starting.
I20260630 12:34:32.804517  4652 tablet_bootstrap.cc:492] T e5e0bf0228ff471bb32be8b884a3c4af P 1b34f2b4c01d44c68e3f26f38e312251: No bootstrap required, opened a new log
I20260630 12:34:32.805063  4652 ts_tablet_manager.cc:1403] T e5e0bf0228ff471bb32be8b884a3c4af P 1b34f2b4c01d44c68e3f26f38e312251: Time spent bootstrapping tablet: real 0.013s	user 0.005s	sys 0.005s
I20260630 12:34:32.806459  4651 tablet_bootstrap.cc:492] T e5e0bf0228ff471bb32be8b884a3c4af P d5058e898f9049f0a6af0e9c15c48fef: No bootstrap required, opened a new log
I20260630 12:34:32.806880  4651 ts_tablet_manager.cc:1403] T e5e0bf0228ff471bb32be8b884a3c4af P d5058e898f9049f0a6af0e9c15c48fef: Time spent bootstrapping tablet: real 0.017s	user 0.011s	sys 0.000s
I20260630 12:34:32.808266  4652 raft_consensus.cc:359] T e5e0bf0228ff471bb32be8b884a3c4af P 1b34f2b4c01d44c68e3f26f38e312251 [term 0 FOLLOWER]: Replica starting. Triggering 0 pending ops. Active config: opid_index: -1 OBSOLETE_local: false peers { permanent_uuid: "d5058e898f9049f0a6af0e9c15c48fef" member_type: VOTER last_known_addr { host: "127.31.243.66" port: 39773 } } peers { permanent_uuid: "1b34f2b4c01d44c68e3f26f38e312251" member_type: VOTER last_known_addr { host: "127.31.243.67" port: 38153 } } peers { permanent_uuid: "4ea5399bc20f45bdb771b8c9c03b5589" member_type: VOTER last_known_addr { host: "127.31.243.65" port: 44467 } }
I20260630 12:34:32.809038  4652 raft_consensus.cc:385] T e5e0bf0228ff471bb32be8b884a3c4af P 1b34f2b4c01d44c68e3f26f38e312251 [term 0 FOLLOWER]: Consensus starting up: Expiring failure detector timer to make a prompt election more likely
I20260630 12:34:32.809196  4653 tablet_bootstrap.cc:654] T e5e0bf0228ff471bb32be8b884a3c4af P 4ea5399bc20f45bdb771b8c9c03b5589: Neither blocks nor log segments found. Creating new log.
I20260630 12:34:32.809401  4652 raft_consensus.cc:740] T e5e0bf0228ff471bb32be8b884a3c4af P 1b34f2b4c01d44c68e3f26f38e312251 [term 0 FOLLOWER]: Becoming Follower/Learner. State: Replica: 1b34f2b4c01d44c68e3f26f38e312251, State: Initialized, Role: FOLLOWER
I20260630 12:34:32.810300  4652 consensus_queue.cc:260] T e5e0bf0228ff471bb32be8b884a3c4af P 1b34f2b4c01d44c68e3f26f38e312251 [NON_LEADER]: Queue going to NON_LEADER mode. State: All replicated index: 0, Majority replicated index: 0, Committed index: 0, Last appended: 0.0, Last appended by leader: 0, Current term: 0, Majority size: -1, State: 0, Mode: NON_LEADER, active raft config: opid_index: -1 OBSOLETE_local: false peers { permanent_uuid: "d5058e898f9049f0a6af0e9c15c48fef" member_type: VOTER last_known_addr { host: "127.31.243.66" port: 39773 } } peers { permanent_uuid: "1b34f2b4c01d44c68e3f26f38e312251" member_type: VOTER last_known_addr { host: "127.31.243.67" port: 38153 } } peers { permanent_uuid: "4ea5399bc20f45bdb771b8c9c03b5589" member_type: VOTER last_known_addr { host: "127.31.243.65" port: 44467 } }
I20260630 12:34:32.811105  4651 raft_consensus.cc:359] T e5e0bf0228ff471bb32be8b884a3c4af P d5058e898f9049f0a6af0e9c15c48fef [term 0 FOLLOWER]: Replica starting. Triggering 0 pending ops. Active config: opid_index: -1 OBSOLETE_local: false peers { permanent_uuid: "d5058e898f9049f0a6af0e9c15c48fef" member_type: VOTER last_known_addr { host: "127.31.243.66" port: 39773 } } peers { permanent_uuid: "1b34f2b4c01d44c68e3f26f38e312251" member_type: VOTER last_known_addr { host: "127.31.243.67" port: 38153 } } peers { permanent_uuid: "4ea5399bc20f45bdb771b8c9c03b5589" member_type: VOTER last_known_addr { host: "127.31.243.65" port: 44467 } }
I20260630 12:34:32.811657  4651 raft_consensus.cc:385] T e5e0bf0228ff471bb32be8b884a3c4af P d5058e898f9049f0a6af0e9c15c48fef [term 0 FOLLOWER]: Consensus starting up: Expiring failure detector timer to make a prompt election more likely
I20260630 12:34:32.811951  4651 raft_consensus.cc:740] T e5e0bf0228ff471bb32be8b884a3c4af P d5058e898f9049f0a6af0e9c15c48fef [term 0 FOLLOWER]: Becoming Follower/Learner. State: Replica: d5058e898f9049f0a6af0e9c15c48fef, State: Initialized, Role: FOLLOWER
I20260630 12:34:32.812889  4651 consensus_queue.cc:260] T e5e0bf0228ff471bb32be8b884a3c4af P d5058e898f9049f0a6af0e9c15c48fef [NON_LEADER]: Queue going to NON_LEADER mode. State: All replicated index: 0, Majority replicated index: 0, Committed index: 0, Last appended: 0.0, Last appended by leader: 0, Current term: 0, Majority size: -1, State: 0, Mode: NON_LEADER, active raft config: opid_index: -1 OBSOLETE_local: false peers { permanent_uuid: "d5058e898f9049f0a6af0e9c15c48fef" member_type: VOTER last_known_addr { host: "127.31.243.66" port: 39773 } } peers { permanent_uuid: "1b34f2b4c01d44c68e3f26f38e312251" member_type: VOTER last_known_addr { host: "127.31.243.67" port: 38153 } } peers { permanent_uuid: "4ea5399bc20f45bdb771b8c9c03b5589" member_type: VOTER last_known_addr { host: "127.31.243.65" port: 44467 } }
I20260630 12:34:32.813393  4652 ts_tablet_manager.cc:1434] T e5e0bf0228ff471bb32be8b884a3c4af P 1b34f2b4c01d44c68e3f26f38e312251: Time spent starting tablet: real 0.008s	user 0.009s	sys 0.000s
I20260630 12:34:32.821137  4653 tablet_bootstrap.cc:492] T e5e0bf0228ff471bb32be8b884a3c4af P 4ea5399bc20f45bdb771b8c9c03b5589: No bootstrap required, opened a new log
I20260630 12:34:32.821333  4651 ts_tablet_manager.cc:1434] T e5e0bf0228ff471bb32be8b884a3c4af P d5058e898f9049f0a6af0e9c15c48fef: Time spent starting tablet: real 0.014s	user 0.006s	sys 0.000s
I20260630 12:34:32.821756  4653 ts_tablet_manager.cc:1403] T e5e0bf0228ff471bb32be8b884a3c4af P 4ea5399bc20f45bdb771b8c9c03b5589: Time spent bootstrapping tablet: real 0.020s	user 0.011s	sys 0.008s
I20260630 12:34:32.824878  4653 raft_consensus.cc:359] T e5e0bf0228ff471bb32be8b884a3c4af P 4ea5399bc20f45bdb771b8c9c03b5589 [term 0 FOLLOWER]: Replica starting. Triggering 0 pending ops. Active config: opid_index: -1 OBSOLETE_local: false peers { permanent_uuid: "d5058e898f9049f0a6af0e9c15c48fef" member_type: VOTER last_known_addr { host: "127.31.243.66" port: 39773 } } peers { permanent_uuid: "1b34f2b4c01d44c68e3f26f38e312251" member_type: VOTER last_known_addr { host: "127.31.243.67" port: 38153 } } peers { permanent_uuid: "4ea5399bc20f45bdb771b8c9c03b5589" member_type: VOTER last_known_addr { host: "127.31.243.65" port: 44467 } }
I20260630 12:34:32.825570  4653 raft_consensus.cc:385] T e5e0bf0228ff471bb32be8b884a3c4af P 4ea5399bc20f45bdb771b8c9c03b5589 [term 0 FOLLOWER]: Consensus starting up: Expiring failure detector timer to make a prompt election more likely
I20260630 12:34:32.825857  4653 raft_consensus.cc:740] T e5e0bf0228ff471bb32be8b884a3c4af P 4ea5399bc20f45bdb771b8c9c03b5589 [term 0 FOLLOWER]: Becoming Follower/Learner. State: Replica: 4ea5399bc20f45bdb771b8c9c03b5589, State: Initialized, Role: FOLLOWER
I20260630 12:34:32.826670  4653 consensus_queue.cc:260] T e5e0bf0228ff471bb32be8b884a3c4af P 4ea5399bc20f45bdb771b8c9c03b5589 [NON_LEADER]: Queue going to NON_LEADER mode. State: All replicated index: 0, Majority replicated index: 0, Committed index: 0, Last appended: 0.0, Last appended by leader: 0, Current term: 0, Majority size: -1, State: 0, Mode: NON_LEADER, active raft config: opid_index: -1 OBSOLETE_local: false peers { permanent_uuid: "d5058e898f9049f0a6af0e9c15c48fef" member_type: VOTER last_known_addr { host: "127.31.243.66" port: 39773 } } peers { permanent_uuid: "1b34f2b4c01d44c68e3f26f38e312251" member_type: VOTER last_known_addr { host: "127.31.243.67" port: 38153 } } peers { permanent_uuid: "4ea5399bc20f45bdb771b8c9c03b5589" member_type: VOTER last_known_addr { host: "127.31.243.65" port: 44467 } }
I20260630 12:34:32.828856  4653 ts_tablet_manager.cc:1434] T e5e0bf0228ff471bb32be8b884a3c4af P 4ea5399bc20f45bdb771b8c9c03b5589: Time spent starting tablet: real 0.007s	user 0.003s	sys 0.003s
W20260630 12:34:32.830113  4557 tablet.cc:2406] T e5e0bf0228ff471bb32be8b884a3c4af P d5058e898f9049f0a6af0e9c15c48fef: Can't schedule compaction. Clean time has not been advanced past its initial value.
I20260630 12:34:32.943028  4656 raft_consensus.cc:493] T e5e0bf0228ff471bb32be8b884a3c4af P 1b34f2b4c01d44c68e3f26f38e312251 [term 0 FOLLOWER]: Starting pre-election (no leader contacted us within the election timeout)
I20260630 12:34:32.943604  4656 raft_consensus.cc:515] T e5e0bf0228ff471bb32be8b884a3c4af P 1b34f2b4c01d44c68e3f26f38e312251 [term 0 FOLLOWER]: Starting pre-election with config: opid_index: -1 OBSOLETE_local: false peers { permanent_uuid: "d5058e898f9049f0a6af0e9c15c48fef" member_type: VOTER last_known_addr { host: "127.31.243.66" port: 39773 } } peers { permanent_uuid: "1b34f2b4c01d44c68e3f26f38e312251" member_type: VOTER last_known_addr { host: "127.31.243.67" port: 38153 } } peers { permanent_uuid: "4ea5399bc20f45bdb771b8c9c03b5589" member_type: VOTER last_known_addr { host: "127.31.243.65" port: 44467 } }
I20260630 12:34:32.945847  4656 leader_election.cc:290] T e5e0bf0228ff471bb32be8b884a3c4af P 1b34f2b4c01d44c68e3f26f38e312251 [CANDIDATE]: Term 1 pre-election: Requested pre-vote from peers d5058e898f9049f0a6af0e9c15c48fef (127.31.243.66:39773), 4ea5399bc20f45bdb771b8c9c03b5589 (127.31.243.65:44467)
I20260630 12:34:32.957298  4531 tablet_service.cc:1917] Received RequestConsensusVote() RPC: tablet_id: "e5e0bf0228ff471bb32be8b884a3c4af" candidate_uuid: "1b34f2b4c01d44c68e3f26f38e312251" candidate_term: 1 candidate_status { last_received { term: 0 index: 0 } } ignore_live_leader: false dest_uuid: "d5058e898f9049f0a6af0e9c15c48fef" is_pre_election: true
I20260630 12:34:32.957365  4456 tablet_service.cc:1917] Received RequestConsensusVote() RPC: tablet_id: "e5e0bf0228ff471bb32be8b884a3c4af" candidate_uuid: "1b34f2b4c01d44c68e3f26f38e312251" candidate_term: 1 candidate_status { last_received { term: 0 index: 0 } } ignore_live_leader: false dest_uuid: "4ea5399bc20f45bdb771b8c9c03b5589" is_pre_election: true
I20260630 12:34:32.958094  4531 raft_consensus.cc:2468] T e5e0bf0228ff471bb32be8b884a3c4af P d5058e898f9049f0a6af0e9c15c48fef [term 0 FOLLOWER]: Leader pre-election vote request: Granting yes vote for candidate 1b34f2b4c01d44c68e3f26f38e312251 in term 0.
I20260630 12:34:32.958125  4456 raft_consensus.cc:2468] T e5e0bf0228ff471bb32be8b884a3c4af P 4ea5399bc20f45bdb771b8c9c03b5589 [term 0 FOLLOWER]: Leader pre-election vote request: Granting yes vote for candidate 1b34f2b4c01d44c68e3f26f38e312251 in term 0.
I20260630 12:34:32.959419  4569 leader_election.cc:304] T e5e0bf0228ff471bb32be8b884a3c4af P 1b34f2b4c01d44c68e3f26f38e312251 [CANDIDATE]: Term 1 pre-election: Election decided. Result: candidate won. Election summary: received 2 responses out of 3 voters: 2 yes votes; 0 no votes. yes voters: 1b34f2b4c01d44c68e3f26f38e312251, d5058e898f9049f0a6af0e9c15c48fef; no voters: 
I20260630 12:34:32.960124  4656 raft_consensus.cc:2804] T e5e0bf0228ff471bb32be8b884a3c4af P 1b34f2b4c01d44c68e3f26f38e312251 [term 0 FOLLOWER]: Leader pre-election won for term 1
I20260630 12:34:32.960461  4656 raft_consensus.cc:493] T e5e0bf0228ff471bb32be8b884a3c4af P 1b34f2b4c01d44c68e3f26f38e312251 [term 0 FOLLOWER]: Starting leader election (no leader contacted us within the election timeout)
I20260630 12:34:32.960695  4656 raft_consensus.cc:3060] T e5e0bf0228ff471bb32be8b884a3c4af P 1b34f2b4c01d44c68e3f26f38e312251 [term 0 FOLLOWER]: Advancing to term 1
I20260630 12:34:32.966545  4656 raft_consensus.cc:515] T e5e0bf0228ff471bb32be8b884a3c4af P 1b34f2b4c01d44c68e3f26f38e312251 [term 1 FOLLOWER]: Starting leader election with config: opid_index: -1 OBSOLETE_local: false peers { permanent_uuid: "d5058e898f9049f0a6af0e9c15c48fef" member_type: VOTER last_known_addr { host: "127.31.243.66" port: 39773 } } peers { permanent_uuid: "1b34f2b4c01d44c68e3f26f38e312251" member_type: VOTER last_known_addr { host: "127.31.243.67" port: 38153 } } peers { permanent_uuid: "4ea5399bc20f45bdb771b8c9c03b5589" member_type: VOTER last_known_addr { host: "127.31.243.65" port: 44467 } }
I20260630 12:34:32.968119  4656 leader_election.cc:290] T e5e0bf0228ff471bb32be8b884a3c4af P 1b34f2b4c01d44c68e3f26f38e312251 [CANDIDATE]: Term 1 election: Requested vote from peers d5058e898f9049f0a6af0e9c15c48fef (127.31.243.66:39773), 4ea5399bc20f45bdb771b8c9c03b5589 (127.31.243.65:44467)
I20260630 12:34:32.968941  4531 tablet_service.cc:1917] Received RequestConsensusVote() RPC: tablet_id: "e5e0bf0228ff471bb32be8b884a3c4af" candidate_uuid: "1b34f2b4c01d44c68e3f26f38e312251" candidate_term: 1 candidate_status { last_received { term: 0 index: 0 } } ignore_live_leader: false dest_uuid: "d5058e898f9049f0a6af0e9c15c48fef"
I20260630 12:34:32.969043  4456 tablet_service.cc:1917] Received RequestConsensusVote() RPC: tablet_id: "e5e0bf0228ff471bb32be8b884a3c4af" candidate_uuid: "1b34f2b4c01d44c68e3f26f38e312251" candidate_term: 1 candidate_status { last_received { term: 0 index: 0 } } ignore_live_leader: false dest_uuid: "4ea5399bc20f45bdb771b8c9c03b5589"
I20260630 12:34:32.969434  4531 raft_consensus.cc:3060] T e5e0bf0228ff471bb32be8b884a3c4af P d5058e898f9049f0a6af0e9c15c48fef [term 0 FOLLOWER]: Advancing to term 1
I20260630 12:34:32.969514  4456 raft_consensus.cc:3060] T e5e0bf0228ff471bb32be8b884a3c4af P 4ea5399bc20f45bdb771b8c9c03b5589 [term 0 FOLLOWER]: Advancing to term 1
I20260630 12:34:32.974954  4531 raft_consensus.cc:2468] T e5e0bf0228ff471bb32be8b884a3c4af P d5058e898f9049f0a6af0e9c15c48fef [term 1 FOLLOWER]: Leader election vote request: Granting yes vote for candidate 1b34f2b4c01d44c68e3f26f38e312251 in term 1.
I20260630 12:34:32.975044  4456 raft_consensus.cc:2468] T e5e0bf0228ff471bb32be8b884a3c4af P 4ea5399bc20f45bdb771b8c9c03b5589 [term 1 FOLLOWER]: Leader election vote request: Granting yes vote for candidate 1b34f2b4c01d44c68e3f26f38e312251 in term 1.
I20260630 12:34:32.976007  4569 leader_election.cc:304] T e5e0bf0228ff471bb32be8b884a3c4af P 1b34f2b4c01d44c68e3f26f38e312251 [CANDIDATE]: Term 1 election: Election decided. Result: candidate won. Election summary: received 2 responses out of 3 voters: 2 yes votes; 0 no votes. yes voters: 1b34f2b4c01d44c68e3f26f38e312251, d5058e898f9049f0a6af0e9c15c48fef; no voters: 
I20260630 12:34:32.976704  4656 raft_consensus.cc:2804] T e5e0bf0228ff471bb32be8b884a3c4af P 1b34f2b4c01d44c68e3f26f38e312251 [term 1 FOLLOWER]: Leader election won for term 1
I20260630 12:34:32.977967  4656 raft_consensus.cc:697] T e5e0bf0228ff471bb32be8b884a3c4af P 1b34f2b4c01d44c68e3f26f38e312251 [term 1 LEADER]: Becoming Leader. State: Replica: 1b34f2b4c01d44c68e3f26f38e312251, State: Running, Role: LEADER
I20260630 12:34:32.978811  4656 consensus_queue.cc:237] T e5e0bf0228ff471bb32be8b884a3c4af P 1b34f2b4c01d44c68e3f26f38e312251 [LEADER]: Queue going to LEADER mode. State: All replicated index: 0, Majority replicated index: 0, Committed index: 0, Last appended: 0.0, Last appended by leader: 0, Current term: 1, Majority size: 2, State: 0, Mode: LEADER, active raft config: opid_index: -1 OBSOLETE_local: false peers { permanent_uuid: "d5058e898f9049f0a6af0e9c15c48fef" member_type: VOTER last_known_addr { host: "127.31.243.66" port: 39773 } } peers { permanent_uuid: "1b34f2b4c01d44c68e3f26f38e312251" member_type: VOTER last_known_addr { host: "127.31.243.67" port: 38153 } } peers { permanent_uuid: "4ea5399bc20f45bdb771b8c9c03b5589" member_type: VOTER last_known_addr { host: "127.31.243.65" port: 44467 } }
I20260630 12:34:32.987295  4354 catalog_manager.cc:5697] T e5e0bf0228ff471bb32be8b884a3c4af P 1b34f2b4c01d44c68e3f26f38e312251 reported cstate change: term changed from 0 to 1, leader changed from <none> to 1b34f2b4c01d44c68e3f26f38e312251 (127.31.243.67). New cstate: current_term: 1 leader_uuid: "1b34f2b4c01d44c68e3f26f38e312251" committed_config { opid_index: -1 OBSOLETE_local: false peers { permanent_uuid: "d5058e898f9049f0a6af0e9c15c48fef" member_type: VOTER last_known_addr { host: "127.31.243.66" port: 39773 } health_report { overall_health: UNKNOWN } } peers { permanent_uuid: "1b34f2b4c01d44c68e3f26f38e312251" member_type: VOTER last_known_addr { host: "127.31.243.67" port: 38153 } health_report { overall_health: HEALTHY } } peers { permanent_uuid: "4ea5399bc20f45bdb771b8c9c03b5589" member_type: VOTER last_known_addr { host: "127.31.243.65" port: 44467 } health_report { overall_health: UNKNOWN } } }
I20260630 12:34:33.036891  4402 placement_policy_util.cc:411] tablet e5e0bf0228ff471bb32be8b884a3c4af: detected majority of replicas (2 of 3) at location L0
I20260630 12:34:33.039508  4407 auto_leader_rebalancer.cc:141] leader rebalance for table test-workload
I20260630 12:34:33.040820  4407 auto_leader_rebalancer.cc:440] table: test-workload, leader rebalance finish, leader transfer count: 0
I20260630 12:34:33.041141  4407 auto_leader_rebalancer.cc:515] All tables' leader rebalancing finished this round
I20260630 12:34:33.459864  4656 consensus_queue.cc:1048] T e5e0bf0228ff471bb32be8b884a3c4af P 1b34f2b4c01d44c68e3f26f38e312251 [LEADER]: Connected to new peer: Peer: permanent_uuid: "4ea5399bc20f45bdb771b8c9c03b5589" member_type: VOTER last_known_addr { host: "127.31.243.65" port: 44467 }, Status: LMP_MISMATCH, Last received: 0.0, Next index: 1, Last known committed idx: 0, Time since last communication: 0.000s
I20260630 12:34:33.473227  4656 consensus_queue.cc:1048] T e5e0bf0228ff471bb32be8b884a3c4af P 1b34f2b4c01d44c68e3f26f38e312251 [LEADER]: Connected to new peer: Peer: permanent_uuid: "d5058e898f9049f0a6af0e9c15c48fef" member_type: VOTER last_known_addr { host: "127.31.243.66" port: 39773 }, Status: LMP_MISMATCH, Last received: 0.0, Next index: 1, Last known committed idx: 0, Time since last communication: 0.001s
W20260630 12:34:33.494992  4626 debug-util.cc:398] Leaking SignalData structure 0x7b080005e0a0 after lost signal to thread 32720
I20260630 12:34:34.047189  4402 placement_policy_util.cc:411] tablet e5e0bf0228ff471bb32be8b884a3c4af: detected majority of replicas (2 of 3) at location L0
I20260630 12:34:35.042256  4407 auto_leader_rebalancer.cc:141] leader rebalance for table test-workload
I20260630 12:34:35.043809  4407 auto_leader_rebalancer.cc:440] table: test-workload, leader rebalance finish, leader transfer count: 0
I20260630 12:34:35.044234  4407 auto_leader_rebalancer.cc:515] All tables' leader rebalancing finished this round
I20260630 12:34:35.059235  4402 placement_policy_util.cc:411] tablet e5e0bf0228ff471bb32be8b884a3c4af: detected majority of replicas (2 of 3) at location L0
I20260630 12:34:36.070972  4402 placement_policy_util.cc:411] tablet e5e0bf0228ff471bb32be8b884a3c4af: detected majority of replicas (2 of 3) at location L0
I20260630 12:34:37.045399  4407 auto_leader_rebalancer.cc:141] leader rebalance for table test-workload
I20260630 12:34:37.046959  4407 auto_leader_rebalancer.cc:440] table: test-workload, leader rebalance finish, leader transfer count: 0
I20260630 12:34:37.047318  4407 auto_leader_rebalancer.cc:515] All tables' leader rebalancing finished this round
I20260630 12:34:37.081890  4402 placement_policy_util.cc:411] tablet e5e0bf0228ff471bb32be8b884a3c4af: detected majority of replicas (2 of 3) at location L0
I20260630 12:34:38.090303  4402 placement_policy_util.cc:411] tablet e5e0bf0228ff471bb32be8b884a3c4af: detected majority of replicas (2 of 3) at location L0
I20260630 12:34:39.048776  4407 auto_leader_rebalancer.cc:141] leader rebalance for table test-workload
I20260630 12:34:39.050633  4407 auto_leader_rebalancer.cc:440] table: test-workload, leader rebalance finish, leader transfer count: 0
I20260630 12:34:39.050936  4407 auto_leader_rebalancer.cc:515] All tables' leader rebalancing finished this round
I20260630 12:34:39.099601  4402 placement_policy_util.cc:411] tablet e5e0bf0228ff471bb32be8b884a3c4af: detected majority of replicas (2 of 3) at location L0
I20260630 12:34:40.109002  4402 placement_policy_util.cc:411] tablet e5e0bf0228ff471bb32be8b884a3c4af: detected majority of replicas (2 of 3) at location L0
I20260630 12:34:41.051986  4407 auto_leader_rebalancer.cc:141] leader rebalance for table test-workload
I20260630 12:34:41.053493  4407 auto_leader_rebalancer.cc:440] table: test-workload, leader rebalance finish, leader transfer count: 0
I20260630 12:34:41.053768  4407 auto_leader_rebalancer.cc:515] All tables' leader rebalancing finished this round
I20260630 12:34:41.117597  4402 placement_policy_util.cc:411] tablet e5e0bf0228ff471bb32be8b884a3c4af: detected majority of replicas (2 of 3) at location L0
I20260630 12:34:42.124631  4402 placement_policy_util.cc:411] tablet e5e0bf0228ff471bb32be8b884a3c4af: detected majority of replicas (2 of 3) at location L0
I20260630 12:34:43.054733  4407 auto_leader_rebalancer.cc:141] leader rebalance for table test-workload
I20260630 12:34:43.056133  4407 auto_leader_rebalancer.cc:440] table: test-workload, leader rebalance finish, leader transfer count: 0
I20260630 12:34:43.056432  4407 auto_leader_rebalancer.cc:515] All tables' leader rebalancing finished this round
I20260630 12:34:43.131778  4402 placement_policy_util.cc:411] tablet e5e0bf0228ff471bb32be8b884a3c4af: detected majority of replicas (2 of 3) at location L0
I20260630 12:34:44.138770  4402 placement_policy_util.cc:411] tablet e5e0bf0228ff471bb32be8b884a3c4af: detected majority of replicas (2 of 3) at location L0
I20260630 12:34:45.057382  4407 auto_leader_rebalancer.cc:141] leader rebalance for table test-workload
I20260630 12:34:45.058835  4407 auto_leader_rebalancer.cc:440] table: test-workload, leader rebalance finish, leader transfer count: 0
I20260630 12:34:45.059175  4407 auto_leader_rebalancer.cc:515] All tables' leader rebalancing finished this round
I20260630 12:34:45.091585 32717 tablet_server.cc:179] TabletServer@127.31.243.65:0 shutting down...
I20260630 12:34:45.122373 32717 ts_tablet_manager.cc:1507] Shutting down tablet manager...
I20260630 12:34:45.123260 32717 tablet_replica.cc:333] T e5e0bf0228ff471bb32be8b884a3c4af P 4ea5399bc20f45bdb771b8c9c03b5589: stopping tablet replica
I20260630 12:34:45.123983 32717 raft_consensus.cc:2243] T e5e0bf0228ff471bb32be8b884a3c4af P 4ea5399bc20f45bdb771b8c9c03b5589 [term 1 FOLLOWER]: Raft consensus shutting down.
I20260630 12:34:45.124689 32717 raft_consensus.cc:2272] T e5e0bf0228ff471bb32be8b884a3c4af P 4ea5399bc20f45bdb771b8c9c03b5589 [term 1 FOLLOWER]: Raft consensus is shut down!
I20260630 12:34:45.146411  4402 placement_policy_util.cc:411] tablet e5e0bf0228ff471bb32be8b884a3c4af: detected majority of replicas (2 of 3) at location L0
I20260630 12:34:45.146747 32717 tablet_server.cc:196] TabletServer@127.31.243.65:0 shutdown complete.
I20260630 12:34:45.161325 32717 tablet_server.cc:179] TabletServer@127.31.243.66:0 shutting down...
I20260630 12:34:45.183981 32717 ts_tablet_manager.cc:1507] Shutting down tablet manager...
I20260630 12:34:45.184661 32717 tablet_replica.cc:333] T e5e0bf0228ff471bb32be8b884a3c4af P d5058e898f9049f0a6af0e9c15c48fef: stopping tablet replica
I20260630 12:34:45.185267 32717 raft_consensus.cc:2243] T e5e0bf0228ff471bb32be8b884a3c4af P d5058e898f9049f0a6af0e9c15c48fef [term 1 FOLLOWER]: Raft consensus shutting down.
I20260630 12:34:45.185806 32717 raft_consensus.cc:2272] T e5e0bf0228ff471bb32be8b884a3c4af P d5058e898f9049f0a6af0e9c15c48fef [term 1 FOLLOWER]: Raft consensus is shut down!
I20260630 12:34:45.206089 32717 tablet_server.cc:196] TabletServer@127.31.243.66:0 shutdown complete.
I20260630 12:34:45.218823 32717 tablet_server.cc:179] TabletServer@127.31.243.67:0 shutting down...
I20260630 12:34:45.240083 32717 ts_tablet_manager.cc:1507] Shutting down tablet manager...
I20260630 12:34:45.240731 32717 tablet_replica.cc:333] T e5e0bf0228ff471bb32be8b884a3c4af P 1b34f2b4c01d44c68e3f26f38e312251: stopping tablet replica
I20260630 12:34:45.241288 32717 raft_consensus.cc:2243] T e5e0bf0228ff471bb32be8b884a3c4af P 1b34f2b4c01d44c68e3f26f38e312251 [term 1 LEADER]: Raft consensus shutting down.
I20260630 12:34:45.242316 32717 raft_consensus.cc:2272] T e5e0bf0228ff471bb32be8b884a3c4af P 1b34f2b4c01d44c68e3f26f38e312251 [term 1 FOLLOWER]: Raft consensus is shut down!
I20260630 12:34:45.278951 32717 tablet_server.cc:196] TabletServer@127.31.243.67:0 shutdown complete.
I20260630 12:34:45.292672 32717 master.cc:562] Master@127.31.243.126:42905 shutting down...
I20260630 12:34:45.315056 32717 raft_consensus.cc:2243] T 00000000000000000000000000000000 P 1de11366dc8d4a22955a6d36d422a199 [term 1 LEADER]: Raft consensus shutting down.
I20260630 12:34:45.315912 32717 raft_consensus.cc:2272] T 00000000000000000000000000000000 P 1de11366dc8d4a22955a6d36d422a199 [term 1 FOLLOWER]: Raft consensus is shut down!
I20260630 12:34:45.316285 32717 tablet_replica.cc:333] T 00000000000000000000000000000000 P 1de11366dc8d4a22955a6d36d422a199: stopping tablet replica
I20260630 12:34:45.336004 32717 master.cc:584] Master@127.31.243.126:42905 shutdown complete.
[       OK ] AutoRebalancerTest.NoReplicaMovesIfCannotFixPlacementPolicy (14485 ms)
[ RUN      ] AutoRebalancerTest.TestMaxMovesPerServer
I20260630 12:34:45.374617 32717 internal_mini_cluster.cc:156] Creating distributed mini masters. Addrs: 127.31.243.126:39937
I20260630 12:34:45.375869 32717 file_cache.cc:492] Constructed file cache file cache with capacity 419430
W20260630 12:34:45.381484  4674 instance_detector.cc:116] could not retrieve AWS instance metadata: Network error: curl error: HTTP response code said error: The requested URL returned error: 404
W20260630 12:34:45.381630  4675 instance_detector.cc:116] could not retrieve Azure instance metadata: Network error: curl error: HTTP response code said error: The requested URL returned error: 404
W20260630 12:34:45.382910  4677 instance_detector.cc:116] could not retrieve OpenStack instance metadata: Network error: curl error: HTTP response code said error: The requested URL returned error: 404
I20260630 12:34:45.383845 32717 server_base.cc:1061] running on GCE node
I20260630 12:34:45.384748 32717 hybrid_clock.cc:584] initializing the hybrid clock with 'system_unsync' time source
W20260630 12:34:45.384945 32717 system_unsync_time.cc:38] NTP support is disabled. Clock error bounds will not be accurate. This configuration is not suitable for distributed clusters.
I20260630 12:34:45.385093 32717 hybrid_clock.cc:648] HybridClock initialized: now 1782822885385073 us; error 0 us; skew 500 ppm
I20260630 12:34:45.385587 32717 server_base.cc:861] Flag tcmalloc_max_total_thread_cache_bytes is not working since tcmalloc is not enabled.
I20260630 12:34:45.387998 32717 webserver.cc:533] Webserver started at http://127.31.243.126:43857/ using document root <none> and password file <none>
I20260630 12:34:45.388468 32717 fs_manager.cc:362] Metadata directory not provided
I20260630 12:34:45.388675 32717 fs_manager.cc:368] Using write-ahead log directory (fs_wal_dir) as metadata directory
I20260630 12:34:45.388963 32717 server_base.cc:909] This appears to be a new deployment of Kudu; creating new FS layout
I20260630 12:34:45.390234 32717 fs_manager.cc:1068] Generated new instance metadata in path /tmp/dist-test-taskpLXJ6j/test-tmp/auto_rebalancer-test.0.AutoRebalancerTest.TestMaxMovesPerServer.1782822757693721-32717-0/minicluster-data/master-0-root/instance:
uuid: "2a3be1aa19da47ef8a9e9b588faf826c"
format_stamp: "Formatted at 2026-06-30 12:34:45 on dist-test-slave-zxq3"
I20260630 12:34:45.395198 32717 fs_manager.cc:696] Time spent creating directory manager: real 0.004s	user 0.003s	sys 0.004s
I20260630 12:34:45.398518  4682 log_block_manager.cc:4031] Time spent loading block containers with low live blocks: real 0.000s	user 0.000s	sys 0.000s
I20260630 12:34:45.399243 32717 fs_manager.cc:730] Time spent opening block manager: real 0.002s	user 0.003s	sys 0.000s
I20260630 12:34:45.399501 32717 fs_manager.cc:647] Opened local filesystem: /tmp/dist-test-taskpLXJ6j/test-tmp/auto_rebalancer-test.0.AutoRebalancerTest.TestMaxMovesPerServer.1782822757693721-32717-0/minicluster-data/master-0-root
uuid: "2a3be1aa19da47ef8a9e9b588faf826c"
format_stamp: "Formatted at 2026-06-30 12:34:45 on dist-test-slave-zxq3"
I20260630 12:34:45.399765 32717 fs_report.cc:389] FS layout report
--------------------
wal directory: /tmp/dist-test-taskpLXJ6j/test-tmp/auto_rebalancer-test.0.AutoRebalancerTest.TestMaxMovesPerServer.1782822757693721-32717-0/minicluster-data/master-0-root
metadata directory: /tmp/dist-test-taskpLXJ6j/test-tmp/auto_rebalancer-test.0.AutoRebalancerTest.TestMaxMovesPerServer.1782822757693721-32717-0/minicluster-data/master-0-root
1 data directories: /tmp/dist-test-taskpLXJ6j/test-tmp/auto_rebalancer-test.0.AutoRebalancerTest.TestMaxMovesPerServer.1782822757693721-32717-0/minicluster-data/master-0-root/data
Total live blocks: 0
Total live bytes: 0
Total live bytes (after alignment): 0
Total number of LBM containers: 0 (0 full)
Did not check for missing blocks
Did not check for orphaned blocks
Total full LBM containers with extra space: 0 (0 repaired)
Total full LBM container extra space in bytes: 0 (0 repaired)
Total incomplete LBM containers: 0 (0 repaired)
Total LBM partial records: 0 (0 repaired)
Total corrupted LBM metadata records in RocksDB: 0 (0 repaired)
I20260630 12:34:45.417546 32717 rpc_server.cc:225] running with OpenSSL 1.1.1  11 Sep 2018
I20260630 12:34:45.418823 32717 kserver.cc:163] Server-wide thread pool size limit: 3276
I20260630 12:34:45.460669 32717 rpc_server.cc:307] RPC server started. Bound to: 127.31.243.126:39937
I20260630 12:34:45.460762  4733 acceptor_pool.cc:272] collecting diagnostics on the listening RPC socket 127.31.243.126:39937 every 8 connection(s)
I20260630 12:34:45.464982  4734 data_dirs.cc:400] Could only allocate 1 dirs of requested 3 for tablet 00000000000000000000000000000000. 1 dirs total, 0 dirs full, 0 dirs failed
I20260630 12:34:45.477404  4734 tablet_bootstrap.cc:492] T 00000000000000000000000000000000 P 2a3be1aa19da47ef8a9e9b588faf826c: Bootstrap starting.
I20260630 12:34:45.482611  4734 tablet_bootstrap.cc:654] T 00000000000000000000000000000000 P 2a3be1aa19da47ef8a9e9b588faf826c: Neither blocks nor log segments found. Creating new log.
I20260630 12:34:45.487051  4734 tablet_bootstrap.cc:492] T 00000000000000000000000000000000 P 2a3be1aa19da47ef8a9e9b588faf826c: No bootstrap required, opened a new log
I20260630 12:34:45.489508  4734 raft_consensus.cc:359] T 00000000000000000000000000000000 P 2a3be1aa19da47ef8a9e9b588faf826c [term 0 FOLLOWER]: Replica starting. Triggering 0 pending ops. Active config: opid_index: -1 OBSOLETE_local: true peers { permanent_uuid: "2a3be1aa19da47ef8a9e9b588faf826c" member_type: VOTER }
I20260630 12:34:45.490000  4734 raft_consensus.cc:385] T 00000000000000000000000000000000 P 2a3be1aa19da47ef8a9e9b588faf826c [term 0 FOLLOWER]: Consensus starting up: Expiring failure detector timer to make a prompt election more likely
I20260630 12:34:45.490258  4734 raft_consensus.cc:740] T 00000000000000000000000000000000 P 2a3be1aa19da47ef8a9e9b588faf826c [term 0 FOLLOWER]: Becoming Follower/Learner. State: Replica: 2a3be1aa19da47ef8a9e9b588faf826c, State: Initialized, Role: FOLLOWER
I20260630 12:34:45.491024  4734 consensus_queue.cc:260] T 00000000000000000000000000000000 P 2a3be1aa19da47ef8a9e9b588faf826c [NON_LEADER]: Queue going to NON_LEADER mode. State: All replicated index: 0, Majority replicated index: 0, Committed index: 0, Last appended: 0.0, Last appended by leader: 0, Current term: 0, Majority size: -1, State: 0, Mode: NON_LEADER, active raft config: opid_index: -1 OBSOLETE_local: true peers { permanent_uuid: "2a3be1aa19da47ef8a9e9b588faf826c" member_type: VOTER }
I20260630 12:34:45.491736  4734 raft_consensus.cc:399] T 00000000000000000000000000000000 P 2a3be1aa19da47ef8a9e9b588faf826c [term 0 FOLLOWER]: Only one voter in the Raft config. Triggering election immediately
I20260630 12:34:45.492022  4734 raft_consensus.cc:493] T 00000000000000000000000000000000 P 2a3be1aa19da47ef8a9e9b588faf826c [term 0 FOLLOWER]: Starting leader election (initial election of a single-replica configuration)
I20260630 12:34:45.492349  4734 raft_consensus.cc:3060] T 00000000000000000000000000000000 P 2a3be1aa19da47ef8a9e9b588faf826c [term 0 FOLLOWER]: Advancing to term 1
I20260630 12:34:45.499152  4734 raft_consensus.cc:515] T 00000000000000000000000000000000 P 2a3be1aa19da47ef8a9e9b588faf826c [term 1 FOLLOWER]: Starting leader election with config: opid_index: -1 OBSOLETE_local: true peers { permanent_uuid: "2a3be1aa19da47ef8a9e9b588faf826c" member_type: VOTER }
I20260630 12:34:45.499687  4734 leader_election.cc:304] T 00000000000000000000000000000000 P 2a3be1aa19da47ef8a9e9b588faf826c [CANDIDATE]: Term 1 election: Election decided. Result: candidate won. Election summary: received 1 responses out of 1 voters: 1 yes votes; 0 no votes. yes voters: 2a3be1aa19da47ef8a9e9b588faf826c; no voters: 
I20260630 12:34:45.500900  4734 leader_election.cc:290] T 00000000000000000000000000000000 P 2a3be1aa19da47ef8a9e9b588faf826c [CANDIDATE]: Term 1 election: Requested vote from peers 
I20260630 12:34:45.501250  4737 raft_consensus.cc:2804] T 00000000000000000000000000000000 P 2a3be1aa19da47ef8a9e9b588faf826c [term 1 FOLLOWER]: Leader election won for term 1
I20260630 12:34:45.503006  4737 raft_consensus.cc:697] T 00000000000000000000000000000000 P 2a3be1aa19da47ef8a9e9b588faf826c [term 1 LEADER]: Becoming Leader. State: Replica: 2a3be1aa19da47ef8a9e9b588faf826c, State: Running, Role: LEADER
I20260630 12:34:45.503782  4734 sys_catalog.cc:565] T 00000000000000000000000000000000 P 2a3be1aa19da47ef8a9e9b588faf826c [sys.catalog]: configured and running, proceeding with master startup.
I20260630 12:34:45.503747  4737 consensus_queue.cc:237] T 00000000000000000000000000000000 P 2a3be1aa19da47ef8a9e9b588faf826c [LEADER]: Queue going to LEADER mode. State: All replicated index: 0, Majority replicated index: 0, Committed index: 0, Last appended: 0.0, Last appended by leader: 0, Current term: 1, Majority size: 1, State: 0, Mode: LEADER, active raft config: opid_index: -1 OBSOLETE_local: true peers { permanent_uuid: "2a3be1aa19da47ef8a9e9b588faf826c" member_type: VOTER }
I20260630 12:34:45.508448  4738 sys_catalog.cc:455] T 00000000000000000000000000000000 P 2a3be1aa19da47ef8a9e9b588faf826c [sys.catalog]: SysCatalogTable state changed. Reason: RaftConsensus started. Latest consensus state: current_term: 1 leader_uuid: "2a3be1aa19da47ef8a9e9b588faf826c" committed_config { opid_index: -1 OBSOLETE_local: true peers { permanent_uuid: "2a3be1aa19da47ef8a9e9b588faf826c" member_type: VOTER } }
I20260630 12:34:45.509002  4738 sys_catalog.cc:458] T 00000000000000000000000000000000 P 2a3be1aa19da47ef8a9e9b588faf826c [sys.catalog]: This master's current role is: LEADER
I20260630 12:34:45.511580  4739 sys_catalog.cc:455] T 00000000000000000000000000000000 P 2a3be1aa19da47ef8a9e9b588faf826c [sys.catalog]: SysCatalogTable state changed. Reason: New leader 2a3be1aa19da47ef8a9e9b588faf826c. Latest consensus state: current_term: 1 leader_uuid: "2a3be1aa19da47ef8a9e9b588faf826c" committed_config { opid_index: -1 OBSOLETE_local: true peers { permanent_uuid: "2a3be1aa19da47ef8a9e9b588faf826c" member_type: VOTER } }
I20260630 12:34:45.512183  4739 sys_catalog.cc:458] T 00000000000000000000000000000000 P 2a3be1aa19da47ef8a9e9b588faf826c [sys.catalog]: This master's current role is: LEADER
I20260630 12:34:45.513943  4744 catalog_manager.cc:1511] Loading table and tablet metadata into memory...
I20260630 12:34:45.519555  4744 catalog_manager.cc:1520] Initializing Kudu cluster ID...
I20260630 12:34:45.520787 32717 internal_mini_cluster.cc:184] Waiting to initialize catalog manager on master 0
I20260630 12:34:45.528870  4744 catalog_manager.cc:1383] Generated new cluster ID: 91ab5c69a4484ab79444e12f9893cbd7
I20260630 12:34:45.529129  4744 catalog_manager.cc:1531] Initializing Kudu internal certificate authority...
I20260630 12:34:45.552390  4744 catalog_manager.cc:1406] Generated new certificate authority record
I20260630 12:34:45.553695  4744 catalog_manager.cc:1540] Loading token signing keys...
I20260630 12:34:45.570071  4744 catalog_manager.cc:6070] T 00000000000000000000000000000000 P 2a3be1aa19da47ef8a9e9b588faf826c: Generated new TSK 0
I20260630 12:34:45.570657  4744 catalog_manager.cc:1550] Initializing in-progress tserver states...
I20260630 12:34:45.587864 32717 file_cache.cc:492] Constructed file cache file cache with capacity 419430
W20260630 12:34:45.594702  4755 instance_detector.cc:116] could not retrieve AWS instance metadata: Network error: curl error: HTTP response code said error: The requested URL returned error: 404
W20260630 12:34:45.596225  4756 instance_detector.cc:116] could not retrieve Azure instance metadata: Network error: curl error: HTTP response code said error: The requested URL returned error: 404
W20260630 12:34:45.598802  4758 instance_detector.cc:116] could not retrieve OpenStack instance metadata: Network error: curl error: HTTP response code said error: The requested URL returned error: 404
I20260630 12:34:45.599086 32717 server_base.cc:1061] running on GCE node
I20260630 12:34:45.600117 32717 hybrid_clock.cc:584] initializing the hybrid clock with 'system_unsync' time source
W20260630 12:34:45.600311 32717 system_unsync_time.cc:38] NTP support is disabled. Clock error bounds will not be accurate. This configuration is not suitable for distributed clusters.
I20260630 12:34:45.600484 32717 hybrid_clock.cc:648] HybridClock initialized: now 1782822885600464 us; error 0 us; skew 500 ppm
I20260630 12:34:45.601033 32717 server_base.cc:861] Flag tcmalloc_max_total_thread_cache_bytes is not working since tcmalloc is not enabled.
I20260630 12:34:45.603449 32717 webserver.cc:533] Webserver started at http://127.31.243.65:36351/ using document root <none> and password file <none>
I20260630 12:34:45.603955 32717 fs_manager.cc:362] Metadata directory not provided
I20260630 12:34:45.604141 32717 fs_manager.cc:368] Using write-ahead log directory (fs_wal_dir) as metadata directory
I20260630 12:34:45.604390 32717 server_base.cc:909] This appears to be a new deployment of Kudu; creating new FS layout
I20260630 12:34:45.605729 32717 fs_manager.cc:1068] Generated new instance metadata in path /tmp/dist-test-taskpLXJ6j/test-tmp/auto_rebalancer-test.0.AutoRebalancerTest.TestMaxMovesPerServer.1782822757693721-32717-0/minicluster-data/ts-0-root/instance:
uuid: "8ac297d6f41b4b27bf4ccd2113a28a94"
format_stamp: "Formatted at 2026-06-30 12:34:45 on dist-test-slave-zxq3"
I20260630 12:34:45.610507 32717 fs_manager.cc:696] Time spent creating directory manager: real 0.004s	user 0.007s	sys 0.000s
I20260630 12:34:45.614037  4763 log_block_manager.cc:4031] Time spent loading block containers with low live blocks: real 0.000s	user 0.000s	sys 0.000s
I20260630 12:34:45.614768 32717 fs_manager.cc:730] Time spent opening block manager: real 0.002s	user 0.000s	sys 0.003s
I20260630 12:34:45.615058 32717 fs_manager.cc:647] Opened local filesystem: /tmp/dist-test-taskpLXJ6j/test-tmp/auto_rebalancer-test.0.AutoRebalancerTest.TestMaxMovesPerServer.1782822757693721-32717-0/minicluster-data/ts-0-root
uuid: "8ac297d6f41b4b27bf4ccd2113a28a94"
format_stamp: "Formatted at 2026-06-30 12:34:45 on dist-test-slave-zxq3"
I20260630 12:34:45.615415 32717 fs_report.cc:389] FS layout report
--------------------
wal directory: /tmp/dist-test-taskpLXJ6j/test-tmp/auto_rebalancer-test.0.AutoRebalancerTest.TestMaxMovesPerServer.1782822757693721-32717-0/minicluster-data/ts-0-root
metadata directory: /tmp/dist-test-taskpLXJ6j/test-tmp/auto_rebalancer-test.0.AutoRebalancerTest.TestMaxMovesPerServer.1782822757693721-32717-0/minicluster-data/ts-0-root
1 data directories: /tmp/dist-test-taskpLXJ6j/test-tmp/auto_rebalancer-test.0.AutoRebalancerTest.TestMaxMovesPerServer.1782822757693721-32717-0/minicluster-data/ts-0-root/data
