I20260630 12:33:28.554872  9195 tablet_service.cc:1558] Processing DeleteTablet for tablet 52c65d40fab742258ade53af0620e66c with delete_type TABLET_DATA_TOMBSTONED (TS 10dd7835e05b4027b0a4a0e46b148e80 not found in new config with opid_index 5) from {username='slave'} at 127.0.0.1:51670
I20260630 12:33:28.556988  9746 tablet_replica.cc:333] T 52c65d40fab742258ade53af0620e66c P 10dd7835e05b4027b0a4a0e46b148e80: stopping tablet replica
I20260630 12:33:28.557962  9746 raft_consensus.cc:2243] T 52c65d40fab742258ade53af0620e66c P 10dd7835e05b4027b0a4a0e46b148e80 [term 2 FOLLOWER]: Raft consensus shutting down.
I20260630 12:33:28.558737  9746 raft_consensus.cc:2272] T 52c65d40fab742258ade53af0620e66c P 10dd7835e05b4027b0a4a0e46b148e80 [term 2 FOLLOWER]: Raft consensus is shut down!
I20260630 12:33:28.562132  9746 ts_tablet_manager.cc:1916] T 52c65d40fab742258ade53af0620e66c P 10dd7835e05b4027b0a4a0e46b148e80: Deleting tablet data with delete state TABLET_DATA_TOMBSTONED
I20260630 12:33:28.574298  9746 ts_tablet_manager.cc:1929] T 52c65d40fab742258ade53af0620e66c P 10dd7835e05b4027b0a4a0e46b148e80: tablet deleted with delete type TABLET_DATA_TOMBSTONED: last-logged OpId 2.4
I20260630 12:33:28.574636  9746 log.cc:1199] T 52c65d40fab742258ade53af0620e66c P 10dd7835e05b4027b0a4a0e46b148e80: Deleting WAL directory at /tmp/dist-test-taskZg7Pwg/test-tmp/auto_rebalancer-test.0.AutoRebalancerTest.RangeAwareRebalancesNewRangeReplicas.1782822719443493-6202-0/minicluster-data/ts-0-root/wals/52c65d40fab742258ade53af0620e66c
I20260630 12:33:28.575898  9092 catalog_manager.cc:5028] TS 10dd7835e05b4027b0a4a0e46b148e80 (127.6.14.129:37297): tablet 52c65d40fab742258ade53af0620e66c (table range_aware_rebalance_new_range [id=eeed66c3911340cabad5726941a626a2]) successfully deleted
I20260630 12:33:28.601984  9284 raft_consensus.cc:1275] T 5781cb83a56d478f9e6a82ef9d9c1ec0 P 88e4c9a7d9e14eab9367b5859c16e37e [term 2 FOLLOWER]: Refusing update from remote peer 4f0ec0a65a4e44c6b02469a2662b0141: Log matching property violated. Preceding OpId in replica: term: 1 index: 1. Preceding OpId from leader: term: 2 index: 2. (index mismatch)
I20260630 12:33:28.603216  9734 consensus_queue.cc:1048] T 5781cb83a56d478f9e6a82ef9d9c1ec0 P 4f0ec0a65a4e44c6b02469a2662b0141 [LEADER]: Connected to new peer: Peer: permanent_uuid: "88e4c9a7d9e14eab9367b5859c16e37e" member_type: VOTER last_known_addr { host: "127.6.14.130" port: 34263 }, Status: LMP_MISMATCH, Last received: 0.0, Next index: 2, Last known committed idx: 1, Time since last communication: 0.000s
I20260630 12:33:28.617473  9353 raft_consensus.cc:1275] T 5781cb83a56d478f9e6a82ef9d9c1ec0 P c7d05feeb9c940038431025ef07efd25 [term 2 FOLLOWER]: Refusing update from remote peer 4f0ec0a65a4e44c6b02469a2662b0141: Log matching property violated. Preceding OpId in replica: term: 1 index: 1. Preceding OpId from leader: term: 2 index: 2. (index mismatch)
I20260630 12:33:28.619939  9734 consensus_queue.cc:1048] T 5781cb83a56d478f9e6a82ef9d9c1ec0 P 4f0ec0a65a4e44c6b02469a2662b0141 [LEADER]: Connected to new peer: Peer: permanent_uuid: "c7d05feeb9c940038431025ef07efd25" member_type: VOTER last_known_addr { host: "127.6.14.131" port: 42687 }, Status: LMP_MISMATCH, Last received: 0.0, Next index: 2, Last known committed idx: 1, Time since last communication: 0.000s
I20260630 12:33:28.732126  9731 raft_consensus.cc:1064] T 8476c6fa4fb64bed91d20ae1d70a67b0 P 88e4c9a7d9e14eab9367b5859c16e37e: attempting to promote NON_VOTER c7d05feeb9c940038431025ef07efd25 to VOTER
I20260630 12:33:28.732179  9687 raft_consensus.cc:1064] T 97743457c1e74935becc03fb48e0056d P c7d05feeb9c940038431025ef07efd25: attempting to promote NON_VOTER 4f0ec0a65a4e44c6b02469a2662b0141 to VOTER
I20260630 12:33:28.735149  9736 raft_consensus.cc:1064] T 7b19297b65bf4cf8a8a508923c70ec71 P c7d05feeb9c940038431025ef07efd25: attempting to promote NON_VOTER 88e4c9a7d9e14eab9367b5859c16e37e to VOTER
I20260630 12:33:28.734730  9731 consensus_queue.cc:237] T 8476c6fa4fb64bed91d20ae1d70a67b0 P 88e4c9a7d9e14eab9367b5859c16e37e [LEADER]: Queue going to LEADER mode. State: All replicated index: 0, Majority replicated index: 2, Committed index: 2, Last appended: 1.2, Last appended by leader: 0, Current term: 1, Majority size: 3, State: 0, Mode: LEADER, active raft config: opid_index: 3 OBSOLETE_local: false peers { permanent_uuid: "4f0ec0a65a4e44c6b02469a2662b0141" member_type: VOTER last_known_addr { host: "127.6.14.132" port: 45699 } attrs { replace: true } } peers { permanent_uuid: "10dd7835e05b4027b0a4a0e46b148e80" member_type: VOTER last_known_addr { host: "127.6.14.129" port: 37297 } } peers { permanent_uuid: "88e4c9a7d9e14eab9367b5859c16e37e" member_type: VOTER last_known_addr { host: "127.6.14.130" port: 34263 } } peers { permanent_uuid: "c7d05feeb9c940038431025ef07efd25" member_type: VOTER last_known_addr { host: "127.6.14.131" port: 42687 } attrs { promote: false } }
I20260630 12:33:28.734730  9687 consensus_queue.cc:237] T 97743457c1e74935becc03fb48e0056d P c7d05feeb9c940038431025ef07efd25 [LEADER]: Queue going to LEADER mode. State: All replicated index: 0, Majority replicated index: 3, Committed index: 3, Last appended: 2.3, Last appended by leader: 1, Current term: 2, Majority size: 3, State: 0, Mode: LEADER, active raft config: opid_index: 4 OBSOLETE_local: false peers { permanent_uuid: "10dd7835e05b4027b0a4a0e46b148e80" member_type: VOTER last_known_addr { host: "127.6.14.129" port: 37297 } } peers { permanent_uuid: "88e4c9a7d9e14eab9367b5859c16e37e" member_type: VOTER last_known_addr { host: "127.6.14.130" port: 34263 } attrs { replace: true } } peers { permanent_uuid: "c7d05feeb9c940038431025ef07efd25" member_type: VOTER last_known_addr { host: "127.6.14.131" port: 42687 } } peers { permanent_uuid: "4f0ec0a65a4e44c6b02469a2662b0141" member_type: VOTER last_known_addr { host: "127.6.14.132" port: 45699 } attrs { promote: false } }
I20260630 12:33:28.737659  9736 consensus_queue.cc:237] T 7b19297b65bf4cf8a8a508923c70ec71 P c7d05feeb9c940038431025ef07efd25 [LEADER]: Queue going to LEADER mode. State: All replicated index: 0, Majority replicated index: 2, Committed index: 2, Last appended: 1.2, Last appended by leader: 0, Current term: 1, Majority size: 3, State: 0, Mode: LEADER, active raft config: opid_index: 3 OBSOLETE_local: false peers { permanent_uuid: "4f0ec0a65a4e44c6b02469a2662b0141" member_type: VOTER last_known_addr { host: "127.6.14.132" port: 45699 } attrs { replace: true } } peers { permanent_uuid: "10dd7835e05b4027b0a4a0e46b148e80" member_type: VOTER last_known_addr { host: "127.6.14.129" port: 37297 } } peers { permanent_uuid: "c7d05feeb9c940038431025ef07efd25" member_type: VOTER last_known_addr { host: "127.6.14.131" port: 42687 } } peers { permanent_uuid: "88e4c9a7d9e14eab9367b5859c16e37e" member_type: VOTER last_known_addr { host: "127.6.14.130" port: 34263 } attrs { promote: false } }
I20260630 12:33:28.749147  9353 raft_consensus.cc:1275] T 8476c6fa4fb64bed91d20ae1d70a67b0 P c7d05feeb9c940038431025ef07efd25 [term 1 LEARNER]: Refusing update from remote peer 88e4c9a7d9e14eab9367b5859c16e37e: Log matching property violated. Preceding OpId in replica: term: 1 index: 2. Preceding OpId from leader: term: 1 index: 3. (index mismatch)
I20260630 12:33:28.749892  9208 raft_consensus.cc:1275] T 8476c6fa4fb64bed91d20ae1d70a67b0 P 10dd7835e05b4027b0a4a0e46b148e80 [term 1 FOLLOWER]: Refusing update from remote peer 88e4c9a7d9e14eab9367b5859c16e37e: Log matching property violated. Preceding OpId in replica: term: 1 index: 2. Preceding OpId from leader: term: 1 index: 3. (index mismatch)
I20260630 12:33:28.751535  9706 consensus_queue.cc:1048] T 8476c6fa4fb64bed91d20ae1d70a67b0 P 88e4c9a7d9e14eab9367b5859c16e37e [LEADER]: Connected to new peer: Peer: permanent_uuid: "c7d05feeb9c940038431025ef07efd25" member_type: VOTER last_known_addr { host: "127.6.14.131" port: 42687 } attrs { promote: false }, Status: LMP_MISMATCH, Last received: 0.0, Next index: 3, Last known committed idx: 2, Time since last communication: 0.000s
I20260630 12:33:28.753711  9706 consensus_queue.cc:1048] T 8476c6fa4fb64bed91d20ae1d70a67b0 P 88e4c9a7d9e14eab9367b5859c16e37e [LEADER]: Connected to new peer: Peer: permanent_uuid: "10dd7835e05b4027b0a4a0e46b148e80" member_type: VOTER last_known_addr { host: "127.6.14.129" port: 37297 }, Status: LMP_MISMATCH, Last received: 0.0, Next index: 3, Last known committed idx: 2, Time since last communication: 0.000s
I20260630 12:33:28.755342  9512 raft_consensus.cc:1275] T 97743457c1e74935becc03fb48e0056d P 4f0ec0a65a4e44c6b02469a2662b0141 [term 2 LEARNER]: Refusing update from remote peer c7d05feeb9c940038431025ef07efd25: Log matching property violated. Preceding OpId in replica: term: 2 index: 3. Preceding OpId from leader: term: 2 index: 4. (index mismatch)
I20260630 12:33:28.756650  9284 raft_consensus.cc:1275] T 97743457c1e74935becc03fb48e0056d P 88e4c9a7d9e14eab9367b5859c16e37e [term 2 FOLLOWER]: Refusing update from remote peer c7d05feeb9c940038431025ef07efd25: Log matching property violated. Preceding OpId in replica: term: 2 index: 3. Preceding OpId from leader: term: 2 index: 4. (index mismatch)
I20260630 12:33:28.758935  9208 raft_consensus.cc:1275] T 97743457c1e74935becc03fb48e0056d P 10dd7835e05b4027b0a4a0e46b148e80 [term 2 FOLLOWER]: Refusing update from remote peer c7d05feeb9c940038431025ef07efd25: Log matching property violated. Preceding OpId in replica: term: 2 index: 3. Preceding OpId from leader: term: 2 index: 4. (index mismatch)
I20260630 12:33:28.759021  9509 raft_consensus.cc:1275] T 8476c6fa4fb64bed91d20ae1d70a67b0 P 4f0ec0a65a4e44c6b02469a2662b0141 [term 1 FOLLOWER]: Refusing update from remote peer 88e4c9a7d9e14eab9367b5859c16e37e: Log matching property violated. Preceding OpId in replica: term: 1 index: 2. Preceding OpId from leader: term: 1 index: 3. (index mismatch)
I20260630 12:33:28.759796  9687 consensus_queue.cc:1048] T 97743457c1e74935becc03fb48e0056d P c7d05feeb9c940038431025ef07efd25 [LEADER]: Connected to new peer: Peer: permanent_uuid: "88e4c9a7d9e14eab9367b5859c16e37e" member_type: VOTER last_known_addr { host: "127.6.14.130" port: 34263 } attrs { replace: true }, Status: LMP_MISMATCH, Last received: 0.0, Next index: 4, Last known committed idx: 3, Time since last communication: 0.001s
I20260630 12:33:28.761128  9706 consensus_queue.cc:1048] T 8476c6fa4fb64bed91d20ae1d70a67b0 P 88e4c9a7d9e14eab9367b5859c16e37e [LEADER]: Connected to new peer: Peer: permanent_uuid: "4f0ec0a65a4e44c6b02469a2662b0141" member_type: VOTER last_known_addr { host: "127.6.14.132" port: 45699 } attrs { replace: true }, Status: LMP_MISMATCH, Last received: 0.0, Next index: 3, Last known committed idx: 2, Time since last communication: 0.000s
I20260630 12:33:28.763621  9735 consensus_queue.cc:1048] T 97743457c1e74935becc03fb48e0056d P c7d05feeb9c940038431025ef07efd25 [LEADER]: Connected to new peer: Peer: permanent_uuid: "4f0ec0a65a4e44c6b02469a2662b0141" member_type: VOTER last_known_addr { host: "127.6.14.132" port: 45699 } attrs { promote: false }, Status: LMP_MISMATCH, Last received: 0.0, Next index: 4, Last known committed idx: 3, Time since last communication: 0.000s
I20260630 12:33:28.765928  9735 consensus_queue.cc:1048] T 97743457c1e74935becc03fb48e0056d P c7d05feeb9c940038431025ef07efd25 [LEADER]: Connected to new peer: Peer: permanent_uuid: "10dd7835e05b4027b0a4a0e46b148e80" member_type: VOTER last_known_addr { host: "127.6.14.129" port: 37297 }, Status: LMP_MISMATCH, Last received: 0.0, Next index: 4, Last known committed idx: 3, Time since last communication: 0.000s
I20260630 12:33:28.785180  9756 raft_consensus.cc:2955] T 8476c6fa4fb64bed91d20ae1d70a67b0 P 88e4c9a7d9e14eab9367b5859c16e37e [term 1 LEADER]: Committing config change with OpId 1.3: config changed from index 2 to 3, c7d05feeb9c940038431025ef07efd25 (127.6.14.131) changed from NON_VOTER to VOTER. New config: { opid_index: 3 OBSOLETE_local: false peers { permanent_uuid: "4f0ec0a65a4e44c6b02469a2662b0141" member_type: VOTER last_known_addr { host: "127.6.14.132" port: 45699 } attrs { replace: true } } peers { permanent_uuid: "10dd7835e05b4027b0a4a0e46b148e80" member_type: VOTER last_known_addr { host: "127.6.14.129" port: 37297 } } peers { permanent_uuid: "88e4c9a7d9e14eab9367b5859c16e37e" member_type: VOTER last_known_addr { host: "127.6.14.130" port: 34263 } } peers { permanent_uuid: "c7d05feeb9c940038431025ef07efd25" member_type: VOTER last_known_addr { host: "127.6.14.131" port: 42687 } attrs { promote: false } } }
I20260630 12:33:28.787091  9510 raft_consensus.cc:2955] T 8476c6fa4fb64bed91d20ae1d70a67b0 P 4f0ec0a65a4e44c6b02469a2662b0141 [term 1 FOLLOWER]: Committing config change with OpId 1.3: config changed from index 2 to 3, c7d05feeb9c940038431025ef07efd25 (127.6.14.131) changed from NON_VOTER to VOTER. New config: { opid_index: 3 OBSOLETE_local: false peers { permanent_uuid: "4f0ec0a65a4e44c6b02469a2662b0141" member_type: VOTER last_known_addr { host: "127.6.14.132" port: 45699 } attrs { replace: true } } peers { permanent_uuid: "10dd7835e05b4027b0a4a0e46b148e80" member_type: VOTER last_known_addr { host: "127.6.14.129" port: 37297 } } peers { permanent_uuid: "88e4c9a7d9e14eab9367b5859c16e37e" member_type: VOTER last_known_addr { host: "127.6.14.130" port: 34263 } } peers { permanent_uuid: "c7d05feeb9c940038431025ef07efd25" member_type: VOTER last_known_addr { host: "127.6.14.131" port: 42687 } attrs { promote: false } } }
I20260630 12:33:28.800324  9759 raft_consensus.cc:2955] T 97743457c1e74935becc03fb48e0056d P c7d05feeb9c940038431025ef07efd25 [term 2 LEADER]: Committing config change with OpId 2.4: config changed from index 3 to 4, 4f0ec0a65a4e44c6b02469a2662b0141 (127.6.14.132) changed from NON_VOTER to VOTER. New config: { opid_index: 4 OBSOLETE_local: false peers { permanent_uuid: "10dd7835e05b4027b0a4a0e46b148e80" member_type: VOTER last_known_addr { host: "127.6.14.129" port: 37297 } } peers { permanent_uuid: "88e4c9a7d9e14eab9367b5859c16e37e" member_type: VOTER last_known_addr { host: "127.6.14.130" port: 34263 } attrs { replace: true } } peers { permanent_uuid: "c7d05feeb9c940038431025ef07efd25" member_type: VOTER last_known_addr { host: "127.6.14.131" port: 42687 } } peers { permanent_uuid: "4f0ec0a65a4e44c6b02469a2662b0141" member_type: VOTER last_known_addr { host: "127.6.14.132" port: 45699 } attrs { promote: false } } }
I20260630 12:33:28.802695  9104 catalog_manager.cc:5697] T 8476c6fa4fb64bed91d20ae1d70a67b0 P 4f0ec0a65a4e44c6b02469a2662b0141 reported cstate change: config changed from index 2 to 3, c7d05feeb9c940038431025ef07efd25 (127.6.14.131) changed from NON_VOTER to VOTER. New cstate: current_term: 1 leader_uuid: "88e4c9a7d9e14eab9367b5859c16e37e" committed_config { opid_index: 3 OBSOLETE_local: false peers { permanent_uuid: "4f0ec0a65a4e44c6b02469a2662b0141" member_type: VOTER last_known_addr { host: "127.6.14.132" port: 45699 } attrs { replace: true } } peers { permanent_uuid: "10dd7835e05b4027b0a4a0e46b148e80" member_type: VOTER last_known_addr { host: "127.6.14.129" port: 37297 } } peers { permanent_uuid: "88e4c9a7d9e14eab9367b5859c16e37e" member_type: VOTER last_known_addr { host: "127.6.14.130" port: 34263 } } peers { permanent_uuid: "c7d05feeb9c940038431025ef07efd25" member_type: VOTER last_known_addr { host: "127.6.14.131" port: 42687 } attrs { promote: false } } }
I20260630 12:33:28.813259  9512 raft_consensus.cc:2955] T 97743457c1e74935becc03fb48e0056d P 4f0ec0a65a4e44c6b02469a2662b0141 [term 2 FOLLOWER]: Committing config change with OpId 2.4: config changed from index 3 to 4, 4f0ec0a65a4e44c6b02469a2662b0141 (127.6.14.132) changed from NON_VOTER to VOTER. New config: { opid_index: 4 OBSOLETE_local: false peers { permanent_uuid: "10dd7835e05b4027b0a4a0e46b148e80" member_type: VOTER last_known_addr { host: "127.6.14.129" port: 37297 } } peers { permanent_uuid: "88e4c9a7d9e14eab9367b5859c16e37e" member_type: VOTER last_known_addr { host: "127.6.14.130" port: 34263 } attrs { replace: true } } peers { permanent_uuid: "c7d05feeb9c940038431025ef07efd25" member_type: VOTER last_known_addr { host: "127.6.14.131" port: 42687 } } peers { permanent_uuid: "4f0ec0a65a4e44c6b02469a2662b0141" member_type: VOTER last_known_addr { host: "127.6.14.132" port: 45699 } attrs { promote: false } } }
I20260630 12:33:28.812515  9284 raft_consensus.cc:2955] T 97743457c1e74935becc03fb48e0056d P 88e4c9a7d9e14eab9367b5859c16e37e [term 2 FOLLOWER]: Committing config change with OpId 2.4: config changed from index 3 to 4, 4f0ec0a65a4e44c6b02469a2662b0141 (127.6.14.132) changed from NON_VOTER to VOTER. New config: { opid_index: 4 OBSOLETE_local: false peers { permanent_uuid: "10dd7835e05b4027b0a4a0e46b148e80" member_type: VOTER last_known_addr { host: "127.6.14.129" port: 37297 } } peers { permanent_uuid: "88e4c9a7d9e14eab9367b5859c16e37e" member_type: VOTER last_known_addr { host: "127.6.14.130" port: 34263 } attrs { replace: true } } peers { permanent_uuid: "c7d05feeb9c940038431025ef07efd25" member_type: VOTER last_known_addr { host: "127.6.14.131" port: 42687 } } peers { permanent_uuid: "4f0ec0a65a4e44c6b02469a2662b0141" member_type: VOTER last_known_addr { host: "127.6.14.132" port: 45699 } attrs { promote: false } } }
I20260630 12:33:28.830034  9209 raft_consensus.cc:2955] T 8476c6fa4fb64bed91d20ae1d70a67b0 P 10dd7835e05b4027b0a4a0e46b148e80 [term 1 FOLLOWER]: Committing config change with OpId 1.3: config changed from index 2 to 3, c7d05feeb9c940038431025ef07efd25 (127.6.14.131) changed from NON_VOTER to VOTER. New config: { opid_index: 3 OBSOLETE_local: false peers { permanent_uuid: "4f0ec0a65a4e44c6b02469a2662b0141" member_type: VOTER last_known_addr { host: "127.6.14.132" port: 45699 } attrs { replace: true } } peers { permanent_uuid: "10dd7835e05b4027b0a4a0e46b148e80" member_type: VOTER last_known_addr { host: "127.6.14.129" port: 37297 } } peers { permanent_uuid: "88e4c9a7d9e14eab9367b5859c16e37e" member_type: VOTER last_known_addr { host: "127.6.14.130" port: 34263 } } peers { permanent_uuid: "c7d05feeb9c940038431025ef07efd25" member_type: VOTER last_known_addr { host: "127.6.14.131" port: 42687 } attrs { promote: false } } }
I20260630 12:33:28.818222  9103 catalog_manager.cc:5697] T 97743457c1e74935becc03fb48e0056d P c7d05feeb9c940038431025ef07efd25 reported cstate change: config changed from index 3 to 4, 4f0ec0a65a4e44c6b02469a2662b0141 (127.6.14.132) changed from NON_VOTER to VOTER. New cstate: current_term: 2 leader_uuid: "c7d05feeb9c940038431025ef07efd25" committed_config { opid_index: 4 OBSOLETE_local: false peers { permanent_uuid: "10dd7835e05b4027b0a4a0e46b148e80" member_type: VOTER last_known_addr { host: "127.6.14.129" port: 37297 } health_report { overall_health: UNKNOWN } } peers { permanent_uuid: "88e4c9a7d9e14eab9367b5859c16e37e" member_type: VOTER last_known_addr { host: "127.6.14.130" port: 34263 } attrs { replace: true } health_report { overall_health: UNKNOWN } } peers { permanent_uuid: "c7d05feeb9c940038431025ef07efd25" member_type: VOTER last_known_addr { host: "127.6.14.131" port: 42687 } health_report { overall_health: HEALTHY } } peers { permanent_uuid: "4f0ec0a65a4e44c6b02469a2662b0141" member_type: VOTER last_known_addr { host: "127.6.14.132" port: 45699 } attrs { promote: false } health_report { overall_health: HEALTHY } } }
I20260630 12:33:28.864178  9357 raft_consensus.cc:2955] T 8476c6fa4fb64bed91d20ae1d70a67b0 P c7d05feeb9c940038431025ef07efd25 [term 1 FOLLOWER]: Committing config change with OpId 1.3: config changed from index 2 to 3, c7d05feeb9c940038431025ef07efd25 (127.6.14.131) changed from NON_VOTER to VOTER. New config: { opid_index: 3 OBSOLETE_local: false peers { permanent_uuid: "4f0ec0a65a4e44c6b02469a2662b0141" member_type: VOTER last_known_addr { host: "127.6.14.132" port: 45699 } attrs { replace: true } } peers { permanent_uuid: "10dd7835e05b4027b0a4a0e46b148e80" member_type: VOTER last_known_addr { host: "127.6.14.129" port: 37297 } } peers { permanent_uuid: "88e4c9a7d9e14eab9367b5859c16e37e" member_type: VOTER last_known_addr { host: "127.6.14.130" port: 34263 } } peers { permanent_uuid: "c7d05feeb9c940038431025ef07efd25" member_type: VOTER last_known_addr { host: "127.6.14.131" port: 42687 } attrs { promote: false } } }
I20260630 12:33:28.872624  9208 raft_consensus.cc:1275] T 7b19297b65bf4cf8a8a508923c70ec71 P 10dd7835e05b4027b0a4a0e46b148e80 [term 1 FOLLOWER]: Refusing update from remote peer c7d05feeb9c940038431025ef07efd25: Log matching property violated. Preceding OpId in replica: term: 1 index: 2. Preceding OpId from leader: term: 1 index: 3. (index mismatch)
I20260630 12:33:28.873875  9512 raft_consensus.cc:1275] T 7b19297b65bf4cf8a8a508923c70ec71 P 4f0ec0a65a4e44c6b02469a2662b0141 [term 1 FOLLOWER]: Refusing update from remote peer c7d05feeb9c940038431025ef07efd25: Log matching property violated. Preceding OpId in replica: term: 1 index: 2. Preceding OpId from leader: term: 1 index: 3. (index mismatch)
I20260630 12:33:28.874699  9282 raft_consensus.cc:1275] T 7b19297b65bf4cf8a8a508923c70ec71 P 88e4c9a7d9e14eab9367b5859c16e37e [term 1 LEARNER]: Refusing update from remote peer c7d05feeb9c940038431025ef07efd25: Log matching property violated. Preceding OpId in replica: term: 1 index: 2. Preceding OpId from leader: term: 1 index: 3. (index mismatch)
I20260630 12:33:28.876094  9766 consensus_queue.cc:1048] T 7b19297b65bf4cf8a8a508923c70ec71 P c7d05feeb9c940038431025ef07efd25 [LEADER]: Connected to new peer: Peer: permanent_uuid: "10dd7835e05b4027b0a4a0e46b148e80" member_type: VOTER last_known_addr { host: "127.6.14.129" port: 37297 }, Status: LMP_MISMATCH, Last received: 0.0, Next index: 3, Last known committed idx: 2, Time since last communication: 0.000s
I20260630 12:33:28.877276  9764 consensus_queue.cc:1048] T 7b19297b65bf4cf8a8a508923c70ec71 P c7d05feeb9c940038431025ef07efd25 [LEADER]: Connected to new peer: Peer: permanent_uuid: "4f0ec0a65a4e44c6b02469a2662b0141" member_type: VOTER last_known_addr { host: "127.6.14.132" port: 45699 } attrs { replace: true }, Status: LMP_MISMATCH, Last received: 0.0, Next index: 3, Last known committed idx: 2, Time since last communication: 0.000s
I20260630 12:33:28.877276  9355 consensus_queue.cc:237] T 97743457c1e74935becc03fb48e0056d P c7d05feeb9c940038431025ef07efd25 [LEADER]: Queue going to LEADER mode. State: All replicated index: 0, Majority replicated index: 4, Committed index: 4, Last appended: 2.4, Last appended by leader: 1, Current term: 2, Majority size: 2, State: 0, Mode: LEADER, active raft config: opid_index: 5 OBSOLETE_local: false peers { permanent_uuid: "10dd7835e05b4027b0a4a0e46b148e80" member_type: VOTER last_known_addr { host: "127.6.14.129" port: 37297 } } peers { permanent_uuid: "c7d05feeb9c940038431025ef07efd25" member_type: VOTER last_known_addr { host: "127.6.14.131" port: 42687 } } peers { permanent_uuid: "4f0ec0a65a4e44c6b02469a2662b0141" member_type: VOTER last_known_addr { host: "127.6.14.132" port: 45699 } attrs { promote: false } }
I20260630 12:33:28.878355  9759 consensus_queue.cc:1048] T 7b19297b65bf4cf8a8a508923c70ec71 P c7d05feeb9c940038431025ef07efd25 [LEADER]: Connected to new peer: Peer: permanent_uuid: "88e4c9a7d9e14eab9367b5859c16e37e" member_type: VOTER last_known_addr { host: "127.6.14.130" port: 34263 } attrs { promote: false }, Status: LMP_MISMATCH, Last received: 0.0, Next index: 3, Last known committed idx: 2, Time since last communication: 0.000s
I20260630 12:33:28.886242  9283 consensus_queue.cc:237] T 8476c6fa4fb64bed91d20ae1d70a67b0 P 88e4c9a7d9e14eab9367b5859c16e37e [LEADER]: Queue going to LEADER mode. State: All replicated index: 0, Majority replicated index: 3, Committed index: 3, Last appended: 1.3, Last appended by leader: 0, Current term: 1, Majority size: 2, State: 0, Mode: LEADER, active raft config: opid_index: 4 OBSOLETE_local: false peers { permanent_uuid: "10dd7835e05b4027b0a4a0e46b148e80" member_type: VOTER last_known_addr { host: "127.6.14.129" port: 37297 } } peers { permanent_uuid: "88e4c9a7d9e14eab9367b5859c16e37e" member_type: VOTER last_known_addr { host: "127.6.14.130" port: 34263 } } peers { permanent_uuid: "c7d05feeb9c940038431025ef07efd25" member_type: VOTER last_known_addr { host: "127.6.14.131" port: 42687 } attrs { promote: false } }
I20260630 12:33:28.882892  9209 raft_consensus.cc:2955] T 97743457c1e74935becc03fb48e0056d P 10dd7835e05b4027b0a4a0e46b148e80 [term 2 FOLLOWER]: Committing config change with OpId 2.4: config changed from index 3 to 4, 4f0ec0a65a4e44c6b02469a2662b0141 (127.6.14.132) changed from NON_VOTER to VOTER. New config: { opid_index: 4 OBSOLETE_local: false peers { permanent_uuid: "10dd7835e05b4027b0a4a0e46b148e80" member_type: VOTER last_known_addr { host: "127.6.14.129" port: 37297 } } peers { permanent_uuid: "88e4c9a7d9e14eab9367b5859c16e37e" member_type: VOTER last_known_addr { host: "127.6.14.130" port: 34263 } attrs { replace: true } } peers { permanent_uuid: "c7d05feeb9c940038431025ef07efd25" member_type: VOTER last_known_addr { host: "127.6.14.131" port: 42687 } } peers { permanent_uuid: "4f0ec0a65a4e44c6b02469a2662b0141" member_type: VOTER last_known_addr { host: "127.6.14.132" port: 45699 } attrs { promote: false } } }
I20260630 12:33:28.902576  9207 raft_consensus.cc:1275] T 8476c6fa4fb64bed91d20ae1d70a67b0 P 10dd7835e05b4027b0a4a0e46b148e80 [term 1 FOLLOWER]: Refusing update from remote peer 88e4c9a7d9e14eab9367b5859c16e37e: Log matching property violated. Preceding OpId in replica: term: 1 index: 3. Preceding OpId from leader: term: 1 index: 4. (index mismatch)
I20260630 12:33:28.904367  9706 consensus_queue.cc:1048] T 8476c6fa4fb64bed91d20ae1d70a67b0 P 88e4c9a7d9e14eab9367b5859c16e37e [LEADER]: Connected to new peer: Peer: permanent_uuid: "10dd7835e05b4027b0a4a0e46b148e80" member_type: VOTER last_known_addr { host: "127.6.14.129" port: 37297 }, Status: LMP_MISMATCH, Last received: 0.0, Next index: 4, Last known committed idx: 3, Time since last communication: 0.000s
I20260630 12:33:28.911290  9510 raft_consensus.cc:1275] T 97743457c1e74935becc03fb48e0056d P 4f0ec0a65a4e44c6b02469a2662b0141 [term 2 FOLLOWER]: Refusing update from remote peer c7d05feeb9c940038431025ef07efd25: Log matching property violated. Preceding OpId in replica: term: 2 index: 4. Preceding OpId from leader: term: 2 index: 5. (index mismatch)
I20260630 12:33:28.912971  9759 consensus_queue.cc:1048] T 97743457c1e74935becc03fb48e0056d P c7d05feeb9c940038431025ef07efd25 [LEADER]: Connected to new peer: Peer: permanent_uuid: "4f0ec0a65a4e44c6b02469a2662b0141" member_type: VOTER last_known_addr { host: "127.6.14.132" port: 45699 } attrs { promote: false }, Status: LMP_MISMATCH, Last received: 0.0, Next index: 5, Last known committed idx: 4, Time since last communication: 0.000s
I20260630 12:33:28.917083  9756 raft_consensus.cc:2955] T 8476c6fa4fb64bed91d20ae1d70a67b0 P 88e4c9a7d9e14eab9367b5859c16e37e [term 1 LEADER]: Committing config change with OpId 1.4: config changed from index 3 to 4, VOTER 4f0ec0a65a4e44c6b02469a2662b0141 (127.6.14.132) evicted. New config: { opid_index: 4 OBSOLETE_local: false peers { permanent_uuid: "10dd7835e05b4027b0a4a0e46b148e80" member_type: VOTER last_known_addr { host: "127.6.14.129" port: 37297 } } peers { permanent_uuid: "88e4c9a7d9e14eab9367b5859c16e37e" member_type: VOTER last_known_addr { host: "127.6.14.130" port: 34263 } } peers { permanent_uuid: "c7d05feeb9c940038431025ef07efd25" member_type: VOTER last_known_addr { host: "127.6.14.131" port: 42687 } attrs { promote: false } } }
I20260630 12:33:28.917083  9764 raft_consensus.cc:2955] T 7b19297b65bf4cf8a8a508923c70ec71 P c7d05feeb9c940038431025ef07efd25 [term 1 LEADER]: Committing config change with OpId 1.3: config changed from index 2 to 3, 88e4c9a7d9e14eab9367b5859c16e37e (127.6.14.130) changed from NON_VOTER to VOTER. New config: { opid_index: 3 OBSOLETE_local: false peers { permanent_uuid: "4f0ec0a65a4e44c6b02469a2662b0141" member_type: VOTER last_known_addr { host: "127.6.14.132" port: 45699 } attrs { replace: true } } peers { permanent_uuid: "10dd7835e05b4027b0a4a0e46b148e80" member_type: VOTER last_known_addr { host: "127.6.14.129" port: 37297 } } peers { permanent_uuid: "c7d05feeb9c940038431025ef07efd25" member_type: VOTER last_known_addr { host: "127.6.14.131" port: 42687 } } peers { permanent_uuid: "88e4c9a7d9e14eab9367b5859c16e37e" member_type: VOTER last_known_addr { host: "127.6.14.130" port: 34263 } attrs { promote: false } } }
I20260630 12:33:28.919039  9207 raft_consensus.cc:2955] T 8476c6fa4fb64bed91d20ae1d70a67b0 P 10dd7835e05b4027b0a4a0e46b148e80 [term 1 FOLLOWER]: Committing config change with OpId 1.4: config changed from index 3 to 4, VOTER 4f0ec0a65a4e44c6b02469a2662b0141 (127.6.14.132) evicted. New config: { opid_index: 4 OBSOLETE_local: false peers { permanent_uuid: "10dd7835e05b4027b0a4a0e46b148e80" member_type: VOTER last_known_addr { host: "127.6.14.129" port: 37297 } } peers { permanent_uuid: "88e4c9a7d9e14eab9367b5859c16e37e" member_type: VOTER last_known_addr { host: "127.6.14.130" port: 34263 } } peers { permanent_uuid: "c7d05feeb9c940038431025ef07efd25" member_type: VOTER last_known_addr { host: "127.6.14.131" port: 42687 } attrs { promote: false } } }
I20260630 12:33:28.926227  9353 raft_consensus.cc:1275] T 8476c6fa4fb64bed91d20ae1d70a67b0 P c7d05feeb9c940038431025ef07efd25 [term 1 FOLLOWER]: Refusing update from remote peer 88e4c9a7d9e14eab9367b5859c16e37e: Log matching property violated. Preceding OpId in replica: term: 1 index: 3. Preceding OpId from leader: term: 1 index: 4. (index mismatch)
I20260630 12:33:28.926400  9282 raft_consensus.cc:2955] T 7b19297b65bf4cf8a8a508923c70ec71 P 88e4c9a7d9e14eab9367b5859c16e37e [term 1 FOLLOWER]: Committing config change with OpId 1.3: config changed from index 2 to 3, 88e4c9a7d9e14eab9367b5859c16e37e (127.6.14.130) changed from NON_VOTER to VOTER. New config: { opid_index: 3 OBSOLETE_local: false peers { permanent_uuid: "4f0ec0a65a4e44c6b02469a2662b0141" member_type: VOTER last_known_addr { host: "127.6.14.132" port: 45699 } attrs { replace: true } } peers { permanent_uuid: "10dd7835e05b4027b0a4a0e46b148e80" member_type: VOTER last_known_addr { host: "127.6.14.129" port: 37297 } } peers { permanent_uuid: "c7d05feeb9c940038431025ef07efd25" member_type: VOTER last_known_addr { host: "127.6.14.131" port: 42687 } } peers { permanent_uuid: "88e4c9a7d9e14eab9367b5859c16e37e" member_type: VOTER last_known_addr { host: "127.6.14.130" port: 34263 } attrs { promote: false } } }
I20260630 12:33:28.928460  9706 consensus_queue.cc:1048] T 8476c6fa4fb64bed91d20ae1d70a67b0 P 88e4c9a7d9e14eab9367b5859c16e37e [LEADER]: Connected to new peer: Peer: permanent_uuid: "c7d05feeb9c940038431025ef07efd25" member_type: VOTER last_known_addr { host: "127.6.14.131" port: 42687 } attrs { promote: false }, Status: LMP_MISMATCH, Last received: 0.0, Next index: 4, Last known committed idx: 3, Time since last communication: 0.000s
I20260630 12:33:28.933503  9105 catalog_manager.cc:5697] T 8476c6fa4fb64bed91d20ae1d70a67b0 P 10dd7835e05b4027b0a4a0e46b148e80 reported cstate change: config changed from index 3 to 4, VOTER 4f0ec0a65a4e44c6b02469a2662b0141 (127.6.14.132) evicted. New cstate: current_term: 1 leader_uuid: "88e4c9a7d9e14eab9367b5859c16e37e" committed_config { opid_index: 4 OBSOLETE_local: false peers { permanent_uuid: "10dd7835e05b4027b0a4a0e46b148e80" member_type: VOTER last_known_addr { host: "127.6.14.129" port: 37297 } } peers { permanent_uuid: "88e4c9a7d9e14eab9367b5859c16e37e" member_type: VOTER last_known_addr { host: "127.6.14.130" port: 34263 } } peers { permanent_uuid: "c7d05feeb9c940038431025ef07efd25" member_type: VOTER last_known_addr { host: "127.6.14.131" port: 42687 } attrs { promote: false } } }
I20260630 12:33:28.934446  9353 raft_consensus.cc:2955] T 8476c6fa4fb64bed91d20ae1d70a67b0 P c7d05feeb9c940038431025ef07efd25 [term 1 FOLLOWER]: Committing config change with OpId 1.4: config changed from index 3 to 4, VOTER 4f0ec0a65a4e44c6b02469a2662b0141 (127.6.14.132) evicted. New config: { opid_index: 4 OBSOLETE_local: false peers { permanent_uuid: "10dd7835e05b4027b0a4a0e46b148e80" member_type: VOTER last_known_addr { host: "127.6.14.129" port: 37297 } } peers { permanent_uuid: "88e4c9a7d9e14eab9367b5859c16e37e" member_type: VOTER last_known_addr { host: "127.6.14.130" port: 34263 } } peers { permanent_uuid: "c7d05feeb9c940038431025ef07efd25" member_type: VOTER last_known_addr { host: "127.6.14.131" port: 42687 } attrs { promote: false } } }
I20260630 12:33:28.934592  9759 raft_consensus.cc:2955] T 97743457c1e74935becc03fb48e0056d P c7d05feeb9c940038431025ef07efd25 [term 2 LEADER]: Committing config change with OpId 2.5: config changed from index 4 to 5, VOTER 88e4c9a7d9e14eab9367b5859c16e37e (127.6.14.130) evicted. New config: { opid_index: 5 OBSOLETE_local: false peers { permanent_uuid: "10dd7835e05b4027b0a4a0e46b148e80" member_type: VOTER last_known_addr { host: "127.6.14.129" port: 37297 } } peers { permanent_uuid: "c7d05feeb9c940038431025ef07efd25" member_type: VOTER last_known_addr { host: "127.6.14.131" port: 42687 } } peers { permanent_uuid: "4f0ec0a65a4e44c6b02469a2662b0141" member_type: VOTER last_known_addr { host: "127.6.14.132" port: 45699 } attrs { promote: false } } }
I20260630 12:33:28.940582  9512 raft_consensus.cc:2955] T 97743457c1e74935becc03fb48e0056d P 4f0ec0a65a4e44c6b02469a2662b0141 [term 2 FOLLOWER]: Committing config change with OpId 2.5: config changed from index 4 to 5, VOTER 88e4c9a7d9e14eab9367b5859c16e37e (127.6.14.130) evicted. New config: { opid_index: 5 OBSOLETE_local: false peers { permanent_uuid: "10dd7835e05b4027b0a4a0e46b148e80" member_type: VOTER last_known_addr { host: "127.6.14.129" port: 37297 } } peers { permanent_uuid: "c7d05feeb9c940038431025ef07efd25" member_type: VOTER last_known_addr { host: "127.6.14.131" port: 42687 } } peers { permanent_uuid: "4f0ec0a65a4e44c6b02469a2662b0141" member_type: VOTER last_known_addr { host: "127.6.14.132" port: 45699 } attrs { promote: false } } }
I20260630 12:33:28.944324  9497 tablet_service.cc:1558] Processing DeleteTablet for tablet 8476c6fa4fb64bed91d20ae1d70a67b0 with delete_type TABLET_DATA_TOMBSTONED (TS 4f0ec0a65a4e44c6b02469a2662b0141 not found in new config with opid_index 4) from {username='slave'} at 127.0.0.1:42584
I20260630 12:33:28.945699  9093 catalog_manager.cc:5210] ChangeConfig:REMOVE_PEER RPC for tablet 8476c6fa4fb64bed91d20ae1d70a67b0 with cas_config_opid_index 3: ChangeConfig:REMOVE_PEER succeeded (attempt 1)
I20260630 12:33:28.948660  9207 raft_consensus.cc:2955] T 7b19297b65bf4cf8a8a508923c70ec71 P 10dd7835e05b4027b0a4a0e46b148e80 [term 1 FOLLOWER]: Committing config change with OpId 1.3: config changed from index 2 to 3, 88e4c9a7d9e14eab9367b5859c16e37e (127.6.14.130) changed from NON_VOTER to VOTER. New config: { opid_index: 3 OBSOLETE_local: false peers { permanent_uuid: "4f0ec0a65a4e44c6b02469a2662b0141" member_type: VOTER last_known_addr { host: "127.6.14.132" port: 45699 } attrs { replace: true } } peers { permanent_uuid: "10dd7835e05b4027b0a4a0e46b148e80" member_type: VOTER last_known_addr { host: "127.6.14.129" port: 37297 } } peers { permanent_uuid: "c7d05feeb9c940038431025ef07efd25" member_type: VOTER last_known_addr { host: "127.6.14.131" port: 42687 } } peers { permanent_uuid: "88e4c9a7d9e14eab9367b5859c16e37e" member_type: VOTER last_known_addr { host: "127.6.14.130" port: 34263 } attrs { promote: false } } }
I20260630 12:33:28.953270  9510 raft_consensus.cc:2955] T 7b19297b65bf4cf8a8a508923c70ec71 P 4f0ec0a65a4e44c6b02469a2662b0141 [term 1 FOLLOWER]: Committing config change with OpId 1.3: config changed from index 2 to 3, 88e4c9a7d9e14eab9367b5859c16e37e (127.6.14.130) changed from NON_VOTER to VOTER. New config: { opid_index: 3 OBSOLETE_local: false peers { permanent_uuid: "4f0ec0a65a4e44c6b02469a2662b0141" member_type: VOTER last_known_addr { host: "127.6.14.132" port: 45699 } attrs { replace: true } } peers { permanent_uuid: "10dd7835e05b4027b0a4a0e46b148e80" member_type: VOTER last_known_addr { host: "127.6.14.129" port: 37297 } } peers { permanent_uuid: "c7d05feeb9c940038431025ef07efd25" member_type: VOTER last_known_addr { host: "127.6.14.131" port: 42687 } } peers { permanent_uuid: "88e4c9a7d9e14eab9367b5859c16e37e" member_type: VOTER last_known_addr { host: "127.6.14.130" port: 34263 } attrs { promote: false } } }
I20260630 12:33:28.955430  9092 catalog_manager.cc:5210] ChangeConfig:REMOVE_PEER RPC for tablet 97743457c1e74935becc03fb48e0056d with cas_config_opid_index 4: ChangeConfig:REMOVE_PEER succeeded (attempt 1)
I20260630 12:33:28.965937  9771 tablet_replica.cc:333] T 8476c6fa4fb64bed91d20ae1d70a67b0 P 4f0ec0a65a4e44c6b02469a2662b0141: stopping tablet replica
I20260630 12:33:28.965142  9105 catalog_manager.cc:5697] T 7b19297b65bf4cf8a8a508923c70ec71 P 88e4c9a7d9e14eab9367b5859c16e37e reported cstate change: config changed from index 2 to 3, 88e4c9a7d9e14eab9367b5859c16e37e (127.6.14.130) changed from NON_VOTER to VOTER. New cstate: current_term: 1 leader_uuid: "c7d05feeb9c940038431025ef07efd25" committed_config { opid_index: 3 OBSOLETE_local: false peers { permanent_uuid: "4f0ec0a65a4e44c6b02469a2662b0141" member_type: VOTER last_known_addr { host: "127.6.14.132" port: 45699 } attrs { replace: true } } peers { permanent_uuid: "10dd7835e05b4027b0a4a0e46b148e80" member_type: VOTER last_known_addr { host: "127.6.14.129" port: 37297 } } peers { permanent_uuid: "c7d05feeb9c940038431025ef07efd25" member_type: VOTER last_known_addr { host: "127.6.14.131" port: 42687 } } peers { permanent_uuid: "88e4c9a7d9e14eab9367b5859c16e37e" member_type: VOTER last_known_addr { host: "127.6.14.130" port: 34263 } attrs { promote: false } } }
I20260630 12:33:28.966769  9771 raft_consensus.cc:2243] T 8476c6fa4fb64bed91d20ae1d70a67b0 P 4f0ec0a65a4e44c6b02469a2662b0141 [term 1 FOLLOWER]: Raft consensus shutting down.
I20260630 12:33:28.968148  9771 raft_consensus.cc:2272] T 8476c6fa4fb64bed91d20ae1d70a67b0 P 4f0ec0a65a4e44c6b02469a2662b0141 [term 1 FOLLOWER]: Raft consensus is shut down!
I20260630 12:33:28.974229  9771 ts_tablet_manager.cc:1916] T 8476c6fa4fb64bed91d20ae1d70a67b0 P 4f0ec0a65a4e44c6b02469a2662b0141: Deleting tablet data with delete state TABLET_DATA_TOMBSTONED
I20260630 12:33:28.985141  9204 raft_consensus.cc:1275] T 97743457c1e74935becc03fb48e0056d P 10dd7835e05b4027b0a4a0e46b148e80 [term 2 FOLLOWER]: Refusing update from remote peer c7d05feeb9c940038431025ef07efd25: Log matching property violated. Preceding OpId in replica: term: 2 index: 4. Preceding OpId from leader: term: 2 index: 5. (index mismatch)
I20260630 12:33:28.987936  9759 consensus_queue.cc:1048] T 97743457c1e74935becc03fb48e0056d P c7d05feeb9c940038431025ef07efd25 [LEADER]: Connected to new peer: Peer: permanent_uuid: "10dd7835e05b4027b0a4a0e46b148e80" member_type: VOTER last_known_addr { host: "127.6.14.129" port: 37297 }, Status: LMP_MISMATCH, Last received: 0.0, Next index: 5, Last known committed idx: 4, Time since last communication: 0.000s
I20260630 12:33:28.992766  9204 raft_consensus.cc:2955] T 97743457c1e74935becc03fb48e0056d P 10dd7835e05b4027b0a4a0e46b148e80 [term 2 FOLLOWER]: Committing config change with OpId 2.5: config changed from index 4 to 5, VOTER 88e4c9a7d9e14eab9367b5859c16e37e (127.6.14.130) evicted. New config: { opid_index: 5 OBSOLETE_local: false peers { permanent_uuid: "10dd7835e05b4027b0a4a0e46b148e80" member_type: VOTER last_known_addr { host: "127.6.14.129" port: 37297 } } peers { permanent_uuid: "c7d05feeb9c940038431025ef07efd25" member_type: VOTER last_known_addr { host: "127.6.14.131" port: 42687 } } peers { permanent_uuid: "4f0ec0a65a4e44c6b02469a2662b0141" member_type: VOTER last_known_addr { host: "127.6.14.132" port: 45699 } attrs { promote: false } } }
I20260630 12:33:28.999253  9771 ts_tablet_manager.cc:1929] T 8476c6fa4fb64bed91d20ae1d70a67b0 P 4f0ec0a65a4e44c6b02469a2662b0141: tablet deleted with delete type TABLET_DATA_TOMBSTONED: last-logged OpId 1.3
I20260630 12:33:28.999754  9771 log.cc:1199] T 8476c6fa4fb64bed91d20ae1d70a67b0 P 4f0ec0a65a4e44c6b02469a2662b0141: Deleting WAL directory at /tmp/dist-test-taskZg7Pwg/test-tmp/auto_rebalancer-test.0.AutoRebalancerTest.RangeAwareRebalancesNewRangeReplicas.1782822719443493-6202-0/minicluster-data/ts-3-root/wals/8476c6fa4fb64bed91d20ae1d70a67b0
I20260630 12:33:29.001333  9092 catalog_manager.cc:5028] TS 4f0ec0a65a4e44c6b02469a2662b0141 (127.6.14.132:45699): tablet 8476c6fa4fb64bed91d20ae1d70a67b0 (table range_aware_rebalance_new_range [id=eeed66c3911340cabad5726941a626a2]) successfully deleted
I20260630 12:33:29.008291  9107 catalog_manager.cc:5697] T 97743457c1e74935becc03fb48e0056d P 4f0ec0a65a4e44c6b02469a2662b0141 reported cstate change: config changed from index 4 to 5, VOTER 88e4c9a7d9e14eab9367b5859c16e37e (127.6.14.130) evicted. New cstate: current_term: 2 leader_uuid: "c7d05feeb9c940038431025ef07efd25" committed_config { opid_index: 5 OBSOLETE_local: false peers { permanent_uuid: "10dd7835e05b4027b0a4a0e46b148e80" member_type: VOTER last_known_addr { host: "127.6.14.129" port: 37297 } } peers { permanent_uuid: "c7d05feeb9c940038431025ef07efd25" member_type: VOTER last_known_addr { host: "127.6.14.131" port: 42687 } } peers { permanent_uuid: "4f0ec0a65a4e44c6b02469a2662b0141" member_type: VOTER last_known_addr { host: "127.6.14.132" port: 45699 } attrs { promote: false } } }
I20260630 12:33:29.021629  9269 tablet_service.cc:1558] Processing DeleteTablet for tablet 97743457c1e74935becc03fb48e0056d with delete_type TABLET_DATA_TOMBSTONED (TS 88e4c9a7d9e14eab9367b5859c16e37e not found in new config with opid_index 5) from {username='slave'} at 127.0.0.1:40458
I20260630 12:33:29.023880  9774 tablet_replica.cc:333] T 97743457c1e74935becc03fb48e0056d P 88e4c9a7d9e14eab9367b5859c16e37e: stopping tablet replica
I20260630 12:33:29.024549  9357 consensus_queue.cc:237] T 7b19297b65bf4cf8a8a508923c70ec71 P c7d05feeb9c940038431025ef07efd25 [LEADER]: Queue going to LEADER mode. State: All replicated index: 0, Majority replicated index: 3, Committed index: 3, Last appended: 1.3, Last appended by leader: 0, Current term: 1, Majority size: 2, State: 0, Mode: LEADER, active raft config: opid_index: 4 OBSOLETE_local: false peers { permanent_uuid: "10dd7835e05b4027b0a4a0e46b148e80" member_type: VOTER last_known_addr { host: "127.6.14.129" port: 37297 } } peers { permanent_uuid: "c7d05feeb9c940038431025ef07efd25" member_type: VOTER last_known_addr { host: "127.6.14.131" port: 42687 } } peers { permanent_uuid: "88e4c9a7d9e14eab9367b5859c16e37e" member_type: VOTER last_known_addr { host: "127.6.14.130" port: 34263 } attrs { promote: false } }
I20260630 12:33:29.026439  9774 raft_consensus.cc:2243] T 97743457c1e74935becc03fb48e0056d P 88e4c9a7d9e14eab9367b5859c16e37e [term 2 FOLLOWER]: Raft consensus shutting down.
I20260630 12:33:29.027746  9774 raft_consensus.cc:2272] T 97743457c1e74935becc03fb48e0056d P 88e4c9a7d9e14eab9367b5859c16e37e [term 2 FOLLOWER]: Raft consensus is shut down!
I20260630 12:33:29.029414  9284 raft_consensus.cc:1275] T 7b19297b65bf4cf8a8a508923c70ec71 P 88e4c9a7d9e14eab9367b5859c16e37e [term 1 FOLLOWER]: Refusing update from remote peer c7d05feeb9c940038431025ef07efd25: Log matching property violated. Preceding OpId in replica: term: 1 index: 3. Preceding OpId from leader: term: 1 index: 4. (index mismatch)
I20260630 12:33:29.030699  9204 raft_consensus.cc:1275] T 7b19297b65bf4cf8a8a508923c70ec71 P 10dd7835e05b4027b0a4a0e46b148e80 [term 1 FOLLOWER]: Refusing update from remote peer c7d05feeb9c940038431025ef07efd25: Log matching property violated. Preceding OpId in replica: term: 1 index: 3. Preceding OpId from leader: term: 1 index: 4. (index mismatch)
I20260630 12:33:29.030930  9774 ts_tablet_manager.cc:1916] T 97743457c1e74935becc03fb48e0056d P 88e4c9a7d9e14eab9367b5859c16e37e: Deleting tablet data with delete state TABLET_DATA_TOMBSTONED
I20260630 12:33:29.030902  9759 consensus_queue.cc:1048] T 7b19297b65bf4cf8a8a508923c70ec71 P c7d05feeb9c940038431025ef07efd25 [LEADER]: Connected to new peer: Peer: permanent_uuid: "88e4c9a7d9e14eab9367b5859c16e37e" member_type: VOTER last_known_addr { host: "127.6.14.130" port: 34263 } attrs { promote: false }, Status: LMP_MISMATCH, Last received: 0.0, Next index: 4, Last known committed idx: 3, Time since last communication: 0.001s
I20260630 12:33:29.032171  9764 consensus_queue.cc:1048] T 7b19297b65bf4cf8a8a508923c70ec71 P c7d05feeb9c940038431025ef07efd25 [LEADER]: Connected to new peer: Peer: permanent_uuid: "10dd7835e05b4027b0a4a0e46b148e80" member_type: VOTER last_known_addr { host: "127.6.14.129" port: 37297 }, Status: LMP_MISMATCH, Last received: 0.0, Next index: 4, Last known committed idx: 3, Time since last communication: 0.000s
I20260630 12:33:29.037819  9764 raft_consensus.cc:2955] T 7b19297b65bf4cf8a8a508923c70ec71 P c7d05feeb9c940038431025ef07efd25 [term 1 LEADER]: Committing config change with OpId 1.4: config changed from index 3 to 4, VOTER 4f0ec0a65a4e44c6b02469a2662b0141 (127.6.14.132) evicted. New config: { opid_index: 4 OBSOLETE_local: false peers { permanent_uuid: "10dd7835e05b4027b0a4a0e46b148e80" member_type: VOTER last_known_addr { host: "127.6.14.129" port: 37297 } } peers { permanent_uuid: "c7d05feeb9c940038431025ef07efd25" member_type: VOTER last_known_addr { host: "127.6.14.131" port: 42687 } } peers { permanent_uuid: "88e4c9a7d9e14eab9367b5859c16e37e" member_type: VOTER last_known_addr { host: "127.6.14.130" port: 34263 } attrs { promote: false } } }
I20260630 12:33:29.039655  9284 raft_consensus.cc:2955] T 7b19297b65bf4cf8a8a508923c70ec71 P 88e4c9a7d9e14eab9367b5859c16e37e [term 1 FOLLOWER]: Committing config change with OpId 1.4: config changed from index 3 to 4, VOTER 4f0ec0a65a4e44c6b02469a2662b0141 (127.6.14.132) evicted. New config: { opid_index: 4 OBSOLETE_local: false peers { permanent_uuid: "10dd7835e05b4027b0a4a0e46b148e80" member_type: VOTER last_known_addr { host: "127.6.14.129" port: 37297 } } peers { permanent_uuid: "c7d05feeb9c940038431025ef07efd25" member_type: VOTER last_known_addr { host: "127.6.14.131" port: 42687 } } peers { permanent_uuid: "88e4c9a7d9e14eab9367b5859c16e37e" member_type: VOTER last_known_addr { host: "127.6.14.130" port: 34263 } attrs { promote: false } } }
I20260630 12:33:29.040661  9209 raft_consensus.cc:2955] T 7b19297b65bf4cf8a8a508923c70ec71 P 10dd7835e05b4027b0a4a0e46b148e80 [term 1 FOLLOWER]: Committing config change with OpId 1.4: config changed from index 3 to 4, VOTER 4f0ec0a65a4e44c6b02469a2662b0141 (127.6.14.132) evicted. New config: { opid_index: 4 OBSOLETE_local: false peers { permanent_uuid: "10dd7835e05b4027b0a4a0e46b148e80" member_type: VOTER last_known_addr { host: "127.6.14.129" port: 37297 } } peers { permanent_uuid: "c7d05feeb9c940038431025ef07efd25" member_type: VOTER last_known_addr { host: "127.6.14.131" port: 42687 } } peers { permanent_uuid: "88e4c9a7d9e14eab9367b5859c16e37e" member_type: VOTER last_known_addr { host: "127.6.14.130" port: 34263 } attrs { promote: false } } }
I20260630 12:33:29.047048  9092 catalog_manager.cc:5210] ChangeConfig:REMOVE_PEER RPC for tablet 7b19297b65bf4cf8a8a508923c70ec71 with cas_config_opid_index 3: ChangeConfig:REMOVE_PEER succeeded (attempt 1)
I20260630 12:33:29.052287  9103 catalog_manager.cc:5697] T 7b19297b65bf4cf8a8a508923c70ec71 P c7d05feeb9c940038431025ef07efd25 reported cstate change: config changed from index 3 to 4, VOTER 4f0ec0a65a4e44c6b02469a2662b0141 (127.6.14.132) evicted. New cstate: current_term: 1 leader_uuid: "c7d05feeb9c940038431025ef07efd25" committed_config { opid_index: 4 OBSOLETE_local: false peers { permanent_uuid: "10dd7835e05b4027b0a4a0e46b148e80" member_type: VOTER last_known_addr { host: "127.6.14.129" port: 37297 } health_report { overall_health: HEALTHY } } peers { permanent_uuid: "c7d05feeb9c940038431025ef07efd25" member_type: VOTER last_known_addr { host: "127.6.14.131" port: 42687 } health_report { overall_health: HEALTHY } } peers { permanent_uuid: "88e4c9a7d9e14eab9367b5859c16e37e" member_type: VOTER last_known_addr { host: "127.6.14.130" port: 34263 } attrs { promote: false } health_report { overall_health: HEALTHY } } }
I20260630 12:33:29.067749  9497 tablet_service.cc:1558] Processing DeleteTablet for tablet 7b19297b65bf4cf8a8a508923c70ec71 with delete_type TABLET_DATA_TOMBSTONED (TS 4f0ec0a65a4e44c6b02469a2662b0141 not found in new config with opid_index 4) from {username='slave'} at 127.0.0.1:42584
I20260630 12:33:29.068536  9771 tablet_replica.cc:333] T 7b19297b65bf4cf8a8a508923c70ec71 P 4f0ec0a65a4e44c6b02469a2662b0141: stopping tablet replica
I20260630 12:33:29.069352  9771 raft_consensus.cc:2243] T 7b19297b65bf4cf8a8a508923c70ec71 P 4f0ec0a65a4e44c6b02469a2662b0141 [term 1 FOLLOWER]: Raft consensus shutting down.
I20260630 12:33:29.069566  9774 ts_tablet_manager.cc:1929] T 97743457c1e74935becc03fb48e0056d P 88e4c9a7d9e14eab9367b5859c16e37e: tablet deleted with delete type TABLET_DATA_TOMBSTONED: last-logged OpId 2.4
I20260630 12:33:29.070032  9774 log.cc:1199] T 97743457c1e74935becc03fb48e0056d P 88e4c9a7d9e14eab9367b5859c16e37e: Deleting WAL directory at /tmp/dist-test-taskZg7Pwg/test-tmp/auto_rebalancer-test.0.AutoRebalancerTest.RangeAwareRebalancesNewRangeReplicas.1782822719443493-6202-0/minicluster-data/ts-1-root/wals/97743457c1e74935becc03fb48e0056d
I20260630 12:33:29.070107  9771 raft_consensus.cc:2272] T 7b19297b65bf4cf8a8a508923c70ec71 P 4f0ec0a65a4e44c6b02469a2662b0141 [term 1 FOLLOWER]: Raft consensus is shut down!
I20260630 12:33:29.071655  9093 catalog_manager.cc:5028] TS 88e4c9a7d9e14eab9367b5859c16e37e (127.6.14.130:34263): tablet 97743457c1e74935becc03fb48e0056d (table range_aware_rebalance_new_range [id=eeed66c3911340cabad5726941a626a2]) successfully deleted
I20260630 12:33:29.073022  9771 ts_tablet_manager.cc:1916] T 7b19297b65bf4cf8a8a508923c70ec71 P 4f0ec0a65a4e44c6b02469a2662b0141: Deleting tablet data with delete state TABLET_DATA_TOMBSTONED
