I20260630 12:32:08.334410  7068 raft_consensus.cc:359] T 30fe01a8727d4d798d4df0a8b6052d84 P c64657a268ba445c964cc57b1b296395 [term 0 FOLLOWER]: Replica starting. Triggering 0 pending ops. Active config: opid_index: -1 OBSOLETE_local: false peers { permanent_uuid: "c64657a268ba445c964cc57b1b296395" member_type: VOTER last_known_addr { host: "127.6.14.129" port: 33225 } } peers { permanent_uuid: "ad46ea01cd1248a58584372e933216a1" member_type: VOTER last_known_addr { host: "127.6.14.130" port: 43485 } } peers { permanent_uuid: "250a3e0c80dd4d6b9bcb1e1ea3c2e2a0" member_type: VOTER last_known_addr { host: "127.6.14.131" port: 34197 } }
I20260630 12:32:08.335165  7068 raft_consensus.cc:385] T 30fe01a8727d4d798d4df0a8b6052d84 P c64657a268ba445c964cc57b1b296395 [term 0 FOLLOWER]: Consensus starting up: Expiring failure detector timer to make a prompt election more likely
I20260630 12:32:08.335489  7068 raft_consensus.cc:740] T 30fe01a8727d4d798d4df0a8b6052d84 P c64657a268ba445c964cc57b1b296395 [term 0 FOLLOWER]: Becoming Follower/Learner. State: Replica: c64657a268ba445c964cc57b1b296395, State: Initialized, Role: FOLLOWER
I20260630 12:32:08.337050  7068 consensus_queue.cc:260] T 30fe01a8727d4d798d4df0a8b6052d84 P c64657a268ba445c964cc57b1b296395 [NON_LEADER]: Queue going to NON_LEADER mode. State: All replicated index: 0, Majority replicated index: 0, Committed index: 0, Last appended: 0.0, Last appended by leader: 0, Current term: 0, Majority size: -1, State: 0, Mode: NON_LEADER, active raft config: opid_index: -1 OBSOLETE_local: false peers { permanent_uuid: "c64657a268ba445c964cc57b1b296395" member_type: VOTER last_known_addr { host: "127.6.14.129" port: 33225 } } peers { permanent_uuid: "ad46ea01cd1248a58584372e933216a1" member_type: VOTER last_known_addr { host: "127.6.14.130" port: 43485 } } peers { permanent_uuid: "250a3e0c80dd4d6b9bcb1e1ea3c2e2a0" member_type: VOTER last_known_addr { host: "127.6.14.131" port: 34197 } }
I20260630 12:32:08.339314  7068 ts_tablet_manager.cc:1434] T 30fe01a8727d4d798d4df0a8b6052d84 P c64657a268ba445c964cc57b1b296395: Time spent starting tablet: real 0.008s	user 0.005s	sys 0.000s
I20260630 12:32:08.340413  7068 tablet_bootstrap.cc:492] T 1708c5a51b2c463baaf2fd25e4bcfaa7 P c64657a268ba445c964cc57b1b296395: Bootstrap starting.
I20260630 12:32:08.341414  7070 ts_tablet_manager.cc:1434] T b4a109c10d354a3b89fe908d162fce8e P 250a3e0c80dd4d6b9bcb1e1ea3c2e2a0: Time spent starting tablet: real 0.016s	user 0.007s	sys 0.000s
I20260630 12:32:08.343204  7070 tablet_bootstrap.cc:492] T 73f4bfda35f6462d8dbae59fc55ced98 P 250a3e0c80dd4d6b9bcb1e1ea3c2e2a0: Bootstrap starting.
I20260630 12:32:08.344295  7081 raft_consensus.cc:493] T 73f4bfda35f6462d8dbae59fc55ced98 P ad46ea01cd1248a58584372e933216a1 [term 0 FOLLOWER]: Starting pre-election (no leader contacted us within the election timeout)
I20260630 12:32:08.344782  7081 raft_consensus.cc:515] T 73f4bfda35f6462d8dbae59fc55ced98 P ad46ea01cd1248a58584372e933216a1 [term 0 FOLLOWER]: Starting pre-election with config: opid_index: -1 OBSOLETE_local: false peers { permanent_uuid: "c64657a268ba445c964cc57b1b296395" member_type: VOTER last_known_addr { host: "127.6.14.129" port: 33225 } } peers { permanent_uuid: "ad46ea01cd1248a58584372e933216a1" member_type: VOTER last_known_addr { host: "127.6.14.130" port: 43485 } } peers { permanent_uuid: "250a3e0c80dd4d6b9bcb1e1ea3c2e2a0" member_type: VOTER last_known_addr { host: "127.6.14.131" port: 34197 } }
I20260630 12:32:08.346154  7068 tablet_bootstrap.cc:654] T 1708c5a51b2c463baaf2fd25e4bcfaa7 P c64657a268ba445c964cc57b1b296395: Neither blocks nor log segments found. Creating new log.
I20260630 12:32:08.346917  7081 leader_election.cc:290] T 73f4bfda35f6462d8dbae59fc55ced98 P ad46ea01cd1248a58584372e933216a1 [CANDIDATE]: Term 1 pre-election: Requested pre-vote from peers c64657a268ba445c964cc57b1b296395 (127.6.14.129:33225), 250a3e0c80dd4d6b9bcb1e1ea3c2e2a0 (127.6.14.131:34197)
I20260630 12:32:08.349223  6874 tablet_service.cc:1917] Received RequestConsensusVote() RPC: tablet_id: "73f4bfda35f6462d8dbae59fc55ced98" candidate_uuid: "ad46ea01cd1248a58584372e933216a1" candidate_term: 1 candidate_status { last_received { term: 0 index: 0 } } ignore_live_leader: false dest_uuid: "c64657a268ba445c964cc57b1b296395" is_pre_election: true
I20260630 12:32:08.349735  7070 tablet_bootstrap.cc:654] T 73f4bfda35f6462d8dbae59fc55ced98 P 250a3e0c80dd4d6b9bcb1e1ea3c2e2a0: Neither blocks nor log segments found. Creating new log.
I20260630 12:32:08.349876  6874 raft_consensus.cc:2468] T 73f4bfda35f6462d8dbae59fc55ced98 P c64657a268ba445c964cc57b1b296395 [term 0 FOLLOWER]: Leader pre-election vote request: Granting yes vote for candidate ad46ea01cd1248a58584372e933216a1 in term 0.
I20260630 12:32:08.351202  6915 leader_election.cc:304] T 73f4bfda35f6462d8dbae59fc55ced98 P ad46ea01cd1248a58584372e933216a1 [CANDIDATE]: Term 1 pre-election: Election decided. Result: candidate won. Election summary: received 2 responses out of 3 voters: 2 yes votes; 0 no votes. yes voters: ad46ea01cd1248a58584372e933216a1, c64657a268ba445c964cc57b1b296395; no voters: 
I20260630 12:32:08.351619  6771 catalog_manager.cc:5697] T 57c84e0edc1443e79b3c1b5d3e97c57f P c64657a268ba445c964cc57b1b296395 reported cstate change: term changed from 0 to 1, leader changed from <none> to c64657a268ba445c964cc57b1b296395 (127.6.14.129). New cstate: current_term: 1 leader_uuid: "c64657a268ba445c964cc57b1b296395" committed_config { opid_index: -1 OBSOLETE_local: false peers { permanent_uuid: "c64657a268ba445c964cc57b1b296395" member_type: VOTER last_known_addr { host: "127.6.14.129" port: 33225 } health_report { overall_health: HEALTHY } } peers { permanent_uuid: "ad46ea01cd1248a58584372e933216a1" member_type: VOTER last_known_addr { host: "127.6.14.130" port: 43485 } health_report { overall_health: UNKNOWN } } peers { permanent_uuid: "250a3e0c80dd4d6b9bcb1e1ea3c2e2a0" member_type: VOTER last_known_addr { host: "127.6.14.131" port: 34197 } health_report { overall_health: UNKNOWN } } }
I20260630 12:32:08.357446  7068 tablet_bootstrap.cc:492] T 1708c5a51b2c463baaf2fd25e4bcfaa7 P c64657a268ba445c964cc57b1b296395: No bootstrap required, opened a new log
I20260630 12:32:08.357616  7081 raft_consensus.cc:2804] T 73f4bfda35f6462d8dbae59fc55ced98 P ad46ea01cd1248a58584372e933216a1 [term 0 FOLLOWER]: Leader pre-election won for term 1
I20260630 12:32:08.357964  7068 ts_tablet_manager.cc:1403] T 1708c5a51b2c463baaf2fd25e4bcfaa7 P c64657a268ba445c964cc57b1b296395: Time spent bootstrapping tablet: real 0.018s	user 0.015s	sys 0.000s
I20260630 12:32:08.358057  7081 raft_consensus.cc:493] T 73f4bfda35f6462d8dbae59fc55ced98 P ad46ea01cd1248a58584372e933216a1 [term 0 FOLLOWER]: Starting leader election (no leader contacted us within the election timeout)
I20260630 12:32:08.358892  7081 raft_consensus.cc:3060] T 73f4bfda35f6462d8dbae59fc55ced98 P ad46ea01cd1248a58584372e933216a1 [term 0 FOLLOWER]: Advancing to term 1
I20260630 12:32:08.361050  7068 raft_consensus.cc:359] T 1708c5a51b2c463baaf2fd25e4bcfaa7 P c64657a268ba445c964cc57b1b296395 [term 0 FOLLOWER]: Replica starting. Triggering 0 pending ops. Active config: opid_index: -1 OBSOLETE_local: false peers { permanent_uuid: "c64657a268ba445c964cc57b1b296395" member_type: VOTER last_known_addr { host: "127.6.14.129" port: 33225 } } peers { permanent_uuid: "ad46ea01cd1248a58584372e933216a1" member_type: VOTER last_known_addr { host: "127.6.14.130" port: 43485 } } peers { permanent_uuid: "250a3e0c80dd4d6b9bcb1e1ea3c2e2a0" member_type: VOTER last_known_addr { host: "127.6.14.131" port: 34197 } }
I20260630 12:32:08.361788  7068 raft_consensus.cc:385] T 1708c5a51b2c463baaf2fd25e4bcfaa7 P c64657a268ba445c964cc57b1b296395 [term 0 FOLLOWER]: Consensus starting up: Expiring failure detector timer to make a prompt election more likely
I20260630 12:32:08.362076  7068 raft_consensus.cc:740] T 1708c5a51b2c463baaf2fd25e4bcfaa7 P c64657a268ba445c964cc57b1b296395 [term 0 FOLLOWER]: Becoming Follower/Learner. State: Replica: c64657a268ba445c964cc57b1b296395, State: Initialized, Role: FOLLOWER
I20260630 12:32:08.362897  7068 consensus_queue.cc:260] T 1708c5a51b2c463baaf2fd25e4bcfaa7 P c64657a268ba445c964cc57b1b296395 [NON_LEADER]: Queue going to NON_LEADER mode. State: All replicated index: 0, Majority replicated index: 0, Committed index: 0, Last appended: 0.0, Last appended by leader: 0, Current term: 0, Majority size: -1, State: 0, Mode: NON_LEADER, active raft config: opid_index: -1 OBSOLETE_local: false peers { permanent_uuid: "c64657a268ba445c964cc57b1b296395" member_type: VOTER last_known_addr { host: "127.6.14.129" port: 33225 } } peers { permanent_uuid: "ad46ea01cd1248a58584372e933216a1" member_type: VOTER last_known_addr { host: "127.6.14.130" port: 43485 } } peers { permanent_uuid: "250a3e0c80dd4d6b9bcb1e1ea3c2e2a0" member_type: VOTER last_known_addr { host: "127.6.14.131" port: 34197 } }
I20260630 12:32:08.365132  7068 ts_tablet_manager.cc:1434] T 1708c5a51b2c463baaf2fd25e4bcfaa7 P c64657a268ba445c964cc57b1b296395: Time spent starting tablet: real 0.007s	user 0.008s	sys 0.000s
I20260630 12:32:08.366071  7068 tablet_bootstrap.cc:492] T b4a109c10d354a3b89fe908d162fce8e P c64657a268ba445c964cc57b1b296395: Bootstrap starting.
I20260630 12:32:08.366350  7081 raft_consensus.cc:515] T 73f4bfda35f6462d8dbae59fc55ced98 P ad46ea01cd1248a58584372e933216a1 [term 1 FOLLOWER]: Starting leader election with config: opid_index: -1 OBSOLETE_local: false peers { permanent_uuid: "c64657a268ba445c964cc57b1b296395" member_type: VOTER last_known_addr { host: "127.6.14.129" port: 33225 } } peers { permanent_uuid: "ad46ea01cd1248a58584372e933216a1" member_type: VOTER last_known_addr { host: "127.6.14.130" port: 43485 } } peers { permanent_uuid: "250a3e0c80dd4d6b9bcb1e1ea3c2e2a0" member_type: VOTER last_known_addr { host: "127.6.14.131" port: 34197 } }
I20260630 12:32:08.368386  7023 tablet_service.cc:1917] Received RequestConsensusVote() RPC: tablet_id: "73f4bfda35f6462d8dbae59fc55ced98" candidate_uuid: "ad46ea01cd1248a58584372e933216a1" candidate_term: 1 candidate_status { last_received { term: 0 index: 0 } } ignore_live_leader: false dest_uuid: "250a3e0c80dd4d6b9bcb1e1ea3c2e2a0" is_pre_election: true
W20260630 12:32:08.369885  6915 leader_election.cc:343] T 73f4bfda35f6462d8dbae59fc55ced98 P ad46ea01cd1248a58584372e933216a1 [CANDIDATE]: Term 1 pre-election: Tablet error from VoteRequest() call to peer 250a3e0c80dd4d6b9bcb1e1ea3c2e2a0 (127.6.14.131:34197): Illegal state: must be running to vote when last-logged opid is not known
I20260630 12:32:08.372781  7081 leader_election.cc:290] T 73f4bfda35f6462d8dbae59fc55ced98 P ad46ea01cd1248a58584372e933216a1 [CANDIDATE]: Term 1 election: Requested vote from peers c64657a268ba445c964cc57b1b296395 (127.6.14.129:33225), 250a3e0c80dd4d6b9bcb1e1ea3c2e2a0 (127.6.14.131:34197)
I20260630 12:32:08.373208  7069 tablet_bootstrap.cc:492] T 1708c5a51b2c463baaf2fd25e4bcfaa7 P ad46ea01cd1248a58584372e933216a1: No bootstrap required, opened a new log
I20260630 12:32:08.373718  7069 ts_tablet_manager.cc:1403] T 1708c5a51b2c463baaf2fd25e4bcfaa7 P ad46ea01cd1248a58584372e933216a1: Time spent bootstrapping tablet: real 0.081s	user 0.019s	sys 0.028s
I20260630 12:32:08.374380  7070 tablet_bootstrap.cc:492] T 73f4bfda35f6462d8dbae59fc55ced98 P 250a3e0c80dd4d6b9bcb1e1ea3c2e2a0: No bootstrap required, opened a new log
I20260630 12:32:08.374868  7070 ts_tablet_manager.cc:1403] T 73f4bfda35f6462d8dbae59fc55ced98 P 250a3e0c80dd4d6b9bcb1e1ea3c2e2a0: Time spent bootstrapping tablet: real 0.032s	user 0.011s	sys 0.017s
I20260630 12:32:08.375574  6874 tablet_service.cc:1917] Received RequestConsensusVote() RPC: tablet_id: "73f4bfda35f6462d8dbae59fc55ced98" candidate_uuid: "ad46ea01cd1248a58584372e933216a1" candidate_term: 1 candidate_status { last_received { term: 0 index: 0 } } ignore_live_leader: false dest_uuid: "c64657a268ba445c964cc57b1b296395"
I20260630 12:32:08.376279  6874 raft_consensus.cc:3060] T 73f4bfda35f6462d8dbae59fc55ced98 P c64657a268ba445c964cc57b1b296395 [term 0 FOLLOWER]: Advancing to term 1
I20260630 12:32:08.376588  7069 raft_consensus.cc:359] T 1708c5a51b2c463baaf2fd25e4bcfaa7 P ad46ea01cd1248a58584372e933216a1 [term 0 FOLLOWER]: Replica starting. Triggering 0 pending ops. Active config: opid_index: -1 OBSOLETE_local: false peers { permanent_uuid: "c64657a268ba445c964cc57b1b296395" member_type: VOTER last_known_addr { host: "127.6.14.129" port: 33225 } } peers { permanent_uuid: "ad46ea01cd1248a58584372e933216a1" member_type: VOTER last_known_addr { host: "127.6.14.130" port: 43485 } } peers { permanent_uuid: "250a3e0c80dd4d6b9bcb1e1ea3c2e2a0" member_type: VOTER last_known_addr { host: "127.6.14.131" port: 34197 } }
I20260630 12:32:08.377296  7069 raft_consensus.cc:385] T 1708c5a51b2c463baaf2fd25e4bcfaa7 P ad46ea01cd1248a58584372e933216a1 [term 0 FOLLOWER]: Consensus starting up: Expiring failure detector timer to make a prompt election more likely
I20260630 12:32:08.377583  7069 raft_consensus.cc:740] T 1708c5a51b2c463baaf2fd25e4bcfaa7 P ad46ea01cd1248a58584372e933216a1 [term 0 FOLLOWER]: Becoming Follower/Learner. State: Replica: ad46ea01cd1248a58584372e933216a1, State: Initialized, Role: FOLLOWER
I20260630 12:32:08.377828  7070 raft_consensus.cc:359] T 73f4bfda35f6462d8dbae59fc55ced98 P 250a3e0c80dd4d6b9bcb1e1ea3c2e2a0 [term 0 FOLLOWER]: Replica starting. Triggering 0 pending ops. Active config: opid_index: -1 OBSOLETE_local: false peers { permanent_uuid: "c64657a268ba445c964cc57b1b296395" member_type: VOTER last_known_addr { host: "127.6.14.129" port: 33225 } } peers { permanent_uuid: "ad46ea01cd1248a58584372e933216a1" member_type: VOTER last_known_addr { host: "127.6.14.130" port: 43485 } } peers { permanent_uuid: "250a3e0c80dd4d6b9bcb1e1ea3c2e2a0" member_type: VOTER last_known_addr { host: "127.6.14.131" port: 34197 } }
I20260630 12:32:08.378408  7070 raft_consensus.cc:385] T 73f4bfda35f6462d8dbae59fc55ced98 P 250a3e0c80dd4d6b9bcb1e1ea3c2e2a0 [term 0 FOLLOWER]: Consensus starting up: Expiring failure detector timer to make a prompt election more likely
I20260630 12:32:08.378759  7070 raft_consensus.cc:740] T 73f4bfda35f6462d8dbae59fc55ced98 P 250a3e0c80dd4d6b9bcb1e1ea3c2e2a0 [term 0 FOLLOWER]: Becoming Follower/Learner. State: Replica: 250a3e0c80dd4d6b9bcb1e1ea3c2e2a0, State: Initialized, Role: FOLLOWER
I20260630 12:32:08.378927  7023 tablet_service.cc:1917] Received RequestConsensusVote() RPC: tablet_id: "73f4bfda35f6462d8dbae59fc55ced98" candidate_uuid: "ad46ea01cd1248a58584372e933216a1" candidate_term: 1 candidate_status { last_received { term: 0 index: 0 } } ignore_live_leader: false dest_uuid: "250a3e0c80dd4d6b9bcb1e1ea3c2e2a0"
I20260630 12:32:08.379310  7070 consensus_queue.cc:260] T 73f4bfda35f6462d8dbae59fc55ced98 P 250a3e0c80dd4d6b9bcb1e1ea3c2e2a0 [NON_LEADER]: Queue going to NON_LEADER mode. State: All replicated index: 0, Majority replicated index: 0, Committed index: 0, Last appended: 0.0, Last appended by leader: 0, Current term: 0, Majority size: -1, State: 0, Mode: NON_LEADER, active raft config: opid_index: -1 OBSOLETE_local: false peers { permanent_uuid: "c64657a268ba445c964cc57b1b296395" member_type: VOTER last_known_addr { host: "127.6.14.129" port: 33225 } } peers { permanent_uuid: "ad46ea01cd1248a58584372e933216a1" member_type: VOTER last_known_addr { host: "127.6.14.130" port: 43485 } } peers { permanent_uuid: "250a3e0c80dd4d6b9bcb1e1ea3c2e2a0" member_type: VOTER last_known_addr { host: "127.6.14.131" port: 34197 } }
I20260630 12:32:08.380064  7023 raft_consensus.cc:3060] T 73f4bfda35f6462d8dbae59fc55ced98 P 250a3e0c80dd4d6b9bcb1e1ea3c2e2a0 [term 0 FOLLOWER]: Advancing to term 1
I20260630 12:32:08.378376  7069 consensus_queue.cc:260] T 1708c5a51b2c463baaf2fd25e4bcfaa7 P ad46ea01cd1248a58584372e933216a1 [NON_LEADER]: Queue going to NON_LEADER mode. State: All replicated index: 0, Majority replicated index: 0, Committed index: 0, Last appended: 0.0, Last appended by leader: 0, Current term: 0, Majority size: -1, State: 0, Mode: NON_LEADER, active raft config: opid_index: -1 OBSOLETE_local: false peers { permanent_uuid: "c64657a268ba445c964cc57b1b296395" member_type: VOTER last_known_addr { host: "127.6.14.129" port: 33225 } } peers { permanent_uuid: "ad46ea01cd1248a58584372e933216a1" member_type: VOTER last_known_addr { host: "127.6.14.130" port: 43485 } } peers { permanent_uuid: "250a3e0c80dd4d6b9bcb1e1ea3c2e2a0" member_type: VOTER last_known_addr { host: "127.6.14.131" port: 34197 } }
I20260630 12:32:08.381453  7070 ts_tablet_manager.cc:1434] T 73f4bfda35f6462d8dbae59fc55ced98 P 250a3e0c80dd4d6b9bcb1e1ea3c2e2a0: Time spent starting tablet: real 0.006s	user 0.007s	sys 0.000s
I20260630 12:32:08.382469  7070 tablet_bootstrap.cc:492] T 30fe01a8727d4d798d4df0a8b6052d84 P 250a3e0c80dd4d6b9bcb1e1ea3c2e2a0: Bootstrap starting.
I20260630 12:32:08.382450  7069 ts_tablet_manager.cc:1434] T 1708c5a51b2c463baaf2fd25e4bcfaa7 P ad46ea01cd1248a58584372e933216a1: Time spent starting tablet: real 0.008s	user 0.006s	sys 0.000s
I20260630 12:32:08.383806  7069 tablet_bootstrap.cc:492] T 54dceb9547944264b581be1f7de25e1e P ad46ea01cd1248a58584372e933216a1: Bootstrap starting.
I20260630 12:32:08.386600  7023 raft_consensus.cc:2468] T 73f4bfda35f6462d8dbae59fc55ced98 P 250a3e0c80dd4d6b9bcb1e1ea3c2e2a0 [term 1 FOLLOWER]: Leader election vote request: Granting yes vote for candidate ad46ea01cd1248a58584372e933216a1 in term 1.
I20260630 12:32:08.388038  7068 tablet_bootstrap.cc:654] T b4a109c10d354a3b89fe908d162fce8e P c64657a268ba445c964cc57b1b296395: Neither blocks nor log segments found. Creating new log.
I20260630 12:32:08.388074  6915 leader_election.cc:304] T 73f4bfda35f6462d8dbae59fc55ced98 P ad46ea01cd1248a58584372e933216a1 [CANDIDATE]: Term 1 election: Election decided. Result: candidate won. Election summary: received 2 responses out of 3 voters: 2 yes votes; 0 no votes. yes voters: 250a3e0c80dd4d6b9bcb1e1ea3c2e2a0, ad46ea01cd1248a58584372e933216a1; no voters: 
I20260630 12:32:08.388990  7070 tablet_bootstrap.cc:654] T 30fe01a8727d4d798d4df0a8b6052d84 P 250a3e0c80dd4d6b9bcb1e1ea3c2e2a0: Neither blocks nor log segments found. Creating new log.
I20260630 12:32:08.391381  7081 raft_consensus.cc:2804] T 73f4bfda35f6462d8dbae59fc55ced98 P ad46ea01cd1248a58584372e933216a1 [term 1 FOLLOWER]: Leader election won for term 1
I20260630 12:32:08.392261  7081 raft_consensus.cc:697] T 73f4bfda35f6462d8dbae59fc55ced98 P ad46ea01cd1248a58584372e933216a1 [term 1 LEADER]: Becoming Leader. State: Replica: ad46ea01cd1248a58584372e933216a1, State: Running, Role: LEADER
I20260630 12:32:08.393319  6874 raft_consensus.cc:2468] T 73f4bfda35f6462d8dbae59fc55ced98 P c64657a268ba445c964cc57b1b296395 [term 1 FOLLOWER]: Leader election vote request: Granting yes vote for candidate ad46ea01cd1248a58584372e933216a1 in term 1.
I20260630 12:32:08.393338  7081 consensus_queue.cc:237] T 73f4bfda35f6462d8dbae59fc55ced98 P ad46ea01cd1248a58584372e933216a1 [LEADER]: Queue going to LEADER mode. State: All replicated index: 0, Majority replicated index: 0, Committed index: 0, Last appended: 0.0, Last appended by leader: 0, Current term: 1, Majority size: 2, State: 0, Mode: LEADER, active raft config: opid_index: -1 OBSOLETE_local: false peers { permanent_uuid: "c64657a268ba445c964cc57b1b296395" member_type: VOTER last_known_addr { host: "127.6.14.129" port: 33225 } } peers { permanent_uuid: "ad46ea01cd1248a58584372e933216a1" member_type: VOTER last_known_addr { host: "127.6.14.130" port: 43485 } } peers { permanent_uuid: "250a3e0c80dd4d6b9bcb1e1ea3c2e2a0" member_type: VOTER last_known_addr { host: "127.6.14.131" port: 34197 } }
I20260630 12:32:08.398965  7069 tablet_bootstrap.cc:654] T 54dceb9547944264b581be1f7de25e1e P ad46ea01cd1248a58584372e933216a1: Neither blocks nor log segments found. Creating new log.
I20260630 12:32:08.406224  7070 tablet_bootstrap.cc:492] T 30fe01a8727d4d798d4df0a8b6052d84 P 250a3e0c80dd4d6b9bcb1e1ea3c2e2a0: No bootstrap required, opened a new log
I20260630 12:32:08.406776  7070 ts_tablet_manager.cc:1403] T 30fe01a8727d4d798d4df0a8b6052d84 P 250a3e0c80dd4d6b9bcb1e1ea3c2e2a0: Time spent bootstrapping tablet: real 0.025s	user 0.008s	sys 0.004s
W20260630 12:32:08.407843  6820 auto_rebalancer.cc:298] Could not retrieve cluster info: Service unavailable: Tablet not running
I20260630 12:32:08.411062  7069 tablet_bootstrap.cc:492] T 54dceb9547944264b581be1f7de25e1e P ad46ea01cd1248a58584372e933216a1: No bootstrap required, opened a new log
I20260630 12:32:08.411492  7069 ts_tablet_manager.cc:1403] T 54dceb9547944264b581be1f7de25e1e P ad46ea01cd1248a58584372e933216a1: Time spent bootstrapping tablet: real 0.028s	user 0.009s	sys 0.004s
I20260630 12:32:08.411626  7070 raft_consensus.cc:359] T 30fe01a8727d4d798d4df0a8b6052d84 P 250a3e0c80dd4d6b9bcb1e1ea3c2e2a0 [term 0 FOLLOWER]: Replica starting. Triggering 0 pending ops. Active config: opid_index: -1 OBSOLETE_local: false peers { permanent_uuid: "c64657a268ba445c964cc57b1b296395" member_type: VOTER last_known_addr { host: "127.6.14.129" port: 33225 } } peers { permanent_uuid: "ad46ea01cd1248a58584372e933216a1" member_type: VOTER last_known_addr { host: "127.6.14.130" port: 43485 } } peers { permanent_uuid: "250a3e0c80dd4d6b9bcb1e1ea3c2e2a0" member_type: VOTER last_known_addr { host: "127.6.14.131" port: 34197 } }
I20260630 12:32:08.412379  7070 raft_consensus.cc:385] T 30fe01a8727d4d798d4df0a8b6052d84 P 250a3e0c80dd4d6b9bcb1e1ea3c2e2a0 [term 0 FOLLOWER]: Consensus starting up: Expiring failure detector timer to make a prompt election more likely
I20260630 12:32:08.412644  7070 raft_consensus.cc:740] T 30fe01a8727d4d798d4df0a8b6052d84 P 250a3e0c80dd4d6b9bcb1e1ea3c2e2a0 [term 0 FOLLOWER]: Becoming Follower/Learner. State: Replica: 250a3e0c80dd4d6b9bcb1e1ea3c2e2a0, State: Initialized, Role: FOLLOWER
I20260630 12:32:08.413616  6825 auto_leader_rebalancer.cc:141] leader rebalance for table test-workload
I20260630 12:32:08.413991  7070 consensus_queue.cc:260] T 30fe01a8727d4d798d4df0a8b6052d84 P 250a3e0c80dd4d6b9bcb1e1ea3c2e2a0 [NON_LEADER]: Queue going to NON_LEADER mode. State: All replicated index: 0, Majority replicated index: 0, Committed index: 0, Last appended: 0.0, Last appended by leader: 0, Current term: 0, Majority size: -1, State: 0, Mode: NON_LEADER, active raft config: opid_index: -1 OBSOLETE_local: false peers { permanent_uuid: "c64657a268ba445c964cc57b1b296395" member_type: VOTER last_known_addr { host: "127.6.14.129" port: 33225 } } peers { permanent_uuid: "ad46ea01cd1248a58584372e933216a1" member_type: VOTER last_known_addr { host: "127.6.14.130" port: 43485 } } peers { permanent_uuid: "250a3e0c80dd4d6b9bcb1e1ea3c2e2a0" member_type: VOTER last_known_addr { host: "127.6.14.131" port: 34197 } }
W20260630 12:32:08.414592  6825 auto_leader_rebalancer.cc:524] the master instance isn't leader: Service unavailable: Tablet not running
I20260630 12:32:08.415555  7068 tablet_bootstrap.cc:492] T b4a109c10d354a3b89fe908d162fce8e P c64657a268ba445c964cc57b1b296395: No bootstrap required, opened a new log
I20260630 12:32:08.416337  7070 ts_tablet_manager.cc:1434] T 30fe01a8727d4d798d4df0a8b6052d84 P 250a3e0c80dd4d6b9bcb1e1ea3c2e2a0: Time spent starting tablet: real 0.009s	user 0.007s	sys 0.001s
I20260630 12:32:08.417153  7068 ts_tablet_manager.cc:1403] T b4a109c10d354a3b89fe908d162fce8e P c64657a268ba445c964cc57b1b296395: Time spent bootstrapping tablet: real 0.051s	user 0.013s	sys 0.009s
I20260630 12:32:08.416389  6771 catalog_manager.cc:5697] T 73f4bfda35f6462d8dbae59fc55ced98 P ad46ea01cd1248a58584372e933216a1 reported cstate change: term changed from 0 to 1, leader changed from <none> to ad46ea01cd1248a58584372e933216a1 (127.6.14.130). New cstate: current_term: 1 leader_uuid: "ad46ea01cd1248a58584372e933216a1" committed_config { opid_index: -1 OBSOLETE_local: false peers { permanent_uuid: "c64657a268ba445c964cc57b1b296395" member_type: VOTER last_known_addr { host: "127.6.14.129" port: 33225 } health_report { overall_health: UNKNOWN } } peers { permanent_uuid: "ad46ea01cd1248a58584372e933216a1" member_type: VOTER last_known_addr { host: "127.6.14.130" port: 43485 } health_report { overall_health: HEALTHY } } peers { permanent_uuid: "250a3e0c80dd4d6b9bcb1e1ea3c2e2a0" member_type: VOTER last_known_addr { host: "127.6.14.131" port: 34197 } health_report { overall_health: UNKNOWN } } }
I20260630 12:32:08.417726  7070 tablet_bootstrap.cc:492] T e352bfcaca2148329d9c8369a9b671b8 P 250a3e0c80dd4d6b9bcb1e1ea3c2e2a0: Bootstrap starting.
I20260630 12:32:08.424301  7070 tablet_bootstrap.cc:654] T e352bfcaca2148329d9c8369a9b671b8 P 250a3e0c80dd4d6b9bcb1e1ea3c2e2a0: Neither blocks nor log segments found. Creating new log.
I20260630 12:32:08.425626  7068 raft_consensus.cc:359] T b4a109c10d354a3b89fe908d162fce8e P c64657a268ba445c964cc57b1b296395 [term 0 FOLLOWER]: Replica starting. Triggering 0 pending ops. Active config: opid_index: -1 OBSOLETE_local: false peers { permanent_uuid: "c64657a268ba445c964cc57b1b296395" member_type: VOTER last_known_addr { host: "127.6.14.129" port: 33225 } } peers { permanent_uuid: "ad46ea01cd1248a58584372e933216a1" member_type: VOTER last_known_addr { host: "127.6.14.130" port: 43485 } } peers { permanent_uuid: "250a3e0c80dd4d6b9bcb1e1ea3c2e2a0" member_type: VOTER last_known_addr { host: "127.6.14.131" port: 34197 } }
I20260630 12:32:08.426370  7068 raft_consensus.cc:385] T b4a109c10d354a3b89fe908d162fce8e P c64657a268ba445c964cc57b1b296395 [term 0 FOLLOWER]: Consensus starting up: Expiring failure detector timer to make a prompt election more likely
I20260630 12:32:08.426685  7068 raft_consensus.cc:740] T b4a109c10d354a3b89fe908d162fce8e P c64657a268ba445c964cc57b1b296395 [term 0 FOLLOWER]: Becoming Follower/Learner. State: Replica: c64657a268ba445c964cc57b1b296395, State: Initialized, Role: FOLLOWER
I20260630 12:32:08.427603  7068 consensus_queue.cc:260] T b4a109c10d354a3b89fe908d162fce8e P c64657a268ba445c964cc57b1b296395 [NON_LEADER]: Queue going to NON_LEADER mode. State: All replicated index: 0, Majority replicated index: 0, Committed index: 0, Last appended: 0.0, Last appended by leader: 0, Current term: 0, Majority size: -1, State: 0, Mode: NON_LEADER, active raft config: opid_index: -1 OBSOLETE_local: false peers { permanent_uuid: "c64657a268ba445c964cc57b1b296395" member_type: VOTER last_known_addr { host: "127.6.14.129" port: 33225 } } peers { permanent_uuid: "ad46ea01cd1248a58584372e933216a1" member_type: VOTER last_known_addr { host: "127.6.14.130" port: 43485 } } peers { permanent_uuid: "250a3e0c80dd4d6b9bcb1e1ea3c2e2a0" member_type: VOTER last_known_addr { host: "127.6.14.131" port: 34197 } }
I20260630 12:32:08.431869  7070 tablet_bootstrap.cc:492] T e352bfcaca2148329d9c8369a9b671b8 P 250a3e0c80dd4d6b9bcb1e1ea3c2e2a0: No bootstrap required, opened a new log
I20260630 12:32:08.431959  7068 ts_tablet_manager.cc:1434] T b4a109c10d354a3b89fe908d162fce8e P c64657a268ba445c964cc57b1b296395: Time spent starting tablet: real 0.014s	user 0.005s	sys 0.000s
I20260630 12:32:08.432597  7070 ts_tablet_manager.cc:1403] T e352bfcaca2148329d9c8369a9b671b8 P 250a3e0c80dd4d6b9bcb1e1ea3c2e2a0: Time spent bootstrapping tablet: real 0.015s	user 0.014s	sys 0.000s
I20260630 12:32:08.433143  7068 tablet_bootstrap.cc:492] T 6fa154f11d1543f886e9ba00fd585ee5 P c64657a268ba445c964cc57b1b296395: Bootstrap starting.
I20260630 12:32:08.432797  7069 raft_consensus.cc:359] T 54dceb9547944264b581be1f7de25e1e P ad46ea01cd1248a58584372e933216a1 [term 0 FOLLOWER]: Replica starting. Triggering 0 pending ops. Active config: opid_index: -1 OBSOLETE_local: false peers { permanent_uuid: "c64657a268ba445c964cc57b1b296395" member_type: VOTER last_known_addr { host: "127.6.14.129" port: 33225 } } peers { permanent_uuid: "ad46ea01cd1248a58584372e933216a1" member_type: VOTER last_known_addr { host: "127.6.14.130" port: 43485 } } peers { permanent_uuid: "250a3e0c80dd4d6b9bcb1e1ea3c2e2a0" member_type: VOTER last_known_addr { host: "127.6.14.131" port: 34197 } }
I20260630 12:32:08.433569  7069 raft_consensus.cc:385] T 54dceb9547944264b581be1f7de25e1e P ad46ea01cd1248a58584372e933216a1 [term 0 FOLLOWER]: Consensus starting up: Expiring failure detector timer to make a prompt election more likely
I20260630 12:32:08.433897  7069 raft_consensus.cc:740] T 54dceb9547944264b581be1f7de25e1e P ad46ea01cd1248a58584372e933216a1 [term 0 FOLLOWER]: Becoming Follower/Learner. State: Replica: ad46ea01cd1248a58584372e933216a1, State: Initialized, Role: FOLLOWER
I20260630 12:32:08.434752  7069 consensus_queue.cc:260] T 54dceb9547944264b581be1f7de25e1e P ad46ea01cd1248a58584372e933216a1 [NON_LEADER]: Queue going to NON_LEADER mode. State: All replicated index: 0, Majority replicated index: 0, Committed index: 0, Last appended: 0.0, Last appended by leader: 0, Current term: 0, Majority size: -1, State: 0, Mode: NON_LEADER, active raft config: opid_index: -1 OBSOLETE_local: false peers { permanent_uuid: "c64657a268ba445c964cc57b1b296395" member_type: VOTER last_known_addr { host: "127.6.14.129" port: 33225 } } peers { permanent_uuid: "ad46ea01cd1248a58584372e933216a1" member_type: VOTER last_known_addr { host: "127.6.14.130" port: 43485 } } peers { permanent_uuid: "250a3e0c80dd4d6b9bcb1e1ea3c2e2a0" member_type: VOTER last_known_addr { host: "127.6.14.131" port: 34197 } }
I20260630 12:32:08.435578  7070 raft_consensus.cc:359] T e352bfcaca2148329d9c8369a9b671b8 P 250a3e0c80dd4d6b9bcb1e1ea3c2e2a0 [term 0 FOLLOWER]: Replica starting. Triggering 0 pending ops. Active config: opid_index: -1 OBSOLETE_local: false peers { permanent_uuid: "ad46ea01cd1248a58584372e933216a1" member_type: VOTER last_known_addr { host: "127.6.14.130" port: 43485 } } peers { permanent_uuid: "c64657a268ba445c964cc57b1b296395" member_type: VOTER last_known_addr { host: "127.6.14.129" port: 33225 } } peers { permanent_uuid: "250a3e0c80dd4d6b9bcb1e1ea3c2e2a0" member_type: VOTER last_known_addr { host: "127.6.14.131" port: 34197 } }
I20260630 12:32:08.436357  7070 raft_consensus.cc:385] T e352bfcaca2148329d9c8369a9b671b8 P 250a3e0c80dd4d6b9bcb1e1ea3c2e2a0 [term 0 FOLLOWER]: Consensus starting up: Expiring failure detector timer to make a prompt election more likely
I20260630 12:32:08.436689  7070 raft_consensus.cc:740] T e352bfcaca2148329d9c8369a9b671b8 P 250a3e0c80dd4d6b9bcb1e1ea3c2e2a0 [term 0 FOLLOWER]: Becoming Follower/Learner. State: Replica: 250a3e0c80dd4d6b9bcb1e1ea3c2e2a0, State: Initialized, Role: FOLLOWER
I20260630 12:32:08.437410  7069 ts_tablet_manager.cc:1434] T 54dceb9547944264b581be1f7de25e1e P ad46ea01cd1248a58584372e933216a1: Time spent starting tablet: real 0.026s	user 0.004s	sys 0.004s
I20260630 12:32:08.437474  7070 consensus_queue.cc:260] T e352bfcaca2148329d9c8369a9b671b8 P 250a3e0c80dd4d6b9bcb1e1ea3c2e2a0 [NON_LEADER]: Queue going to NON_LEADER mode. State: All replicated index: 0, Majority replicated index: 0, Committed index: 0, Last appended: 0.0, Last appended by leader: 0, Current term: 0, Majority size: -1, State: 0, Mode: NON_LEADER, active raft config: opid_index: -1 OBSOLETE_local: false peers { permanent_uuid: "ad46ea01cd1248a58584372e933216a1" member_type: VOTER last_known_addr { host: "127.6.14.130" port: 43485 } } peers { permanent_uuid: "c64657a268ba445c964cc57b1b296395" member_type: VOTER last_known_addr { host: "127.6.14.129" port: 33225 } } peers { permanent_uuid: "250a3e0c80dd4d6b9bcb1e1ea3c2e2a0" member_type: VOTER last_known_addr { host: "127.6.14.131" port: 34197 } }
I20260630 12:32:08.439725  7070 ts_tablet_manager.cc:1434] T e352bfcaca2148329d9c8369a9b671b8 P 250a3e0c80dd4d6b9bcb1e1ea3c2e2a0: Time spent starting tablet: real 0.007s	user 0.005s	sys 0.000s
I20260630 12:32:08.441252  7069 tablet_bootstrap.cc:492] T 30fe01a8727d4d798d4df0a8b6052d84 P ad46ea01cd1248a58584372e933216a1: Bootstrap starting.
I20260630 12:32:08.446029  7073 raft_consensus.cc:493] T e352bfcaca2148329d9c8369a9b671b8 P c64657a268ba445c964cc57b1b296395 [term 0 FOLLOWER]: Starting pre-election (no leader contacted us within the election timeout)
I20260630 12:32:08.446794  7068 tablet_bootstrap.cc:654] T 6fa154f11d1543f886e9ba00fd585ee5 P c64657a268ba445c964cc57b1b296395: Neither blocks nor log segments found. Creating new log.
I20260630 12:32:08.446578  7073 raft_consensus.cc:515] T e352bfcaca2148329d9c8369a9b671b8 P c64657a268ba445c964cc57b1b296395 [term 0 FOLLOWER]: Starting pre-election with config: opid_index: -1 OBSOLETE_local: false peers { permanent_uuid: "ad46ea01cd1248a58584372e933216a1" member_type: VOTER last_known_addr { host: "127.6.14.130" port: 43485 } } peers { permanent_uuid: "c64657a268ba445c964cc57b1b296395" member_type: VOTER last_known_addr { host: "127.6.14.129" port: 33225 } } peers { permanent_uuid: "250a3e0c80dd4d6b9bcb1e1ea3c2e2a0" member_type: VOTER last_known_addr { host: "127.6.14.131" port: 34197 } }
I20260630 12:32:08.448218  7069 tablet_bootstrap.cc:654] T 30fe01a8727d4d798d4df0a8b6052d84 P ad46ea01cd1248a58584372e933216a1: Neither blocks nor log segments found. Creating new log.
I20260630 12:32:08.448850  7073 leader_election.cc:290] T e352bfcaca2148329d9c8369a9b671b8 P c64657a268ba445c964cc57b1b296395 [CANDIDATE]: Term 1 pre-election: Requested pre-vote from peers ad46ea01cd1248a58584372e933216a1 (127.6.14.130:43485), 250a3e0c80dd4d6b9bcb1e1ea3c2e2a0 (127.6.14.131:34197)
I20260630 12:32:08.450012  7023 tablet_service.cc:1917] Received RequestConsensusVote() RPC: tablet_id: "e352bfcaca2148329d9c8369a9b671b8" candidate_uuid: "c64657a268ba445c964cc57b1b296395" candidate_term: 1 candidate_status { last_received { term: 0 index: 0 } } ignore_live_leader: false dest_uuid: "250a3e0c80dd4d6b9bcb1e1ea3c2e2a0" is_pre_election: true
I20260630 12:32:08.450450  6949 tablet_service.cc:1917] Received RequestConsensusVote() RPC: tablet_id: "e352bfcaca2148329d9c8369a9b671b8" candidate_uuid: "c64657a268ba445c964cc57b1b296395" candidate_term: 1 candidate_status { last_received { term: 0 index: 0 } } ignore_live_leader: false dest_uuid: "ad46ea01cd1248a58584372e933216a1" is_pre_election: true
I20260630 12:32:08.450673  7023 raft_consensus.cc:2468] T e352bfcaca2148329d9c8369a9b671b8 P 250a3e0c80dd4d6b9bcb1e1ea3c2e2a0 [term 0 FOLLOWER]: Leader pre-election vote request: Granting yes vote for candidate c64657a268ba445c964cc57b1b296395 in term 0.
I20260630 12:32:08.451122  6949 raft_consensus.cc:2468] T e352bfcaca2148329d9c8369a9b671b8 P ad46ea01cd1248a58584372e933216a1 [term 0 FOLLOWER]: Leader pre-election vote request: Granting yes vote for candidate c64657a268ba445c964cc57b1b296395 in term 0.
I20260630 12:32:08.452013  6840 leader_election.cc:304] T e352bfcaca2148329d9c8369a9b671b8 P c64657a268ba445c964cc57b1b296395 [CANDIDATE]: Term 1 pre-election: Election decided. Result: candidate won. Election summary: received 2 responses out of 3 voters: 2 yes votes; 0 no votes. yes voters: 250a3e0c80dd4d6b9bcb1e1ea3c2e2a0, c64657a268ba445c964cc57b1b296395; no voters: 
I20260630 12:32:08.452768  7073 raft_consensus.cc:2804] T e352bfcaca2148329d9c8369a9b671b8 P c64657a268ba445c964cc57b1b296395 [term 0 FOLLOWER]: Leader pre-election won for term 1
I20260630 12:32:08.453176  7073 raft_consensus.cc:493] T e352bfcaca2148329d9c8369a9b671b8 P c64657a268ba445c964cc57b1b296395 [term 0 FOLLOWER]: Starting leader election (no leader contacted us within the election timeout)
I20260630 12:32:08.453574  7073 raft_consensus.cc:3060] T e352bfcaca2148329d9c8369a9b671b8 P c64657a268ba445c964cc57b1b296395 [term 0 FOLLOWER]: Advancing to term 1
I20260630 12:32:08.457080  7068 tablet_bootstrap.cc:492] T 6fa154f11d1543f886e9ba00fd585ee5 P c64657a268ba445c964cc57b1b296395: No bootstrap required, opened a new log
I20260630 12:32:08.457540  7068 ts_tablet_manager.cc:1403] T 6fa154f11d1543f886e9ba00fd585ee5 P c64657a268ba445c964cc57b1b296395: Time spent bootstrapping tablet: real 0.025s	user 0.006s	sys 0.005s
I20260630 12:32:08.458114  7069 tablet_bootstrap.cc:492] T 30fe01a8727d4d798d4df0a8b6052d84 P ad46ea01cd1248a58584372e933216a1: No bootstrap required, opened a new log
I20260630 12:32:08.458493  7069 ts_tablet_manager.cc:1403] T 30fe01a8727d4d798d4df0a8b6052d84 P ad46ea01cd1248a58584372e933216a1: Time spent bootstrapping tablet: real 0.017s	user 0.008s	sys 0.003s
I20260630 12:32:08.459900  7073 raft_consensus.cc:515] T e352bfcaca2148329d9c8369a9b671b8 P c64657a268ba445c964cc57b1b296395 [term 1 FOLLOWER]: Starting leader election with config: opid_index: -1 OBSOLETE_local: false peers { permanent_uuid: "ad46ea01cd1248a58584372e933216a1" member_type: VOTER last_known_addr { host: "127.6.14.130" port: 43485 } } peers { permanent_uuid: "c64657a268ba445c964cc57b1b296395" member_type: VOTER last_known_addr { host: "127.6.14.129" port: 33225 } } peers { permanent_uuid: "250a3e0c80dd4d6b9bcb1e1ea3c2e2a0" member_type: VOTER last_known_addr { host: "127.6.14.131" port: 34197 } }
I20260630 12:32:08.460091  7068 raft_consensus.cc:359] T 6fa154f11d1543f886e9ba00fd585ee5 P c64657a268ba445c964cc57b1b296395 [term 0 FOLLOWER]: Replica starting. Triggering 0 pending ops. Active config: opid_index: -1 OBSOLETE_local: false peers { permanent_uuid: "c64657a268ba445c964cc57b1b296395" member_type: VOTER last_known_addr { host: "127.6.14.129" port: 33225 } } peers { permanent_uuid: "ad46ea01cd1248a58584372e933216a1" member_type: VOTER last_known_addr { host: "127.6.14.130" port: 43485 } } peers { permanent_uuid: "250a3e0c80dd4d6b9bcb1e1ea3c2e2a0" member_type: VOTER last_known_addr { host: "127.6.14.131" port: 34197 } }
I20260630 12:32:08.460736  7068 raft_consensus.cc:385] T 6fa154f11d1543f886e9ba00fd585ee5 P c64657a268ba445c964cc57b1b296395 [term 0 FOLLOWER]: Consensus starting up: Expiring failure detector timer to make a prompt election more likely
I20260630 12:32:08.460563  7069 raft_consensus.cc:359] T 30fe01a8727d4d798d4df0a8b6052d84 P ad46ea01cd1248a58584372e933216a1 [term 0 FOLLOWER]: Replica starting. Triggering 0 pending ops. Active config: opid_index: -1 OBSOLETE_local: false peers { permanent_uuid: "c64657a268ba445c964cc57b1b296395" member_type: VOTER last_known_addr { host: "127.6.14.129" port: 33225 } } peers { permanent_uuid: "ad46ea01cd1248a58584372e933216a1" member_type: VOTER last_known_addr { host: "127.6.14.130" port: 43485 } } peers { permanent_uuid: "250a3e0c80dd4d6b9bcb1e1ea3c2e2a0" member_type: VOTER last_known_addr { host: "127.6.14.131" port: 34197 } }
I20260630 12:32:08.461053  7068 raft_consensus.cc:740] T 6fa154f11d1543f886e9ba00fd585ee5 P c64657a268ba445c964cc57b1b296395 [term 0 FOLLOWER]: Becoming Follower/Learner. State: Replica: c64657a268ba445c964cc57b1b296395, State: Initialized, Role: FOLLOWER
I20260630 12:32:08.461212  7069 raft_consensus.cc:385] T 30fe01a8727d4d798d4df0a8b6052d84 P ad46ea01cd1248a58584372e933216a1 [term 0 FOLLOWER]: Consensus starting up: Expiring failure detector timer to make a prompt election more likely
I20260630 12:32:08.461516  7069 raft_consensus.cc:740] T 30fe01a8727d4d798d4df0a8b6052d84 P ad46ea01cd1248a58584372e933216a1 [term 0 FOLLOWER]: Becoming Follower/Learner. State: Replica: ad46ea01cd1248a58584372e933216a1, State: Initialized, Role: FOLLOWER
I20260630 12:32:08.462069  7073 leader_election.cc:290] T e352bfcaca2148329d9c8369a9b671b8 P c64657a268ba445c964cc57b1b296395 [CANDIDATE]: Term 1 election: Requested vote from peers ad46ea01cd1248a58584372e933216a1 (127.6.14.130:43485), 250a3e0c80dd4d6b9bcb1e1ea3c2e2a0 (127.6.14.131:34197)
I20260630 12:32:08.462801  6949 tablet_service.cc:1917] Received RequestConsensusVote() RPC: tablet_id: "e352bfcaca2148329d9c8369a9b671b8" candidate_uuid: "c64657a268ba445c964cc57b1b296395" candidate_term: 1 candidate_status { last_received { term: 0 index: 0 } } ignore_live_leader: false dest_uuid: "ad46ea01cd1248a58584372e933216a1"
I20260630 12:32:08.461894  7068 consensus_queue.cc:260] T 6fa154f11d1543f886e9ba00fd585ee5 P c64657a268ba445c964cc57b1b296395 [NON_LEADER]: Queue going to NON_LEADER mode. State: All replicated index: 0, Majority replicated index: 0, Committed index: 0, Last appended: 0.0, Last appended by leader: 0, Current term: 0, Majority size: -1, State: 0, Mode: NON_LEADER, active raft config: opid_index: -1 OBSOLETE_local: false peers { permanent_uuid: "c64657a268ba445c964cc57b1b296395" member_type: VOTER last_known_addr { host: "127.6.14.129" port: 33225 } } peers { permanent_uuid: "ad46ea01cd1248a58584372e933216a1" member_type: VOTER last_known_addr { host: "127.6.14.130" port: 43485 } } peers { permanent_uuid: "250a3e0c80dd4d6b9bcb1e1ea3c2e2a0" member_type: VOTER last_known_addr { host: "127.6.14.131" port: 34197 } }
I20260630 12:32:08.463104  7023 tablet_service.cc:1917] Received RequestConsensusVote() RPC: tablet_id: "e352bfcaca2148329d9c8369a9b671b8" candidate_uuid: "c64657a268ba445c964cc57b1b296395" candidate_term: 1 candidate_status { last_received { term: 0 index: 0 } } ignore_live_leader: false dest_uuid: "250a3e0c80dd4d6b9bcb1e1ea3c2e2a0"
I20260630 12:32:08.462724  7069 consensus_queue.cc:260] T 30fe01a8727d4d798d4df0a8b6052d84 P ad46ea01cd1248a58584372e933216a1 [NON_LEADER]: Queue going to NON_LEADER mode. State: All replicated index: 0, Majority replicated index: 0, Committed index: 0, Last appended: 0.0, Last appended by leader: 0, Current term: 0, Majority size: -1, State: 0, Mode: NON_LEADER, active raft config: opid_index: -1 OBSOLETE_local: false peers { permanent_uuid: "c64657a268ba445c964cc57b1b296395" member_type: VOTER last_known_addr { host: "127.6.14.129" port: 33225 } } peers { permanent_uuid: "ad46ea01cd1248a58584372e933216a1" member_type: VOTER last_known_addr { host: "127.6.14.130" port: 43485 } } peers { permanent_uuid: "250a3e0c80dd4d6b9bcb1e1ea3c2e2a0" member_type: VOTER last_known_addr { host: "127.6.14.131" port: 34197 } }
I20260630 12:32:08.463471  6949 raft_consensus.cc:3060] T e352bfcaca2148329d9c8369a9b671b8 P ad46ea01cd1248a58584372e933216a1 [term 0 FOLLOWER]: Advancing to term 1
I20260630 12:32:08.463651  7023 raft_consensus.cc:3060] T e352bfcaca2148329d9c8369a9b671b8 P 250a3e0c80dd4d6b9bcb1e1ea3c2e2a0 [term 0 FOLLOWER]: Advancing to term 1
I20260630 12:32:08.464767  7068 ts_tablet_manager.cc:1434] T 6fa154f11d1543f886e9ba00fd585ee5 P c64657a268ba445c964cc57b1b296395: Time spent starting tablet: real 0.007s	user 0.007s	sys 0.000s
I20260630 12:32:08.466922  7081 raft_consensus.cc:493] T 1708c5a51b2c463baaf2fd25e4bcfaa7 P ad46ea01cd1248a58584372e933216a1 [term 0 FOLLOWER]: Starting pre-election (no leader contacted us within the election timeout)
I20260630 12:32:08.467362  7081 raft_consensus.cc:515] T 1708c5a51b2c463baaf2fd25e4bcfaa7 P ad46ea01cd1248a58584372e933216a1 [term 0 FOLLOWER]: Starting pre-election with config: opid_index: -1 OBSOLETE_local: false peers { permanent_uuid: "c64657a268ba445c964cc57b1b296395" member_type: VOTER last_known_addr { host: "127.6.14.129" port: 33225 } } peers { permanent_uuid: "ad46ea01cd1248a58584372e933216a1" member_type: VOTER last_known_addr { host: "127.6.14.130" port: 43485 } } peers { permanent_uuid: "250a3e0c80dd4d6b9bcb1e1ea3c2e2a0" member_type: VOTER last_known_addr { host: "127.6.14.131" port: 34197 } }
I20260630 12:32:08.469004  7023 raft_consensus.cc:2468] T e352bfcaca2148329d9c8369a9b671b8 P 250a3e0c80dd4d6b9bcb1e1ea3c2e2a0 [term 1 FOLLOWER]: Leader election vote request: Granting yes vote for candidate c64657a268ba445c964cc57b1b296395 in term 1.
I20260630 12:32:08.469349  7081 leader_election.cc:290] T 1708c5a51b2c463baaf2fd25e4bcfaa7 P ad46ea01cd1248a58584372e933216a1 [CANDIDATE]: Term 1 pre-election: Requested pre-vote from peers c64657a268ba445c964cc57b1b296395 (127.6.14.129:33225), 250a3e0c80dd4d6b9bcb1e1ea3c2e2a0 (127.6.14.131:34197)
I20260630 12:32:08.470367  6874 tablet_service.cc:1917] Received RequestConsensusVote() RPC: tablet_id: "1708c5a51b2c463baaf2fd25e4bcfaa7" candidate_uuid: "ad46ea01cd1248a58584372e933216a1" candidate_term: 1 candidate_status { last_received { term: 0 index: 0 } } ignore_live_leader: false dest_uuid: "c64657a268ba445c964cc57b1b296395" is_pre_election: true
I20260630 12:32:08.471009  6874 raft_consensus.cc:2468] T 1708c5a51b2c463baaf2fd25e4bcfaa7 P c64657a268ba445c964cc57b1b296395 [term 0 FOLLOWER]: Leader pre-election vote request: Granting yes vote for candidate ad46ea01cd1248a58584372e933216a1 in term 0.
I20260630 12:32:08.471094  6840 leader_election.cc:304] T e352bfcaca2148329d9c8369a9b671b8 P c64657a268ba445c964cc57b1b296395 [CANDIDATE]: Term 1 election: Election decided. Result: candidate won. Election summary: received 2 responses out of 3 voters: 2 yes votes; 0 no votes. yes voters: 250a3e0c80dd4d6b9bcb1e1ea3c2e2a0, c64657a268ba445c964cc57b1b296395; no voters: 
I20260630 12:32:08.471913  7073 raft_consensus.cc:493] T 30fe01a8727d4d798d4df0a8b6052d84 P c64657a268ba445c964cc57b1b296395 [term 0 FOLLOWER]: Starting pre-election (no leader contacted us within the election timeout)
I20260630 12:32:08.472280  6915 leader_election.cc:304] T 1708c5a51b2c463baaf2fd25e4bcfaa7 P ad46ea01cd1248a58584372e933216a1 [CANDIDATE]: Term 1 pre-election: Election decided. Result: candidate won. Election summary: received 2 responses out of 3 voters: 2 yes votes; 0 no votes. yes voters: ad46ea01cd1248a58584372e933216a1, c64657a268ba445c964cc57b1b296395; no voters: 
I20260630 12:32:08.472020  7023 tablet_service.cc:1917] Received RequestConsensusVote() RPC: tablet_id: "1708c5a51b2c463baaf2fd25e4bcfaa7" candidate_uuid: "ad46ea01cd1248a58584372e933216a1" candidate_term: 1 candidate_status { last_received { term: 0 index: 0 } } ignore_live_leader: false dest_uuid: "250a3e0c80dd4d6b9bcb1e1ea3c2e2a0" is_pre_election: true
I20260630 12:32:08.472911  7073 raft_consensus.cc:515] T 30fe01a8727d4d798d4df0a8b6052d84 P c64657a268ba445c964cc57b1b296395 [term 0 FOLLOWER]: Starting pre-election with config: opid_index: -1 OBSOLETE_local: false peers { permanent_uuid: "c64657a268ba445c964cc57b1b296395" member_type: VOTER last_known_addr { host: "127.6.14.129" port: 33225 } } peers { permanent_uuid: "ad46ea01cd1248a58584372e933216a1" member_type: VOTER last_known_addr { host: "127.6.14.130" port: 43485 } } peers { permanent_uuid: "250a3e0c80dd4d6b9bcb1e1ea3c2e2a0" member_type: VOTER last_known_addr { host: "127.6.14.131" port: 34197 } }
I20260630 12:32:08.473425  7023 raft_consensus.cc:2468] T 1708c5a51b2c463baaf2fd25e4bcfaa7 P 250a3e0c80dd4d6b9bcb1e1ea3c2e2a0 [term 0 FOLLOWER]: Leader pre-election vote request: Granting yes vote for candidate ad46ea01cd1248a58584372e933216a1 in term 0.
I20260630 12:32:08.473534  7081 raft_consensus.cc:2804] T 1708c5a51b2c463baaf2fd25e4bcfaa7 P ad46ea01cd1248a58584372e933216a1 [term 0 FOLLOWER]: Leader pre-election won for term 1
I20260630 12:32:08.473753  7072 raft_consensus.cc:2804] T e352bfcaca2148329d9c8369a9b671b8 P c64657a268ba445c964cc57b1b296395 [term 1 FOLLOWER]: Leader election won for term 1
I20260630 12:32:08.474507  7081 raft_consensus.cc:493] T 1708c5a51b2c463baaf2fd25e4bcfaa7 P ad46ea01cd1248a58584372e933216a1 [term 0 FOLLOWER]: Starting leader election (no leader contacted us within the election timeout)
I20260630 12:32:08.474880  7081 raft_consensus.cc:3060] T 1708c5a51b2c463baaf2fd25e4bcfaa7 P ad46ea01cd1248a58584372e933216a1 [term 0 FOLLOWER]: Advancing to term 1
I20260630 12:32:08.475843  6948 tablet_service.cc:1917] Received RequestConsensusVote() RPC: tablet_id: "30fe01a8727d4d798d4df0a8b6052d84" candidate_uuid: "c64657a268ba445c964cc57b1b296395" candidate_term: 1 candidate_status { last_received { term: 0 index: 0 } } ignore_live_leader: false dest_uuid: "ad46ea01cd1248a58584372e933216a1" is_pre_election: true
I20260630 12:32:08.476266  7073 leader_election.cc:290] T 30fe01a8727d4d798d4df0a8b6052d84 P c64657a268ba445c964cc57b1b296395 [CANDIDATE]: Term 1 pre-election: Requested pre-vote from peers ad46ea01cd1248a58584372e933216a1 (127.6.14.130:43485), 250a3e0c80dd4d6b9bcb1e1ea3c2e2a0 (127.6.14.131:34197)
I20260630 12:32:08.476553  6948 raft_consensus.cc:2468] T 30fe01a8727d4d798d4df0a8b6052d84 P ad46ea01cd1248a58584372e933216a1 [term 0 FOLLOWER]: Leader pre-election vote request: Granting yes vote for candidate c64657a268ba445c964cc57b1b296395 in term 0.
I20260630 12:32:08.477810  6837 leader_election.cc:304] T 30fe01a8727d4d798d4df0a8b6052d84 P c64657a268ba445c964cc57b1b296395 [CANDIDATE]: Term 1 pre-election: Election decided. Result: candidate won. Election summary: received 2 responses out of 3 voters: 2 yes votes; 0 no votes. yes voters: ad46ea01cd1248a58584372e933216a1, c64657a268ba445c964cc57b1b296395; no voters: 
I20260630 12:32:08.478607  7073 raft_consensus.cc:2804] T 30fe01a8727d4d798d4df0a8b6052d84 P c64657a268ba445c964cc57b1b296395 [term 0 FOLLOWER]: Leader pre-election won for term 1
I20260630 12:32:08.478960  7073 raft_consensus.cc:493] T 30fe01a8727d4d798d4df0a8b6052d84 P c64657a268ba445c964cc57b1b296395 [term 0 FOLLOWER]: Starting leader election (no leader contacted us within the election timeout)
I20260630 12:32:08.479175  7078 raft_consensus.cc:493] T 30fe01a8727d4d798d4df0a8b6052d84 P 250a3e0c80dd4d6b9bcb1e1ea3c2e2a0 [term 0 FOLLOWER]: Starting pre-election (no leader contacted us within the election timeout)
I20260630 12:32:08.479301  7073 raft_consensus.cc:3060] T 30fe01a8727d4d798d4df0a8b6052d84 P c64657a268ba445c964cc57b1b296395 [term 0 FOLLOWER]: Advancing to term 1
I20260630 12:32:08.479781  7078 raft_consensus.cc:515] T 30fe01a8727d4d798d4df0a8b6052d84 P 250a3e0c80dd4d6b9bcb1e1ea3c2e2a0 [term 0 FOLLOWER]: Starting pre-election with config: opid_index: -1 OBSOLETE_local: false peers { permanent_uuid: "c64657a268ba445c964cc57b1b296395" member_type: VOTER last_known_addr { host: "127.6.14.129" port: 33225 } } peers { permanent_uuid: "ad46ea01cd1248a58584372e933216a1" member_type: VOTER last_known_addr { host: "127.6.14.130" port: 43485 } } peers { permanent_uuid: "250a3e0c80dd4d6b9bcb1e1ea3c2e2a0" member_type: VOTER last_known_addr { host: "127.6.14.131" port: 34197 } }
