I20260630 12:33:21.971952 11602 tablet_service.cc:1917] Received RequestConsensusVote() RPC: tablet_id: "eeba8bdd1077404b88dd6b5cb0987f34" candidate_uuid: "e17a0accb4414a3ea4382475605b652f" candidate_term: 1 candidate_status { last_received { term: 0 index: 0 } } ignore_live_leader: false dest_uuid: "2556125099f648b7b7ec75136fef445b"
I20260630 12:33:21.972262 11604 raft_consensus.cc:3060] T eeba8bdd1077404b88dd6b5cb0987f34 P 2556125099f648b7b7ec75136fef445b [term 0 FOLLOWER]: Advancing to term 1
I20260630 12:33:21.978950 11677 tablet_service.cc:1917] Received RequestConsensusVote() RPC: tablet_id: "eeba8bdd1077404b88dd6b5cb0987f34" candidate_uuid: "9707ea05114b41008fc4e02521a5101f" candidate_term: 1 candidate_status { last_received { term: 0 index: 0 } } ignore_live_leader: false dest_uuid: "e17a0accb4414a3ea4382475605b652f"
I20260630 12:33:21.983152 11677 raft_consensus.cc:2393] T eeba8bdd1077404b88dd6b5cb0987f34 P e17a0accb4414a3ea4382475605b652f [term 1 FOLLOWER]: Leader election vote request: Denying vote to candidate 9707ea05114b41008fc4e02521a5101f in current term 1: Already voted for candidate e17a0accb4414a3ea4382475605b652f in this term.
I20260630 12:33:21.985284 11604 raft_consensus.cc:2468] T eeba8bdd1077404b88dd6b5cb0987f34 P 2556125099f648b7b7ec75136fef445b [term 1 FOLLOWER]: Leader election vote request: Granting yes vote for candidate 9707ea05114b41008fc4e02521a5101f in term 1.
I20260630 12:33:21.986611 11642 leader_election.cc:304] T eeba8bdd1077404b88dd6b5cb0987f34 P e17a0accb4414a3ea4382475605b652f [CANDIDATE]: Term 1 election: Election decided. Result: candidate lost. Election summary: received 3 responses out of 3 voters: 1 yes votes; 2 no votes. yes voters: e17a0accb4414a3ea4382475605b652f; no voters: 2556125099f648b7b7ec75136fef445b, 9707ea05114b41008fc4e02521a5101f
I20260630 12:33:21.986769 11718 leader_election.cc:304] T eeba8bdd1077404b88dd6b5cb0987f34 P 9707ea05114b41008fc4e02521a5101f [CANDIDATE]: Term 1 election: Election decided. Result: candidate won. Election summary: received 2 responses out of 3 voters: 2 yes votes; 0 no votes. yes voters: 2556125099f648b7b7ec75136fef445b, 9707ea05114b41008fc4e02521a5101f; no voters: 
I20260630 12:33:21.988418 11873 raft_consensus.cc:2804] T eeba8bdd1077404b88dd6b5cb0987f34 P 9707ea05114b41008fc4e02521a5101f [term 1 FOLLOWER]: Leader election won for term 1
I20260630 12:33:21.988998 11873 raft_consensus.cc:697] T eeba8bdd1077404b88dd6b5cb0987f34 P 9707ea05114b41008fc4e02521a5101f [term 1 LEADER]: Becoming Leader. State: Replica: 9707ea05114b41008fc4e02521a5101f, State: Running, Role: LEADER
I20260630 12:33:21.990005 11873 consensus_queue.cc:237] T eeba8bdd1077404b88dd6b5cb0987f34 P 9707ea05114b41008fc4e02521a5101f [LEADER]: Queue going to LEADER mode. State: All replicated index: 0, Majority replicated index: 0, Committed index: 0, Last appended: 0.0, Last appended by leader: 0, Current term: 1, Majority size: 2, State: 0, Mode: LEADER, active raft config: opid_index: -1 OBSOLETE_local: false peers { permanent_uuid: "2556125099f648b7b7ec75136fef445b" member_type: VOTER last_known_addr { host: "127.7.2.1" port: 46145 } } peers { permanent_uuid: "e17a0accb4414a3ea4382475605b652f" member_type: VOTER last_known_addr { host: "127.7.2.2" port: 39907 } } peers { permanent_uuid: "9707ea05114b41008fc4e02521a5101f" member_type: VOTER last_known_addr { host: "127.7.2.3" port: 41089 } }
I20260630 12:33:21.991189 11819 consensus_queue.cc:1048] T efab09f2a94e4c509ab305ff2dc0846a P 2556125099f648b7b7ec75136fef445b [LEADER]: Connected to new peer: Peer: permanent_uuid: "e17a0accb4414a3ea4382475605b652f" member_type: VOTER last_known_addr { host: "127.7.2.2" port: 39907 }, Status: LMP_MISMATCH, Last received: 0.0, Next index: 1, Last known committed idx: 0, Time since last communication: 0.001s
I20260630 12:33:21.994653 11855 raft_consensus.cc:2749] T eeba8bdd1077404b88dd6b5cb0987f34 P e17a0accb4414a3ea4382475605b652f [term 1 FOLLOWER]: Leader election lost for term 1. Reason: could not achieve majority
I20260630 12:33:21.998608 11819 raft_consensus.cc:493] T 8d4b812a3002406fac7208730f0cb2cd P 2556125099f648b7b7ec75136fef445b [term 0 FOLLOWER]: Starting pre-election (no leader contacted us within the election timeout)
I20260630 12:33:21.999188 11819 raft_consensus.cc:515] T 8d4b812a3002406fac7208730f0cb2cd P 2556125099f648b7b7ec75136fef445b [term 0 FOLLOWER]: Starting pre-election with config: opid_index: -1 OBSOLETE_local: false peers { permanent_uuid: "2556125099f648b7b7ec75136fef445b" member_type: VOTER last_known_addr { host: "127.7.2.1" port: 46145 } } peers { permanent_uuid: "e17a0accb4414a3ea4382475605b652f" member_type: VOTER last_known_addr { host: "127.7.2.2" port: 39907 } } peers { permanent_uuid: "9707ea05114b41008fc4e02521a5101f" member_type: VOTER last_known_addr { host: "127.7.2.3" port: 41089 } }
I20260630 12:33:22.002581 11678 tablet_service.cc:1917] Received RequestConsensusVote() RPC: tablet_id: "8d4b812a3002406fac7208730f0cb2cd" candidate_uuid: "2556125099f648b7b7ec75136fef445b" candidate_term: 1 candidate_status { last_received { term: 0 index: 0 } } ignore_live_leader: false dest_uuid: "e17a0accb4414a3ea4382475605b652f" is_pre_election: true
I20260630 12:33:22.003290 11819 leader_election.cc:290] T 8d4b812a3002406fac7208730f0cb2cd P 2556125099f648b7b7ec75136fef445b [CANDIDATE]: Term 1 pre-election: Requested pre-vote from peers e17a0accb4414a3ea4382475605b652f (127.7.2.2:39907), 9707ea05114b41008fc4e02521a5101f (127.7.2.3:41089)
I20260630 12:33:21.997737 11500 catalog_manager.cc:5697] T ad240e9de6a043e8b29f5d7c6eaed25f P e17a0accb4414a3ea4382475605b652f reported cstate change: term changed from 0 to 1, leader changed from <none> to e17a0accb4414a3ea4382475605b652f (127.7.2.2). New cstate: current_term: 1 leader_uuid: "e17a0accb4414a3ea4382475605b652f" committed_config { opid_index: -1 OBSOLETE_local: false peers { permanent_uuid: "2556125099f648b7b7ec75136fef445b" member_type: VOTER last_known_addr { host: "127.7.2.1" port: 46145 } health_report { overall_health: UNKNOWN } } peers { permanent_uuid: "e17a0accb4414a3ea4382475605b652f" member_type: VOTER last_known_addr { host: "127.7.2.2" port: 39907 } health_report { overall_health: HEALTHY } } peers { permanent_uuid: "9707ea05114b41008fc4e02521a5101f" member_type: VOTER last_known_addr { host: "127.7.2.3" port: 41089 } health_report { overall_health: UNKNOWN } } }
I20260630 12:33:22.010270 11749 tablet_service.cc:1917] Received RequestConsensusVote() RPC: tablet_id: "8d4b812a3002406fac7208730f0cb2cd" candidate_uuid: "2556125099f648b7b7ec75136fef445b" candidate_term: 1 candidate_status { last_received { term: 0 index: 0 } } ignore_live_leader: false dest_uuid: "9707ea05114b41008fc4e02521a5101f" is_pre_election: true
I20260630 12:33:22.011217 11749 raft_consensus.cc:2393] T 8d4b812a3002406fac7208730f0cb2cd P 9707ea05114b41008fc4e02521a5101f [term 1 FOLLOWER]: Leader pre-election vote request: Denying vote to candidate 2556125099f648b7b7ec75136fef445b in current term 1: Already voted for candidate e17a0accb4414a3ea4382475605b652f in this term.
I20260630 12:33:22.012187 11567 leader_election.cc:304] T 8d4b812a3002406fac7208730f0cb2cd P 2556125099f648b7b7ec75136fef445b [CANDIDATE]: Term 1 pre-election: Election decided. Result: candidate lost. Election summary: received 3 responses out of 3 voters: 1 yes votes; 2 no votes. yes voters: 2556125099f648b7b7ec75136fef445b; no voters: 9707ea05114b41008fc4e02521a5101f, e17a0accb4414a3ea4382475605b652f
I20260630 12:33:22.013278 11819 raft_consensus.cc:3060] T 8d4b812a3002406fac7208730f0cb2cd P 2556125099f648b7b7ec75136fef445b [term 0 FOLLOWER]: Advancing to term 1
I20260630 12:33:21.977056 11871 leader_election.cc:290] T eeba8bdd1077404b88dd6b5cb0987f34 P 9707ea05114b41008fc4e02521a5101f [CANDIDATE]: Term 1 election: Requested vote from peers 2556125099f648b7b7ec75136fef445b (127.7.2.1:46145), e17a0accb4414a3ea4382475605b652f (127.7.2.2:39907)
I20260630 12:33:22.035477 11806 tablet_bootstrap.cc:492] T 65b719f5920b4ddf830dff97fc06629c P 9707ea05114b41008fc4e02521a5101f: No bootstrap required, opened a new log
I20260630 12:33:22.039955 11806 ts_tablet_manager.cc:1403] T 65b719f5920b4ddf830dff97fc06629c P 9707ea05114b41008fc4e02521a5101f: Time spent bootstrapping tablet: real 0.269s	user 0.065s	sys 0.133s
I20260630 12:33:22.042233 11806 raft_consensus.cc:359] T 65b719f5920b4ddf830dff97fc06629c P 9707ea05114b41008fc4e02521a5101f [term 0 FOLLOWER]: Replica starting. Triggering 0 pending ops. Active config: opid_index: -1 OBSOLETE_local: false peers { permanent_uuid: "2556125099f648b7b7ec75136fef445b" member_type: VOTER last_known_addr { host: "127.7.2.1" port: 46145 } } peers { permanent_uuid: "e17a0accb4414a3ea4382475605b652f" member_type: VOTER last_known_addr { host: "127.7.2.2" port: 39907 } } peers { permanent_uuid: "9707ea05114b41008fc4e02521a5101f" member_type: VOTER last_known_addr { host: "127.7.2.3" port: 41089 } }
I20260630 12:33:22.042796 11806 raft_consensus.cc:385] T 65b719f5920b4ddf830dff97fc06629c P 9707ea05114b41008fc4e02521a5101f [term 0 FOLLOWER]: Consensus starting up: Expiring failure detector timer to make a prompt election more likely
I20260630 12:33:22.043012 11806 raft_consensus.cc:740] T 65b719f5920b4ddf830dff97fc06629c P 9707ea05114b41008fc4e02521a5101f [term 0 FOLLOWER]: Becoming Follower/Learner. State: Replica: 9707ea05114b41008fc4e02521a5101f, State: Initialized, Role: FOLLOWER
I20260630 12:33:22.043603 11806 consensus_queue.cc:260] T 65b719f5920b4ddf830dff97fc06629c P 9707ea05114b41008fc4e02521a5101f [NON_LEADER]: Queue going to NON_LEADER mode. State: All replicated index: 0, Majority replicated index: 0, Committed index: 0, Last appended: 0.0, Last appended by leader: 0, Current term: 0, Majority size: -1, State: 0, Mode: NON_LEADER, active raft config: opid_index: -1 OBSOLETE_local: false peers { permanent_uuid: "2556125099f648b7b7ec75136fef445b" member_type: VOTER last_known_addr { host: "127.7.2.1" port: 46145 } } peers { permanent_uuid: "e17a0accb4414a3ea4382475605b652f" member_type: VOTER last_known_addr { host: "127.7.2.2" port: 39907 } } peers { permanent_uuid: "9707ea05114b41008fc4e02521a5101f" member_type: VOTER last_known_addr { host: "127.7.2.3" port: 41089 } }
I20260630 12:33:22.045665 11819 raft_consensus.cc:2749] T 8d4b812a3002406fac7208730f0cb2cd P 2556125099f648b7b7ec75136fef445b [term 1 FOLLOWER]: Leader pre-election lost for term 1. Reason: could not achieve majority
I20260630 12:33:22.045821 11806 ts_tablet_manager.cc:1434] T 65b719f5920b4ddf830dff97fc06629c P 9707ea05114b41008fc4e02521a5101f: Time spent starting tablet: real 0.006s	user 0.001s	sys 0.004s
I20260630 12:33:22.086476 11502 catalog_manager.cc:5697] T 59757450c12e471faaf6cbfba1c503ce P 2556125099f648b7b7ec75136fef445b reported cstate change: term changed from 0 to 1, leader changed from <none> to 2556125099f648b7b7ec75136fef445b (127.7.2.1). New cstate: current_term: 1 leader_uuid: "2556125099f648b7b7ec75136fef445b" committed_config { opid_index: -1 OBSOLETE_local: false peers { permanent_uuid: "2556125099f648b7b7ec75136fef445b" member_type: VOTER last_known_addr { host: "127.7.2.1" port: 46145 } health_report { overall_health: HEALTHY } } peers { permanent_uuid: "e17a0accb4414a3ea4382475605b652f" member_type: VOTER last_known_addr { host: "127.7.2.2" port: 39907 } health_report { overall_health: UNKNOWN } } peers { permanent_uuid: "9707ea05114b41008fc4e02521a5101f" member_type: VOTER last_known_addr { host: "127.7.2.3" port: 41089 } health_report { overall_health: UNKNOWN } } }
I20260630 12:33:22.089902 11502 catalog_manager.cc:5697] T fd0f3650411e436db41afd822beadaf2 P 2556125099f648b7b7ec75136fef445b reported cstate change: term changed from 0 to 1, leader changed from <none> to 2556125099f648b7b7ec75136fef445b (127.7.2.1). New cstate: current_term: 1 leader_uuid: "2556125099f648b7b7ec75136fef445b" committed_config { opid_index: -1 OBSOLETE_local: false peers { permanent_uuid: "2556125099f648b7b7ec75136fef445b" member_type: VOTER last_known_addr { host: "127.7.2.1" port: 46145 } health_report { overall_health: HEALTHY } } peers { permanent_uuid: "e17a0accb4414a3ea4382475605b652f" member_type: VOTER last_known_addr { host: "127.7.2.2" port: 39907 } health_report { overall_health: UNKNOWN } } peers { permanent_uuid: "9707ea05114b41008fc4e02521a5101f" member_type: VOTER last_known_addr { host: "127.7.2.3" port: 41089 } health_report { overall_health: UNKNOWN } } }
I20260630 12:33:22.106267 11499 catalog_manager.cc:5697] T d9381196577b4ee090285991638b27ea P 9707ea05114b41008fc4e02521a5101f reported cstate change: term changed from 0 to 1, leader changed from <none> to 9707ea05114b41008fc4e02521a5101f (127.7.2.3). New cstate: current_term: 1 leader_uuid: "9707ea05114b41008fc4e02521a5101f" committed_config { opid_index: -1 OBSOLETE_local: false peers { permanent_uuid: "e17a0accb4414a3ea4382475605b652f" member_type: VOTER last_known_addr { host: "127.7.2.2" port: 39907 } health_report { overall_health: UNKNOWN } } peers { permanent_uuid: "2556125099f648b7b7ec75136fef445b" member_type: VOTER last_known_addr { host: "127.7.2.1" port: 46145 } health_report { overall_health: UNKNOWN } } peers { permanent_uuid: "9707ea05114b41008fc4e02521a5101f" member_type: VOTER last_known_addr { host: "127.7.2.3" port: 41089 } health_report { overall_health: HEALTHY } } }
I20260630 12:33:22.131225 11500 catalog_manager.cc:5697] T eeba8bdd1077404b88dd6b5cb0987f34 P 9707ea05114b41008fc4e02521a5101f reported cstate change: term changed from 0 to 1, leader changed from <none> to 9707ea05114b41008fc4e02521a5101f (127.7.2.3). New cstate: current_term: 1 leader_uuid: "9707ea05114b41008fc4e02521a5101f" committed_config { opid_index: -1 OBSOLETE_local: false peers { permanent_uuid: "2556125099f648b7b7ec75136fef445b" member_type: VOTER last_known_addr { host: "127.7.2.1" port: 46145 } health_report { overall_health: UNKNOWN } } peers { permanent_uuid: "e17a0accb4414a3ea4382475605b652f" member_type: VOTER last_known_addr { host: "127.7.2.2" port: 39907 } health_report { overall_health: UNKNOWN } } peers { permanent_uuid: "9707ea05114b41008fc4e02521a5101f" member_type: VOTER last_known_addr { host: "127.7.2.3" port: 41089 } health_report { overall_health: HEALTHY } } }
I20260630 12:33:22.203742 11812 consensus_queue.cc:1048] T 5f772850a7ed4ebdb539ccbe444b6f20 P e17a0accb4414a3ea4382475605b652f [LEADER]: Connected to new peer: Peer: permanent_uuid: "9707ea05114b41008fc4e02521a5101f" member_type: VOTER last_known_addr { host: "127.7.2.3" port: 41089 }, Status: LMP_MISMATCH, Last received: 0.0, Next index: 1, Last known committed idx: 0, Time since last communication: 0.001s
I20260630 12:33:22.232324 11819 consensus_queue.cc:1048] T 53033d78405944078892dc3f6e138e6a P 2556125099f648b7b7ec75136fef445b [LEADER]: Connected to new peer: Peer: permanent_uuid: "9707ea05114b41008fc4e02521a5101f" member_type: VOTER last_known_addr { host: "127.7.2.3" port: 41089 }, Status: LMP_MISMATCH, Last received: 0.0, Next index: 1, Last known committed idx: 0, Time since last communication: 0.001s
I20260630 12:33:22.241163 11812 consensus_queue.cc:1048] T 8d4b812a3002406fac7208730f0cb2cd P e17a0accb4414a3ea4382475605b652f [LEADER]: Connected to new peer: Peer: permanent_uuid: "9707ea05114b41008fc4e02521a5101f" member_type: VOTER last_known_addr { host: "127.7.2.3" port: 41089 }, Status: LMP_MISMATCH, Last received: 0.0, Next index: 1, Last known committed idx: 0, Time since last communication: 0.001s
I20260630 12:33:22.247640 11817 consensus_queue.cc:1048] T 4da5c556e9e94b0b8678b2362e2ede95 P 2556125099f648b7b7ec75136fef445b [LEADER]: Connected to new peer: Peer: permanent_uuid: "9707ea05114b41008fc4e02521a5101f" member_type: VOTER last_known_addr { host: "127.7.2.3" port: 41089 }, Status: LMP_MISMATCH, Last received: 0.0, Next index: 1, Last known committed idx: 0, Time since last communication: 0.001s
I20260630 12:33:22.248291 11807 consensus_queue.cc:1048] T 5f772850a7ed4ebdb539ccbe444b6f20 P e17a0accb4414a3ea4382475605b652f [LEADER]: Connected to new peer: Peer: permanent_uuid: "2556125099f648b7b7ec75136fef445b" member_type: VOTER last_known_addr { host: "127.7.2.1" port: 46145 }, Status: LMP_MISMATCH, Last received: 0.0, Next index: 1, Last known committed idx: 0, Time since last communication: 0.001s
I20260630 12:33:22.261179 11812 consensus_queue.cc:1048] T 8d4b812a3002406fac7208730f0cb2cd P e17a0accb4414a3ea4382475605b652f [LEADER]: Connected to new peer: Peer: permanent_uuid: "2556125099f648b7b7ec75136fef445b" member_type: VOTER last_known_addr { host: "127.7.2.1" port: 46145 }, Status: LMP_MISMATCH, Last received: 0.0, Next index: 1, Last known committed idx: 0, Time since last communication: 0.000s
W20260630 12:33:22.270692 11885 meta_cache.cc:1261] Time spent looking up entry by key: real 0.060s	user 0.003s	sys 0.001s
I20260630 12:33:22.287742 11817 consensus_queue.cc:1048] T 4da5c556e9e94b0b8678b2362e2ede95 P 2556125099f648b7b7ec75136fef445b [LEADER]: Connected to new peer: Peer: permanent_uuid: "e17a0accb4414a3ea4382475605b652f" member_type: VOTER last_known_addr { host: "127.7.2.2" port: 39907 }, Status: LMP_MISMATCH, Last received: 0.0, Next index: 1, Last known committed idx: 0, Time since last communication: 0.000s
I20260630 12:33:22.310827 11807 consensus_queue.cc:1048] T ad240e9de6a043e8b29f5d7c6eaed25f P e17a0accb4414a3ea4382475605b652f [LEADER]: Connected to new peer: Peer: permanent_uuid: "9707ea05114b41008fc4e02521a5101f" member_type: VOTER last_known_addr { host: "127.7.2.3" port: 41089 }, Status: LMP_MISMATCH, Last received: 0.0, Next index: 1, Last known committed idx: 0, Time since last communication: 0.000s
I20260630 12:33:22.318302 11818 raft_consensus.cc:493] T 65b719f5920b4ddf830dff97fc06629c P 9707ea05114b41008fc4e02521a5101f [term 0 FOLLOWER]: Starting pre-election (no leader contacted us within the election timeout)
I20260630 12:33:22.318920 11818 raft_consensus.cc:515] T 65b719f5920b4ddf830dff97fc06629c P 9707ea05114b41008fc4e02521a5101f [term 0 FOLLOWER]: Starting pre-election with config: opid_index: -1 OBSOLETE_local: false peers { permanent_uuid: "2556125099f648b7b7ec75136fef445b" member_type: VOTER last_known_addr { host: "127.7.2.1" port: 46145 } } peers { permanent_uuid: "e17a0accb4414a3ea4382475605b652f" member_type: VOTER last_known_addr { host: "127.7.2.2" port: 39907 } } peers { permanent_uuid: "9707ea05114b41008fc4e02521a5101f" member_type: VOTER last_known_addr { host: "127.7.2.3" port: 41089 } }
I20260630 12:33:22.321556 11818 leader_election.cc:290] T 65b719f5920b4ddf830dff97fc06629c P 9707ea05114b41008fc4e02521a5101f [CANDIDATE]: Term 1 pre-election: Requested pre-vote from peers 2556125099f648b7b7ec75136fef445b (127.7.2.1:46145), e17a0accb4414a3ea4382475605b652f (127.7.2.2:39907)
I20260630 12:33:22.325516 11678 tablet_service.cc:1917] Received RequestConsensusVote() RPC: tablet_id: "65b719f5920b4ddf830dff97fc06629c" candidate_uuid: "9707ea05114b41008fc4e02521a5101f" candidate_term: 1 candidate_status { last_received { term: 0 index: 0 } } ignore_live_leader: false dest_uuid: "e17a0accb4414a3ea4382475605b652f" is_pre_election: true
I20260630 12:33:22.325986 11855 consensus_queue.cc:1048] T ad240e9de6a043e8b29f5d7c6eaed25f P e17a0accb4414a3ea4382475605b652f [LEADER]: Connected to new peer: Peer: permanent_uuid: "2556125099f648b7b7ec75136fef445b" member_type: VOTER last_known_addr { host: "127.7.2.1" port: 46145 }, Status: LMP_MISMATCH, Last received: 0.0, Next index: 1, Last known committed idx: 0, Time since last communication: 0.001s
I20260630 12:33:22.329030 11602 tablet_service.cc:1917] Received RequestConsensusVote() RPC: tablet_id: "65b719f5920b4ddf830dff97fc06629c" candidate_uuid: "9707ea05114b41008fc4e02521a5101f" candidate_term: 1 candidate_status { last_received { term: 0 index: 0 } } ignore_live_leader: false dest_uuid: "2556125099f648b7b7ec75136fef445b" is_pre_election: true
I20260630 12:33:22.332000 11718 leader_election.cc:304] T 65b719f5920b4ddf830dff97fc06629c P 9707ea05114b41008fc4e02521a5101f [CANDIDATE]: Term 1 pre-election: Election decided. Result: candidate lost. Election summary: received 3 responses out of 3 voters: 1 yes votes; 2 no votes. yes voters: 9707ea05114b41008fc4e02521a5101f; no voters: 2556125099f648b7b7ec75136fef445b, e17a0accb4414a3ea4382475605b652f
I20260630 12:33:22.333235 11873 raft_consensus.cc:2749] T 65b719f5920b4ddf830dff97fc06629c P 9707ea05114b41008fc4e02521a5101f [term 0 FOLLOWER]: Leader pre-election lost for term 1. Reason: could not achieve majority
I20260630 12:33:22.333689 11817 consensus_queue.cc:1048] T 59757450c12e471faaf6cbfba1c503ce P 2556125099f648b7b7ec75136fef445b [LEADER]: Connected to new peer: Peer: permanent_uuid: "e17a0accb4414a3ea4382475605b652f" member_type: VOTER last_known_addr { host: "127.7.2.2" port: 39907 }, Status: LMP_MISMATCH, Last received: 0.0, Next index: 1, Last known committed idx: 0, Time since last communication: 0.000s
I20260630 12:33:22.344645 11819 consensus_queue.cc:1048] T 53033d78405944078892dc3f6e138e6a P 2556125099f648b7b7ec75136fef445b [LEADER]: Connected to new peer: Peer: permanent_uuid: "e17a0accb4414a3ea4382475605b652f" member_type: VOTER last_known_addr { host: "127.7.2.2" port: 39907 }, Status: LMP_MISMATCH, Last received: 0.0, Next index: 1, Last known committed idx: 0, Time since last communication: 0.000s
I20260630 12:33:22.359150 11819 consensus_queue.cc:1048] T fd0f3650411e436db41afd822beadaf2 P 2556125099f648b7b7ec75136fef445b [LEADER]: Connected to new peer: Peer: permanent_uuid: "e17a0accb4414a3ea4382475605b652f" member_type: VOTER last_known_addr { host: "127.7.2.2" port: 39907 }, Status: LMP_MISMATCH, Last received: 0.0, Next index: 1, Last known committed idx: 0, Time since last communication: 0.000s
I20260630 12:33:22.387898 11873 consensus_queue.cc:1048] T eeba8bdd1077404b88dd6b5cb0987f34 P 9707ea05114b41008fc4e02521a5101f [LEADER]: Connected to new peer: Peer: permanent_uuid: "2556125099f648b7b7ec75136fef445b" member_type: VOTER last_known_addr { host: "127.7.2.1" port: 46145 }, Status: LMP_MISMATCH, Last received: 0.0, Next index: 1, Last known committed idx: 0, Time since last communication: 0.000s
I20260630 12:33:22.411234 11873 consensus_queue.cc:1048] T d9381196577b4ee090285991638b27ea P 9707ea05114b41008fc4e02521a5101f [LEADER]: Connected to new peer: Peer: permanent_uuid: "e17a0accb4414a3ea4382475605b652f" member_type: VOTER last_known_addr { host: "127.7.2.2" port: 39907 }, Status: LMP_MISMATCH, Last received: 0.0, Next index: 1, Last known committed idx: 0, Time since last communication: 0.001s
I20260630 12:33:22.443759 11753 raft_consensus.cc:3060] T 65b719f5920b4ddf830dff97fc06629c P 9707ea05114b41008fc4e02521a5101f [term 0 FOLLOWER]: Advancing to term 1
I20260630 12:33:22.447742 11856 consensus_queue.cc:1048] T 59757450c12e471faaf6cbfba1c503ce P 2556125099f648b7b7ec75136fef445b [LEADER]: Connected to new peer: Peer: permanent_uuid: "9707ea05114b41008fc4e02521a5101f" member_type: VOTER last_known_addr { host: "127.7.2.3" port: 41089 }, Status: LMP_MISMATCH, Last received: 0.0, Next index: 1, Last known committed idx: 0, Time since last communication: 0.001s
I20260630 12:33:22.451570 11873 consensus_queue.cc:1048] T d9381196577b4ee090285991638b27ea P 9707ea05114b41008fc4e02521a5101f [LEADER]: Connected to new peer: Peer: permanent_uuid: "2556125099f648b7b7ec75136fef445b" member_type: VOTER last_known_addr { host: "127.7.2.1" port: 46145 }, Status: LMP_MISMATCH, Last received: 0.0, Next index: 1, Last known committed idx: 0, Time since last communication: 0.000s
I20260630 12:33:22.460736 11818 consensus_queue.cc:1048] T eeba8bdd1077404b88dd6b5cb0987f34 P 9707ea05114b41008fc4e02521a5101f [LEADER]: Connected to new peer: Peer: permanent_uuid: "e17a0accb4414a3ea4382475605b652f" member_type: VOTER last_known_addr { host: "127.7.2.2" port: 39907 }, Status: LMP_MISMATCH, Last received: 0.0, Next index: 1, Last known committed idx: 0, Time since last communication: 0.000s
I20260630 12:33:22.475750 11819 consensus_queue.cc:1048] T fd0f3650411e436db41afd822beadaf2 P 2556125099f648b7b7ec75136fef445b [LEADER]: Connected to new peer: Peer: permanent_uuid: "9707ea05114b41008fc4e02521a5101f" member_type: VOTER last_known_addr { host: "127.7.2.3" port: 41089 }, Status: LMP_MISMATCH, Last received: 0.0, Next index: 1, Last known committed idx: 0, Time since last communication: 0.001s
W20260630 12:33:22.555502 11783 meta_cache.cc:1261] Time spent looking up entry by key: real 0.056s	user 0.000s	sys 0.002s
W20260630 12:33:22.568192 11785 meta_cache.cc:1261] Time spent looking up entry by key: real 0.067s	user 0.004s	sys 0.000s
W20260630 12:33:23.064134 11567 outbound_call.cc:321] RPC callback for RPC call kudu.consensus.ConsensusService.UpdateConsensus -> {remote=127.7.2.3:41089, user_credentials={real_user=slave}} blocked reactor thread for 80766us
W20260630 12:33:23.173091 11567 outbound_call.cc:321] RPC callback for RPC call kudu.consensus.ConsensusService.UpdateConsensus -> {remote=127.7.2.3:41089, user_credentials={real_user=slave}} blocked reactor thread for 47350.8us
W20260630 12:33:23.986195 11783 outbound_call.cc:321] RPC callback for RPC call kudu.tserver.TabletServerService.Write -> {remote=127.7.2.2:39907, user_credentials={real_user=slave}} blocked reactor thread for 49323.2us
W20260630 12:33:25.455287 11718 outbound_call.cc:321] RPC callback for RPC call kudu.consensus.ConsensusService.UpdateConsensus -> {remote=127.7.2.1:46145, user_credentials={real_user=slave}} blocked reactor thread for 105292us
W20260630 12:33:25.478427 11885 meta_cache.cc:1261] Time spent looking up entry by key: real 0.104s	user 0.004s	sys 0.000s
W20260630 12:33:25.604152 11882 meta_cache.cc:1261] Time spent looking up entry by key: real 0.137s	user 0.001s	sys 0.000s
W20260630 12:33:25.800673 11567 outbound_call.cc:321] RPC callback for RPC call kudu.consensus.ConsensusService.UpdateConsensus -> {remote=127.7.2.3:41089, user_credentials={real_user=slave}} blocked reactor thread for 92817.9us
W20260630 12:33:25.853220 11567 outbound_call.cc:321] RPC callback for RPC call kudu.consensus.ConsensusService.UpdateConsensus -> {remote=127.7.2.3:41089, user_credentials={real_user=slave}} blocked reactor thread for 44608.9us
W20260630 12:33:26.714143 11644 outbound_call.cc:321] RPC callback for RPC call kudu.consensus.ConsensusService.UpdateConsensus -> {remote=127.7.2.1:46145, user_credentials={real_user=slave}} blocked reactor thread for 72385.4us
W20260630 12:33:26.839277 11567 outbound_call.cc:321] RPC callback for RPC call kudu.consensus.ConsensusService.UpdateConsensus -> {remote=127.7.2.3:41089, user_credentials={real_user=slave}} blocked reactor thread for 55510.1us
I20260630 12:33:26.980952  7176 file_cache.cc:492] Constructed file cache file cache with capacity 419430
W20260630 12:33:26.998993 12001 instance_detector.cc:116] could not retrieve Azure instance metadata: Network error: curl error: HTTP response code said error: The requested URL returned error: 404
W20260630 12:33:27.000388 12000 instance_detector.cc:116] could not retrieve AWS instance metadata: Network error: curl error: HTTP response code said error: The requested URL returned error: 404
W20260630 12:33:27.011336 12004 instance_detector.cc:116] could not retrieve OpenStack instance metadata: Network error: curl error: HTTP response code said error: The requested URL returned error: 404
I20260630 12:33:27.019434  7176 server_base.cc:1061] running on GCE node
I20260630 12:33:27.021803  7176 hybrid_clock.cc:584] initializing the hybrid clock with 'system_unsync' time source
W20260630 12:33:27.022083  7176 system_unsync_time.cc:38] NTP support is disabled. Clock error bounds will not be accurate. This configuration is not suitable for distributed clusters.
I20260630 12:33:27.022361  7176 hybrid_clock.cc:648] HybridClock initialized: now 1782822807022342 us; error 0 us; skew 500 ppm
I20260630 12:33:27.023056  7176 server_base.cc:861] Flag tcmalloc_max_total_thread_cache_bytes is not working since tcmalloc is not enabled.
I20260630 12:33:27.032049  7176 webserver.cc:533] Webserver started at http://127.7.2.4:37965/ using document root <none> and password file <none>
I20260630 12:33:27.032783  7176 fs_manager.cc:362] Metadata directory not provided
I20260630 12:33:27.033068  7176 fs_manager.cc:368] Using write-ahead log directory (fs_wal_dir) as metadata directory
I20260630 12:33:27.033475  7176 server_base.cc:909] This appears to be a new deployment of Kudu; creating new FS layout
I20260630 12:33:27.035352  7176 fs_manager.cc:1068] Generated new instance metadata in path /tmp/dist-test-taskV1F4dw/test-tmp/auto_rebalancer-test.0.AutoRebalancerTest.TestMaxMovesPerServer.1782822681396255-7176-0/minicluster-data/ts-3-root/instance:
uuid: "2b3f9765a54b4b6e9fed1a0d28a83e85"
format_stamp: "Formatted at 2026-06-30 12:33:27 on dist-test-slave-fc0q"
I20260630 12:33:27.041900  7176 fs_manager.cc:696] Time spent creating directory manager: real 0.006s	user 0.006s	sys 0.001s
I20260630 12:33:27.046438 12008 log_block_manager.cc:4031] Time spent loading block containers with low live blocks: real 0.000s	user 0.000s	sys 0.000s
I20260630 12:33:27.047400  7176 fs_manager.cc:730] Time spent opening block manager: real 0.003s	user 0.004s	sys 0.000s
I20260630 12:33:27.047762  7176 fs_manager.cc:647] Opened local filesystem: /tmp/dist-test-taskV1F4dw/test-tmp/auto_rebalancer-test.0.AutoRebalancerTest.TestMaxMovesPerServer.1782822681396255-7176-0/minicluster-data/ts-3-root
uuid: "2b3f9765a54b4b6e9fed1a0d28a83e85"
format_stamp: "Formatted at 2026-06-30 12:33:27 on dist-test-slave-fc0q"
I20260630 12:33:27.048120  7176 fs_report.cc:389] FS layout report
--------------------
wal directory: /tmp/dist-test-taskV1F4dw/test-tmp/auto_rebalancer-test.0.AutoRebalancerTest.TestMaxMovesPerServer.1782822681396255-7176-0/minicluster-data/ts-3-root
metadata directory: /tmp/dist-test-taskV1F4dw/test-tmp/auto_rebalancer-test.0.AutoRebalancerTest.TestMaxMovesPerServer.1782822681396255-7176-0/minicluster-data/ts-3-root
1 data directories: /tmp/dist-test-taskV1F4dw/test-tmp/auto_rebalancer-test.0.AutoRebalancerTest.TestMaxMovesPerServer.1782822681396255-7176-0/minicluster-data/ts-3-root/data
Total live blocks: 0
Total live bytes: 0
Total live bytes (after alignment): 0
Total number of LBM containers: 0 (0 full)
Did not check for missing blocks
Did not check for orphaned blocks
Total full LBM containers with extra space: 0 (0 repaired)
Total full LBM container extra space in bytes: 0 (0 repaired)
Total incomplete LBM containers: 0 (0 repaired)
Total LBM partial records: 0 (0 repaired)
Total corrupted LBM metadata records in RocksDB: 0 (0 repaired)
I20260630 12:33:27.064139  7176 rpc_server.cc:225] running with OpenSSL 1.1.1  11 Sep 2018
I20260630 12:33:27.065809  7176 kserver.cc:163] Server-wide thread pool size limit: 3276
I20260630 12:33:27.067898  7176 txn_system_client.cc:432] TxnSystemClient initialization is disabled...
I20260630 12:33:27.071235  7176 ts_tablet_manager.cc:585] Loaded tablet metadata (0 total tablets, 0 live tablets)
I20260630 12:33:27.071514  7176 ts_tablet_manager.cc:531] Time spent load tablet metadata: real 0.000s	user 0.000s	sys 0.000s
I20260630 12:33:27.071803  7176 ts_tablet_manager.cc:616] Registered 0 tablets
I20260630 12:33:27.072027  7176 ts_tablet_manager.cc:595] Time spent register tablets: real 0.000s	user 0.000s	sys 0.000s
I20260630 12:33:27.124617  7176 rpc_server.cc:307] RPC server started. Bound to: 127.7.2.4:39421
I20260630 12:33:27.124698 12070 acceptor_pool.cc:272] collecting diagnostics on the listening RPC socket 127.7.2.4:39421 every 8 connection(s)
I20260630 12:33:27.131641  7176 file_cache.cc:492] Constructed file cache file cache with capacity 419430
W20260630 12:33:27.146391 12075 instance_detector.cc:116] could not retrieve AWS instance metadata: Network error: curl error: HTTP response code said error: The requested URL returned error: 404
W20260630 12:33:27.149664 12076 instance_detector.cc:116] could not retrieve Azure instance metadata: Network error: curl error: HTTP response code said error: The requested URL returned error: 404
I20260630 12:33:27.158386  7176 server_base.cc:1061] running on GCE node
W20260630 12:33:27.159778 12079 instance_detector.cc:116] could not retrieve OpenStack instance metadata: Network error: curl error: HTTP response code said error: The requested URL returned error: 404
I20260630 12:33:27.161425 12071 heartbeater.cc:344] Connected to a master server at 127.7.2.62:42463
I20260630 12:33:27.161819 12071 heartbeater.cc:461] Registering TS with master...
I20260630 12:33:27.162446  7176 hybrid_clock.cc:584] initializing the hybrid clock with 'system_unsync' time source
I20260630 12:33:27.162624 12071 heartbeater.cc:507] Master 127.7.2.62:42463 requested a full tablet report, sending...
W20260630 12:33:27.162784  7176 system_unsync_time.cc:38] NTP support is disabled. Clock error bounds will not be accurate. This configuration is not suitable for distributed clusters.
I20260630 12:33:27.163092  7176 hybrid_clock.cc:648] HybridClock initialized: now 1782822807163075 us; error 0 us; skew 500 ppm
I20260630 12:33:27.163880  7176 server_base.cc:861] Flag tcmalloc_max_total_thread_cache_bytes is not working since tcmalloc is not enabled.
I20260630 12:33:27.164788 11499 ts_manager.cc:194] Registered new tserver with Master: 2b3f9765a54b4b6e9fed1a0d28a83e85 (127.7.2.4:39421)
I20260630 12:33:27.166324 11499 master_service.cc:502] Signed X509 certificate for tserver {username='slave'} at 127.0.0.1:35898
I20260630 12:33:27.167726  7176 webserver.cc:533] Webserver started at http://127.7.2.5:34767/ using document root <none> and password file <none>
I20260630 12:33:27.168463  7176 fs_manager.cc:362] Metadata directory not provided
I20260630 12:33:27.168740  7176 fs_manager.cc:368] Using write-ahead log directory (fs_wal_dir) as metadata directory
I20260630 12:33:27.169075  7176 server_base.cc:909] This appears to be a new deployment of Kudu; creating new FS layout
I20260630 12:33:27.170619  7176 fs_manager.cc:1068] Generated new instance metadata in path /tmp/dist-test-taskV1F4dw/test-tmp/auto_rebalancer-test.0.AutoRebalancerTest.TestMaxMovesPerServer.1782822681396255-7176-0/minicluster-data/ts-4-root/instance:
uuid: "ca89d7fdf06f4f39847f3f724fed17a0"
format_stamp: "Formatted at 2026-06-30 12:33:27 on dist-test-slave-fc0q"
I20260630 12:33:27.176618  7176 fs_manager.cc:696] Time spent creating directory manager: real 0.005s	user 0.005s	sys 0.001s
I20260630 12:33:27.180944 12083 log_block_manager.cc:4031] Time spent loading block containers with low live blocks: real 0.000s	user 0.000s	sys 0.000s
I20260630 12:33:27.181854  7176 fs_manager.cc:730] Time spent opening block manager: real 0.002s	user 0.000s	sys 0.002s
I20260630 12:33:27.182214  7176 fs_manager.cc:647] Opened local filesystem: /tmp/dist-test-taskV1F4dw/test-tmp/auto_rebalancer-test.0.AutoRebalancerTest.TestMaxMovesPerServer.1782822681396255-7176-0/minicluster-data/ts-4-root
uuid: "ca89d7fdf06f4f39847f3f724fed17a0"
format_stamp: "Formatted at 2026-06-30 12:33:27 on dist-test-slave-fc0q"
I20260630 12:33:27.182591  7176 fs_report.cc:389] FS layout report
--------------------
wal directory: /tmp/dist-test-taskV1F4dw/test-tmp/auto_rebalancer-test.0.AutoRebalancerTest.TestMaxMovesPerServer.1782822681396255-7176-0/minicluster-data/ts-4-root
metadata directory: /tmp/dist-test-taskV1F4dw/test-tmp/auto_rebalancer-test.0.AutoRebalancerTest.TestMaxMovesPerServer.1782822681396255-7176-0/minicluster-data/ts-4-root
1 data directories: /tmp/dist-test-taskV1F4dw/test-tmp/auto_rebalancer-test.0.AutoRebalancerTest.TestMaxMovesPerServer.1782822681396255-7176-0/minicluster-data/ts-4-root/data
Total live blocks: 0
Total live bytes: 0
Total live bytes (after alignment): 0
Total number of LBM containers: 0 (0 full)
Did not check for missing blocks
Did not check for orphaned blocks
Total full LBM containers with extra space: 0 (0 repaired)
Total full LBM container extra space in bytes: 0 (0 repaired)
Total incomplete LBM containers: 0 (0 repaired)
Total LBM partial records: 0 (0 repaired)
Total corrupted LBM metadata records in RocksDB: 0 (0 repaired)
I20260630 12:33:27.214322  7176 rpc_server.cc:225] running with OpenSSL 1.1.1  11 Sep 2018
I20260630 12:33:27.215546  7176 kserver.cc:163] Server-wide thread pool size limit: 3276
I20260630 12:33:27.217023  7176 txn_system_client.cc:432] TxnSystemClient initialization is disabled...
I20260630 12:33:27.219573  7176 ts_tablet_manager.cc:585] Loaded tablet metadata (0 total tablets, 0 live tablets)
I20260630 12:33:27.219854  7176 ts_tablet_manager.cc:531] Time spent load tablet metadata: real 0.000s	user 0.001s	sys 0.000s
I20260630 12:33:27.220155  7176 ts_tablet_manager.cc:616] Registered 0 tablets
I20260630 12:33:27.220340  7176 ts_tablet_manager.cc:595] Time spent register tablets: real 0.000s	user 0.000s	sys 0.000s
I20260630 12:33:27.317878  7176 rpc_server.cc:307] RPC server started. Bound to: 127.7.2.5:40611
I20260630 12:33:27.318006 12145 acceptor_pool.cc:272] collecting diagnostics on the listening RPC socket 127.7.2.5:40611 every 8 connection(s)
I20260630 12:33:27.325583  7176 file_cache.cc:492] Constructed file cache file cache with capacity 419430
W20260630 12:33:27.334156 12149 instance_detector.cc:116] could not retrieve AWS instance metadata: Network error: curl error: HTTP response code said error: The requested URL returned error: 404
I20260630 12:33:27.335589 12146 heartbeater.cc:344] Connected to a master server at 127.7.2.62:42463
I20260630 12:33:27.336061 12146 heartbeater.cc:461] Registering TS with master...
I20260630 12:33:27.337023 12146 heartbeater.cc:507] Master 127.7.2.62:42463 requested a full tablet report, sending...
W20260630 12:33:27.337736 12150 instance_detector.cc:116] could not retrieve Azure instance metadata: Network error: curl error: HTTP response code said error: The requested URL returned error: 404
I20260630 12:33:27.339737 11499 ts_manager.cc:194] Registered new tserver with Master: ca89d7fdf06f4f39847f3f724fed17a0 (127.7.2.5:40611)
I20260630 12:33:27.341506 11499 master_service.cc:502] Signed X509 certificate for tserver {username='slave'} at 127.0.0.1:35912
W20260630 12:33:27.345593 12152 instance_detector.cc:116] could not retrieve OpenStack instance metadata: Network error: curl error: HTTP response code said error: The requested URL returned error: 404
I20260630 12:33:27.348198  7176 server_base.cc:1061] running on GCE node
I20260630 12:33:27.349335  7176 hybrid_clock.cc:584] initializing the hybrid clock with 'system_unsync' time source
W20260630 12:33:27.349637  7176 system_unsync_time.cc:38] NTP support is disabled. Clock error bounds will not be accurate. This configuration is not suitable for distributed clusters.
I20260630 12:33:27.349867  7176 hybrid_clock.cc:648] HybridClock initialized: now 1782822807349850 us; error 0 us; skew 500 ppm
I20260630 12:33:27.350597  7176 server_base.cc:861] Flag tcmalloc_max_total_thread_cache_bytes is not working since tcmalloc is not enabled.
I20260630 12:33:27.353504  7176 webserver.cc:533] Webserver started at http://127.7.2.6:36805/ using document root <none> and password file <none>
I20260630 12:33:27.354164  7176 fs_manager.cc:362] Metadata directory not provided
I20260630 12:33:27.354436  7176 fs_manager.cc:368] Using write-ahead log directory (fs_wal_dir) as metadata directory
I20260630 12:33:27.354770  7176 server_base.cc:909] This appears to be a new deployment of Kudu; creating new FS layout
I20260630 12:33:27.356359  7176 fs_manager.cc:1068] Generated new instance metadata in path /tmp/dist-test-taskV1F4dw/test-tmp/auto_rebalancer-test.0.AutoRebalancerTest.TestMaxMovesPerServer.1782822681396255-7176-0/minicluster-data/ts-5-root/instance:
uuid: "67403750dfc34db89c1523736a47b0c7"
format_stamp: "Formatted at 2026-06-30 12:33:27 on dist-test-slave-fc0q"
I20260630 12:33:27.362439  7176 fs_manager.cc:696] Time spent creating directory manager: real 0.005s	user 0.007s	sys 0.000s
I20260630 12:33:27.367057 12157 log_block_manager.cc:4031] Time spent loading block containers with low live blocks: real 0.000s	user 0.000s	sys 0.000s
I20260630 12:33:27.367962  7176 fs_manager.cc:730] Time spent opening block manager: real 0.003s	user 0.003s	sys 0.000s
I20260630 12:33:27.368333  7176 fs_manager.cc:647] Opened local filesystem: /tmp/dist-test-taskV1F4dw/test-tmp/auto_rebalancer-test.0.AutoRebalancerTest.TestMaxMovesPerServer.1782822681396255-7176-0/minicluster-data/ts-5-root
uuid: "67403750dfc34db89c1523736a47b0c7"
format_stamp: "Formatted at 2026-06-30 12:33:27 on dist-test-slave-fc0q"
I20260630 12:33:27.368757  7176 fs_report.cc:389] FS layout report
--------------------
wal directory: /tmp/dist-test-taskV1F4dw/test-tmp/auto_rebalancer-test.0.AutoRebalancerTest.TestMaxMovesPerServer.1782822681396255-7176-0/minicluster-data/ts-5-root
metadata directory: /tmp/dist-test-taskV1F4dw/test-tmp/auto_rebalancer-test.0.AutoRebalancerTest.TestMaxMovesPerServer.1782822681396255-7176-0/minicluster-data/ts-5-root
1 data directories: /tmp/dist-test-taskV1F4dw/test-tmp/auto_rebalancer-test.0.AutoRebalancerTest.TestMaxMovesPerServer.1782822681396255-7176-0/minicluster-data/ts-5-root/data
Total live blocks: 0
Total live bytes: 0
Total live bytes (after alignment): 0
Total number of LBM containers: 0 (0 full)
Did not check for missing blocks
Did not check for orphaned blocks
Total full LBM containers with extra space: 0 (0 repaired)
Total full LBM container extra space in bytes: 0 (0 repaired)
Total incomplete LBM containers: 0 (0 repaired)
Total LBM partial records: 0 (0 repaired)
Total corrupted LBM metadata records in RocksDB: 0 (0 repaired)
I20260630 12:33:27.395632  7176 rpc_server.cc:225] running with OpenSSL 1.1.1  11 Sep 2018
I20260630 12:33:27.397316  7176 kserver.cc:163] Server-wide thread pool size limit: 3276
I20260630 12:33:27.399128  7176 txn_system_client.cc:432] TxnSystemClient initialization is disabled...
I20260630 12:33:27.402614  7176 ts_tablet_manager.cc:585] Loaded tablet metadata (0 total tablets, 0 live tablets)
I20260630 12:33:27.402979  7176 ts_tablet_manager.cc:531] Time spent load tablet metadata: real 0.000s	user 0.000s	sys 0.001s
I20260630 12:33:27.403314  7176 ts_tablet_manager.cc:616] Registered 0 tablets
I20260630 12:33:27.403600  7176 ts_tablet_manager.cc:595] Time spent register tablets: real 0.000s	user 0.000s	sys 0.001s
I20260630 12:33:27.502884  7176 rpc_server.cc:307] RPC server started. Bound to: 127.7.2.6:36749
I20260630 12:33:27.502948 12219 acceptor_pool.cc:272] collecting diagnostics on the listening RPC socket 127.7.2.6:36749 every 8 connection(s)
I20260630 12:33:27.525414 12220 heartbeater.cc:344] Connected to a master server at 127.7.2.62:42463
I20260630 12:33:27.525846 12220 heartbeater.cc:461] Registering TS with master...
I20260630 12:33:27.526753 12220 heartbeater.cc:507] Master 127.7.2.62:42463 requested a full tablet report, sending...
I20260630 12:33:27.528942 11499 ts_manager.cc:194] Registered new tserver with Master: 67403750dfc34db89c1523736a47b0c7 (127.7.2.6:36749)
I20260630 12:33:27.530186 11499 master_service.cc:502] Signed X509 certificate for tserver {username='slave'} at 127.0.0.1:35918
I20260630 12:33:27.608539 11600 consensus_queue.cc:237] T 53033d78405944078892dc3f6e138e6a P 2556125099f648b7b7ec75136fef445b [LEADER]: Queue going to LEADER mode. State: All replicated index: 0, Majority replicated index: 25, Committed index: 25, Last appended: 1.25, Last appended by leader: 0, Current term: 1, Majority size: 2, State: 0, Mode: LEADER, active raft config: opid_index: 26 OBSOLETE_local: false peers { permanent_uuid: "2556125099f648b7b7ec75136fef445b" member_type: VOTER last_known_addr { host: "127.7.2.1" port: 46145 } } peers { permanent_uuid: "e17a0accb4414a3ea4382475605b652f" member_type: VOTER last_known_addr { host: "127.7.2.2" port: 39907 } } peers { permanent_uuid: "9707ea05114b41008fc4e02521a5101f" member_type: VOTER last_known_addr { host: "127.7.2.3" port: 41089 } attrs { replace: true } } peers { permanent_uuid: "2b3f9765a54b4b6e9fed1a0d28a83e85" member_type: NON_VOTER last_known_addr { host: "127.7.2.4" port: 39421 } attrs { promote: true } }
I20260630 12:33:27.615304 11751 raft_consensus.cc:1275] T 53033d78405944078892dc3f6e138e6a P 9707ea05114b41008fc4e02521a5101f [term 1 FOLLOWER]: Refusing update from remote peer 2556125099f648b7b7ec75136fef445b: Log matching property violated. Preceding OpId in replica: term: 1 index: 25. Preceding OpId from leader: term: 1 index: 26. (index mismatch)
I20260630 12:33:27.616794 11975 consensus_queue.cc:1048] T 53033d78405944078892dc3f6e138e6a P 2556125099f648b7b7ec75136fef445b [LEADER]: Connected to new peer: Peer: permanent_uuid: "9707ea05114b41008fc4e02521a5101f" member_type: VOTER last_known_addr { host: "127.7.2.3" port: 41089 } attrs { replace: true }, Status: LMP_MISMATCH, Last received: 0.0, Next index: 26, Last known committed idx: 25, Time since last communication: 0.000s
I20260630 12:33:27.617218 11676 raft_consensus.cc:1275] T 53033d78405944078892dc3f6e138e6a P e17a0accb4414a3ea4382475605b652f [term 1 FOLLOWER]: Refusing update from remote peer 2556125099f648b7b7ec75136fef445b: Log matching property violated. Preceding OpId in replica: term: 1 index: 25. Preceding OpId from leader: term: 1 index: 26. (index mismatch)
I20260630 12:33:27.619159 11975 consensus_queue.cc:1048] T 53033d78405944078892dc3f6e138e6a P 2556125099f648b7b7ec75136fef445b [LEADER]: Connected to new peer: Peer: permanent_uuid: "e17a0accb4414a3ea4382475605b652f" member_type: VOTER last_known_addr { host: "127.7.2.2" port: 39907 }, Status: LMP_MISMATCH, Last received: 0.0, Next index: 26, Last known committed idx: 25, Time since last communication: 0.000s
I20260630 12:33:27.623678 11963 raft_consensus.cc:2955] T 53033d78405944078892dc3f6e138e6a P 2556125099f648b7b7ec75136fef445b [term 1 LEADER]: Committing config change with OpId 1.26: config changed from index -1 to 26, NON_VOTER 2b3f9765a54b4b6e9fed1a0d28a83e85 (127.7.2.4) added. New config: { opid_index: 26 OBSOLETE_local: false peers { permanent_uuid: "2556125099f648b7b7ec75136fef445b" member_type: VOTER last_known_addr { host: "127.7.2.1" port: 46145 } } peers { permanent_uuid: "e17a0accb4414a3ea4382475605b652f" member_type: VOTER last_known_addr { host: "127.7.2.2" port: 39907 } } peers { permanent_uuid: "9707ea05114b41008fc4e02521a5101f" member_type: VOTER last_known_addr { host: "127.7.2.3" port: 41089 } attrs { replace: true } } peers { permanent_uuid: "2b3f9765a54b4b6e9fed1a0d28a83e85" member_type: NON_VOTER last_known_addr { host: "127.7.2.4" port: 39421 } attrs { promote: true } } }
I20260630 12:33:27.632170 11751 raft_consensus.cc:2955] T 53033d78405944078892dc3f6e138e6a P 9707ea05114b41008fc4e02521a5101f [term 1 FOLLOWER]: Committing config change with OpId 1.26: config changed from index -1 to 26, NON_VOTER 2b3f9765a54b4b6e9fed1a0d28a83e85 (127.7.2.4) added. New config: { opid_index: 26 OBSOLETE_local: false peers { permanent_uuid: "2556125099f648b7b7ec75136fef445b" member_type: VOTER last_known_addr { host: "127.7.2.1" port: 46145 } } peers { permanent_uuid: "e17a0accb4414a3ea4382475605b652f" member_type: VOTER last_known_addr { host: "127.7.2.2" port: 39907 } } peers { permanent_uuid: "9707ea05114b41008fc4e02521a5101f" member_type: VOTER last_known_addr { host: "127.7.2.3" port: 41089 } attrs { replace: true } } peers { permanent_uuid: "2b3f9765a54b4b6e9fed1a0d28a83e85" member_type: NON_VOTER last_known_addr { host: "127.7.2.4" port: 39421 } attrs { promote: true } } }
W20260630 12:33:27.636907 11568 consensus_peers.cc:597] T 53033d78405944078892dc3f6e138e6a P 2556125099f648b7b7ec75136fef445b -> Peer 2b3f9765a54b4b6e9fed1a0d28a83e85 (127.7.2.4:39421): Couldn't send request to peer 2b3f9765a54b4b6e9fed1a0d28a83e85. Error code: TABLET_NOT_FOUND (6). Status: Not found: Tablet not found: 53033d78405944078892dc3f6e138e6a. This is attempt 1: this message will repeat every 5th retry.
I20260630 12:33:27.636618 11676 raft_consensus.cc:2955] T 53033d78405944078892dc3f6e138e6a P e17a0accb4414a3ea4382475605b652f [term 1 FOLLOWER]: Committing config change with OpId 1.26: config changed from index -1 to 26, NON_VOTER 2b3f9765a54b4b6e9fed1a0d28a83e85 (127.7.2.4) added. New config: { opid_index: 26 OBSOLETE_local: false peers { permanent_uuid: "2556125099f648b7b7ec75136fef445b" member_type: VOTER last_known_addr { host: "127.7.2.1" port: 46145 } } peers { permanent_uuid: "e17a0accb4414a3ea4382475605b652f" member_type: VOTER last_known_addr { host: "127.7.2.2" port: 39907 } } peers { permanent_uuid: "9707ea05114b41008fc4e02521a5101f" member_type: VOTER last_known_addr { host: "127.7.2.3" port: 41089 } attrs { replace: true } } peers { permanent_uuid: "2b3f9765a54b4b6e9fed1a0d28a83e85" member_type: NON_VOTER last_known_addr { host: "127.7.2.4" port: 39421 } attrs { promote: true } } }
I20260630 12:33:27.650234 11499 catalog_manager.cc:5697] T 53033d78405944078892dc3f6e138e6a P 9707ea05114b41008fc4e02521a5101f reported cstate change: config changed from index -1 to 26, NON_VOTER 2b3f9765a54b4b6e9fed1a0d28a83e85 (127.7.2.4) added. New cstate: current_term: 1 leader_uuid: "2556125099f648b7b7ec75136fef445b" committed_config { opid_index: 26 OBSOLETE_local: false peers { permanent_uuid: "2556125099f648b7b7ec75136fef445b" member_type: VOTER last_known_addr { host: "127.7.2.1" port: 46145 } } peers { permanent_uuid: "e17a0accb4414a3ea4382475605b652f" member_type: VOTER last_known_addr { host: "127.7.2.2" port: 39907 } } peers { permanent_uuid: "9707ea05114b41008fc4e02521a5101f" member_type: VOTER last_known_addr { host: "127.7.2.3" port: 41089 } attrs { replace: true } } peers { permanent_uuid: "2b3f9765a54b4b6e9fed1a0d28a83e85" member_type: NON_VOTER last_known_addr { host: "127.7.2.4" port: 39421 } attrs { promote: true } } }
