I20260630 12:10:49.900671  8212 tablet_bootstrap.cc:654] T bad84dc937274acba61cef6a695713f0 P 432491d9eca74cfdbf6811d3ea7f3527: Neither blocks nor log segments found. Creating new log.
I20260630 12:10:49.883842  8244 raft_consensus.cc:515] T 9d70ec4284804ae18f3ff7ce914a933c P 45fdc2e691e44ef19334a11168a5718d [term 1 FOLLOWER]: Starting leader election with config: opid_index: -1 OBSOLETE_local: false peers { permanent_uuid: "432491d9eca74cfdbf6811d3ea7f3527" member_type: VOTER last_known_addr { host: "127.7.42.129" port: 42911 } } peers { permanent_uuid: "45fdc2e691e44ef19334a11168a5718d" member_type: VOTER last_known_addr { host: "127.7.42.130" port: 39127 } } peers { permanent_uuid: "ffe8a3030e3f4341a1e776ee1c4c9ac9" member_type: VOTER last_known_addr { host: "127.7.42.131" port: 44951 } }
I20260630 12:10:49.901396  8211 raft_consensus.cc:359] T 856b15ecaeae4988a968c6cace079f24 P 45fdc2e691e44ef19334a11168a5718d [term 0 FOLLOWER]: Replica starting. Triggering 0 pending ops. Active config: opid_index: -1 OBSOLETE_local: false peers { permanent_uuid: "ffe8a3030e3f4341a1e776ee1c4c9ac9" member_type: VOTER last_known_addr { host: "127.7.42.131" port: 44951 } } peers { permanent_uuid: "45fdc2e691e44ef19334a11168a5718d" member_type: VOTER last_known_addr { host: "127.7.42.130" port: 39127 } } peers { permanent_uuid: "432491d9eca74cfdbf6811d3ea7f3527" member_type: VOTER last_known_addr { host: "127.7.42.129" port: 42911 } }
I20260630 12:10:49.902319  8211 raft_consensus.cc:385] T 856b15ecaeae4988a968c6cace079f24 P 45fdc2e691e44ef19334a11168a5718d [term 0 FOLLOWER]: Consensus starting up: Expiring failure detector timer to make a prompt election more likely
I20260630 12:10:49.902598  8211 raft_consensus.cc:740] T 856b15ecaeae4988a968c6cace079f24 P 45fdc2e691e44ef19334a11168a5718d [term 0 FOLLOWER]: Becoming Follower/Learner. State: Replica: 45fdc2e691e44ef19334a11168a5718d, State: Initialized, Role: FOLLOWER
I20260630 12:10:49.903429  8015 tablet_service.cc:1917] Received RequestConsensusVote() RPC: tablet_id: "9d70ec4284804ae18f3ff7ce914a933c" candidate_uuid: "45fdc2e691e44ef19334a11168a5718d" candidate_term: 1 candidate_status { last_received { term: 0 index: 0 } } ignore_live_leader: false dest_uuid: "432491d9eca74cfdbf6811d3ea7f3527"
I20260630 12:10:49.903939  8244 leader_election.cc:290] T 9d70ec4284804ae18f3ff7ce914a933c P 45fdc2e691e44ef19334a11168a5718d [CANDIDATE]: Term 1 election: Requested vote from peers 432491d9eca74cfdbf6811d3ea7f3527 (127.7.42.129:42911), ffe8a3030e3f4341a1e776ee1c4c9ac9 (127.7.42.131:44951)
I20260630 12:10:49.904011  8165 tablet_service.cc:1917] Received RequestConsensusVote() RPC: tablet_id: "9d70ec4284804ae18f3ff7ce914a933c" candidate_uuid: "45fdc2e691e44ef19334a11168a5718d" candidate_term: 1 candidate_status { last_received { term: 0 index: 0 } } ignore_live_leader: false dest_uuid: "ffe8a3030e3f4341a1e776ee1c4c9ac9"
W20260630 12:10:49.904793  8055 leader_election.cc:343] T 9d70ec4284804ae18f3ff7ce914a933c P 45fdc2e691e44ef19334a11168a5718d [CANDIDATE]: Term 1 election: Tablet error from VoteRequest() call to peer 432491d9eca74cfdbf6811d3ea7f3527 (127.7.42.129:42911): Illegal state: must be running to vote when last-logged opid is not known
I20260630 12:10:49.906353  8165 raft_consensus.cc:3060] T 9d70ec4284804ae18f3ff7ce914a933c P ffe8a3030e3f4341a1e776ee1c4c9ac9 [term 0 FOLLOWER]: Advancing to term 1
I20260630 12:10:49.907166  8090 tablet_service.cc:1917] Received RequestConsensusVote() RPC: tablet_id: "bad84dc937274acba61cef6a695713f0" candidate_uuid: "ffe8a3030e3f4341a1e776ee1c4c9ac9" candidate_term: 1 candidate_status { last_received { term: 0 index: 0 } } ignore_live_leader: false dest_uuid: "45fdc2e691e44ef19334a11168a5718d" is_pre_election: true
I20260630 12:10:49.908411  8015 tablet_service.cc:1917] Received RequestConsensusVote() RPC: tablet_id: "bad84dc937274acba61cef6a695713f0" candidate_uuid: "ffe8a3030e3f4341a1e776ee1c4c9ac9" candidate_term: 1 candidate_status { last_received { term: 0 index: 0 } } ignore_live_leader: false dest_uuid: "432491d9eca74cfdbf6811d3ea7f3527" is_pre_election: true
W20260630 12:10:49.909837  8129 leader_election.cc:343] T bad84dc937274acba61cef6a695713f0 P ffe8a3030e3f4341a1e776ee1c4c9ac9 [CANDIDATE]: Term 1 pre-election: Tablet error from VoteRequest() call to peer 45fdc2e691e44ef19334a11168a5718d (127.7.42.130:39127): Illegal state: must be running to vote when last-logged opid is not known
I20260630 12:10:49.904793  8211 consensus_queue.cc:260] T 856b15ecaeae4988a968c6cace079f24 P 45fdc2e691e44ef19334a11168a5718d [NON_LEADER]: Queue going to NON_LEADER mode. State: All replicated index: 0, Majority replicated index: 0, Committed index: 0, Last appended: 0.0, Last appended by leader: 0, Current term: 0, Majority size: -1, State: 0, Mode: NON_LEADER, active raft config: opid_index: -1 OBSOLETE_local: false peers { permanent_uuid: "ffe8a3030e3f4341a1e776ee1c4c9ac9" member_type: VOTER last_known_addr { host: "127.7.42.131" port: 44951 } } peers { permanent_uuid: "45fdc2e691e44ef19334a11168a5718d" member_type: VOTER last_known_addr { host: "127.7.42.130" port: 39127 } } peers { permanent_uuid: "432491d9eca74cfdbf6811d3ea7f3527" member_type: VOTER last_known_addr { host: "127.7.42.129" port: 42911 } }
I20260630 12:10:49.905648  8251 leader_election.cc:290] T bad84dc937274acba61cef6a695713f0 P ffe8a3030e3f4341a1e776ee1c4c9ac9 [CANDIDATE]: Term 1 pre-election: Requested pre-vote from peers 432491d9eca74cfdbf6811d3ea7f3527 (127.7.42.129:42911), 45fdc2e691e44ef19334a11168a5718d (127.7.42.130:39127)
W20260630 12:10:49.910493  8129 leader_election.cc:343] T bad84dc937274acba61cef6a695713f0 P ffe8a3030e3f4341a1e776ee1c4c9ac9 [CANDIDATE]: Term 1 pre-election: Tablet error from VoteRequest() call to peer 432491d9eca74cfdbf6811d3ea7f3527 (127.7.42.129:42911): Illegal state: must be running to vote when last-logged opid is not known
I20260630 12:10:49.910938  8129 leader_election.cc:304] T bad84dc937274acba61cef6a695713f0 P ffe8a3030e3f4341a1e776ee1c4c9ac9 [CANDIDATE]: Term 1 pre-election: Election decided. Result: candidate lost. Election summary: received 3 responses out of 3 voters: 1 yes votes; 2 no votes. yes voters: ffe8a3030e3f4341a1e776ee1c4c9ac9; no voters: 432491d9eca74cfdbf6811d3ea7f3527, 45fdc2e691e44ef19334a11168a5718d
I20260630 12:10:49.911923  8251 raft_consensus.cc:2749] T bad84dc937274acba61cef6a695713f0 P ffe8a3030e3f4341a1e776ee1c4c9ac9 [term 0 FOLLOWER]: Leader pre-election lost for term 1. Reason: could not achieve majority
I20260630 12:10:49.913229  8165 raft_consensus.cc:2468] T 9d70ec4284804ae18f3ff7ce914a933c P ffe8a3030e3f4341a1e776ee1c4c9ac9 [term 1 FOLLOWER]: Leader election vote request: Granting yes vote for candidate 45fdc2e691e44ef19334a11168a5718d in term 1.
I20260630 12:10:49.914000  8212 tablet_bootstrap.cc:492] T bad84dc937274acba61cef6a695713f0 P 432491d9eca74cfdbf6811d3ea7f3527: No bootstrap required, opened a new log
I20260630 12:10:49.914413  8057 leader_election.cc:304] T 9d70ec4284804ae18f3ff7ce914a933c P 45fdc2e691e44ef19334a11168a5718d [CANDIDATE]: Term 1 election: Election decided. Result: candidate won. Election summary: received 3 responses out of 3 voters: 2 yes votes; 1 no votes. yes voters: 45fdc2e691e44ef19334a11168a5718d, ffe8a3030e3f4341a1e776ee1c4c9ac9; no voters: 432491d9eca74cfdbf6811d3ea7f3527
I20260630 12:10:49.914597  8210 tablet_bootstrap.cc:492] T a94b5ddf23164a63932091c8fc1cd9dc P ffe8a3030e3f4341a1e776ee1c4c9ac9: No bootstrap required, opened a new log
I20260630 12:10:49.913506  8211 ts_tablet_manager.cc:1434] T 856b15ecaeae4988a968c6cace079f24 P 45fdc2e691e44ef19334a11168a5718d: Time spent starting tablet: real 0.015s	user 0.008s	sys 0.000s
I20260630 12:10:49.915196  8210 ts_tablet_manager.cc:1403] T a94b5ddf23164a63932091c8fc1cd9dc P ffe8a3030e3f4341a1e776ee1c4c9ac9: Time spent bootstrapping tablet: real 0.064s	user 0.013s	sys 0.021s
I20260630 12:10:49.914566  8212 ts_tablet_manager.cc:1403] T bad84dc937274acba61cef6a695713f0 P 432491d9eca74cfdbf6811d3ea7f3527: Time spent bootstrapping tablet: real 0.023s	user 0.007s	sys 0.009s
I20260630 12:10:49.915455  8244 raft_consensus.cc:2804] T 9d70ec4284804ae18f3ff7ce914a933c P 45fdc2e691e44ef19334a11168a5718d [term 1 FOLLOWER]: Leader election won for term 1
I20260630 12:10:49.917235  8244 raft_consensus.cc:697] T 9d70ec4284804ae18f3ff7ce914a933c P 45fdc2e691e44ef19334a11168a5718d [term 1 LEADER]: Becoming Leader. State: Replica: 45fdc2e691e44ef19334a11168a5718d, State: Running, Role: LEADER
I20260630 12:10:49.917713  8210 raft_consensus.cc:359] T a94b5ddf23164a63932091c8fc1cd9dc P ffe8a3030e3f4341a1e776ee1c4c9ac9 [term 0 FOLLOWER]: Replica starting. Triggering 0 pending ops. Active config: opid_index: -1 OBSOLETE_local: false peers { permanent_uuid: "432491d9eca74cfdbf6811d3ea7f3527" member_type: VOTER last_known_addr { host: "127.7.42.129" port: 42911 } } peers { permanent_uuid: "45fdc2e691e44ef19334a11168a5718d" member_type: VOTER last_known_addr { host: "127.7.42.130" port: 39127 } } peers { permanent_uuid: "ffe8a3030e3f4341a1e776ee1c4c9ac9" member_type: VOTER last_known_addr { host: "127.7.42.131" port: 44951 } }
I20260630 12:10:49.918404  8210 raft_consensus.cc:385] T a94b5ddf23164a63932091c8fc1cd9dc P ffe8a3030e3f4341a1e776ee1c4c9ac9 [term 0 FOLLOWER]: Consensus starting up: Expiring failure detector timer to make a prompt election more likely
I20260630 12:10:49.918013  8244 consensus_queue.cc:237] T 9d70ec4284804ae18f3ff7ce914a933c P 45fdc2e691e44ef19334a11168a5718d [LEADER]: Queue going to LEADER mode. State: All replicated index: 0, Majority replicated index: 0, Committed index: 0, Last appended: 0.0, Last appended by leader: 0, Current term: 1, Majority size: 2, State: 0, Mode: LEADER, active raft config: opid_index: -1 OBSOLETE_local: false peers { permanent_uuid: "432491d9eca74cfdbf6811d3ea7f3527" member_type: VOTER last_known_addr { host: "127.7.42.129" port: 42911 } } peers { permanent_uuid: "45fdc2e691e44ef19334a11168a5718d" member_type: VOTER last_known_addr { host: "127.7.42.130" port: 39127 } } peers { permanent_uuid: "ffe8a3030e3f4341a1e776ee1c4c9ac9" member_type: VOTER last_known_addr { host: "127.7.42.131" port: 44951 } }
I20260630 12:10:49.918699  8210 raft_consensus.cc:740] T a94b5ddf23164a63932091c8fc1cd9dc P ffe8a3030e3f4341a1e776ee1c4c9ac9 [term 0 FOLLOWER]: Becoming Follower/Learner. State: Replica: ffe8a3030e3f4341a1e776ee1c4c9ac9, State: Initialized, Role: FOLLOWER
I20260630 12:10:49.919466  8210 consensus_queue.cc:260] T a94b5ddf23164a63932091c8fc1cd9dc P ffe8a3030e3f4341a1e776ee1c4c9ac9 [NON_LEADER]: Queue going to NON_LEADER mode. State: All replicated index: 0, Majority replicated index: 0, Committed index: 0, Last appended: 0.0, Last appended by leader: 0, Current term: 0, Majority size: -1, State: 0, Mode: NON_LEADER, active raft config: opid_index: -1 OBSOLETE_local: false peers { permanent_uuid: "432491d9eca74cfdbf6811d3ea7f3527" member_type: VOTER last_known_addr { host: "127.7.42.129" port: 42911 } } peers { permanent_uuid: "45fdc2e691e44ef19334a11168a5718d" member_type: VOTER last_known_addr { host: "127.7.42.130" port: 39127 } } peers { permanent_uuid: "ffe8a3030e3f4341a1e776ee1c4c9ac9" member_type: VOTER last_known_addr { host: "127.7.42.131" port: 44951 } }
I20260630 12:10:49.920681  8212 raft_consensus.cc:359] T bad84dc937274acba61cef6a695713f0 P 432491d9eca74cfdbf6811d3ea7f3527 [term 0 FOLLOWER]: Replica starting. Triggering 0 pending ops. Active config: opid_index: -1 OBSOLETE_local: false peers { permanent_uuid: "432491d9eca74cfdbf6811d3ea7f3527" member_type: VOTER last_known_addr { host: "127.7.42.129" port: 42911 } } peers { permanent_uuid: "45fdc2e691e44ef19334a11168a5718d" member_type: VOTER last_known_addr { host: "127.7.42.130" port: 39127 } } peers { permanent_uuid: "ffe8a3030e3f4341a1e776ee1c4c9ac9" member_type: VOTER last_known_addr { host: "127.7.42.131" port: 44951 } }
I20260630 12:10:49.921685  8212 raft_consensus.cc:385] T bad84dc937274acba61cef6a695713f0 P 432491d9eca74cfdbf6811d3ea7f3527 [term 0 FOLLOWER]: Consensus starting up: Expiring failure detector timer to make a prompt election more likely
I20260630 12:10:49.922111  8210 ts_tablet_manager.cc:1434] T a94b5ddf23164a63932091c8fc1cd9dc P ffe8a3030e3f4341a1e776ee1c4c9ac9: Time spent starting tablet: real 0.007s	user 0.003s	sys 0.004s
I20260630 12:10:49.916611  8211 tablet_bootstrap.cc:492] T bad84dc937274acba61cef6a695713f0 P 45fdc2e691e44ef19334a11168a5718d: Bootstrap starting.
I20260630 12:10:49.923439  8210 tablet_bootstrap.cc:492] T 856b15ecaeae4988a968c6cace079f24 P ffe8a3030e3f4341a1e776ee1c4c9ac9: Bootstrap starting.
I20260630 12:10:49.922127  8212 raft_consensus.cc:740] T bad84dc937274acba61cef6a695713f0 P 432491d9eca74cfdbf6811d3ea7f3527 [term 0 FOLLOWER]: Becoming Follower/Learner. State: Replica: 432491d9eca74cfdbf6811d3ea7f3527, State: Initialized, Role: FOLLOWER
I20260630 12:10:49.926251  8212 consensus_queue.cc:260] T bad84dc937274acba61cef6a695713f0 P 432491d9eca74cfdbf6811d3ea7f3527 [NON_LEADER]: Queue going to NON_LEADER mode. State: All replicated index: 0, Majority replicated index: 0, Committed index: 0, Last appended: 0.0, Last appended by leader: 0, Current term: 0, Majority size: -1, State: 0, Mode: NON_LEADER, active raft config: opid_index: -1 OBSOLETE_local: false peers { permanent_uuid: "432491d9eca74cfdbf6811d3ea7f3527" member_type: VOTER last_known_addr { host: "127.7.42.129" port: 42911 } } peers { permanent_uuid: "45fdc2e691e44ef19334a11168a5718d" member_type: VOTER last_known_addr { host: "127.7.42.130" port: 39127 } } peers { permanent_uuid: "ffe8a3030e3f4341a1e776ee1c4c9ac9" member_type: VOTER last_known_addr { host: "127.7.42.131" port: 44951 } }
I20260630 12:10:49.928725  8212 ts_tablet_manager.cc:1434] T bad84dc937274acba61cef6a695713f0 P 432491d9eca74cfdbf6811d3ea7f3527: Time spent starting tablet: real 0.012s	user 0.006s	sys 0.000s
I20260630 12:10:49.929704  8212 tablet_bootstrap.cc:492] T 9d70ec4284804ae18f3ff7ce914a933c P 432491d9eca74cfdbf6811d3ea7f3527: Bootstrap starting.
I20260630 12:10:49.930261  8210 tablet_bootstrap.cc:654] T 856b15ecaeae4988a968c6cace079f24 P ffe8a3030e3f4341a1e776ee1c4c9ac9: Neither blocks nor log segments found. Creating new log.
I20260630 12:10:49.935750  8212 tablet_bootstrap.cc:654] T 9d70ec4284804ae18f3ff7ce914a933c P 432491d9eca74cfdbf6811d3ea7f3527: Neither blocks nor log segments found. Creating new log.
I20260630 12:10:49.935945  8211 tablet_bootstrap.cc:654] T bad84dc937274acba61cef6a695713f0 P 45fdc2e691e44ef19334a11168a5718d: Neither blocks nor log segments found. Creating new log.
I20260630 12:10:49.949542  8218 raft_consensus.cc:493] T bad84dc937274acba61cef6a695713f0 P 432491d9eca74cfdbf6811d3ea7f3527 [term 0 FOLLOWER]: Starting pre-election (no leader contacted us within the election timeout)
I20260630 12:10:49.950168  8218 raft_consensus.cc:515] T bad84dc937274acba61cef6a695713f0 P 432491d9eca74cfdbf6811d3ea7f3527 [term 0 FOLLOWER]: Starting pre-election with config: opid_index: -1 OBSOLETE_local: false peers { permanent_uuid: "432491d9eca74cfdbf6811d3ea7f3527" member_type: VOTER last_known_addr { host: "127.7.42.129" port: 42911 } } peers { permanent_uuid: "45fdc2e691e44ef19334a11168a5718d" member_type: VOTER last_known_addr { host: "127.7.42.130" port: 39127 } } peers { permanent_uuid: "ffe8a3030e3f4341a1e776ee1c4c9ac9" member_type: VOTER last_known_addr { host: "127.7.42.131" port: 44951 } }
I20260630 12:10:49.953702  8090 tablet_service.cc:1917] Received RequestConsensusVote() RPC: tablet_id: "bad84dc937274acba61cef6a695713f0" candidate_uuid: "432491d9eca74cfdbf6811d3ea7f3527" candidate_term: 1 candidate_status { last_received { term: 0 index: 0 } } ignore_live_leader: false dest_uuid: "45fdc2e691e44ef19334a11168a5718d" is_pre_election: true
I20260630 12:10:49.954137  8165 tablet_service.cc:1917] Received RequestConsensusVote() RPC: tablet_id: "bad84dc937274acba61cef6a695713f0" candidate_uuid: "432491d9eca74cfdbf6811d3ea7f3527" candidate_term: 1 candidate_status { last_received { term: 0 index: 0 } } ignore_live_leader: false dest_uuid: "ffe8a3030e3f4341a1e776ee1c4c9ac9" is_pre_election: true
I20260630 12:10:49.954953  8165 raft_consensus.cc:2468] T bad84dc937274acba61cef6a695713f0 P ffe8a3030e3f4341a1e776ee1c4c9ac9 [term 0 FOLLOWER]: Leader pre-election vote request: Granting yes vote for candidate 432491d9eca74cfdbf6811d3ea7f3527 in term 0.
W20260630 12:10:49.955430  7980 leader_election.cc:343] T bad84dc937274acba61cef6a695713f0 P 432491d9eca74cfdbf6811d3ea7f3527 [CANDIDATE]: Term 1 pre-election: Tablet error from VoteRequest() call to peer 45fdc2e691e44ef19334a11168a5718d (127.7.42.130:39127): Illegal state: must be running to vote when last-logged opid is not known
I20260630 12:10:49.956542  7982 leader_election.cc:304] T bad84dc937274acba61cef6a695713f0 P 432491d9eca74cfdbf6811d3ea7f3527 [CANDIDATE]: Term 1 pre-election: Election decided. Result: candidate won. Election summary: received 3 responses out of 3 voters: 2 yes votes; 1 no votes. yes voters: 432491d9eca74cfdbf6811d3ea7f3527, ffe8a3030e3f4341a1e776ee1c4c9ac9; no voters: 45fdc2e691e44ef19334a11168a5718d
I20260630 12:10:49.957669  8218 leader_election.cc:290] T bad84dc937274acba61cef6a695713f0 P 432491d9eca74cfdbf6811d3ea7f3527 [CANDIDATE]: Term 1 pre-election: Requested pre-vote from peers 45fdc2e691e44ef19334a11168a5718d (127.7.42.130:39127), ffe8a3030e3f4341a1e776ee1c4c9ac9 (127.7.42.131:44951)
I20260630 12:10:49.958118  8235 raft_consensus.cc:2804] T bad84dc937274acba61cef6a695713f0 P 432491d9eca74cfdbf6811d3ea7f3527 [term 0 FOLLOWER]: Leader pre-election won for term 1
I20260630 12:10:49.958612  8235 raft_consensus.cc:493] T bad84dc937274acba61cef6a695713f0 P 432491d9eca74cfdbf6811d3ea7f3527 [term 0 FOLLOWER]: Starting leader election (no leader contacted us within the election timeout)
I20260630 12:10:49.959036  8235 raft_consensus.cc:3060] T bad84dc937274acba61cef6a695713f0 P 432491d9eca74cfdbf6811d3ea7f3527 [term 0 FOLLOWER]: Advancing to term 1
I20260630 12:10:49.959784  8218 raft_consensus.cc:493] T 856b15ecaeae4988a968c6cace079f24 P 432491d9eca74cfdbf6811d3ea7f3527 [term 0 FOLLOWER]: Starting pre-election (no leader contacted us within the election timeout)
I20260630 12:10:49.960338  8218 raft_consensus.cc:515] T 856b15ecaeae4988a968c6cace079f24 P 432491d9eca74cfdbf6811d3ea7f3527 [term 0 FOLLOWER]: Starting pre-election with config: opid_index: -1 OBSOLETE_local: false peers { permanent_uuid: "ffe8a3030e3f4341a1e776ee1c4c9ac9" member_type: VOTER last_known_addr { host: "127.7.42.131" port: 44951 } } peers { permanent_uuid: "45fdc2e691e44ef19334a11168a5718d" member_type: VOTER last_known_addr { host: "127.7.42.130" port: 39127 } } peers { permanent_uuid: "432491d9eca74cfdbf6811d3ea7f3527" member_type: VOTER last_known_addr { host: "127.7.42.129" port: 42911 } }
I20260630 12:10:49.967221  8165 tablet_service.cc:1917] Received RequestConsensusVote() RPC: tablet_id: "856b15ecaeae4988a968c6cace079f24" candidate_uuid: "432491d9eca74cfdbf6811d3ea7f3527" candidate_term: 1 candidate_status { last_received { term: 0 index: 0 } } ignore_live_leader: false dest_uuid: "ffe8a3030e3f4341a1e776ee1c4c9ac9" is_pre_election: true
W20260630 12:10:49.969027  7982 leader_election.cc:343] T 856b15ecaeae4988a968c6cace079f24 P 432491d9eca74cfdbf6811d3ea7f3527 [CANDIDATE]: Term 1 pre-election: Tablet error from VoteRequest() call to peer ffe8a3030e3f4341a1e776ee1c4c9ac9 (127.7.42.131:44951): Illegal state: must be running to vote when last-logged opid is not known
I20260630 12:10:49.971544  8090 tablet_service.cc:1917] Received RequestConsensusVote() RPC: tablet_id: "856b15ecaeae4988a968c6cace079f24" candidate_uuid: "432491d9eca74cfdbf6811d3ea7f3527" candidate_term: 1 candidate_status { last_received { term: 0 index: 0 } } ignore_live_leader: false dest_uuid: "45fdc2e691e44ef19334a11168a5718d" is_pre_election: true
I20260630 12:10:49.971019  7913 catalog_manager.cc:5697] T 9d70ec4284804ae18f3ff7ce914a933c P 45fdc2e691e44ef19334a11168a5718d reported cstate change: term changed from 0 to 1, leader changed from <none> to 45fdc2e691e44ef19334a11168a5718d (127.7.42.130). New cstate: current_term: 1 leader_uuid: "45fdc2e691e44ef19334a11168a5718d" committed_config { opid_index: -1 OBSOLETE_local: false peers { permanent_uuid: "432491d9eca74cfdbf6811d3ea7f3527" member_type: VOTER last_known_addr { host: "127.7.42.129" port: 42911 } health_report { overall_health: UNKNOWN } } peers { permanent_uuid: "45fdc2e691e44ef19334a11168a5718d" member_type: VOTER last_known_addr { host: "127.7.42.130" port: 39127 } health_report { overall_health: HEALTHY } } peers { permanent_uuid: "ffe8a3030e3f4341a1e776ee1c4c9ac9" member_type: VOTER last_known_addr { host: "127.7.42.131" port: 44951 } health_report { overall_health: UNKNOWN } } }
I20260630 12:10:49.972402  8090 raft_consensus.cc:2468] T 856b15ecaeae4988a968c6cace079f24 P 45fdc2e691e44ef19334a11168a5718d [term 0 FOLLOWER]: Leader pre-election vote request: Granting yes vote for candidate 432491d9eca74cfdbf6811d3ea7f3527 in term 0.
I20260630 12:10:49.974120  7980 leader_election.cc:304] T 856b15ecaeae4988a968c6cace079f24 P 432491d9eca74cfdbf6811d3ea7f3527 [CANDIDATE]: Term 1 pre-election: Election decided. Result: candidate won. Election summary: received 3 responses out of 3 voters: 2 yes votes; 1 no votes. yes voters: 432491d9eca74cfdbf6811d3ea7f3527, 45fdc2e691e44ef19334a11168a5718d; no voters: ffe8a3030e3f4341a1e776ee1c4c9ac9
I20260630 12:10:49.975383  8248 raft_consensus.cc:2804] T 856b15ecaeae4988a968c6cace079f24 P 432491d9eca74cfdbf6811d3ea7f3527 [term 0 FOLLOWER]: Leader pre-election won for term 1
I20260630 12:10:49.975855  8248 raft_consensus.cc:493] T 856b15ecaeae4988a968c6cace079f24 P 432491d9eca74cfdbf6811d3ea7f3527 [term 0 FOLLOWER]: Starting leader election (no leader contacted us within the election timeout)
I20260630 12:10:49.976257  8248 raft_consensus.cc:3060] T 856b15ecaeae4988a968c6cace079f24 P 432491d9eca74cfdbf6811d3ea7f3527 [term 0 FOLLOWER]: Advancing to term 1
I20260630 12:10:49.963734  7911 catalog_manager.cc:5697] T e536c643846a47d1bf6fe9bc190457f9 P ffe8a3030e3f4341a1e776ee1c4c9ac9 reported cstate change: term changed from 0 to 1, leader changed from <none> to ffe8a3030e3f4341a1e776ee1c4c9ac9 (127.7.42.131). New cstate: current_term: 1 leader_uuid: "ffe8a3030e3f4341a1e776ee1c4c9ac9" committed_config { opid_index: -1 OBSOLETE_local: false peers { permanent_uuid: "432491d9eca74cfdbf6811d3ea7f3527" member_type: VOTER last_known_addr { host: "127.7.42.129" port: 42911 } health_report { overall_health: UNKNOWN } } peers { permanent_uuid: "45fdc2e691e44ef19334a11168a5718d" member_type: VOTER last_known_addr { host: "127.7.42.130" port: 39127 } health_report { overall_health: UNKNOWN } } peers { permanent_uuid: "ffe8a3030e3f4341a1e776ee1c4c9ac9" member_type: VOTER last_known_addr { host: "127.7.42.131" port: 44951 } health_report { overall_health: HEALTHY } } }
I20260630 12:10:49.984688  8218 leader_election.cc:290] T 856b15ecaeae4988a968c6cace079f24 P 432491d9eca74cfdbf6811d3ea7f3527 [CANDIDATE]: Term 1 pre-election: Requested pre-vote from peers ffe8a3030e3f4341a1e776ee1c4c9ac9 (127.7.42.131:44951), 45fdc2e691e44ef19334a11168a5718d (127.7.42.130:39127)
I20260630 12:10:49.985771  8235 raft_consensus.cc:515] T bad84dc937274acba61cef6a695713f0 P 432491d9eca74cfdbf6811d3ea7f3527 [term 1 FOLLOWER]: Starting leader election with config: opid_index: -1 OBSOLETE_local: false peers { permanent_uuid: "432491d9eca74cfdbf6811d3ea7f3527" member_type: VOTER last_known_addr { host: "127.7.42.129" port: 42911 } } peers { permanent_uuid: "45fdc2e691e44ef19334a11168a5718d" member_type: VOTER last_known_addr { host: "127.7.42.130" port: 39127 } } peers { permanent_uuid: "ffe8a3030e3f4341a1e776ee1c4c9ac9" member_type: VOTER last_known_addr { host: "127.7.42.131" port: 44951 } }
I20260630 12:10:49.987404  8248 raft_consensus.cc:515] T 856b15ecaeae4988a968c6cace079f24 P 432491d9eca74cfdbf6811d3ea7f3527 [term 1 FOLLOWER]: Starting leader election with config: opid_index: -1 OBSOLETE_local: false peers { permanent_uuid: "ffe8a3030e3f4341a1e776ee1c4c9ac9" member_type: VOTER last_known_addr { host: "127.7.42.131" port: 44951 } } peers { permanent_uuid: "45fdc2e691e44ef19334a11168a5718d" member_type: VOTER last_known_addr { host: "127.7.42.130" port: 39127 } } peers { permanent_uuid: "432491d9eca74cfdbf6811d3ea7f3527" member_type: VOTER last_known_addr { host: "127.7.42.129" port: 42911 } }
I20260630 12:10:49.989264  8090 tablet_service.cc:1917] Received RequestConsensusVote() RPC: tablet_id: "bad84dc937274acba61cef6a695713f0" candidate_uuid: "432491d9eca74cfdbf6811d3ea7f3527" candidate_term: 1 candidate_status { last_received { term: 0 index: 0 } } ignore_live_leader: false dest_uuid: "45fdc2e691e44ef19334a11168a5718d"
W20260630 12:10:49.990996  7980 leader_election.cc:343] T bad84dc937274acba61cef6a695713f0 P 432491d9eca74cfdbf6811d3ea7f3527 [CANDIDATE]: Term 1 election: Tablet error from VoteRequest() call to peer 45fdc2e691e44ef19334a11168a5718d (127.7.42.130:39127): Illegal state: must be running to vote when last-logged opid is not known
I20260630 12:10:49.991165  8165 tablet_service.cc:1917] Received RequestConsensusVote() RPC: tablet_id: "856b15ecaeae4988a968c6cace079f24" candidate_uuid: "432491d9eca74cfdbf6811d3ea7f3527" candidate_term: 1 candidate_status { last_received { term: 0 index: 0 } } ignore_live_leader: false dest_uuid: "ffe8a3030e3f4341a1e776ee1c4c9ac9"
W20260630 12:10:49.992931  7982 leader_election.cc:343] T 856b15ecaeae4988a968c6cace079f24 P 432491d9eca74cfdbf6811d3ea7f3527 [CANDIDATE]: Term 1 election: Tablet error from VoteRequest() call to peer ffe8a3030e3f4341a1e776ee1c4c9ac9 (127.7.42.131:44951): Illegal state: must be running to vote when last-logged opid is not known
I20260630 12:10:49.995410  8090 tablet_service.cc:1917] Received RequestConsensusVote() RPC: tablet_id: "856b15ecaeae4988a968c6cace079f24" candidate_uuid: "432491d9eca74cfdbf6811d3ea7f3527" candidate_term: 1 candidate_status { last_received { term: 0 index: 0 } } ignore_live_leader: false dest_uuid: "45fdc2e691e44ef19334a11168a5718d"
I20260630 12:10:49.996124  8090 raft_consensus.cc:3060] T 856b15ecaeae4988a968c6cace079f24 P 45fdc2e691e44ef19334a11168a5718d [term 0 FOLLOWER]: Advancing to term 1
I20260630 12:10:50.005265  8248 leader_election.cc:290] T 856b15ecaeae4988a968c6cace079f24 P 432491d9eca74cfdbf6811d3ea7f3527 [CANDIDATE]: Term 1 election: Requested vote from peers ffe8a3030e3f4341a1e776ee1c4c9ac9 (127.7.42.131:44951), 45fdc2e691e44ef19334a11168a5718d (127.7.42.130:39127)
I20260630 12:10:50.004848  8090 raft_consensus.cc:2468] T 856b15ecaeae4988a968c6cace079f24 P 45fdc2e691e44ef19334a11168a5718d [term 1 FOLLOWER]: Leader election vote request: Granting yes vote for candidate 432491d9eca74cfdbf6811d3ea7f3527 in term 1.
I20260630 12:10:50.006619  7980 leader_election.cc:304] T 856b15ecaeae4988a968c6cace079f24 P 432491d9eca74cfdbf6811d3ea7f3527 [CANDIDATE]: Term 1 election: Election decided. Result: candidate won. Election summary: received 3 responses out of 3 voters: 2 yes votes; 1 no votes. yes voters: 432491d9eca74cfdbf6811d3ea7f3527, 45fdc2e691e44ef19334a11168a5718d; no voters: ffe8a3030e3f4341a1e776ee1c4c9ac9
I20260630 12:10:50.005452  7912 catalog_manager.cc:5697] T 18545195c9a64dd19f51529ea59c6d99 P 432491d9eca74cfdbf6811d3ea7f3527 reported cstate change: term changed from 0 to 1, leader changed from <none> to 432491d9eca74cfdbf6811d3ea7f3527 (127.7.42.129). New cstate: current_term: 1 leader_uuid: "432491d9eca74cfdbf6811d3ea7f3527" committed_config { opid_index: -1 OBSOLETE_local: false peers { permanent_uuid: "432491d9eca74cfdbf6811d3ea7f3527" member_type: VOTER last_known_addr { host: "127.7.42.129" port: 42911 } health_report { overall_health: HEALTHY } } peers { permanent_uuid: "45fdc2e691e44ef19334a11168a5718d" member_type: VOTER last_known_addr { host: "127.7.42.130" port: 39127 } health_report { overall_health: UNKNOWN } } peers { permanent_uuid: "ffe8a3030e3f4341a1e776ee1c4c9ac9" member_type: VOTER last_known_addr { host: "127.7.42.131" port: 44951 } health_report { overall_health: UNKNOWN } } }
I20260630 12:10:50.008194  8248 raft_consensus.cc:2804] T 856b15ecaeae4988a968c6cace079f24 P 432491d9eca74cfdbf6811d3ea7f3527 [term 1 FOLLOWER]: Leader election won for term 1
I20260630 12:10:50.009075  8248 raft_consensus.cc:697] T 856b15ecaeae4988a968c6cace079f24 P 432491d9eca74cfdbf6811d3ea7f3527 [term 1 LEADER]: Becoming Leader. State: Replica: 432491d9eca74cfdbf6811d3ea7f3527, State: Running, Role: LEADER
I20260630 12:10:50.010121  8248 consensus_queue.cc:237] T 856b15ecaeae4988a968c6cace079f24 P 432491d9eca74cfdbf6811d3ea7f3527 [LEADER]: Queue going to LEADER mode. State: All replicated index: 0, Majority replicated index: 0, Committed index: 0, Last appended: 0.0, Last appended by leader: 0, Current term: 1, Majority size: 2, State: 0, Mode: LEADER, active raft config: opid_index: -1 OBSOLETE_local: false peers { permanent_uuid: "ffe8a3030e3f4341a1e776ee1c4c9ac9" member_type: VOTER last_known_addr { host: "127.7.42.131" port: 44951 } } peers { permanent_uuid: "45fdc2e691e44ef19334a11168a5718d" member_type: VOTER last_known_addr { host: "127.7.42.130" port: 39127 } } peers { permanent_uuid: "432491d9eca74cfdbf6811d3ea7f3527" member_type: VOTER last_known_addr { host: "127.7.42.129" port: 42911 } }
I20260630 12:10:50.017063  8235 leader_election.cc:290] T bad84dc937274acba61cef6a695713f0 P 432491d9eca74cfdbf6811d3ea7f3527 [CANDIDATE]: Term 1 election: Requested vote from peers 45fdc2e691e44ef19334a11168a5718d (127.7.42.130:39127), ffe8a3030e3f4341a1e776ee1c4c9ac9 (127.7.42.131:44951)
I20260630 12:10:50.017917  8165 tablet_service.cc:1917] Received RequestConsensusVote() RPC: tablet_id: "bad84dc937274acba61cef6a695713f0" candidate_uuid: "432491d9eca74cfdbf6811d3ea7f3527" candidate_term: 1 candidate_status { last_received { term: 0 index: 0 } } ignore_live_leader: false dest_uuid: "ffe8a3030e3f4341a1e776ee1c4c9ac9"
I20260630 12:10:50.008420  7912 catalog_manager.cc:5697] T a94b5ddf23164a63932091c8fc1cd9dc P 432491d9eca74cfdbf6811d3ea7f3527 reported cstate change: term changed from 0 to 1, leader changed from <none> to 432491d9eca74cfdbf6811d3ea7f3527 (127.7.42.129). New cstate: current_term: 1 leader_uuid: "432491d9eca74cfdbf6811d3ea7f3527" committed_config { opid_index: -1 OBSOLETE_local: false peers { permanent_uuid: "432491d9eca74cfdbf6811d3ea7f3527" member_type: VOTER last_known_addr { host: "127.7.42.129" port: 42911 } health_report { overall_health: HEALTHY } } peers { permanent_uuid: "45fdc2e691e44ef19334a11168a5718d" member_type: VOTER last_known_addr { host: "127.7.42.130" port: 39127 } health_report { overall_health: UNKNOWN } } peers { permanent_uuid: "ffe8a3030e3f4341a1e776ee1c4c9ac9" member_type: VOTER last_known_addr { host: "127.7.42.131" port: 44951 } health_report { overall_health: UNKNOWN } } }
I20260630 12:10:50.018637  8165 raft_consensus.cc:3060] T bad84dc937274acba61cef6a695713f0 P ffe8a3030e3f4341a1e776ee1c4c9ac9 [term 0 FOLLOWER]: Advancing to term 1
I20260630 12:10:50.027787  8165 raft_consensus.cc:2468] T bad84dc937274acba61cef6a695713f0 P ffe8a3030e3f4341a1e776ee1c4c9ac9 [term 1 FOLLOWER]: Leader election vote request: Granting yes vote for candidate 432491d9eca74cfdbf6811d3ea7f3527 in term 1.
I20260630 12:10:50.029294  7982 leader_election.cc:304] T bad84dc937274acba61cef6a695713f0 P 432491d9eca74cfdbf6811d3ea7f3527 [CANDIDATE]: Term 1 election: Election decided. Result: candidate won. Election summary: received 3 responses out of 3 voters: 2 yes votes; 1 no votes. yes voters: 432491d9eca74cfdbf6811d3ea7f3527, ffe8a3030e3f4341a1e776ee1c4c9ac9; no voters: 45fdc2e691e44ef19334a11168a5718d
I20260630 12:10:50.030779  8235 raft_consensus.cc:2804] T bad84dc937274acba61cef6a695713f0 P 432491d9eca74cfdbf6811d3ea7f3527 [term 1 FOLLOWER]: Leader election won for term 1
I20260630 12:10:50.031570  8235 raft_consensus.cc:697] T bad84dc937274acba61cef6a695713f0 P 432491d9eca74cfdbf6811d3ea7f3527 [term 1 LEADER]: Becoming Leader. State: Replica: 432491d9eca74cfdbf6811d3ea7f3527, State: Running, Role: LEADER
I20260630 12:10:50.032563  8235 consensus_queue.cc:237] T bad84dc937274acba61cef6a695713f0 P 432491d9eca74cfdbf6811d3ea7f3527 [LEADER]: Queue going to LEADER mode. State: All replicated index: 0, Majority replicated index: 0, Committed index: 0, Last appended: 0.0, Last appended by leader: 0, Current term: 1, Majority size: 2, State: 0, Mode: LEADER, active raft config: opid_index: -1 OBSOLETE_local: false peers { permanent_uuid: "432491d9eca74cfdbf6811d3ea7f3527" member_type: VOTER last_known_addr { host: "127.7.42.129" port: 42911 } } peers { permanent_uuid: "45fdc2e691e44ef19334a11168a5718d" member_type: VOTER last_known_addr { host: "127.7.42.130" port: 39127 } } peers { permanent_uuid: "ffe8a3030e3f4341a1e776ee1c4c9ac9" member_type: VOTER last_known_addr { host: "127.7.42.131" port: 44951 } }
I20260630 12:10:50.039544  8210 tablet_bootstrap.cc:492] T 856b15ecaeae4988a968c6cace079f24 P ffe8a3030e3f4341a1e776ee1c4c9ac9: No bootstrap required, opened a new log
I20260630 12:10:50.040050  8212 tablet_bootstrap.cc:492] T 9d70ec4284804ae18f3ff7ce914a933c P 432491d9eca74cfdbf6811d3ea7f3527: No bootstrap required, opened a new log
I20260630 12:10:50.040127  8210 ts_tablet_manager.cc:1403] T 856b15ecaeae4988a968c6cace079f24 P ffe8a3030e3f4341a1e776ee1c4c9ac9: Time spent bootstrapping tablet: real 0.117s	user 0.064s	sys 0.046s
I20260630 12:10:50.040510  8212 ts_tablet_manager.cc:1403] T 9d70ec4284804ae18f3ff7ce914a933c P 432491d9eca74cfdbf6811d3ea7f3527: Time spent bootstrapping tablet: real 0.111s	user 0.039s	sys 0.032s
I20260630 12:10:50.043128  8211 tablet_bootstrap.cc:492] T bad84dc937274acba61cef6a695713f0 P 45fdc2e691e44ef19334a11168a5718d: No bootstrap required, opened a new log
I20260630 12:10:50.042965  8212 raft_consensus.cc:359] T 9d70ec4284804ae18f3ff7ce914a933c P 432491d9eca74cfdbf6811d3ea7f3527 [term 0 FOLLOWER]: Replica starting. Triggering 0 pending ops. Active config: opid_index: -1 OBSOLETE_local: false peers { permanent_uuid: "432491d9eca74cfdbf6811d3ea7f3527" member_type: VOTER last_known_addr { host: "127.7.42.129" port: 42911 } } peers { permanent_uuid: "45fdc2e691e44ef19334a11168a5718d" member_type: VOTER last_known_addr { host: "127.7.42.130" port: 39127 } } peers { permanent_uuid: "ffe8a3030e3f4341a1e776ee1c4c9ac9" member_type: VOTER last_known_addr { host: "127.7.42.131" port: 44951 } }
I20260630 12:10:50.043382  8210 raft_consensus.cc:359] T 856b15ecaeae4988a968c6cace079f24 P ffe8a3030e3f4341a1e776ee1c4c9ac9 [term 0 FOLLOWER]: Replica starting. Triggering 0 pending ops. Active config: opid_index: -1 OBSOLETE_local: false peers { permanent_uuid: "ffe8a3030e3f4341a1e776ee1c4c9ac9" member_type: VOTER last_known_addr { host: "127.7.42.131" port: 44951 } } peers { permanent_uuid: "45fdc2e691e44ef19334a11168a5718d" member_type: VOTER last_known_addr { host: "127.7.42.130" port: 39127 } } peers { permanent_uuid: "432491d9eca74cfdbf6811d3ea7f3527" member_type: VOTER last_known_addr { host: "127.7.42.129" port: 42911 } }
I20260630 12:10:50.044075  8210 raft_consensus.cc:385] T 856b15ecaeae4988a968c6cace079f24 P ffe8a3030e3f4341a1e776ee1c4c9ac9 [term 0 FOLLOWER]: Consensus starting up: Expiring failure detector timer to make a prompt election more likely
I20260630 12:10:50.044436  8210 raft_consensus.cc:740] T 856b15ecaeae4988a968c6cace079f24 P ffe8a3030e3f4341a1e776ee1c4c9ac9 [term 0 FOLLOWER]: Becoming Follower/Learner. State: Replica: ffe8a3030e3f4341a1e776ee1c4c9ac9, State: Initialized, Role: FOLLOWER
I20260630 12:10:50.045089  8210 consensus_queue.cc:260] T 856b15ecaeae4988a968c6cace079f24 P ffe8a3030e3f4341a1e776ee1c4c9ac9 [NON_LEADER]: Queue going to NON_LEADER mode. State: All replicated index: 0, Majority replicated index: 0, Committed index: 0, Last appended: 0.0, Last appended by leader: 0, Current term: 0, Majority size: -1, State: 0, Mode: NON_LEADER, active raft config: opid_index: -1 OBSOLETE_local: false peers { permanent_uuid: "ffe8a3030e3f4341a1e776ee1c4c9ac9" member_type: VOTER last_known_addr { host: "127.7.42.131" port: 44951 } } peers { permanent_uuid: "45fdc2e691e44ef19334a11168a5718d" member_type: VOTER last_known_addr { host: "127.7.42.130" port: 39127 } } peers { permanent_uuid: "432491d9eca74cfdbf6811d3ea7f3527" member_type: VOTER last_known_addr { host: "127.7.42.129" port: 42911 } }
I20260630 12:10:50.046734  8210 ts_tablet_manager.cc:1434] T 856b15ecaeae4988a968c6cace079f24 P ffe8a3030e3f4341a1e776ee1c4c9ac9: Time spent starting tablet: real 0.006s	user 0.007s	sys 0.000s
I20260630 12:10:50.043641  8211 ts_tablet_manager.cc:1403] T bad84dc937274acba61cef6a695713f0 P 45fdc2e691e44ef19334a11168a5718d: Time spent bootstrapping tablet: real 0.127s	user 0.010s	sys 0.039s
I20260630 12:10:50.043610  8212 raft_consensus.cc:385] T 9d70ec4284804ae18f3ff7ce914a933c P 432491d9eca74cfdbf6811d3ea7f3527 [term 0 FOLLOWER]: Consensus starting up: Expiring failure detector timer to make a prompt election more likely
I20260630 12:10:50.047303  8212 raft_consensus.cc:740] T 9d70ec4284804ae18f3ff7ce914a933c P 432491d9eca74cfdbf6811d3ea7f3527 [term 0 FOLLOWER]: Becoming Follower/Learner. State: Replica: 432491d9eca74cfdbf6811d3ea7f3527, State: Initialized, Role: FOLLOWER
I20260630 12:10:50.047968  8212 consensus_queue.cc:260] T 9d70ec4284804ae18f3ff7ce914a933c P 432491d9eca74cfdbf6811d3ea7f3527 [NON_LEADER]: Queue going to NON_LEADER mode. State: All replicated index: 0, Majority replicated index: 0, Committed index: 0, Last appended: 0.0, Last appended by leader: 0, Current term: 0, Majority size: -1, State: 0, Mode: NON_LEADER, active raft config: opid_index: -1 OBSOLETE_local: false peers { permanent_uuid: "432491d9eca74cfdbf6811d3ea7f3527" member_type: VOTER last_known_addr { host: "127.7.42.129" port: 42911 } } peers { permanent_uuid: "45fdc2e691e44ef19334a11168a5718d" member_type: VOTER last_known_addr { host: "127.7.42.130" port: 39127 } } peers { permanent_uuid: "ffe8a3030e3f4341a1e776ee1c4c9ac9" member_type: VOTER last_known_addr { host: "127.7.42.131" port: 44951 } }
I20260630 12:10:50.048848  8211 raft_consensus.cc:359] T bad84dc937274acba61cef6a695713f0 P 45fdc2e691e44ef19334a11168a5718d [term 0 FOLLOWER]: Replica starting. Triggering 0 pending ops. Active config: opid_index: -1 OBSOLETE_local: false peers { permanent_uuid: "432491d9eca74cfdbf6811d3ea7f3527" member_type: VOTER last_known_addr { host: "127.7.42.129" port: 42911 } } peers { permanent_uuid: "45fdc2e691e44ef19334a11168a5718d" member_type: VOTER last_known_addr { host: "127.7.42.130" port: 39127 } } peers { permanent_uuid: "ffe8a3030e3f4341a1e776ee1c4c9ac9" member_type: VOTER last_known_addr { host: "127.7.42.131" port: 44951 } }
I20260630 12:10:50.049522  8211 raft_consensus.cc:385] T bad84dc937274acba61cef6a695713f0 P 45fdc2e691e44ef19334a11168a5718d [term 0 FOLLOWER]: Consensus starting up: Expiring failure detector timer to make a prompt election more likely
I20260630 12:10:50.049736  8211 raft_consensus.cc:740] T bad84dc937274acba61cef6a695713f0 P 45fdc2e691e44ef19334a11168a5718d [term 0 FOLLOWER]: Becoming Follower/Learner. State: Replica: 45fdc2e691e44ef19334a11168a5718d, State: Initialized, Role: FOLLOWER
I20260630 12:10:50.049752  8212 ts_tablet_manager.cc:1434] T 9d70ec4284804ae18f3ff7ce914a933c P 432491d9eca74cfdbf6811d3ea7f3527: Time spent starting tablet: real 0.009s	user 0.007s	sys 0.000s
I20260630 12:10:50.050316  8211 consensus_queue.cc:260] T bad84dc937274acba61cef6a695713f0 P 45fdc2e691e44ef19334a11168a5718d [NON_LEADER]: Queue going to NON_LEADER mode. State: All replicated index: 0, Majority replicated index: 0, Committed index: 0, Last appended: 0.0, Last appended by leader: 0, Current term: 0, Majority size: -1, State: 0, Mode: NON_LEADER, active raft config: opid_index: -1 OBSOLETE_local: false peers { permanent_uuid: "432491d9eca74cfdbf6811d3ea7f3527" member_type: VOTER last_known_addr { host: "127.7.42.129" port: 42911 } } peers { permanent_uuid: "45fdc2e691e44ef19334a11168a5718d" member_type: VOTER last_known_addr { host: "127.7.42.130" port: 39127 } } peers { permanent_uuid: "ffe8a3030e3f4341a1e776ee1c4c9ac9" member_type: VOTER last_known_addr { host: "127.7.42.131" port: 44951 } }
I20260630 12:10:50.052227  8211 ts_tablet_manager.cc:1434] T bad84dc937274acba61cef6a695713f0 P 45fdc2e691e44ef19334a11168a5718d: Time spent starting tablet: real 0.005s	user 0.002s	sys 0.000s
I20260630 12:10:50.055908  7911 catalog_manager.cc:5697] T 856b15ecaeae4988a968c6cace079f24 P 432491d9eca74cfdbf6811d3ea7f3527 reported cstate change: term changed from 0 to 1, leader changed from <none> to 432491d9eca74cfdbf6811d3ea7f3527 (127.7.42.129). New cstate: current_term: 1 leader_uuid: "432491d9eca74cfdbf6811d3ea7f3527" committed_config { opid_index: -1 OBSOLETE_local: false peers { permanent_uuid: "ffe8a3030e3f4341a1e776ee1c4c9ac9" member_type: VOTER last_known_addr { host: "127.7.42.131" port: 44951 } health_report { overall_health: UNKNOWN } } peers { permanent_uuid: "45fdc2e691e44ef19334a11168a5718d" member_type: VOTER last_known_addr { host: "127.7.42.130" port: 39127 } health_report { overall_health: UNKNOWN } } peers { permanent_uuid: "432491d9eca74cfdbf6811d3ea7f3527" member_type: VOTER last_known_addr { host: "127.7.42.129" port: 42911 } health_report { overall_health: HEALTHY } } }
I20260630 12:10:50.057440  7911 catalog_manager.cc:5697] T bad84dc937274acba61cef6a695713f0 P 432491d9eca74cfdbf6811d3ea7f3527 reported cstate change: term changed from 0 to 1, leader changed from <none> to 432491d9eca74cfdbf6811d3ea7f3527 (127.7.42.129). New cstate: current_term: 1 leader_uuid: "432491d9eca74cfdbf6811d3ea7f3527" committed_config { opid_index: -1 OBSOLETE_local: false peers { permanent_uuid: "432491d9eca74cfdbf6811d3ea7f3527" member_type: VOTER last_known_addr { host: "127.7.42.129" port: 42911 } health_report { overall_health: HEALTHY } } peers { permanent_uuid: "45fdc2e691e44ef19334a11168a5718d" member_type: VOTER last_known_addr { host: "127.7.42.130" port: 39127 } health_report { overall_health: UNKNOWN } } peers { permanent_uuid: "ffe8a3030e3f4341a1e776ee1c4c9ac9" member_type: VOTER last_known_addr { host: "127.7.42.131" port: 44951 } health_report { overall_health: UNKNOWN } } }
I20260630 12:10:50.147480  8248 raft_consensus.cc:493] T 9d70ec4284804ae18f3ff7ce914a933c P 432491d9eca74cfdbf6811d3ea7f3527 [term 0 FOLLOWER]: Starting pre-election (no leader contacted us within the election timeout)
I20260630 12:10:50.147939  8248 raft_consensus.cc:515] T 9d70ec4284804ae18f3ff7ce914a933c P 432491d9eca74cfdbf6811d3ea7f3527 [term 0 FOLLOWER]: Starting pre-election with config: opid_index: -1 OBSOLETE_local: false peers { permanent_uuid: "432491d9eca74cfdbf6811d3ea7f3527" member_type: VOTER last_known_addr { host: "127.7.42.129" port: 42911 } } peers { permanent_uuid: "45fdc2e691e44ef19334a11168a5718d" member_type: VOTER last_known_addr { host: "127.7.42.130" port: 39127 } } peers { permanent_uuid: "ffe8a3030e3f4341a1e776ee1c4c9ac9" member_type: VOTER last_known_addr { host: "127.7.42.131" port: 44951 } }
I20260630 12:10:50.149706  8248 leader_election.cc:290] T 9d70ec4284804ae18f3ff7ce914a933c P 432491d9eca74cfdbf6811d3ea7f3527 [CANDIDATE]: Term 1 pre-election: Requested pre-vote from peers 45fdc2e691e44ef19334a11168a5718d (127.7.42.130:39127), ffe8a3030e3f4341a1e776ee1c4c9ac9 (127.7.42.131:44951)
I20260630 12:10:50.150512  8090 tablet_service.cc:1917] Received RequestConsensusVote() RPC: tablet_id: "9d70ec4284804ae18f3ff7ce914a933c" candidate_uuid: "432491d9eca74cfdbf6811d3ea7f3527" candidate_term: 1 candidate_status { last_received { term: 0 index: 0 } } ignore_live_leader: false dest_uuid: "45fdc2e691e44ef19334a11168a5718d" is_pre_election: true
I20260630 12:10:50.151324  8165 tablet_service.cc:1917] Received RequestConsensusVote() RPC: tablet_id: "9d70ec4284804ae18f3ff7ce914a933c" candidate_uuid: "432491d9eca74cfdbf6811d3ea7f3527" candidate_term: 1 candidate_status { last_received { term: 0 index: 0 } } ignore_live_leader: false dest_uuid: "ffe8a3030e3f4341a1e776ee1c4c9ac9" is_pre_election: true
I20260630 12:10:50.152046  8165 raft_consensus.cc:2393] T 9d70ec4284804ae18f3ff7ce914a933c P ffe8a3030e3f4341a1e776ee1c4c9ac9 [term 1 FOLLOWER]: Leader pre-election vote request: Denying vote to candidate 432491d9eca74cfdbf6811d3ea7f3527 in current term 1: Already voted for candidate 45fdc2e691e44ef19334a11168a5718d in this term.
I20260630 12:10:50.152981  7982 leader_election.cc:304] T 9d70ec4284804ae18f3ff7ce914a933c P 432491d9eca74cfdbf6811d3ea7f3527 [CANDIDATE]: Term 1 pre-election: Election decided. Result: candidate lost. Election summary: received 3 responses out of 3 voters: 1 yes votes; 2 no votes. yes voters: 432491d9eca74cfdbf6811d3ea7f3527; no voters: 45fdc2e691e44ef19334a11168a5718d, ffe8a3030e3f4341a1e776ee1c4c9ac9
I20260630 12:10:50.153635  8248 raft_consensus.cc:3060] T 9d70ec4284804ae18f3ff7ce914a933c P 432491d9eca74cfdbf6811d3ea7f3527 [term 0 FOLLOWER]: Advancing to term 1
I20260630 12:10:50.176035  8248 raft_consensus.cc:2749] T 9d70ec4284804ae18f3ff7ce914a933c P 432491d9eca74cfdbf6811d3ea7f3527 [term 1 FOLLOWER]: Leader pre-election lost for term 1. Reason: could not achieve majority
I20260630 12:10:50.177950  8248 raft_consensus.cc:493] T d0f1243e36024c79b46db253bb9e4be2 P 432491d9eca74cfdbf6811d3ea7f3527 [term 0 FOLLOWER]: Starting pre-election (no leader contacted us within the election timeout)
I20260630 12:10:50.178324  8248 raft_consensus.cc:515] T d0f1243e36024c79b46db253bb9e4be2 P 432491d9eca74cfdbf6811d3ea7f3527 [term 0 FOLLOWER]: Starting pre-election with config: opid_index: -1 OBSOLETE_local: false peers { permanent_uuid: "432491d9eca74cfdbf6811d3ea7f3527" member_type: VOTER last_known_addr { host: "127.7.42.129" port: 42911 } } peers { permanent_uuid: "45fdc2e691e44ef19334a11168a5718d" member_type: VOTER last_known_addr { host: "127.7.42.130" port: 39127 } } peers { permanent_uuid: "ffe8a3030e3f4341a1e776ee1c4c9ac9" member_type: VOTER last_known_addr { host: "127.7.42.131" port: 44951 } }
I20260630 12:10:50.179968  8248 leader_election.cc:290] T d0f1243e36024c79b46db253bb9e4be2 P 432491d9eca74cfdbf6811d3ea7f3527 [CANDIDATE]: Term 1 pre-election: Requested pre-vote from peers 45fdc2e691e44ef19334a11168a5718d (127.7.42.130:39127), ffe8a3030e3f4341a1e776ee1c4c9ac9 (127.7.42.131:44951)
I20260630 12:10:50.180780  8090 tablet_service.cc:1917] Received RequestConsensusVote() RPC: tablet_id: "d0f1243e36024c79b46db253bb9e4be2" candidate_uuid: "432491d9eca74cfdbf6811d3ea7f3527" candidate_term: 1 candidate_status { last_received { term: 0 index: 0 } } ignore_live_leader: false dest_uuid: "45fdc2e691e44ef19334a11168a5718d" is_pre_election: true
I20260630 12:10:50.180902  8165 tablet_service.cc:1917] Received RequestConsensusVote() RPC: tablet_id: "d0f1243e36024c79b46db253bb9e4be2" candidate_uuid: "432491d9eca74cfdbf6811d3ea7f3527" candidate_term: 1 candidate_status { last_received { term: 0 index: 0 } } ignore_live_leader: false dest_uuid: "ffe8a3030e3f4341a1e776ee1c4c9ac9" is_pre_election: true
I20260630 12:10:50.181453  8090 raft_consensus.cc:2393] T d0f1243e36024c79b46db253bb9e4be2 P 45fdc2e691e44ef19334a11168a5718d [term 1 FOLLOWER]: Leader pre-election vote request: Denying vote to candidate 432491d9eca74cfdbf6811d3ea7f3527 in current term 1: Already voted for candidate 45fdc2e691e44ef19334a11168a5718d in this term.
I20260630 12:10:50.181561  8165 raft_consensus.cc:2393] T d0f1243e36024c79b46db253bb9e4be2 P ffe8a3030e3f4341a1e776ee1c4c9ac9 [term 1 FOLLOWER]: Leader pre-election vote request: Denying vote to candidate 432491d9eca74cfdbf6811d3ea7f3527 in current term 1: Already voted for candidate ffe8a3030e3f4341a1e776ee1c4c9ac9 in this term.
I20260630 12:10:50.182482  7982 leader_election.cc:304] T d0f1243e36024c79b46db253bb9e4be2 P 432491d9eca74cfdbf6811d3ea7f3527 [CANDIDATE]: Term 1 pre-election: Election decided. Result: candidate lost. Election summary: received 3 responses out of 3 voters: 1 yes votes; 2 no votes. yes voters: 432491d9eca74cfdbf6811d3ea7f3527; no voters: 45fdc2e691e44ef19334a11168a5718d, ffe8a3030e3f4341a1e776ee1c4c9ac9
I20260630 12:10:50.183066  8248 raft_consensus.cc:3060] T d0f1243e36024c79b46db253bb9e4be2 P 432491d9eca74cfdbf6811d3ea7f3527 [term 0 FOLLOWER]: Advancing to term 1
I20260630 12:10:50.188060  8248 raft_consensus.cc:2749] T d0f1243e36024c79b46db253bb9e4be2 P 432491d9eca74cfdbf6811d3ea7f3527 [term 1 FOLLOWER]: Leader pre-election lost for term 1. Reason: could not achieve majority
I20260630 12:10:50.230867  8251 raft_consensus.cc:493] T 5a8cd0d25b8741a2b7e5e5e063afc863 P ffe8a3030e3f4341a1e776ee1c4c9ac9 [term 0 FOLLOWER]: Starting pre-election (no leader contacted us within the election timeout)
I20260630 12:10:50.231446  8251 raft_consensus.cc:515] T 5a8cd0d25b8741a2b7e5e5e063afc863 P ffe8a3030e3f4341a1e776ee1c4c9ac9 [term 0 FOLLOWER]: Starting pre-election with config: opid_index: -1 OBSOLETE_local: false peers { permanent_uuid: "432491d9eca74cfdbf6811d3ea7f3527" member_type: VOTER last_known_addr { host: "127.7.42.129" port: 42911 } } peers { permanent_uuid: "45fdc2e691e44ef19334a11168a5718d" member_type: VOTER last_known_addr { host: "127.7.42.130" port: 39127 } } peers { permanent_uuid: "ffe8a3030e3f4341a1e776ee1c4c9ac9" member_type: VOTER last_known_addr { host: "127.7.42.131" port: 44951 } }
I20260630 12:10:50.232988  8251 leader_election.cc:290] T 5a8cd0d25b8741a2b7e5e5e063afc863 P ffe8a3030e3f4341a1e776ee1c4c9ac9 [CANDIDATE]: Term 1 pre-election: Requested pre-vote from peers 432491d9eca74cfdbf6811d3ea7f3527 (127.7.42.129:42911), 45fdc2e691e44ef19334a11168a5718d (127.7.42.130:39127)
