I20260630 12:31:53.416378 23643 leader_election.cc:290] T 05dabf32ed4e4a2799e0a3e05afe28f7 P 7d5ef95cd3c942f0bf4e2b6a8e10b2bb [CANDIDATE]: Term 2 election: Requested vote from peers deed69581e104b7981aecf5912c5b03c (127.20.24.193:40745), 234b58f71294452da5670a6d2896314f (127.20.24.195:43351)
I20260630 12:31:53.417971 23720 tablet_service.cc:1917] Received RequestConsensusVote() RPC: tablet_id: "05dabf32ed4e4a2799e0a3e05afe28f7" candidate_uuid: "7d5ef95cd3c942f0bf4e2b6a8e10b2bb" candidate_term: 2 candidate_status { last_received { term: 1 index: 1 } } ignore_live_leader: true dest_uuid: "234b58f71294452da5670a6d2896314f"
I20260630 12:31:53.418540 23720 raft_consensus.cc:3055] T 05dabf32ed4e4a2799e0a3e05afe28f7 P 234b58f71294452da5670a6d2896314f [term 1 LEADER]: Stepping down as leader of term 1
I20260630 12:31:53.418334 24102 consensus_queue.cc:1048] T ab158ccd414b44c0b77716d7e10db086 P 7d5ef95cd3c942f0bf4e2b6a8e10b2bb [LEADER]: Connected to new peer: Peer: permanent_uuid: "deed69581e104b7981aecf5912c5b03c" member_type: VOTER last_known_addr { host: "127.20.24.193" port: 40745 }, Status: LMP_MISMATCH, Last received: 0.0, Next index: 2, Last known committed idx: 1, Time since last communication: 0.000s
I20260630 12:31:53.418833 23720 raft_consensus.cc:740] T 05dabf32ed4e4a2799e0a3e05afe28f7 P 234b58f71294452da5670a6d2896314f [term 1 LEADER]: Becoming Follower/Learner. State: Replica: 234b58f71294452da5670a6d2896314f, State: Running, Role: LEADER
I20260630 12:31:53.419576 23720 consensus_queue.cc:260] T 05dabf32ed4e4a2799e0a3e05afe28f7 P 234b58f71294452da5670a6d2896314f [NON_LEADER]: Queue going to NON_LEADER mode. State: All replicated index: 0, Majority replicated index: 1, Committed index: 1, Last appended: 1.1, Last appended by leader: 1, Current term: 1, Majority size: -1, State: 0, Mode: NON_LEADER, active raft config: opid_index: -1 OBSOLETE_local: false peers { permanent_uuid: "7d5ef95cd3c942f0bf4e2b6a8e10b2bb" member_type: VOTER last_known_addr { host: "127.20.24.194" port: 38571 } } peers { permanent_uuid: "deed69581e104b7981aecf5912c5b03c" member_type: VOTER last_known_addr { host: "127.20.24.193" port: 40745 } } peers { permanent_uuid: "234b58f71294452da5670a6d2896314f" member_type: VOTER last_known_addr { host: "127.20.24.195" port: 43351 } }
I20260630 12:31:53.420639 23569 tablet_service.cc:1917] Received RequestConsensusVote() RPC: tablet_id: "05dabf32ed4e4a2799e0a3e05afe28f7" candidate_uuid: "7d5ef95cd3c942f0bf4e2b6a8e10b2bb" candidate_term: 2 candidate_status { last_received { term: 1 index: 1 } } ignore_live_leader: true dest_uuid: "deed69581e104b7981aecf5912c5b03c"
I20260630 12:31:53.420882 23720 raft_consensus.cc:3060] T 05dabf32ed4e4a2799e0a3e05afe28f7 P 234b58f71294452da5670a6d2896314f [term 1 FOLLOWER]: Advancing to term 2
I20260630 12:31:53.421238 23569 raft_consensus.cc:3060] T 05dabf32ed4e4a2799e0a3e05afe28f7 P deed69581e104b7981aecf5912c5b03c [term 1 FOLLOWER]: Advancing to term 2
I20260630 12:31:53.427440 23569 raft_consensus.cc:2468] T 05dabf32ed4e4a2799e0a3e05afe28f7 P deed69581e104b7981aecf5912c5b03c [term 2 FOLLOWER]: Leader election vote request: Granting yes vote for candidate 7d5ef95cd3c942f0bf4e2b6a8e10b2bb in term 2.
I20260630 12:31:53.428949 23612 leader_election.cc:304] T 05dabf32ed4e4a2799e0a3e05afe28f7 P 7d5ef95cd3c942f0bf4e2b6a8e10b2bb [CANDIDATE]: Term 2 election: Election decided. Result: candidate won. Election summary: received 2 responses out of 3 voters: 2 yes votes; 0 no votes. yes voters: 7d5ef95cd3c942f0bf4e2b6a8e10b2bb, deed69581e104b7981aecf5912c5b03c; no voters: 
I20260630 12:31:53.430264 24102 raft_consensus.cc:2804] T 05dabf32ed4e4a2799e0a3e05afe28f7 P 7d5ef95cd3c942f0bf4e2b6a8e10b2bb [term 2 FOLLOWER]: Leader election won for term 2
I20260630 12:31:53.430756 24102 raft_consensus.cc:697] T 05dabf32ed4e4a2799e0a3e05afe28f7 P 7d5ef95cd3c942f0bf4e2b6a8e10b2bb [term 2 LEADER]: Becoming Leader. State: Replica: 7d5ef95cd3c942f0bf4e2b6a8e10b2bb, State: Running, Role: LEADER
I20260630 12:31:53.431638 24102 consensus_queue.cc:237] T 05dabf32ed4e4a2799e0a3e05afe28f7 P 7d5ef95cd3c942f0bf4e2b6a8e10b2bb [LEADER]: Queue going to LEADER mode. State: All replicated index: 0, Majority replicated index: 1, Committed index: 1, Last appended: 1.1, Last appended by leader: 1, Current term: 2, Majority size: 2, State: 0, Mode: LEADER, active raft config: opid_index: -1 OBSOLETE_local: false peers { permanent_uuid: "7d5ef95cd3c942f0bf4e2b6a8e10b2bb" member_type: VOTER last_known_addr { host: "127.20.24.194" port: 38571 } } peers { permanent_uuid: "deed69581e104b7981aecf5912c5b03c" member_type: VOTER last_known_addr { host: "127.20.24.193" port: 40745 } } peers { permanent_uuid: "234b58f71294452da5670a6d2896314f" member_type: VOTER last_known_addr { host: "127.20.24.195" port: 43351 } }
I20260630 12:31:53.432250 23720 raft_consensus.cc:2468] T 05dabf32ed4e4a2799e0a3e05afe28f7 P 234b58f71294452da5670a6d2896314f [term 2 FOLLOWER]: Leader election vote request: Granting yes vote for candidate 7d5ef95cd3c942f0bf4e2b6a8e10b2bb in term 2.
I20260630 12:31:53.432899 23811 raft_consensus.cc:2955] T ab158ccd414b44c0b77716d7e10db086 P 7d5ef95cd3c942f0bf4e2b6a8e10b2bb [term 1 LEADER]: Committing config change with OpId 1.2: config changed from index -1 to 2, NON_VOTER 234b58f71294452da5670a6d2896314f (127.20.24.195) added. New config: { opid_index: 2 OBSOLETE_local: false peers { permanent_uuid: "3659166e28c64ff48c04167cd3109f76" member_type: VOTER last_known_addr { host: "127.20.24.196" port: 42713 } attrs { replace: true } } peers { permanent_uuid: "deed69581e104b7981aecf5912c5b03c" member_type: VOTER last_known_addr { host: "127.20.24.193" port: 40745 } } peers { permanent_uuid: "7d5ef95cd3c942f0bf4e2b6a8e10b2bb" member_type: VOTER last_known_addr { host: "127.20.24.194" port: 38571 } } peers { permanent_uuid: "234b58f71294452da5670a6d2896314f" member_type: NON_VOTER last_known_addr { host: "127.20.24.195" port: 43351 } attrs { promote: true } } }
I20260630 12:31:53.436152 23871 raft_consensus.cc:2955] T ab158ccd414b44c0b77716d7e10db086 P 3659166e28c64ff48c04167cd3109f76 [term 1 FOLLOWER]: Committing config change with OpId 1.2: config changed from index -1 to 2, NON_VOTER 234b58f71294452da5670a6d2896314f (127.20.24.195) added. New config: { opid_index: 2 OBSOLETE_local: false peers { permanent_uuid: "3659166e28c64ff48c04167cd3109f76" member_type: VOTER last_known_addr { host: "127.20.24.196" port: 42713 } attrs { replace: true } } peers { permanent_uuid: "deed69581e104b7981aecf5912c5b03c" member_type: VOTER last_known_addr { host: "127.20.24.193" port: 40745 } } peers { permanent_uuid: "7d5ef95cd3c942f0bf4e2b6a8e10b2bb" member_type: VOTER last_known_addr { host: "127.20.24.194" port: 38571 } } peers { permanent_uuid: "234b58f71294452da5670a6d2896314f" member_type: NON_VOTER last_known_addr { host: "127.20.24.195" port: 43351 } attrs { promote: true } } }
I20260630 12:31:53.437587 23571 raft_consensus.cc:2955] T ab158ccd414b44c0b77716d7e10db086 P deed69581e104b7981aecf5912c5b03c [term 1 FOLLOWER]: Committing config change with OpId 1.2: config changed from index -1 to 2, NON_VOTER 234b58f71294452da5670a6d2896314f (127.20.24.195) added. New config: { opid_index: 2 OBSOLETE_local: false peers { permanent_uuid: "3659166e28c64ff48c04167cd3109f76" member_type: VOTER last_known_addr { host: "127.20.24.196" port: 42713 } attrs { replace: true } } peers { permanent_uuid: "deed69581e104b7981aecf5912c5b03c" member_type: VOTER last_known_addr { host: "127.20.24.193" port: 40745 } } peers { permanent_uuid: "7d5ef95cd3c942f0bf4e2b6a8e10b2bb" member_type: VOTER last_known_addr { host: "127.20.24.194" port: 38571 } } peers { permanent_uuid: "234b58f71294452da5670a6d2896314f" member_type: NON_VOTER last_known_addr { host: "127.20.24.195" port: 43351 } attrs { promote: true } } }
I20260630 12:31:53.452443 23643 consensus_queue.cc:237] T 34065ee3e6ee488e8bd570bfb87f0c16 P 7d5ef95cd3c942f0bf4e2b6a8e10b2bb [LEADER]: Queue going to LEADER mode. State: All replicated index: 0, Majority replicated index: 1, Committed index: 1, Last appended: 1.1, Last appended by leader: 0, Current term: 1, Majority size: 2, State: 0, Mode: LEADER, active raft config: opid_index: 2 OBSOLETE_local: false peers { permanent_uuid: "7d5ef95cd3c942f0bf4e2b6a8e10b2bb" member_type: VOTER last_known_addr { host: "127.20.24.194" port: 38571 } } peers { permanent_uuid: "deed69581e104b7981aecf5912c5b03c" member_type: VOTER last_known_addr { host: "127.20.24.193" port: 40745 } } peers { permanent_uuid: "234b58f71294452da5670a6d2896314f" member_type: VOTER last_known_addr { host: "127.20.24.195" port: 43351 } attrs { replace: true } } peers { permanent_uuid: "3659166e28c64ff48c04167cd3109f76" member_type: NON_VOTER last_known_addr { host: "127.20.24.196" port: 42713 } attrs { promote: true } }
I20260630 12:31:53.455900 23469 catalog_manager.cc:5697] T 05dabf32ed4e4a2799e0a3e05afe28f7 P 7d5ef95cd3c942f0bf4e2b6a8e10b2bb reported cstate change: term changed from 1 to 2, leader changed from 234b58f71294452da5670a6d2896314f (127.20.24.195) to 7d5ef95cd3c942f0bf4e2b6a8e10b2bb (127.20.24.194). New cstate: current_term: 2 leader_uuid: "7d5ef95cd3c942f0bf4e2b6a8e10b2bb" committed_config { opid_index: -1 OBSOLETE_local: false peers { permanent_uuid: "7d5ef95cd3c942f0bf4e2b6a8e10b2bb" member_type: VOTER last_known_addr { host: "127.20.24.194" port: 38571 } health_report { overall_health: HEALTHY } } peers { permanent_uuid: "deed69581e104b7981aecf5912c5b03c" member_type: VOTER last_known_addr { host: "127.20.24.193" port: 40745 } health_report { overall_health: UNKNOWN } } peers { permanent_uuid: "234b58f71294452da5670a6d2896314f" member_type: VOTER last_known_addr { host: "127.20.24.195" port: 43351 } health_report { overall_health: UNKNOWN } } }
I20260630 12:31:53.458110 23468 catalog_manager.cc:5697] T ab158ccd414b44c0b77716d7e10db086 P 3659166e28c64ff48c04167cd3109f76 reported cstate change: config changed from index -1 to 2, NON_VOTER 234b58f71294452da5670a6d2896314f (127.20.24.195) added. New cstate: current_term: 1 leader_uuid: "7d5ef95cd3c942f0bf4e2b6a8e10b2bb" committed_config { opid_index: 2 OBSOLETE_local: false peers { permanent_uuid: "3659166e28c64ff48c04167cd3109f76" member_type: VOTER last_known_addr { host: "127.20.24.196" port: 42713 } attrs { replace: true } } peers { permanent_uuid: "deed69581e104b7981aecf5912c5b03c" member_type: VOTER last_known_addr { host: "127.20.24.193" port: 40745 } } peers { permanent_uuid: "7d5ef95cd3c942f0bf4e2b6a8e10b2bb" member_type: VOTER last_known_addr { host: "127.20.24.194" port: 38571 } } peers { permanent_uuid: "234b58f71294452da5670a6d2896314f" member_type: NON_VOTER last_known_addr { host: "127.20.24.195" port: 43351 } attrs { promote: true } } }
I20260630 12:31:53.467546 23720 raft_consensus.cc:1275] T 34065ee3e6ee488e8bd570bfb87f0c16 P 234b58f71294452da5670a6d2896314f [term 1 FOLLOWER]: Refusing update from remote peer 7d5ef95cd3c942f0bf4e2b6a8e10b2bb: Log matching property violated. Preceding OpId in replica: term: 1 index: 1. Preceding OpId from leader: term: 1 index: 2. (index mismatch)
I20260630 12:31:53.469403 23571 raft_consensus.cc:1275] T 34065ee3e6ee488e8bd570bfb87f0c16 P deed69581e104b7981aecf5912c5b03c [term 1 FOLLOWER]: Refusing update from remote peer 7d5ef95cd3c942f0bf4e2b6a8e10b2bb: Log matching property violated. Preceding OpId in replica: term: 1 index: 1. Preceding OpId from leader: term: 1 index: 2. (index mismatch)
I20260630 12:31:53.469745 24121 consensus_queue.cc:1048] T 34065ee3e6ee488e8bd570bfb87f0c16 P 7d5ef95cd3c942f0bf4e2b6a8e10b2bb [LEADER]: Connected to new peer: Peer: permanent_uuid: "234b58f71294452da5670a6d2896314f" member_type: VOTER last_known_addr { host: "127.20.24.195" port: 43351 } attrs { replace: true }, Status: LMP_MISMATCH, Last received: 0.0, Next index: 2, Last known committed idx: 1, Time since last communication: 0.000s
I20260630 12:31:53.471246 24125 consensus_queue.cc:1048] T 34065ee3e6ee488e8bd570bfb87f0c16 P 7d5ef95cd3c942f0bf4e2b6a8e10b2bb [LEADER]: Connected to new peer: Peer: permanent_uuid: "deed69581e104b7981aecf5912c5b03c" member_type: VOTER last_known_addr { host: "127.20.24.193" port: 40745 }, Status: LMP_MISMATCH, Last received: 0.0, Next index: 2, Last known committed idx: 1, Time since last communication: 0.001s
W20260630 12:31:53.475548 23611 consensus_peers.cc:597] T 34065ee3e6ee488e8bd570bfb87f0c16 P 7d5ef95cd3c942f0bf4e2b6a8e10b2bb -> Peer 3659166e28c64ff48c04167cd3109f76 (127.20.24.196:42713): Couldn't send request to peer 3659166e28c64ff48c04167cd3109f76. Error code: TABLET_NOT_FOUND (6). Status: Not found: Tablet not found: 34065ee3e6ee488e8bd570bfb87f0c16. This is attempt 1: this message will repeat every 5th retry.
I20260630 12:31:53.480645 23811 raft_consensus.cc:2955] T 34065ee3e6ee488e8bd570bfb87f0c16 P 7d5ef95cd3c942f0bf4e2b6a8e10b2bb [term 1 LEADER]: Committing config change with OpId 1.2: config changed from index -1 to 2, NON_VOTER 3659166e28c64ff48c04167cd3109f76 (127.20.24.196) added. New config: { opid_index: 2 OBSOLETE_local: false peers { permanent_uuid: "7d5ef95cd3c942f0bf4e2b6a8e10b2bb" member_type: VOTER last_known_addr { host: "127.20.24.194" port: 38571 } } peers { permanent_uuid: "deed69581e104b7981aecf5912c5b03c" member_type: VOTER last_known_addr { host: "127.20.24.193" port: 40745 } } peers { permanent_uuid: "234b58f71294452da5670a6d2896314f" member_type: VOTER last_known_addr { host: "127.20.24.195" port: 43351 } attrs { replace: true } } peers { permanent_uuid: "3659166e28c64ff48c04167cd3109f76" member_type: NON_VOTER last_known_addr { host: "127.20.24.196" port: 42713 } attrs { promote: true } } }
I20260630 12:31:53.482980 23720 raft_consensus.cc:2955] T 34065ee3e6ee488e8bd570bfb87f0c16 P 234b58f71294452da5670a6d2896314f [term 1 FOLLOWER]: Committing config change with OpId 1.2: config changed from index -1 to 2, NON_VOTER 3659166e28c64ff48c04167cd3109f76 (127.20.24.196) added. New config: { opid_index: 2 OBSOLETE_local: false peers { permanent_uuid: "7d5ef95cd3c942f0bf4e2b6a8e10b2bb" member_type: VOTER last_known_addr { host: "127.20.24.194" port: 38571 } } peers { permanent_uuid: "deed69581e104b7981aecf5912c5b03c" member_type: VOTER last_known_addr { host: "127.20.24.193" port: 40745 } } peers { permanent_uuid: "234b58f71294452da5670a6d2896314f" member_type: VOTER last_known_addr { host: "127.20.24.195" port: 43351 } attrs { replace: true } } peers { permanent_uuid: "3659166e28c64ff48c04167cd3109f76" member_type: NON_VOTER last_known_addr { host: "127.20.24.196" port: 42713 } attrs { promote: true } } }
I20260630 12:31:53.484392 23571 raft_consensus.cc:2955] T 34065ee3e6ee488e8bd570bfb87f0c16 P deed69581e104b7981aecf5912c5b03c [term 1 FOLLOWER]: Committing config change with OpId 1.2: config changed from index -1 to 2, NON_VOTER 3659166e28c64ff48c04167cd3109f76 (127.20.24.196) added. New config: { opid_index: 2 OBSOLETE_local: false peers { permanent_uuid: "7d5ef95cd3c942f0bf4e2b6a8e10b2bb" member_type: VOTER last_known_addr { host: "127.20.24.194" port: 38571 } } peers { permanent_uuid: "deed69581e104b7981aecf5912c5b03c" member_type: VOTER last_known_addr { host: "127.20.24.193" port: 40745 } } peers { permanent_uuid: "234b58f71294452da5670a6d2896314f" member_type: VOTER last_known_addr { host: "127.20.24.195" port: 43351 } attrs { replace: true } } peers { permanent_uuid: "3659166e28c64ff48c04167cd3109f76" member_type: NON_VOTER last_known_addr { host: "127.20.24.196" port: 42713 } attrs { promote: true } } }
I20260630 12:31:53.495653 23469 catalog_manager.cc:5697] T 34065ee3e6ee488e8bd570bfb87f0c16 P 234b58f71294452da5670a6d2896314f reported cstate change: config changed from index -1 to 2, NON_VOTER 3659166e28c64ff48c04167cd3109f76 (127.20.24.196) added. New cstate: current_term: 1 leader_uuid: "7d5ef95cd3c942f0bf4e2b6a8e10b2bb" committed_config { opid_index: 2 OBSOLETE_local: false peers { permanent_uuid: "7d5ef95cd3c942f0bf4e2b6a8e10b2bb" member_type: VOTER last_known_addr { host: "127.20.24.194" port: 38571 } } peers { permanent_uuid: "deed69581e104b7981aecf5912c5b03c" member_type: VOTER last_known_addr { host: "127.20.24.193" port: 40745 } } peers { permanent_uuid: "234b58f71294452da5670a6d2896314f" member_type: VOTER last_known_addr { host: "127.20.24.195" port: 43351 } attrs { replace: true } } peers { permanent_uuid: "3659166e28c64ff48c04167cd3109f76" member_type: NON_VOTER last_known_addr { host: "127.20.24.196" port: 42713 } attrs { promote: true } } }
I20260630 12:31:53.751837 24130 ts_tablet_manager.cc:933] T 340ad3e964294ec6bc8e820798fb125c P 3659166e28c64ff48c04167cd3109f76: Initiating tablet copy from peer 234b58f71294452da5670a6d2896314f (127.20.24.195:43351)
I20260630 12:31:53.753811 24130 tablet_copy_client.cc:323] T 340ad3e964294ec6bc8e820798fb125c P 3659166e28c64ff48c04167cd3109f76: tablet copy: Beginning tablet copy session from remote peer at address 127.20.24.195:43351
I20260630 12:31:53.755635 23730 tablet_copy_service.cc:140] P 234b58f71294452da5670a6d2896314f: Received BeginTabletCopySession request for tablet 340ad3e964294ec6bc8e820798fb125c from peer 3659166e28c64ff48c04167cd3109f76 ({username='slave'} at 127.0.0.1:59764)
I20260630 12:31:53.756148 23730 tablet_copy_service.cc:161] P 234b58f71294452da5670a6d2896314f: Beginning new tablet copy session on tablet 340ad3e964294ec6bc8e820798fb125c from peer 3659166e28c64ff48c04167cd3109f76 at {username='slave'} at 127.0.0.1:59764: session id = 3659166e28c64ff48c04167cd3109f76-340ad3e964294ec6bc8e820798fb125c
I20260630 12:31:53.761216 23730 tablet_copy_source_session.cc:215] T 340ad3e964294ec6bc8e820798fb125c P 234b58f71294452da5670a6d2896314f: Tablet Copy: opened 0 blocks and 1 log segments
I20260630 12:31:53.763985 24130 data_dirs.cc:400] Could only allocate 1 dirs of requested 3 for tablet 340ad3e964294ec6bc8e820798fb125c. 1 dirs total, 0 dirs full, 0 dirs failed
I20260630 12:31:53.773085 24132 ts_tablet_manager.cc:933] T 6269d39b0a9a4f8693d1ec19f43e0ce6 P 7d5ef95cd3c942f0bf4e2b6a8e10b2bb: Initiating tablet copy from peer deed69581e104b7981aecf5912c5b03c (127.20.24.193:40745)
I20260630 12:31:53.775240 24132 tablet_copy_client.cc:323] T 6269d39b0a9a4f8693d1ec19f43e0ce6 P 7d5ef95cd3c942f0bf4e2b6a8e10b2bb: tablet copy: Beginning tablet copy session from remote peer at address 127.20.24.193:40745
I20260630 12:31:53.777129 23580 tablet_copy_service.cc:140] P deed69581e104b7981aecf5912c5b03c: Received BeginTabletCopySession request for tablet 6269d39b0a9a4f8693d1ec19f43e0ce6 from peer 7d5ef95cd3c942f0bf4e2b6a8e10b2bb ({username='slave'} at 127.0.0.1:55382)
I20260630 12:31:53.777750 23580 tablet_copy_service.cc:161] P deed69581e104b7981aecf5912c5b03c: Beginning new tablet copy session on tablet 6269d39b0a9a4f8693d1ec19f43e0ce6 from peer 7d5ef95cd3c942f0bf4e2b6a8e10b2bb at {username='slave'} at 127.0.0.1:55382: session id = 7d5ef95cd3c942f0bf4e2b6a8e10b2bb-6269d39b0a9a4f8693d1ec19f43e0ce6
I20260630 12:31:53.779639 24130 tablet_copy_client.cc:806] T 340ad3e964294ec6bc8e820798fb125c P 3659166e28c64ff48c04167cd3109f76: tablet copy: Starting download of 0 data blocks...
I20260630 12:31:53.780314 24130 tablet_copy_client.cc:670] T 340ad3e964294ec6bc8e820798fb125c P 3659166e28c64ff48c04167cd3109f76: tablet copy: Starting download of 1 WAL segments...
I20260630 12:31:53.784739 24130 tablet_copy_client.cc:538] T 340ad3e964294ec6bc8e820798fb125c P 3659166e28c64ff48c04167cd3109f76: tablet copy: Tablet Copy complete. Replacing tablet superblock.
I20260630 12:31:53.786381 23580 tablet_copy_source_session.cc:215] T 6269d39b0a9a4f8693d1ec19f43e0ce6 P deed69581e104b7981aecf5912c5b03c: Tablet Copy: opened 0 blocks and 1 log segments
I20260630 12:31:53.789888 24132 data_dirs.cc:400] Could only allocate 1 dirs of requested 3 for tablet 6269d39b0a9a4f8693d1ec19f43e0ce6. 1 dirs total, 0 dirs full, 0 dirs failed
I20260630 12:31:53.792557 24130 tablet_bootstrap.cc:492] T 340ad3e964294ec6bc8e820798fb125c P 3659166e28c64ff48c04167cd3109f76: Bootstrap starting.
I20260630 12:31:53.806754 24132 tablet_copy_client.cc:806] T 6269d39b0a9a4f8693d1ec19f43e0ce6 P 7d5ef95cd3c942f0bf4e2b6a8e10b2bb: tablet copy: Starting download of 0 data blocks...
I20260630 12:31:53.807410 24132 tablet_copy_client.cc:670] T 6269d39b0a9a4f8693d1ec19f43e0ce6 P 7d5ef95cd3c942f0bf4e2b6a8e10b2bb: tablet copy: Starting download of 1 WAL segments...
I20260630 12:31:53.810199 24130 tablet_bootstrap.cc:492] T 340ad3e964294ec6bc8e820798fb125c P 3659166e28c64ff48c04167cd3109f76: Bootstrap replayed 1/1 log segments. Stats: ops{read=2 overwritten=0 applied=2 ignored=0} inserts{seen=0 ignored=0} mutations{seen=0 ignored=0} orphaned_commits=0. Pending: 0 replicates
I20260630 12:31:53.811088 24130 tablet_bootstrap.cc:492] T 340ad3e964294ec6bc8e820798fb125c P 3659166e28c64ff48c04167cd3109f76: Bootstrap complete.
I20260630 12:31:53.811825 24130 ts_tablet_manager.cc:1403] T 340ad3e964294ec6bc8e820798fb125c P 3659166e28c64ff48c04167cd3109f76: Time spent bootstrapping tablet: real 0.019s	user 0.017s	sys 0.004s
I20260630 12:31:53.811929 24132 tablet_copy_client.cc:538] T 6269d39b0a9a4f8693d1ec19f43e0ce6 P 7d5ef95cd3c942f0bf4e2b6a8e10b2bb: tablet copy: Tablet Copy complete. Replacing tablet superblock.
I20260630 12:31:53.814121 24130 raft_consensus.cc:359] T 340ad3e964294ec6bc8e820798fb125c P 3659166e28c64ff48c04167cd3109f76 [term 1 LEARNER]: Replica starting. Triggering 0 pending ops. Active config: opid_index: 2 OBSOLETE_local: false peers { permanent_uuid: "7d5ef95cd3c942f0bf4e2b6a8e10b2bb" member_type: VOTER last_known_addr { host: "127.20.24.194" port: 38571 } attrs { replace: true } } peers { permanent_uuid: "deed69581e104b7981aecf5912c5b03c" member_type: VOTER last_known_addr { host: "127.20.24.193" port: 40745 } } peers { permanent_uuid: "234b58f71294452da5670a6d2896314f" member_type: VOTER last_known_addr { host: "127.20.24.195" port: 43351 } } peers { permanent_uuid: "3659166e28c64ff48c04167cd3109f76" member_type: NON_VOTER last_known_addr { host: "127.20.24.196" port: 42713 } attrs { promote: true } }
I20260630 12:31:53.814744 24130 raft_consensus.cc:740] T 340ad3e964294ec6bc8e820798fb125c P 3659166e28c64ff48c04167cd3109f76 [term 1 LEARNER]: Becoming Follower/Learner. State: Replica: 3659166e28c64ff48c04167cd3109f76, State: Initialized, Role: LEARNER
I20260630 12:31:53.815325 24130 consensus_queue.cc:260] T 340ad3e964294ec6bc8e820798fb125c P 3659166e28c64ff48c04167cd3109f76 [NON_LEADER]: Queue going to NON_LEADER mode. State: All replicated index: 0, Majority replicated index: 0, Committed index: 2, Last appended: 1.2, Last appended by leader: 2, Current term: 0, Majority size: -1, State: 0, Mode: NON_LEADER, active raft config: opid_index: 2 OBSOLETE_local: false peers { permanent_uuid: "7d5ef95cd3c942f0bf4e2b6a8e10b2bb" member_type: VOTER last_known_addr { host: "127.20.24.194" port: 38571 } attrs { replace: true } } peers { permanent_uuid: "deed69581e104b7981aecf5912c5b03c" member_type: VOTER last_known_addr { host: "127.20.24.193" port: 40745 } } peers { permanent_uuid: "234b58f71294452da5670a6d2896314f" member_type: VOTER last_known_addr { host: "127.20.24.195" port: 43351 } } peers { permanent_uuid: "3659166e28c64ff48c04167cd3109f76" member_type: NON_VOTER last_known_addr { host: "127.20.24.196" port: 42713 } attrs { promote: true } }
I20260630 12:31:53.817787 24130 ts_tablet_manager.cc:1434] T 340ad3e964294ec6bc8e820798fb125c P 3659166e28c64ff48c04167cd3109f76: Time spent starting tablet: real 0.006s	user 0.003s	sys 0.004s
I20260630 12:31:53.819546 23730 tablet_copy_service.cc:342] P 234b58f71294452da5670a6d2896314f: Request end of tablet copy session 3659166e28c64ff48c04167cd3109f76-340ad3e964294ec6bc8e820798fb125c received from {username='slave'} at 127.0.0.1:59764
I20260630 12:31:53.819943 23730 tablet_copy_service.cc:434] P 234b58f71294452da5670a6d2896314f: ending tablet copy session 3659166e28c64ff48c04167cd3109f76-340ad3e964294ec6bc8e820798fb125c on tablet 340ad3e964294ec6bc8e820798fb125c with peer 3659166e28c64ff48c04167cd3109f76
I20260630 12:31:53.821548 24132 tablet_bootstrap.cc:492] T 6269d39b0a9a4f8693d1ec19f43e0ce6 P 7d5ef95cd3c942f0bf4e2b6a8e10b2bb: Bootstrap starting.
I20260630 12:31:53.850445 24132 tablet_bootstrap.cc:492] T 6269d39b0a9a4f8693d1ec19f43e0ce6 P 7d5ef95cd3c942f0bf4e2b6a8e10b2bb: Bootstrap replayed 1/1 log segments. Stats: ops{read=3 overwritten=0 applied=3 ignored=0} inserts{seen=0 ignored=0} mutations{seen=0 ignored=0} orphaned_commits=0. Pending: 0 replicates
I20260630 12:31:53.851383 24132 tablet_bootstrap.cc:492] T 6269d39b0a9a4f8693d1ec19f43e0ce6 P 7d5ef95cd3c942f0bf4e2b6a8e10b2bb: Bootstrap complete.
I20260630 12:31:53.852098 24132 ts_tablet_manager.cc:1403] T 6269d39b0a9a4f8693d1ec19f43e0ce6 P 7d5ef95cd3c942f0bf4e2b6a8e10b2bb: Time spent bootstrapping tablet: real 0.031s	user 0.018s	sys 0.011s
I20260630 12:31:53.854949 24132 raft_consensus.cc:359] T 6269d39b0a9a4f8693d1ec19f43e0ce6 P 7d5ef95cd3c942f0bf4e2b6a8e10b2bb [term 2 LEARNER]: Replica starting. Triggering 0 pending ops. Active config: opid_index: 3 OBSOLETE_local: false peers { permanent_uuid: "deed69581e104b7981aecf5912c5b03c" member_type: VOTER last_known_addr { host: "127.20.24.193" port: 40745 } } peers { permanent_uuid: "234b58f71294452da5670a6d2896314f" member_type: VOTER last_known_addr { host: "127.20.24.195" port: 43351 } } peers { permanent_uuid: "3659166e28c64ff48c04167cd3109f76" member_type: VOTER last_known_addr { host: "127.20.24.196" port: 42713 } attrs { replace: true } } peers { permanent_uuid: "7d5ef95cd3c942f0bf4e2b6a8e10b2bb" member_type: NON_VOTER last_known_addr { host: "127.20.24.194" port: 38571 } attrs { promote: true } }
I20260630 12:31:53.855609 24132 raft_consensus.cc:740] T 6269d39b0a9a4f8693d1ec19f43e0ce6 P 7d5ef95cd3c942f0bf4e2b6a8e10b2bb [term 2 LEARNER]: Becoming Follower/Learner. State: Replica: 7d5ef95cd3c942f0bf4e2b6a8e10b2bb, State: Initialized, Role: LEARNER
I20260630 12:31:53.856135 24132 consensus_queue.cc:260] T 6269d39b0a9a4f8693d1ec19f43e0ce6 P 7d5ef95cd3c942f0bf4e2b6a8e10b2bb [NON_LEADER]: Queue going to NON_LEADER mode. State: All replicated index: 0, Majority replicated index: 0, Committed index: 3, Last appended: 2.3, Last appended by leader: 3, Current term: 0, Majority size: -1, State: 0, Mode: NON_LEADER, active raft config: opid_index: 3 OBSOLETE_local: false peers { permanent_uuid: "deed69581e104b7981aecf5912c5b03c" member_type: VOTER last_known_addr { host: "127.20.24.193" port: 40745 } } peers { permanent_uuid: "234b58f71294452da5670a6d2896314f" member_type: VOTER last_known_addr { host: "127.20.24.195" port: 43351 } } peers { permanent_uuid: "3659166e28c64ff48c04167cd3109f76" member_type: VOTER last_known_addr { host: "127.20.24.196" port: 42713 } attrs { replace: true } } peers { permanent_uuid: "7d5ef95cd3c942f0bf4e2b6a8e10b2bb" member_type: NON_VOTER last_known_addr { host: "127.20.24.194" port: 38571 } attrs { promote: true } }
I20260630 12:31:53.858203 24132 ts_tablet_manager.cc:1434] T 6269d39b0a9a4f8693d1ec19f43e0ce6 P 7d5ef95cd3c942f0bf4e2b6a8e10b2bb: Time spent starting tablet: real 0.006s	user 0.008s	sys 0.000s
I20260630 12:31:53.859905 23580 tablet_copy_service.cc:342] P deed69581e104b7981aecf5912c5b03c: Request end of tablet copy session 7d5ef95cd3c942f0bf4e2b6a8e10b2bb-6269d39b0a9a4f8693d1ec19f43e0ce6 received from {username='slave'} at 127.0.0.1:55382
I20260630 12:31:53.860303 23580 tablet_copy_service.cc:434] P deed69581e104b7981aecf5912c5b03c: ending tablet copy session 7d5ef95cd3c942f0bf4e2b6a8e10b2bb-6269d39b0a9a4f8693d1ec19f43e0ce6 on tablet 6269d39b0a9a4f8693d1ec19f43e0ce6 with peer 7d5ef95cd3c942f0bf4e2b6a8e10b2bb
I20260630 12:31:53.863772 23719 raft_consensus.cc:1275] T 05dabf32ed4e4a2799e0a3e05afe28f7 P 234b58f71294452da5670a6d2896314f [term 2 FOLLOWER]: Refusing update from remote peer 7d5ef95cd3c942f0bf4e2b6a8e10b2bb: Log matching property violated. Preceding OpId in replica: term: 1 index: 1. Preceding OpId from leader: term: 2 index: 2. (index mismatch)
I20260630 12:31:53.864995 23811 consensus_queue.cc:1048] T 05dabf32ed4e4a2799e0a3e05afe28f7 P 7d5ef95cd3c942f0bf4e2b6a8e10b2bb [LEADER]: Connected to new peer: Peer: permanent_uuid: "234b58f71294452da5670a6d2896314f" member_type: VOTER last_known_addr { host: "127.20.24.195" port: 43351 }, Status: LMP_MISMATCH, Last received: 0.0, Next index: 2, Last known committed idx: 1, Time since last communication: 0.000s
I20260630 12:31:53.878963 23571 raft_consensus.cc:1275] T 05dabf32ed4e4a2799e0a3e05afe28f7 P deed69581e104b7981aecf5912c5b03c [term 2 FOLLOWER]: Refusing update from remote peer 7d5ef95cd3c942f0bf4e2b6a8e10b2bb: Log matching property violated. Preceding OpId in replica: term: 1 index: 1. Preceding OpId from leader: term: 2 index: 2. (index mismatch)
I20260630 12:31:53.881839 23811 consensus_queue.cc:1048] T 05dabf32ed4e4a2799e0a3e05afe28f7 P 7d5ef95cd3c942f0bf4e2b6a8e10b2bb [LEADER]: Connected to new peer: Peer: permanent_uuid: "deed69581e104b7981aecf5912c5b03c" member_type: VOTER last_known_addr { host: "127.20.24.193" port: 40745 }, Status: LMP_MISMATCH, Last received: 0.0, Next index: 2, Last known committed idx: 1, Time since last communication: 0.000s
I20260630 12:31:54.007292 24141 ts_tablet_manager.cc:933] T ab158ccd414b44c0b77716d7e10db086 P 234b58f71294452da5670a6d2896314f: Initiating tablet copy from peer 7d5ef95cd3c942f0bf4e2b6a8e10b2bb (127.20.24.194:38571)
I20260630 12:31:54.009012 24141 tablet_copy_client.cc:323] T ab158ccd414b44c0b77716d7e10db086 P 234b58f71294452da5670a6d2896314f: tablet copy: Beginning tablet copy session from remote peer at address 127.20.24.194:38571
I20260630 12:31:54.010620 23656 tablet_copy_service.cc:140] P 7d5ef95cd3c942f0bf4e2b6a8e10b2bb: Received BeginTabletCopySession request for tablet ab158ccd414b44c0b77716d7e10db086 from peer 234b58f71294452da5670a6d2896314f ({username='slave'} at 127.0.0.1:39600)
I20260630 12:31:54.011060 23656 tablet_copy_service.cc:161] P 7d5ef95cd3c942f0bf4e2b6a8e10b2bb: Beginning new tablet copy session on tablet ab158ccd414b44c0b77716d7e10db086 from peer 234b58f71294452da5670a6d2896314f at {username='slave'} at 127.0.0.1:39600: session id = 234b58f71294452da5670a6d2896314f-ab158ccd414b44c0b77716d7e10db086
I20260630 12:31:54.016639 23656 tablet_copy_source_session.cc:215] T ab158ccd414b44c0b77716d7e10db086 P 7d5ef95cd3c942f0bf4e2b6a8e10b2bb: Tablet Copy: opened 0 blocks and 1 log segments
I20260630 12:31:54.019332 24141 data_dirs.cc:400] Could only allocate 1 dirs of requested 3 for tablet ab158ccd414b44c0b77716d7e10db086. 1 dirs total, 0 dirs full, 0 dirs failed
I20260630 12:31:54.033056 24141 tablet_copy_client.cc:806] T ab158ccd414b44c0b77716d7e10db086 P 234b58f71294452da5670a6d2896314f: tablet copy: Starting download of 0 data blocks...
I20260630 12:31:54.033667 24141 tablet_copy_client.cc:670] T ab158ccd414b44c0b77716d7e10db086 P 234b58f71294452da5670a6d2896314f: tablet copy: Starting download of 1 WAL segments...
I20260630 12:31:54.037084 24141 tablet_copy_client.cc:538] T ab158ccd414b44c0b77716d7e10db086 P 234b58f71294452da5670a6d2896314f: tablet copy: Tablet Copy complete. Replacing tablet superblock.
I20260630 12:31:54.044355 24141 tablet_bootstrap.cc:492] T ab158ccd414b44c0b77716d7e10db086 P 234b58f71294452da5670a6d2896314f: Bootstrap starting.
I20260630 12:31:54.050200 24130 ts_tablet_manager.cc:933] T 34065ee3e6ee488e8bd570bfb87f0c16 P 3659166e28c64ff48c04167cd3109f76: Initiating tablet copy from peer 7d5ef95cd3c942f0bf4e2b6a8e10b2bb (127.20.24.194:38571)
I20260630 12:31:54.053560 24130 tablet_copy_client.cc:323] T 34065ee3e6ee488e8bd570bfb87f0c16 P 3659166e28c64ff48c04167cd3109f76: tablet copy: Beginning tablet copy session from remote peer at address 127.20.24.194:38571
I20260630 12:31:54.055613 23656 tablet_copy_service.cc:140] P 7d5ef95cd3c942f0bf4e2b6a8e10b2bb: Received BeginTabletCopySession request for tablet 34065ee3e6ee488e8bd570bfb87f0c16 from peer 3659166e28c64ff48c04167cd3109f76 ({username='slave'} at 127.0.0.1:39616)
I20260630 12:31:54.056263 23656 tablet_copy_service.cc:161] P 7d5ef95cd3c942f0bf4e2b6a8e10b2bb: Beginning new tablet copy session on tablet 34065ee3e6ee488e8bd570bfb87f0c16 from peer 3659166e28c64ff48c04167cd3109f76 at {username='slave'} at 127.0.0.1:39616: session id = 3659166e28c64ff48c04167cd3109f76-34065ee3e6ee488e8bd570bfb87f0c16
I20260630 12:31:54.064328 23656 tablet_copy_source_session.cc:215] T 34065ee3e6ee488e8bd570bfb87f0c16 P 7d5ef95cd3c942f0bf4e2b6a8e10b2bb: Tablet Copy: opened 0 blocks and 1 log segments
I20260630 12:31:54.065173 24141 tablet_bootstrap.cc:492] T ab158ccd414b44c0b77716d7e10db086 P 234b58f71294452da5670a6d2896314f: Bootstrap replayed 1/1 log segments. Stats: ops{read=2 overwritten=0 applied=2 ignored=0} inserts{seen=0 ignored=0} mutations{seen=0 ignored=0} orphaned_commits=0. Pending: 0 replicates
I20260630 12:31:54.066205 24141 tablet_bootstrap.cc:492] T ab158ccd414b44c0b77716d7e10db086 P 234b58f71294452da5670a6d2896314f: Bootstrap complete.
I20260630 12:31:54.066924 24141 ts_tablet_manager.cc:1403] T ab158ccd414b44c0b77716d7e10db086 P 234b58f71294452da5670a6d2896314f: Time spent bootstrapping tablet: real 0.023s	user 0.012s	sys 0.011s
I20260630 12:31:54.067919 24130 data_dirs.cc:400] Could only allocate 1 dirs of requested 3 for tablet 34065ee3e6ee488e8bd570bfb87f0c16. 1 dirs total, 0 dirs full, 0 dirs failed
I20260630 12:31:54.069510 24141 raft_consensus.cc:359] T ab158ccd414b44c0b77716d7e10db086 P 234b58f71294452da5670a6d2896314f [term 1 LEARNER]: Replica starting. Triggering 0 pending ops. Active config: opid_index: 2 OBSOLETE_local: false peers { permanent_uuid: "3659166e28c64ff48c04167cd3109f76" member_type: VOTER last_known_addr { host: "127.20.24.196" port: 42713 } attrs { replace: true } } peers { permanent_uuid: "deed69581e104b7981aecf5912c5b03c" member_type: VOTER last_known_addr { host: "127.20.24.193" port: 40745 } } peers { permanent_uuid: "7d5ef95cd3c942f0bf4e2b6a8e10b2bb" member_type: VOTER last_known_addr { host: "127.20.24.194" port: 38571 } } peers { permanent_uuid: "234b58f71294452da5670a6d2896314f" member_type: NON_VOTER last_known_addr { host: "127.20.24.195" port: 43351 } attrs { promote: true } }
I20260630 12:31:54.070390 24141 raft_consensus.cc:740] T ab158ccd414b44c0b77716d7e10db086 P 234b58f71294452da5670a6d2896314f [term 1 LEARNER]: Becoming Follower/Learner. State: Replica: 234b58f71294452da5670a6d2896314f, State: Initialized, Role: LEARNER
I20260630 12:31:54.071070 24141 consensus_queue.cc:260] T ab158ccd414b44c0b77716d7e10db086 P 234b58f71294452da5670a6d2896314f [NON_LEADER]: Queue going to NON_LEADER mode. State: All replicated index: 0, Majority replicated index: 0, Committed index: 2, Last appended: 1.2, Last appended by leader: 2, Current term: 0, Majority size: -1, State: 0, Mode: NON_LEADER, active raft config: opid_index: 2 OBSOLETE_local: false peers { permanent_uuid: "3659166e28c64ff48c04167cd3109f76" member_type: VOTER last_known_addr { host: "127.20.24.196" port: 42713 } attrs { replace: true } } peers { permanent_uuid: "deed69581e104b7981aecf5912c5b03c" member_type: VOTER last_known_addr { host: "127.20.24.193" port: 40745 } } peers { permanent_uuid: "7d5ef95cd3c942f0bf4e2b6a8e10b2bb" member_type: VOTER last_known_addr { host: "127.20.24.194" port: 38571 } } peers { permanent_uuid: "234b58f71294452da5670a6d2896314f" member_type: NON_VOTER last_known_addr { host: "127.20.24.195" port: 43351 } attrs { promote: true } }
I20260630 12:31:54.074751 24141 ts_tablet_manager.cc:1434] T ab158ccd414b44c0b77716d7e10db086 P 234b58f71294452da5670a6d2896314f: Time spent starting tablet: real 0.007s	user 0.002s	sys 0.004s
I20260630 12:31:54.076597 23656 tablet_copy_service.cc:342] P 7d5ef95cd3c942f0bf4e2b6a8e10b2bb: Request end of tablet copy session 234b58f71294452da5670a6d2896314f-ab158ccd414b44c0b77716d7e10db086 received from {username='slave'} at 127.0.0.1:39600
I20260630 12:31:54.077106 23656 tablet_copy_service.cc:434] P 7d5ef95cd3c942f0bf4e2b6a8e10b2bb: ending tablet copy session 234b58f71294452da5670a6d2896314f-ab158ccd414b44c0b77716d7e10db086 on tablet ab158ccd414b44c0b77716d7e10db086 with peer 234b58f71294452da5670a6d2896314f
I20260630 12:31:54.086158 24130 tablet_copy_client.cc:806] T 34065ee3e6ee488e8bd570bfb87f0c16 P 3659166e28c64ff48c04167cd3109f76: tablet copy: Starting download of 0 data blocks...
I20260630 12:31:54.086808 24130 tablet_copy_client.cc:670] T 34065ee3e6ee488e8bd570bfb87f0c16 P 3659166e28c64ff48c04167cd3109f76: tablet copy: Starting download of 1 WAL segments...
I20260630 12:31:54.090356 24130 tablet_copy_client.cc:538] T 34065ee3e6ee488e8bd570bfb87f0c16 P 3659166e28c64ff48c04167cd3109f76: tablet copy: Tablet Copy complete. Replacing tablet superblock.
I20260630 12:31:54.097240 24130 tablet_bootstrap.cc:492] T 34065ee3e6ee488e8bd570bfb87f0c16 P 3659166e28c64ff48c04167cd3109f76: Bootstrap starting.
I20260630 12:31:54.113377 24130 tablet_bootstrap.cc:492] T 34065ee3e6ee488e8bd570bfb87f0c16 P 3659166e28c64ff48c04167cd3109f76: Bootstrap replayed 1/1 log segments. Stats: ops{read=2 overwritten=0 applied=2 ignored=0} inserts{seen=0 ignored=0} mutations{seen=0 ignored=0} orphaned_commits=0. Pending: 0 replicates
I20260630 12:31:54.114224 24130 tablet_bootstrap.cc:492] T 34065ee3e6ee488e8bd570bfb87f0c16 P 3659166e28c64ff48c04167cd3109f76: Bootstrap complete.
I20260630 12:31:54.114791 24130 ts_tablet_manager.cc:1403] T 34065ee3e6ee488e8bd570bfb87f0c16 P 3659166e28c64ff48c04167cd3109f76: Time spent bootstrapping tablet: real 0.018s	user 0.019s	sys 0.000s
I20260630 12:31:54.117062 24130 raft_consensus.cc:359] T 34065ee3e6ee488e8bd570bfb87f0c16 P 3659166e28c64ff48c04167cd3109f76 [term 1 LEARNER]: Replica starting. Triggering 0 pending ops. Active config: opid_index: 2 OBSOLETE_local: false peers { permanent_uuid: "7d5ef95cd3c942f0bf4e2b6a8e10b2bb" member_type: VOTER last_known_addr { host: "127.20.24.194" port: 38571 } } peers { permanent_uuid: "deed69581e104b7981aecf5912c5b03c" member_type: VOTER last_known_addr { host: "127.20.24.193" port: 40745 } } peers { permanent_uuid: "234b58f71294452da5670a6d2896314f" member_type: VOTER last_known_addr { host: "127.20.24.195" port: 43351 } attrs { replace: true } } peers { permanent_uuid: "3659166e28c64ff48c04167cd3109f76" member_type: NON_VOTER last_known_addr { host: "127.20.24.196" port: 42713 } attrs { promote: true } }
I20260630 12:31:54.117820 24130 raft_consensus.cc:740] T 34065ee3e6ee488e8bd570bfb87f0c16 P 3659166e28c64ff48c04167cd3109f76 [term 1 LEARNER]: Becoming Follower/Learner. State: Replica: 3659166e28c64ff48c04167cd3109f76, State: Initialized, Role: LEARNER
I20260630 12:31:54.118603 24130 consensus_queue.cc:260] T 34065ee3e6ee488e8bd570bfb87f0c16 P 3659166e28c64ff48c04167cd3109f76 [NON_LEADER]: Queue going to NON_LEADER mode. State: All replicated index: 0, Majority replicated index: 0, Committed index: 2, Last appended: 1.2, Last appended by leader: 2, Current term: 0, Majority size: -1, State: 0, Mode: NON_LEADER, active raft config: opid_index: 2 OBSOLETE_local: false peers { permanent_uuid: "7d5ef95cd3c942f0bf4e2b6a8e10b2bb" member_type: VOTER last_known_addr { host: "127.20.24.194" port: 38571 } } peers { permanent_uuid: "deed69581e104b7981aecf5912c5b03c" member_type: VOTER last_known_addr { host: "127.20.24.193" port: 40745 } } peers { permanent_uuid: "234b58f71294452da5670a6d2896314f" member_type: VOTER last_known_addr { host: "127.20.24.195" port: 43351 } attrs { replace: true } } peers { permanent_uuid: "3659166e28c64ff48c04167cd3109f76" member_type: NON_VOTER last_known_addr { host: "127.20.24.196" port: 42713 } attrs { promote: true } }
I20260630 12:31:54.120783 24130 ts_tablet_manager.cc:1434] T 34065ee3e6ee488e8bd570bfb87f0c16 P 3659166e28c64ff48c04167cd3109f76: Time spent starting tablet: real 0.006s	user 0.004s	sys 0.000s
I20260630 12:31:54.122550 23656 tablet_copy_service.cc:342] P 7d5ef95cd3c942f0bf4e2b6a8e10b2bb: Request end of tablet copy session 3659166e28c64ff48c04167cd3109f76-34065ee3e6ee488e8bd570bfb87f0c16 received from {username='slave'} at 127.0.0.1:39616
I20260630 12:31:54.122993 23656 tablet_copy_service.cc:434] P 7d5ef95cd3c942f0bf4e2b6a8e10b2bb: ending tablet copy session 3659166e28c64ff48c04167cd3109f76-34065ee3e6ee488e8bd570bfb87f0c16 on tablet 34065ee3e6ee488e8bd570bfb87f0c16 with peer 3659166e28c64ff48c04167cd3109f76
I20260630 12:31:54.157042 23868 raft_consensus.cc:1217] T 340ad3e964294ec6bc8e820798fb125c P 3659166e28c64ff48c04167cd3109f76 [term 1 LEARNER]: Deduplicated request from leader. Original: 1.1->[1.2-1.2]   Dedup: 1.2->[]
I20260630 12:31:54.271184 23642 raft_consensus.cc:1217] T 6269d39b0a9a4f8693d1ec19f43e0ce6 P 7d5ef95cd3c942f0bf4e2b6a8e10b2bb [term 2 LEARNER]: Deduplicated request from leader. Original: 2.2->[2.3-2.3]   Dedup: 2.3->[]
I20260630 12:31:54.463478 23868 raft_consensus.cc:1217] T 34065ee3e6ee488e8bd570bfb87f0c16 P 3659166e28c64ff48c04167cd3109f76 [term 1 LEARNER]: Deduplicated request from leader. Original: 1.1->[1.2-1.2]   Dedup: 1.2->[]
I20260630 12:31:54.612664 23719 raft_consensus.cc:1217] T ab158ccd414b44c0b77716d7e10db086 P 234b58f71294452da5670a6d2896314f [term 1 LEARNER]: Deduplicated request from leader. Original: 1.1->[1.2-1.2]   Dedup: 1.2->[]
I20260630 12:31:54.638764 24146 raft_consensus.cc:1064] T 340ad3e964294ec6bc8e820798fb125c P 234b58f71294452da5670a6d2896314f: attempting to promote NON_VOTER 3659166e28c64ff48c04167cd3109f76 to VOTER
I20260630 12:31:54.641263 24146 consensus_queue.cc:237] T 340ad3e964294ec6bc8e820798fb125c P 234b58f71294452da5670a6d2896314f [LEADER]: Queue going to LEADER mode. State: All replicated index: 0, Majority replicated index: 2, Committed index: 2, Last appended: 1.2, Last appended by leader: 0, Current term: 1, Majority size: 3, State: 0, Mode: LEADER, active raft config: opid_index: 3 OBSOLETE_local: false peers { permanent_uuid: "7d5ef95cd3c942f0bf4e2b6a8e10b2bb" member_type: VOTER last_known_addr { host: "127.20.24.194" port: 38571 } attrs { replace: true } } peers { permanent_uuid: "deed69581e104b7981aecf5912c5b03c" member_type: VOTER last_known_addr { host: "127.20.24.193" port: 40745 } } peers { permanent_uuid: "234b58f71294452da5670a6d2896314f" member_type: VOTER last_known_addr { host: "127.20.24.195" port: 43351 } } peers { permanent_uuid: "3659166e28c64ff48c04167cd3109f76" member_type: VOTER last_known_addr { host: "127.20.24.196" port: 42713 } attrs { promote: false } }
I20260630 12:31:54.648239 23571 raft_consensus.cc:1275] T 340ad3e964294ec6bc8e820798fb125c P deed69581e104b7981aecf5912c5b03c [term 1 FOLLOWER]: Refusing update from remote peer 234b58f71294452da5670a6d2896314f: Log matching property violated. Preceding OpId in replica: term: 1 index: 2. Preceding OpId from leader: term: 1 index: 3. (index mismatch)
I20260630 12:31:54.648380 23868 raft_consensus.cc:1275] T 340ad3e964294ec6bc8e820798fb125c P 3659166e28c64ff48c04167cd3109f76 [term 1 LEARNER]: Refusing update from remote peer 234b58f71294452da5670a6d2896314f: Log matching property violated. Preceding OpId in replica: term: 1 index: 2. Preceding OpId from leader: term: 1 index: 3. (index mismatch)
I20260630 12:31:54.649732 23642 raft_consensus.cc:1275] T 340ad3e964294ec6bc8e820798fb125c P 7d5ef95cd3c942f0bf4e2b6a8e10b2bb [term 1 FOLLOWER]: Refusing update from remote peer 234b58f71294452da5670a6d2896314f: Log matching property violated. Preceding OpId in replica: term: 1 index: 2. Preceding OpId from leader: term: 1 index: 3. (index mismatch)
I20260630 12:31:54.649778 24146 consensus_queue.cc:1048] T 340ad3e964294ec6bc8e820798fb125c P 234b58f71294452da5670a6d2896314f [LEADER]: Connected to new peer: Peer: permanent_uuid: "deed69581e104b7981aecf5912c5b03c" member_type: VOTER last_known_addr { host: "127.20.24.193" port: 40745 }, Status: LMP_MISMATCH, Last received: 0.0, Next index: 3, Last known committed idx: 2, Time since last communication: 0.001s
I20260630 12:31:54.651150 24116 consensus_queue.cc:1048] T 340ad3e964294ec6bc8e820798fb125c P 234b58f71294452da5670a6d2896314f [LEADER]: Connected to new peer: Peer: permanent_uuid: "3659166e28c64ff48c04167cd3109f76" member_type: VOTER last_known_addr { host: "127.20.24.196" port: 42713 } attrs { promote: false }, Status: LMP_MISMATCH, Last received: 0.0, Next index: 3, Last known committed idx: 2, Time since last communication: 0.000s
I20260630 12:31:54.652000 23801 consensus_queue.cc:1048] T 340ad3e964294ec6bc8e820798fb125c P 234b58f71294452da5670a6d2896314f [LEADER]: Connected to new peer: Peer: permanent_uuid: "7d5ef95cd3c942f0bf4e2b6a8e10b2bb" member_type: VOTER last_known_addr { host: "127.20.24.194" port: 38571 } attrs { replace: true }, Status: LMP_MISMATCH, Last received: 0.0, Next index: 3, Last known committed idx: 2, Time since last communication: 0.000s
I20260630 12:31:54.674008 23801 raft_consensus.cc:2955] T 340ad3e964294ec6bc8e820798fb125c P 234b58f71294452da5670a6d2896314f [term 1 LEADER]: Committing config change with OpId 1.3: config changed from index 2 to 3, 3659166e28c64ff48c04167cd3109f76 (127.20.24.196) changed from NON_VOTER to VOTER. New config: { opid_index: 3 OBSOLETE_local: false peers { permanent_uuid: "7d5ef95cd3c942f0bf4e2b6a8e10b2bb" member_type: VOTER last_known_addr { host: "127.20.24.194" port: 38571 } attrs { replace: true } } peers { permanent_uuid: "deed69581e104b7981aecf5912c5b03c" member_type: VOTER last_known_addr { host: "127.20.24.193" port: 40745 } } peers { permanent_uuid: "234b58f71294452da5670a6d2896314f" member_type: VOTER last_known_addr { host: "127.20.24.195" port: 43351 } } peers { permanent_uuid: "3659166e28c64ff48c04167cd3109f76" member_type: VOTER last_known_addr { host: "127.20.24.196" port: 42713 } attrs { promote: false } } }
I20260630 12:31:54.675310 23642 raft_consensus.cc:2955] T 340ad3e964294ec6bc8e820798fb125c P 7d5ef95cd3c942f0bf4e2b6a8e10b2bb [term 1 FOLLOWER]: Committing config change with OpId 1.3: config changed from index 2 to 3, 3659166e28c64ff48c04167cd3109f76 (127.20.24.196) changed from NON_VOTER to VOTER. New config: { opid_index: 3 OBSOLETE_local: false peers { permanent_uuid: "7d5ef95cd3c942f0bf4e2b6a8e10b2bb" member_type: VOTER last_known_addr { host: "127.20.24.194" port: 38571 } attrs { replace: true } } peers { permanent_uuid: "deed69581e104b7981aecf5912c5b03c" member_type: VOTER last_known_addr { host: "127.20.24.193" port: 40745 } } peers { permanent_uuid: "234b58f71294452da5670a6d2896314f" member_type: VOTER last_known_addr { host: "127.20.24.195" port: 43351 } } peers { permanent_uuid: "3659166e28c64ff48c04167cd3109f76" member_type: VOTER last_known_addr { host: "127.20.24.196" port: 42713 } attrs { promote: false } } }
I20260630 12:31:54.682899 23571 raft_consensus.cc:2955] T 340ad3e964294ec6bc8e820798fb125c P deed69581e104b7981aecf5912c5b03c [term 1 FOLLOWER]: Committing config change with OpId 1.3: config changed from index 2 to 3, 3659166e28c64ff48c04167cd3109f76 (127.20.24.196) changed from NON_VOTER to VOTER. New config: { opid_index: 3 OBSOLETE_local: false peers { permanent_uuid: "7d5ef95cd3c942f0bf4e2b6a8e10b2bb" member_type: VOTER last_known_addr { host: "127.20.24.194" port: 38571 } attrs { replace: true } } peers { permanent_uuid: "deed69581e104b7981aecf5912c5b03c" member_type: VOTER last_known_addr { host: "127.20.24.193" port: 40745 } } peers { permanent_uuid: "234b58f71294452da5670a6d2896314f" member_type: VOTER last_known_addr { host: "127.20.24.195" port: 43351 } } peers { permanent_uuid: "3659166e28c64ff48c04167cd3109f76" member_type: VOTER last_known_addr { host: "127.20.24.196" port: 42713 } attrs { promote: false } } }
I20260630 12:31:54.687788 23868 raft_consensus.cc:2955] T 340ad3e964294ec6bc8e820798fb125c P 3659166e28c64ff48c04167cd3109f76 [term 1 FOLLOWER]: Committing config change with OpId 1.3: config changed from index 2 to 3, 3659166e28c64ff48c04167cd3109f76 (127.20.24.196) changed from NON_VOTER to VOTER. New config: { opid_index: 3 OBSOLETE_local: false peers { permanent_uuid: "7d5ef95cd3c942f0bf4e2b6a8e10b2bb" member_type: VOTER last_known_addr { host: "127.20.24.194" port: 38571 } attrs { replace: true } } peers { permanent_uuid: "deed69581e104b7981aecf5912c5b03c" member_type: VOTER last_known_addr { host: "127.20.24.193" port: 40745 } } peers { permanent_uuid: "234b58f71294452da5670a6d2896314f" member_type: VOTER last_known_addr { host: "127.20.24.195" port: 43351 } } peers { permanent_uuid: "3659166e28c64ff48c04167cd3109f76" member_type: VOTER last_known_addr { host: "127.20.24.196" port: 42713 } attrs { promote: false } } }
I20260630 12:31:54.690027 23468 catalog_manager.cc:5697] T 340ad3e964294ec6bc8e820798fb125c P 7d5ef95cd3c942f0bf4e2b6a8e10b2bb reported cstate change: config changed from index 2 to 3, 3659166e28c64ff48c04167cd3109f76 (127.20.24.196) changed from NON_VOTER to VOTER. New cstate: current_term: 1 leader_uuid: "234b58f71294452da5670a6d2896314f" committed_config { opid_index: 3 OBSOLETE_local: false peers { permanent_uuid: "7d5ef95cd3c942f0bf4e2b6a8e10b2bb" member_type: VOTER last_known_addr { host: "127.20.24.194" port: 38571 } attrs { replace: true } } peers { permanent_uuid: "deed69581e104b7981aecf5912c5b03c" member_type: VOTER last_known_addr { host: "127.20.24.193" port: 40745 } } peers { permanent_uuid: "234b58f71294452da5670a6d2896314f" member_type: VOTER last_known_addr { host: "127.20.24.195" port: 43351 } } peers { permanent_uuid: "3659166e28c64ff48c04167cd3109f76" member_type: VOTER last_known_addr { host: "127.20.24.196" port: 42713 } attrs { promote: false } } }
