I20260630 12:32:29.944505 25476 raft_consensus.cc:359] T dfde1108c5124e87b28c7355d8f43bf0 P 5514b8bf45d2439e942a4b0763191752 [term 0 FOLLOWER]: Replica starting. Triggering 0 pending ops. Active config: opid_index: -1 OBSOLETE_local: false peers { permanent_uuid: "d1da78fce17d401f8276f10c4dacea79" member_type: VOTER last_known_addr { host: "127.20.81.65" port: 36641 } } peers { permanent_uuid: "5514b8bf45d2439e942a4b0763191752" member_type: VOTER last_known_addr { host: "127.20.81.66" port: 45075 } } peers { permanent_uuid: "0c5b635e5cb3470f8ac17ac7f4508204" member_type: VOTER last_known_addr { host: "127.20.81.67" port: 34143 } }
I20260630 12:32:29.945370 25476 raft_consensus.cc:385] T dfde1108c5124e87b28c7355d8f43bf0 P 5514b8bf45d2439e942a4b0763191752 [term 0 FOLLOWER]: Consensus starting up: Expiring failure detector timer to make a prompt election more likely
I20260630 12:32:29.945730 25476 raft_consensus.cc:740] T dfde1108c5124e87b28c7355d8f43bf0 P 5514b8bf45d2439e942a4b0763191752 [term 0 FOLLOWER]: Becoming Follower/Learner. State: Replica: 5514b8bf45d2439e942a4b0763191752, State: Initialized, Role: FOLLOWER
I20260630 12:32:29.945966 25474 tablet_bootstrap.cc:492] T e6c8721c8c87493cb35de1ae43a26ac1 P 0c5b635e5cb3470f8ac17ac7f4508204: No bootstrap required, opened a new log
I20260630 12:32:29.946516 25474 ts_tablet_manager.cc:1403] T e6c8721c8c87493cb35de1ae43a26ac1 P 0c5b635e5cb3470f8ac17ac7f4508204: Time spent bootstrapping tablet: real 0.024s	user 0.011s	sys 0.009s
I20260630 12:32:29.946718 25476 consensus_queue.cc:260] T dfde1108c5124e87b28c7355d8f43bf0 P 5514b8bf45d2439e942a4b0763191752 [NON_LEADER]: Queue going to NON_LEADER mode. State: All replicated index: 0, Majority replicated index: 0, Committed index: 0, Last appended: 0.0, Last appended by leader: 0, Current term: 0, Majority size: -1, State: 0, Mode: NON_LEADER, active raft config: opid_index: -1 OBSOLETE_local: false peers { permanent_uuid: "d1da78fce17d401f8276f10c4dacea79" member_type: VOTER last_known_addr { host: "127.20.81.65" port: 36641 } } peers { permanent_uuid: "5514b8bf45d2439e942a4b0763191752" member_type: VOTER last_known_addr { host: "127.20.81.66" port: 45075 } } peers { permanent_uuid: "0c5b635e5cb3470f8ac17ac7f4508204" member_type: VOTER last_known_addr { host: "127.20.81.67" port: 34143 } }
I20260630 12:32:29.950238 25474 raft_consensus.cc:359] T e6c8721c8c87493cb35de1ae43a26ac1 P 0c5b635e5cb3470f8ac17ac7f4508204 [term 0 FOLLOWER]: Replica starting. Triggering 0 pending ops. Active config: opid_index: -1 OBSOLETE_local: false peers { permanent_uuid: "d1da78fce17d401f8276f10c4dacea79" member_type: VOTER last_known_addr { host: "127.20.81.65" port: 36641 } } peers { permanent_uuid: "5514b8bf45d2439e942a4b0763191752" member_type: VOTER last_known_addr { host: "127.20.81.66" port: 45075 } } peers { permanent_uuid: "0c5b635e5cb3470f8ac17ac7f4508204" member_type: VOTER last_known_addr { host: "127.20.81.67" port: 34143 } }
I20260630 12:32:29.951505 25474 raft_consensus.cc:385] T e6c8721c8c87493cb35de1ae43a26ac1 P 0c5b635e5cb3470f8ac17ac7f4508204 [term 0 FOLLOWER]: Consensus starting up: Expiring failure detector timer to make a prompt election more likely
I20260630 12:32:29.951916 25474 raft_consensus.cc:740] T e6c8721c8c87493cb35de1ae43a26ac1 P 0c5b635e5cb3470f8ac17ac7f4508204 [term 0 FOLLOWER]: Becoming Follower/Learner. State: Replica: 0c5b635e5cb3470f8ac17ac7f4508204, State: Initialized, Role: FOLLOWER
I20260630 12:32:29.953338 25476 ts_tablet_manager.cc:1434] T dfde1108c5124e87b28c7355d8f43bf0 P 5514b8bf45d2439e942a4b0763191752: Time spent starting tablet: real 0.012s	user 0.010s	sys 0.000s
I20260630 12:32:29.952907 25474 consensus_queue.cc:260] T e6c8721c8c87493cb35de1ae43a26ac1 P 0c5b635e5cb3470f8ac17ac7f4508204 [NON_LEADER]: Queue going to NON_LEADER mode. State: All replicated index: 0, Majority replicated index: 0, Committed index: 0, Last appended: 0.0, Last appended by leader: 0, Current term: 0, Majority size: -1, State: 0, Mode: NON_LEADER, active raft config: opid_index: -1 OBSOLETE_local: false peers { permanent_uuid: "d1da78fce17d401f8276f10c4dacea79" member_type: VOTER last_known_addr { host: "127.20.81.65" port: 36641 } } peers { permanent_uuid: "5514b8bf45d2439e942a4b0763191752" member_type: VOTER last_known_addr { host: "127.20.81.66" port: 45075 } } peers { permanent_uuid: "0c5b635e5cb3470f8ac17ac7f4508204" member_type: VOTER last_known_addr { host: "127.20.81.67" port: 34143 } }
I20260630 12:32:29.956094 25476 tablet_bootstrap.cc:492] T 551b4623b4be406c9059d22f5a7c960b P 5514b8bf45d2439e942a4b0763191752: Bootstrap starting.
I20260630 12:32:29.957861 25474 ts_tablet_manager.cc:1434] T e6c8721c8c87493cb35de1ae43a26ac1 P 0c5b635e5cb3470f8ac17ac7f4508204: Time spent starting tablet: real 0.011s	user 0.008s	sys 0.000s
I20260630 12:32:29.958936 25474 tablet_bootstrap.cc:492] T 87d26e3a7186489fa26efba488b2d056 P 0c5b635e5cb3470f8ac17ac7f4508204: Bootstrap starting.
I20260630 12:32:29.965134 25476 tablet_bootstrap.cc:654] T 551b4623b4be406c9059d22f5a7c960b P 5514b8bf45d2439e942a4b0763191752: Neither blocks nor log segments found. Creating new log.
I20260630 12:32:29.965692 25474 tablet_bootstrap.cc:654] T 87d26e3a7186489fa26efba488b2d056 P 0c5b635e5cb3470f8ac17ac7f4508204: Neither blocks nor log segments found. Creating new log.
I20260630 12:32:29.970009 25473 tablet_bootstrap.cc:492] T 87d26e3a7186489fa26efba488b2d056 P d1da78fce17d401f8276f10c4dacea79: No bootstrap required, opened a new log
I20260630 12:32:29.970574 25473 ts_tablet_manager.cc:1403] T 87d26e3a7186489fa26efba488b2d056 P d1da78fce17d401f8276f10c4dacea79: Time spent bootstrapping tablet: real 0.033s	user 0.021s	sys 0.004s
I20260630 12:32:29.971462 25474 tablet_bootstrap.cc:492] T 87d26e3a7186489fa26efba488b2d056 P 0c5b635e5cb3470f8ac17ac7f4508204: No bootstrap required, opened a new log
I20260630 12:32:29.971956 25476 tablet_bootstrap.cc:492] T 551b4623b4be406c9059d22f5a7c960b P 5514b8bf45d2439e942a4b0763191752: No bootstrap required, opened a new log
I20260630 12:32:29.972121 25474 ts_tablet_manager.cc:1403] T 87d26e3a7186489fa26efba488b2d056 P 0c5b635e5cb3470f8ac17ac7f4508204: Time spent bootstrapping tablet: real 0.013s	user 0.009s	sys 0.004s
I20260630 12:32:29.972541 25476 ts_tablet_manager.cc:1403] T 551b4623b4be406c9059d22f5a7c960b P 5514b8bf45d2439e942a4b0763191752: Time spent bootstrapping tablet: real 0.017s	user 0.011s	sys 0.002s
I20260630 12:32:29.973299 25473 raft_consensus.cc:359] T 87d26e3a7186489fa26efba488b2d056 P d1da78fce17d401f8276f10c4dacea79 [term 0 FOLLOWER]: Replica starting. Triggering 0 pending ops. Active config: opid_index: -1 OBSOLETE_local: false peers { permanent_uuid: "d1da78fce17d401f8276f10c4dacea79" member_type: VOTER last_known_addr { host: "127.20.81.65" port: 36641 } } peers { permanent_uuid: "0c5b635e5cb3470f8ac17ac7f4508204" member_type: VOTER last_known_addr { host: "127.20.81.67" port: 34143 } } peers { permanent_uuid: "5514b8bf45d2439e942a4b0763191752" member_type: VOTER last_known_addr { host: "127.20.81.66" port: 45075 } }
I20260630 12:32:29.973956 25473 raft_consensus.cc:385] T 87d26e3a7186489fa26efba488b2d056 P d1da78fce17d401f8276f10c4dacea79 [term 0 FOLLOWER]: Consensus starting up: Expiring failure detector timer to make a prompt election more likely
I20260630 12:32:29.974231 25473 raft_consensus.cc:740] T 87d26e3a7186489fa26efba488b2d056 P d1da78fce17d401f8276f10c4dacea79 [term 0 FOLLOWER]: Becoming Follower/Learner. State: Replica: d1da78fce17d401f8276f10c4dacea79, State: Initialized, Role: FOLLOWER
I20260630 12:32:29.974946 25473 consensus_queue.cc:260] T 87d26e3a7186489fa26efba488b2d056 P d1da78fce17d401f8276f10c4dacea79 [NON_LEADER]: Queue going to NON_LEADER mode. State: All replicated index: 0, Majority replicated index: 0, Committed index: 0, Last appended: 0.0, Last appended by leader: 0, Current term: 0, Majority size: -1, State: 0, Mode: NON_LEADER, active raft config: opid_index: -1 OBSOLETE_local: false peers { permanent_uuid: "d1da78fce17d401f8276f10c4dacea79" member_type: VOTER last_known_addr { host: "127.20.81.65" port: 36641 } } peers { permanent_uuid: "0c5b635e5cb3470f8ac17ac7f4508204" member_type: VOTER last_known_addr { host: "127.20.81.67" port: 34143 } } peers { permanent_uuid: "5514b8bf45d2439e942a4b0763191752" member_type: VOTER last_known_addr { host: "127.20.81.66" port: 45075 } }
I20260630 12:32:29.975343 25474 raft_consensus.cc:359] T 87d26e3a7186489fa26efba488b2d056 P 0c5b635e5cb3470f8ac17ac7f4508204 [term 0 FOLLOWER]: Replica starting. Triggering 0 pending ops. Active config: opid_index: -1 OBSOLETE_local: false peers { permanent_uuid: "d1da78fce17d401f8276f10c4dacea79" member_type: VOTER last_known_addr { host: "127.20.81.65" port: 36641 } } peers { permanent_uuid: "0c5b635e5cb3470f8ac17ac7f4508204" member_type: VOTER last_known_addr { host: "127.20.81.67" port: 34143 } } peers { permanent_uuid: "5514b8bf45d2439e942a4b0763191752" member_type: VOTER last_known_addr { host: "127.20.81.66" port: 45075 } }
I20260630 12:32:29.975512 25476 raft_consensus.cc:359] T 551b4623b4be406c9059d22f5a7c960b P 5514b8bf45d2439e942a4b0763191752 [term 0 FOLLOWER]: Replica starting. Triggering 0 pending ops. Active config: opid_index: -1 OBSOLETE_local: false peers { permanent_uuid: "d1da78fce17d401f8276f10c4dacea79" member_type: VOTER last_known_addr { host: "127.20.81.65" port: 36641 } } peers { permanent_uuid: "5514b8bf45d2439e942a4b0763191752" member_type: VOTER last_known_addr { host: "127.20.81.66" port: 45075 } } peers { permanent_uuid: "0c5b635e5cb3470f8ac17ac7f4508204" member_type: VOTER last_known_addr { host: "127.20.81.67" port: 34143 } }
I20260630 12:32:29.976235 25474 raft_consensus.cc:385] T 87d26e3a7186489fa26efba488b2d056 P 0c5b635e5cb3470f8ac17ac7f4508204 [term 0 FOLLOWER]: Consensus starting up: Expiring failure detector timer to make a prompt election more likely
I20260630 12:32:29.976326 25476 raft_consensus.cc:385] T 551b4623b4be406c9059d22f5a7c960b P 5514b8bf45d2439e942a4b0763191752 [term 0 FOLLOWER]: Consensus starting up: Expiring failure detector timer to make a prompt election more likely
I20260630 12:32:29.976706 25474 raft_consensus.cc:740] T 87d26e3a7186489fa26efba488b2d056 P 0c5b635e5cb3470f8ac17ac7f4508204 [term 0 FOLLOWER]: Becoming Follower/Learner. State: Replica: 0c5b635e5cb3470f8ac17ac7f4508204, State: Initialized, Role: FOLLOWER
I20260630 12:32:29.976822 25476 raft_consensus.cc:740] T 551b4623b4be406c9059d22f5a7c960b P 5514b8bf45d2439e942a4b0763191752 [term 0 FOLLOWER]: Becoming Follower/Learner. State: Replica: 5514b8bf45d2439e942a4b0763191752, State: Initialized, Role: FOLLOWER
I20260630 12:32:29.977043 25473 ts_tablet_manager.cc:1434] T 87d26e3a7186489fa26efba488b2d056 P d1da78fce17d401f8276f10c4dacea79: Time spent starting tablet: real 0.006s	user 0.004s	sys 0.000s
I20260630 12:32:29.977667 25474 consensus_queue.cc:260] T 87d26e3a7186489fa26efba488b2d056 P 0c5b635e5cb3470f8ac17ac7f4508204 [NON_LEADER]: Queue going to NON_LEADER mode. State: All replicated index: 0, Majority replicated index: 0, Committed index: 0, Last appended: 0.0, Last appended by leader: 0, Current term: 0, Majority size: -1, State: 0, Mode: NON_LEADER, active raft config: opid_index: -1 OBSOLETE_local: false peers { permanent_uuid: "d1da78fce17d401f8276f10c4dacea79" member_type: VOTER last_known_addr { host: "127.20.81.65" port: 36641 } } peers { permanent_uuid: "0c5b635e5cb3470f8ac17ac7f4508204" member_type: VOTER last_known_addr { host: "127.20.81.67" port: 34143 } } peers { permanent_uuid: "5514b8bf45d2439e942a4b0763191752" member_type: VOTER last_known_addr { host: "127.20.81.66" port: 45075 } }
I20260630 12:32:29.977669 25476 consensus_queue.cc:260] T 551b4623b4be406c9059d22f5a7c960b P 5514b8bf45d2439e942a4b0763191752 [NON_LEADER]: Queue going to NON_LEADER mode. State: All replicated index: 0, Majority replicated index: 0, Committed index: 0, Last appended: 0.0, Last appended by leader: 0, Current term: 0, Majority size: -1, State: 0, Mode: NON_LEADER, active raft config: opid_index: -1 OBSOLETE_local: false peers { permanent_uuid: "d1da78fce17d401f8276f10c4dacea79" member_type: VOTER last_known_addr { host: "127.20.81.65" port: 36641 } } peers { permanent_uuid: "5514b8bf45d2439e942a4b0763191752" member_type: VOTER last_known_addr { host: "127.20.81.66" port: 45075 } } peers { permanent_uuid: "0c5b635e5cb3470f8ac17ac7f4508204" member_type: VOTER last_known_addr { host: "127.20.81.67" port: 34143 } }
I20260630 12:32:29.978404 25473 tablet_bootstrap.cc:492] T e3ca152df61848b3b3a671118a019939 P d1da78fce17d401f8276f10c4dacea79: Bootstrap starting.
I20260630 12:32:29.979995 25476 ts_tablet_manager.cc:1434] T 551b4623b4be406c9059d22f5a7c960b P 5514b8bf45d2439e942a4b0763191752: Time spent starting tablet: real 0.007s	user 0.005s	sys 0.000s
I20260630 12:32:29.980993 25476 tablet_bootstrap.cc:492] T 9b25a9c58e3f444aad9ce235bb7f3d08 P 5514b8bf45d2439e942a4b0763191752: Bootstrap starting.
I20260630 12:32:29.979995 25474 ts_tablet_manager.cc:1434] T 87d26e3a7186489fa26efba488b2d056 P 0c5b635e5cb3470f8ac17ac7f4508204: Time spent starting tablet: real 0.008s	user 0.007s	sys 0.000s
I20260630 12:32:29.986699 25474 tablet_bootstrap.cc:492] T dfde1108c5124e87b28c7355d8f43bf0 P 0c5b635e5cb3470f8ac17ac7f4508204: Bootstrap starting.
W20260630 12:32:29.987941 25226 auto_rebalancer.cc:298] Could not retrieve cluster info: Service unavailable: Tablet not running
I20260630 12:32:29.989403 25473 tablet_bootstrap.cc:654] T e3ca152df61848b3b3a671118a019939 P d1da78fce17d401f8276f10c4dacea79: Neither blocks nor log segments found. Creating new log.
I20260630 12:32:29.993947 25474 tablet_bootstrap.cc:654] T dfde1108c5124e87b28c7355d8f43bf0 P 0c5b635e5cb3470f8ac17ac7f4508204: Neither blocks nor log segments found. Creating new log.
I20260630 12:32:29.995194 25476 tablet_bootstrap.cc:654] T 9b25a9c58e3f444aad9ce235bb7f3d08 P 5514b8bf45d2439e942a4b0763191752: Neither blocks nor log segments found. Creating new log.
I20260630 12:32:30.006633 25477 raft_consensus.cc:493] T dfde1108c5124e87b28c7355d8f43bf0 P d1da78fce17d401f8276f10c4dacea79 [term 0 FOLLOWER]: Starting pre-election (no leader contacted us within the election timeout)
I20260630 12:32:30.007225 25477 raft_consensus.cc:515] T dfde1108c5124e87b28c7355d8f43bf0 P d1da78fce17d401f8276f10c4dacea79 [term 0 FOLLOWER]: Starting pre-election with config: opid_index: -1 OBSOLETE_local: false peers { permanent_uuid: "d1da78fce17d401f8276f10c4dacea79" member_type: VOTER last_known_addr { host: "127.20.81.65" port: 36641 } } peers { permanent_uuid: "5514b8bf45d2439e942a4b0763191752" member_type: VOTER last_known_addr { host: "127.20.81.66" port: 45075 } } peers { permanent_uuid: "0c5b635e5cb3470f8ac17ac7f4508204" member_type: VOTER last_known_addr { host: "127.20.81.67" port: 34143 } }
I20260630 12:32:30.007783 25476 tablet_bootstrap.cc:492] T 9b25a9c58e3f444aad9ce235bb7f3d08 P 5514b8bf45d2439e942a4b0763191752: No bootstrap required, opened a new log
I20260630 12:32:30.008409 25476 ts_tablet_manager.cc:1403] T 9b25a9c58e3f444aad9ce235bb7f3d08 P 5514b8bf45d2439e942a4b0763191752: Time spent bootstrapping tablet: real 0.028s	user 0.012s	sys 0.004s
I20260630 12:32:30.009282 25473 tablet_bootstrap.cc:492] T e3ca152df61848b3b3a671118a019939 P d1da78fce17d401f8276f10c4dacea79: No bootstrap required, opened a new log
I20260630 12:32:30.009480 25474 tablet_bootstrap.cc:492] T dfde1108c5124e87b28c7355d8f43bf0 P 0c5b635e5cb3470f8ac17ac7f4508204: No bootstrap required, opened a new log
I20260630 12:32:30.009896 25473 ts_tablet_manager.cc:1403] T e3ca152df61848b3b3a671118a019939 P d1da78fce17d401f8276f10c4dacea79: Time spent bootstrapping tablet: real 0.032s	user 0.014s	sys 0.011s
I20260630 12:32:30.010070 25474 ts_tablet_manager.cc:1403] T dfde1108c5124e87b28c7355d8f43bf0 P 0c5b635e5cb3470f8ac17ac7f4508204: Time spent bootstrapping tablet: real 0.024s	user 0.022s	sys 0.000s
I20260630 12:32:30.011734 25476 raft_consensus.cc:359] T 9b25a9c58e3f444aad9ce235bb7f3d08 P 5514b8bf45d2439e942a4b0763191752 [term 0 FOLLOWER]: Replica starting. Triggering 0 pending ops. Active config: opid_index: -1 OBSOLETE_local: false peers { permanent_uuid: "d1da78fce17d401f8276f10c4dacea79" member_type: VOTER last_known_addr { host: "127.20.81.65" port: 36641 } } peers { permanent_uuid: "5514b8bf45d2439e942a4b0763191752" member_type: VOTER last_known_addr { host: "127.20.81.66" port: 45075 } } peers { permanent_uuid: "0c5b635e5cb3470f8ac17ac7f4508204" member_type: VOTER last_known_addr { host: "127.20.81.67" port: 34143 } }
I20260630 12:32:30.012844 25476 raft_consensus.cc:385] T 9b25a9c58e3f444aad9ce235bb7f3d08 P 5514b8bf45d2439e942a4b0763191752 [term 0 FOLLOWER]: Consensus starting up: Expiring failure detector timer to make a prompt election more likely
I20260630 12:32:30.013237 25476 raft_consensus.cc:740] T 9b25a9c58e3f444aad9ce235bb7f3d08 P 5514b8bf45d2439e942a4b0763191752 [term 0 FOLLOWER]: Becoming Follower/Learner. State: Replica: 5514b8bf45d2439e942a4b0763191752, State: Initialized, Role: FOLLOWER
I20260630 12:32:30.013316 25473 raft_consensus.cc:359] T e3ca152df61848b3b3a671118a019939 P d1da78fce17d401f8276f10c4dacea79 [term 0 FOLLOWER]: Replica starting. Triggering 0 pending ops. Active config: opid_index: -1 OBSOLETE_local: false peers { permanent_uuid: "d1da78fce17d401f8276f10c4dacea79" member_type: VOTER last_known_addr { host: "127.20.81.65" port: 36641 } } peers { permanent_uuid: "5514b8bf45d2439e942a4b0763191752" member_type: VOTER last_known_addr { host: "127.20.81.66" port: 45075 } } peers { permanent_uuid: "0c5b635e5cb3470f8ac17ac7f4508204" member_type: VOTER last_known_addr { host: "127.20.81.67" port: 34143 } }
I20260630 12:32:30.013579 25477 leader_election.cc:290] T dfde1108c5124e87b28c7355d8f43bf0 P d1da78fce17d401f8276f10c4dacea79 [CANDIDATE]: Term 1 pre-election: Requested pre-vote from peers 5514b8bf45d2439e942a4b0763191752 (127.20.81.66:45075), 0c5b635e5cb3470f8ac17ac7f4508204 (127.20.81.67:34143)
I20260630 12:32:30.013538 25474 raft_consensus.cc:359] T dfde1108c5124e87b28c7355d8f43bf0 P 0c5b635e5cb3470f8ac17ac7f4508204 [term 0 FOLLOWER]: Replica starting. Triggering 0 pending ops. Active config: opid_index: -1 OBSOLETE_local: false peers { permanent_uuid: "d1da78fce17d401f8276f10c4dacea79" member_type: VOTER last_known_addr { host: "127.20.81.65" port: 36641 } } peers { permanent_uuid: "5514b8bf45d2439e942a4b0763191752" member_type: VOTER last_known_addr { host: "127.20.81.66" port: 45075 } } peers { permanent_uuid: "0c5b635e5cb3470f8ac17ac7f4508204" member_type: VOTER last_known_addr { host: "127.20.81.67" port: 34143 } }
I20260630 12:32:30.014216 25473 raft_consensus.cc:385] T e3ca152df61848b3b3a671118a019939 P d1da78fce17d401f8276f10c4dacea79 [term 0 FOLLOWER]: Consensus starting up: Expiring failure detector timer to make a prompt election more likely
I20260630 12:32:30.014650 25474 raft_consensus.cc:385] T dfde1108c5124e87b28c7355d8f43bf0 P 0c5b635e5cb3470f8ac17ac7f4508204 [term 0 FOLLOWER]: Consensus starting up: Expiring failure detector timer to make a prompt election more likely
I20260630 12:32:30.014420 25476 consensus_queue.cc:260] T 9b25a9c58e3f444aad9ce235bb7f3d08 P 5514b8bf45d2439e942a4b0763191752 [NON_LEADER]: Queue going to NON_LEADER mode. State: All replicated index: 0, Majority replicated index: 0, Committed index: 0, Last appended: 0.0, Last appended by leader: 0, Current term: 0, Majority size: -1, State: 0, Mode: NON_LEADER, active raft config: opid_index: -1 OBSOLETE_local: false peers { permanent_uuid: "d1da78fce17d401f8276f10c4dacea79" member_type: VOTER last_known_addr { host: "127.20.81.65" port: 36641 } } peers { permanent_uuid: "5514b8bf45d2439e942a4b0763191752" member_type: VOTER last_known_addr { host: "127.20.81.66" port: 45075 } } peers { permanent_uuid: "0c5b635e5cb3470f8ac17ac7f4508204" member_type: VOTER last_known_addr { host: "127.20.81.67" port: 34143 } }
I20260630 12:32:30.014753 25473 raft_consensus.cc:740] T e3ca152df61848b3b3a671118a019939 P d1da78fce17d401f8276f10c4dacea79 [term 0 FOLLOWER]: Becoming Follower/Learner. State: Replica: d1da78fce17d401f8276f10c4dacea79, State: Initialized, Role: FOLLOWER
I20260630 12:32:30.015444 25474 raft_consensus.cc:740] T dfde1108c5124e87b28c7355d8f43bf0 P 0c5b635e5cb3470f8ac17ac7f4508204 [term 0 FOLLOWER]: Becoming Follower/Learner. State: Replica: 0c5b635e5cb3470f8ac17ac7f4508204, State: Initialized, Role: FOLLOWER
I20260630 12:32:30.016309 25473 consensus_queue.cc:260] T e3ca152df61848b3b3a671118a019939 P d1da78fce17d401f8276f10c4dacea79 [NON_LEADER]: Queue going to NON_LEADER mode. State: All replicated index: 0, Majority replicated index: 0, Committed index: 0, Last appended: 0.0, Last appended by leader: 0, Current term: 0, Majority size: -1, State: 0, Mode: NON_LEADER, active raft config: opid_index: -1 OBSOLETE_local: false peers { permanent_uuid: "d1da78fce17d401f8276f10c4dacea79" member_type: VOTER last_known_addr { host: "127.20.81.65" port: 36641 } } peers { permanent_uuid: "5514b8bf45d2439e942a4b0763191752" member_type: VOTER last_known_addr { host: "127.20.81.66" port: 45075 } } peers { permanent_uuid: "0c5b635e5cb3470f8ac17ac7f4508204" member_type: VOTER last_known_addr { host: "127.20.81.67" port: 34143 } }
I20260630 12:32:30.016777 25474 consensus_queue.cc:260] T dfde1108c5124e87b28c7355d8f43bf0 P 0c5b635e5cb3470f8ac17ac7f4508204 [NON_LEADER]: Queue going to NON_LEADER mode. State: All replicated index: 0, Majority replicated index: 0, Committed index: 0, Last appended: 0.0, Last appended by leader: 0, Current term: 0, Majority size: -1, State: 0, Mode: NON_LEADER, active raft config: opid_index: -1 OBSOLETE_local: false peers { permanent_uuid: "d1da78fce17d401f8276f10c4dacea79" member_type: VOTER last_known_addr { host: "127.20.81.65" port: 36641 } } peers { permanent_uuid: "5514b8bf45d2439e942a4b0763191752" member_type: VOTER last_known_addr { host: "127.20.81.66" port: 45075 } } peers { permanent_uuid: "0c5b635e5cb3470f8ac17ac7f4508204" member_type: VOTER last_known_addr { host: "127.20.81.67" port: 34143 } }
I20260630 12:32:30.019640 25474 ts_tablet_manager.cc:1434] T dfde1108c5124e87b28c7355d8f43bf0 P 0c5b635e5cb3470f8ac17ac7f4508204: Time spent starting tablet: real 0.009s	user 0.005s	sys 0.003s
I20260630 12:32:30.019896 25476 ts_tablet_manager.cc:1434] T 9b25a9c58e3f444aad9ce235bb7f3d08 P 5514b8bf45d2439e942a4b0763191752: Time spent starting tablet: real 0.011s	user 0.009s	sys 0.000s
I20260630 12:32:30.020749 25473 ts_tablet_manager.cc:1434] T e3ca152df61848b3b3a671118a019939 P d1da78fce17d401f8276f10c4dacea79: Time spent starting tablet: real 0.011s	user 0.006s	sys 0.001s
I20260630 12:32:30.021137 25476 tablet_bootstrap.cc:492] T 6ad40ddee5174fe0afab0558c50fa856 P 5514b8bf45d2439e942a4b0763191752: Bootstrap starting.
I20260630 12:32:30.021965 25473 tablet_bootstrap.cc:492] T e6c8721c8c87493cb35de1ae43a26ac1 P d1da78fce17d401f8276f10c4dacea79: Bootstrap starting.
I20260630 12:32:30.020859 25474 tablet_bootstrap.cc:492] T 9b25a9c58e3f444aad9ce235bb7f3d08 P 0c5b635e5cb3470f8ac17ac7f4508204: Bootstrap starting.
I20260630 12:32:30.028664 25476 tablet_bootstrap.cc:654] T 6ad40ddee5174fe0afab0558c50fa856 P 5514b8bf45d2439e942a4b0763191752: Neither blocks nor log segments found. Creating new log.
I20260630 12:32:30.039186 25473 tablet_bootstrap.cc:654] T e6c8721c8c87493cb35de1ae43a26ac1 P d1da78fce17d401f8276f10c4dacea79: Neither blocks nor log segments found. Creating new log.
I20260630 12:32:30.043566 25474 tablet_bootstrap.cc:654] T 9b25a9c58e3f444aad9ce235bb7f3d08 P 0c5b635e5cb3470f8ac17ac7f4508204: Neither blocks nor log segments found. Creating new log.
I20260630 12:32:30.046443 25484 raft_consensus.cc:493] T 551b4623b4be406c9059d22f5a7c960b P 5514b8bf45d2439e942a4b0763191752 [term 0 FOLLOWER]: Starting pre-election (no leader contacted us within the election timeout)
I20260630 12:32:30.047183 25484 raft_consensus.cc:515] T 551b4623b4be406c9059d22f5a7c960b P 5514b8bf45d2439e942a4b0763191752 [term 0 FOLLOWER]: Starting pre-election with config: opid_index: -1 OBSOLETE_local: false peers { permanent_uuid: "d1da78fce17d401f8276f10c4dacea79" member_type: VOTER last_known_addr { host: "127.20.81.65" port: 36641 } } peers { permanent_uuid: "5514b8bf45d2439e942a4b0763191752" member_type: VOTER last_known_addr { host: "127.20.81.66" port: 45075 } } peers { permanent_uuid: "0c5b635e5cb3470f8ac17ac7f4508204" member_type: VOTER last_known_addr { host: "127.20.81.67" port: 34143 } }
I20260630 12:32:30.058040 25484 leader_election.cc:290] T 551b4623b4be406c9059d22f5a7c960b P 5514b8bf45d2439e942a4b0763191752 [CANDIDATE]: Term 1 pre-election: Requested pre-vote from peers d1da78fce17d401f8276f10c4dacea79 (127.20.81.65:36641), 0c5b635e5cb3470f8ac17ac7f4508204 (127.20.81.67:34143)
I20260630 12:32:30.059545 25355 tablet_service.cc:1917] Received RequestConsensusVote() RPC: tablet_id: "dfde1108c5124e87b28c7355d8f43bf0" candidate_uuid: "d1da78fce17d401f8276f10c4dacea79" candidate_term: 1 candidate_status { last_received { term: 0 index: 0 } } ignore_live_leader: false dest_uuid: "5514b8bf45d2439e942a4b0763191752" is_pre_election: true
I20260630 12:32:30.060652 25355 raft_consensus.cc:2468] T dfde1108c5124e87b28c7355d8f43bf0 P 5514b8bf45d2439e942a4b0763191752 [term 0 FOLLOWER]: Leader pre-election vote request: Granting yes vote for candidate d1da78fce17d401f8276f10c4dacea79 in term 0.
I20260630 12:32:30.062376 25476 tablet_bootstrap.cc:492] T 6ad40ddee5174fe0afab0558c50fa856 P 5514b8bf45d2439e942a4b0763191752: No bootstrap required, opened a new log
I20260630 12:32:30.062652 25243 leader_election.cc:304] T dfde1108c5124e87b28c7355d8f43bf0 P d1da78fce17d401f8276f10c4dacea79 [CANDIDATE]: Term 1 pre-election: Election decided. Result: candidate won. Election summary: received 2 responses out of 3 voters: 2 yes votes; 0 no votes. yes voters: 5514b8bf45d2439e942a4b0763191752, d1da78fce17d401f8276f10c4dacea79; no voters: 
I20260630 12:32:30.067184 25477 raft_consensus.cc:2804] T dfde1108c5124e87b28c7355d8f43bf0 P d1da78fce17d401f8276f10c4dacea79 [term 0 FOLLOWER]: Leader pre-election won for term 1
I20260630 12:32:30.067561 25477 raft_consensus.cc:493] T dfde1108c5124e87b28c7355d8f43bf0 P d1da78fce17d401f8276f10c4dacea79 [term 0 FOLLOWER]: Starting leader election (no leader contacted us within the election timeout)
I20260630 12:32:30.067894 25477 raft_consensus.cc:3060] T dfde1108c5124e87b28c7355d8f43bf0 P d1da78fce17d401f8276f10c4dacea79 [term 0 FOLLOWER]: Advancing to term 1
I20260630 12:32:30.068321 25473 tablet_bootstrap.cc:492] T e6c8721c8c87493cb35de1ae43a26ac1 P d1da78fce17d401f8276f10c4dacea79: No bootstrap required, opened a new log
I20260630 12:32:30.068853 25473 ts_tablet_manager.cc:1403] T e6c8721c8c87493cb35de1ae43a26ac1 P d1da78fce17d401f8276f10c4dacea79: Time spent bootstrapping tablet: real 0.047s	user 0.011s	sys 0.000s
I20260630 12:32:30.072278 25473 raft_consensus.cc:359] T e6c8721c8c87493cb35de1ae43a26ac1 P d1da78fce17d401f8276f10c4dacea79 [term 0 FOLLOWER]: Replica starting. Triggering 0 pending ops. Active config: opid_index: -1 OBSOLETE_local: false peers { permanent_uuid: "d1da78fce17d401f8276f10c4dacea79" member_type: VOTER last_known_addr { host: "127.20.81.65" port: 36641 } } peers { permanent_uuid: "5514b8bf45d2439e942a4b0763191752" member_type: VOTER last_known_addr { host: "127.20.81.66" port: 45075 } } peers { permanent_uuid: "0c5b635e5cb3470f8ac17ac7f4508204" member_type: VOTER last_known_addr { host: "127.20.81.67" port: 34143 } }
I20260630 12:32:30.073187 25473 raft_consensus.cc:385] T e6c8721c8c87493cb35de1ae43a26ac1 P d1da78fce17d401f8276f10c4dacea79 [term 0 FOLLOWER]: Consensus starting up: Expiring failure detector timer to make a prompt election more likely
I20260630 12:32:30.073572 25473 raft_consensus.cc:740] T e6c8721c8c87493cb35de1ae43a26ac1 P d1da78fce17d401f8276f10c4dacea79 [term 0 FOLLOWER]: Becoming Follower/Learner. State: Replica: d1da78fce17d401f8276f10c4dacea79, State: Initialized, Role: FOLLOWER
I20260630 12:32:30.074563 25473 consensus_queue.cc:260] T e6c8721c8c87493cb35de1ae43a26ac1 P d1da78fce17d401f8276f10c4dacea79 [NON_LEADER]: Queue going to NON_LEADER mode. State: All replicated index: 0, Majority replicated index: 0, Committed index: 0, Last appended: 0.0, Last appended by leader: 0, Current term: 0, Majority size: -1, State: 0, Mode: NON_LEADER, active raft config: opid_index: -1 OBSOLETE_local: false peers { permanent_uuid: "d1da78fce17d401f8276f10c4dacea79" member_type: VOTER last_known_addr { host: "127.20.81.65" port: 36641 } } peers { permanent_uuid: "5514b8bf45d2439e942a4b0763191752" member_type: VOTER last_known_addr { host: "127.20.81.66" port: 45075 } } peers { permanent_uuid: "0c5b635e5cb3470f8ac17ac7f4508204" member_type: VOTER last_known_addr { host: "127.20.81.67" port: 34143 } }
I20260630 12:32:30.076313 25477 raft_consensus.cc:515] T dfde1108c5124e87b28c7355d8f43bf0 P d1da78fce17d401f8276f10c4dacea79 [term 1 FOLLOWER]: Starting leader election with config: opid_index: -1 OBSOLETE_local: false peers { permanent_uuid: "d1da78fce17d401f8276f10c4dacea79" member_type: VOTER last_known_addr { host: "127.20.81.65" port: 36641 } } peers { permanent_uuid: "5514b8bf45d2439e942a4b0763191752" member_type: VOTER last_known_addr { host: "127.20.81.66" port: 45075 } } peers { permanent_uuid: "0c5b635e5cb3470f8ac17ac7f4508204" member_type: VOTER last_known_addr { host: "127.20.81.67" port: 34143 } }
I20260630 12:32:30.088809 25473 ts_tablet_manager.cc:1434] T e6c8721c8c87493cb35de1ae43a26ac1 P d1da78fce17d401f8276f10c4dacea79: Time spent starting tablet: real 0.020s	user 0.005s	sys 0.008s
I20260630 12:32:30.089226 25474 tablet_bootstrap.cc:492] T 9b25a9c58e3f444aad9ce235bb7f3d08 P 0c5b635e5cb3470f8ac17ac7f4508204: No bootstrap required, opened a new log
I20260630 12:32:30.063160 25476 ts_tablet_manager.cc:1403] T 6ad40ddee5174fe0afab0558c50fa856 P 5514b8bf45d2439e942a4b0763191752: Time spent bootstrapping tablet: real 0.042s	user 0.019s	sys 0.016s
I20260630 12:32:30.089959 25474 ts_tablet_manager.cc:1403] T 9b25a9c58e3f444aad9ce235bb7f3d08 P 0c5b635e5cb3470f8ac17ac7f4508204: Time spent bootstrapping tablet: real 0.069s	user 0.040s	sys 0.008s
I20260630 12:32:30.093127 25474 raft_consensus.cc:359] T 9b25a9c58e3f444aad9ce235bb7f3d08 P 0c5b635e5cb3470f8ac17ac7f4508204 [term 0 FOLLOWER]: Replica starting. Triggering 0 pending ops. Active config: opid_index: -1 OBSOLETE_local: false peers { permanent_uuid: "d1da78fce17d401f8276f10c4dacea79" member_type: VOTER last_known_addr { host: "127.20.81.65" port: 36641 } } peers { permanent_uuid: "5514b8bf45d2439e942a4b0763191752" member_type: VOTER last_known_addr { host: "127.20.81.66" port: 45075 } } peers { permanent_uuid: "0c5b635e5cb3470f8ac17ac7f4508204" member_type: VOTER last_known_addr { host: "127.20.81.67" port: 34143 } }
I20260630 12:32:30.099129 25474 raft_consensus.cc:385] T 9b25a9c58e3f444aad9ce235bb7f3d08 P 0c5b635e5cb3470f8ac17ac7f4508204 [term 0 FOLLOWER]: Consensus starting up: Expiring failure detector timer to make a prompt election more likely
I20260630 12:32:30.099578 25474 raft_consensus.cc:740] T 9b25a9c58e3f444aad9ce235bb7f3d08 P 0c5b635e5cb3470f8ac17ac7f4508204 [term 0 FOLLOWER]: Becoming Follower/Learner. State: Replica: 0c5b635e5cb3470f8ac17ac7f4508204, State: Initialized, Role: FOLLOWER
I20260630 12:32:30.100589 25474 consensus_queue.cc:260] T 9b25a9c58e3f444aad9ce235bb7f3d08 P 0c5b635e5cb3470f8ac17ac7f4508204 [NON_LEADER]: Queue going to NON_LEADER mode. State: All replicated index: 0, Majority replicated index: 0, Committed index: 0, Last appended: 0.0, Last appended by leader: 0, Current term: 0, Majority size: -1, State: 0, Mode: NON_LEADER, active raft config: opid_index: -1 OBSOLETE_local: false peers { permanent_uuid: "d1da78fce17d401f8276f10c4dacea79" member_type: VOTER last_known_addr { host: "127.20.81.65" port: 36641 } } peers { permanent_uuid: "5514b8bf45d2439e942a4b0763191752" member_type: VOTER last_known_addr { host: "127.20.81.66" port: 45075 } } peers { permanent_uuid: "0c5b635e5cb3470f8ac17ac7f4508204" member_type: VOTER last_known_addr { host: "127.20.81.67" port: 34143 } }
I20260630 12:32:30.103468 25474 ts_tablet_manager.cc:1434] T 9b25a9c58e3f444aad9ce235bb7f3d08 P 0c5b635e5cb3470f8ac17ac7f4508204: Time spent starting tablet: real 0.013s	user 0.006s	sys 0.000s
I20260630 12:32:30.105186 25428 tablet_service.cc:1917] Received RequestConsensusVote() RPC: tablet_id: "dfde1108c5124e87b28c7355d8f43bf0" candidate_uuid: "d1da78fce17d401f8276f10c4dacea79" candidate_term: 1 candidate_status { last_received { term: 0 index: 0 } } ignore_live_leader: false dest_uuid: "0c5b635e5cb3470f8ac17ac7f4508204"
I20260630 12:32:30.105615 25474 tablet_bootstrap.cc:492] T 551b4623b4be406c9059d22f5a7c960b P 0c5b635e5cb3470f8ac17ac7f4508204: Bootstrap starting.
I20260630 12:32:30.105912 25428 raft_consensus.cc:3060] T dfde1108c5124e87b28c7355d8f43bf0 P 0c5b635e5cb3470f8ac17ac7f4508204 [term 0 FOLLOWER]: Advancing to term 1
I20260630 12:32:30.106321 25427 tablet_service.cc:1917] Received RequestConsensusVote() RPC: tablet_id: "551b4623b4be406c9059d22f5a7c960b" candidate_uuid: "5514b8bf45d2439e942a4b0763191752" candidate_term: 1 candidate_status { last_received { term: 0 index: 0 } } ignore_live_leader: false dest_uuid: "0c5b635e5cb3470f8ac17ac7f4508204" is_pre_election: true
I20260630 12:32:30.095747 25429 tablet_service.cc:1917] Received RequestConsensusVote() RPC: tablet_id: "dfde1108c5124e87b28c7355d8f43bf0" candidate_uuid: "d1da78fce17d401f8276f10c4dacea79" candidate_term: 1 candidate_status { last_received { term: 0 index: 0 } } ignore_live_leader: false dest_uuid: "0c5b635e5cb3470f8ac17ac7f4508204" is_pre_election: true
I20260630 12:32:30.098318 25476 raft_consensus.cc:359] T 6ad40ddee5174fe0afab0558c50fa856 P 5514b8bf45d2439e942a4b0763191752 [term 0 FOLLOWER]: Replica starting. Triggering 0 pending ops. Active config: opid_index: -1 OBSOLETE_local: false peers { permanent_uuid: "d1da78fce17d401f8276f10c4dacea79" member_type: VOTER last_known_addr { host: "127.20.81.65" port: 36641 } } peers { permanent_uuid: "5514b8bf45d2439e942a4b0763191752" member_type: VOTER last_known_addr { host: "127.20.81.66" port: 45075 } } peers { permanent_uuid: "0c5b635e5cb3470f8ac17ac7f4508204" member_type: VOTER last_known_addr { host: "127.20.81.67" port: 34143 } }
I20260630 12:32:30.104501 25473 tablet_bootstrap.cc:492] T b5d3bc362cec4bef8b7b84c031b5b9aa P d1da78fce17d401f8276f10c4dacea79: Bootstrap starting.
I20260630 12:32:30.107820 25476 raft_consensus.cc:385] T 6ad40ddee5174fe0afab0558c50fa856 P 5514b8bf45d2439e942a4b0763191752 [term 0 FOLLOWER]: Consensus starting up: Expiring failure detector timer to make a prompt election more likely
I20260630 12:32:30.107923 25280 tablet_service.cc:1917] Received RequestConsensusVote() RPC: tablet_id: "551b4623b4be406c9059d22f5a7c960b" candidate_uuid: "5514b8bf45d2439e942a4b0763191752" candidate_term: 1 candidate_status { last_received { term: 0 index: 0 } } ignore_live_leader: false dest_uuid: "d1da78fce17d401f8276f10c4dacea79" is_pre_election: true
I20260630 12:32:30.108261 25476 raft_consensus.cc:740] T 6ad40ddee5174fe0afab0558c50fa856 P 5514b8bf45d2439e942a4b0763191752 [term 0 FOLLOWER]: Becoming Follower/Learner. State: Replica: 5514b8bf45d2439e942a4b0763191752, State: Initialized, Role: FOLLOWER
I20260630 12:32:30.109112 25476 consensus_queue.cc:260] T 6ad40ddee5174fe0afab0558c50fa856 P 5514b8bf45d2439e942a4b0763191752 [NON_LEADER]: Queue going to NON_LEADER mode. State: All replicated index: 0, Majority replicated index: 0, Committed index: 0, Last appended: 0.0, Last appended by leader: 0, Current term: 0, Majority size: -1, State: 0, Mode: NON_LEADER, active raft config: opid_index: -1 OBSOLETE_local: false peers { permanent_uuid: "d1da78fce17d401f8276f10c4dacea79" member_type: VOTER last_known_addr { host: "127.20.81.65" port: 36641 } } peers { permanent_uuid: "5514b8bf45d2439e942a4b0763191752" member_type: VOTER last_known_addr { host: "127.20.81.66" port: 45075 } } peers { permanent_uuid: "0c5b635e5cb3470f8ac17ac7f4508204" member_type: VOTER last_known_addr { host: "127.20.81.67" port: 34143 } }
W20260630 12:32:30.109622 25321 leader_election.cc:343] T 551b4623b4be406c9059d22f5a7c960b P 5514b8bf45d2439e942a4b0763191752 [CANDIDATE]: Term 1 pre-election: Tablet error from VoteRequest() call to peer d1da78fce17d401f8276f10c4dacea79 (127.20.81.65:36641): Illegal state: must be running to vote when last-logged opid is not known
I20260630 12:32:30.097111 25355 tablet_service.cc:1917] Received RequestConsensusVote() RPC: tablet_id: "dfde1108c5124e87b28c7355d8f43bf0" candidate_uuid: "d1da78fce17d401f8276f10c4dacea79" candidate_term: 1 candidate_status { last_received { term: 0 index: 0 } } ignore_live_leader: false dest_uuid: "5514b8bf45d2439e942a4b0763191752"
I20260630 12:32:30.110600 25355 raft_consensus.cc:3060] T dfde1108c5124e87b28c7355d8f43bf0 P 5514b8bf45d2439e942a4b0763191752 [term 0 FOLLOWER]: Advancing to term 1
I20260630 12:32:30.111930 25476 ts_tablet_manager.cc:1434] T 6ad40ddee5174fe0afab0558c50fa856 P 5514b8bf45d2439e942a4b0763191752: Time spent starting tablet: real 0.022s	user 0.007s	sys 0.000s
I20260630 12:32:30.113077 25476 tablet_bootstrap.cc:492] T e3ca152df61848b3b3a671118a019939 P 5514b8bf45d2439e942a4b0763191752: Bootstrap starting.
I20260630 12:32:30.094048 25477 leader_election.cc:290] T dfde1108c5124e87b28c7355d8f43bf0 P d1da78fce17d401f8276f10c4dacea79 [CANDIDATE]: Term 1 election: Requested vote from peers 5514b8bf45d2439e942a4b0763191752 (127.20.81.66:45075), 0c5b635e5cb3470f8ac17ac7f4508204 (127.20.81.67:34143)
I20260630 12:32:30.118515 25474 tablet_bootstrap.cc:654] T 551b4623b4be406c9059d22f5a7c960b P 0c5b635e5cb3470f8ac17ac7f4508204: Neither blocks nor log segments found. Creating new log.
I20260630 12:32:30.118743 25477 raft_consensus.cc:493] T 87d26e3a7186489fa26efba488b2d056 P d1da78fce17d401f8276f10c4dacea79 [term 0 FOLLOWER]: Starting pre-election (no leader contacted us within the election timeout)
I20260630 12:32:30.120144 25476 tablet_bootstrap.cc:654] T e3ca152df61848b3b3a671118a019939 P 5514b8bf45d2439e942a4b0763191752: Neither blocks nor log segments found. Creating new log.
I20260630 12:32:30.119872 25477 raft_consensus.cc:515] T 87d26e3a7186489fa26efba488b2d056 P d1da78fce17d401f8276f10c4dacea79 [term 0 FOLLOWER]: Starting pre-election with config: opid_index: -1 OBSOLETE_local: false peers { permanent_uuid: "d1da78fce17d401f8276f10c4dacea79" member_type: VOTER last_known_addr { host: "127.20.81.65" port: 36641 } } peers { permanent_uuid: "0c5b635e5cb3470f8ac17ac7f4508204" member_type: VOTER last_known_addr { host: "127.20.81.67" port: 34143 } } peers { permanent_uuid: "5514b8bf45d2439e942a4b0763191752" member_type: VOTER last_known_addr { host: "127.20.81.66" port: 45075 } }
I20260630 12:32:30.119374 25473 tablet_bootstrap.cc:654] T b5d3bc362cec4bef8b7b84c031b5b9aa P d1da78fce17d401f8276f10c4dacea79: Neither blocks nor log segments found. Creating new log.
I20260630 12:32:30.124316 25354 tablet_service.cc:1917] Received RequestConsensusVote() RPC: tablet_id: "87d26e3a7186489fa26efba488b2d056" candidate_uuid: "d1da78fce17d401f8276f10c4dacea79" candidate_term: 1 candidate_status { last_received { term: 0 index: 0 } } ignore_live_leader: false dest_uuid: "5514b8bf45d2439e942a4b0763191752" is_pre_election: true
W20260630 12:32:30.126259 25243 leader_election.cc:343] T 87d26e3a7186489fa26efba488b2d056 P d1da78fce17d401f8276f10c4dacea79 [CANDIDATE]: Term 1 pre-election: Tablet error from VoteRequest() call to peer 5514b8bf45d2439e942a4b0763191752 (127.20.81.66:45075): Illegal state: must be running to vote when last-logged opid is not known
I20260630 12:32:30.126925 25429 tablet_service.cc:1917] Received RequestConsensusVote() RPC: tablet_id: "87d26e3a7186489fa26efba488b2d056" candidate_uuid: "d1da78fce17d401f8276f10c4dacea79" candidate_term: 1 candidate_status { last_received { term: 0 index: 0 } } ignore_live_leader: false dest_uuid: "0c5b635e5cb3470f8ac17ac7f4508204" is_pre_election: true
I20260630 12:32:30.127645 25429 raft_consensus.cc:2468] T 87d26e3a7186489fa26efba488b2d056 P 0c5b635e5cb3470f8ac17ac7f4508204 [term 0 FOLLOWER]: Leader pre-election vote request: Granting yes vote for candidate d1da78fce17d401f8276f10c4dacea79 in term 0.
I20260630 12:32:30.130316 25428 raft_consensus.cc:2468] T dfde1108c5124e87b28c7355d8f43bf0 P 0c5b635e5cb3470f8ac17ac7f4508204 [term 1 FOLLOWER]: Leader election vote request: Granting yes vote for candidate d1da78fce17d401f8276f10c4dacea79 in term 1.
I20260630 12:32:30.135896 25355 raft_consensus.cc:2468] T dfde1108c5124e87b28c7355d8f43bf0 P 5514b8bf45d2439e942a4b0763191752 [term 1 FOLLOWER]: Leader election vote request: Granting yes vote for candidate d1da78fce17d401f8276f10c4dacea79 in term 1.
W20260630 12:32:30.131531 25318 leader_election.cc:343] T 551b4623b4be406c9059d22f5a7c960b P 5514b8bf45d2439e942a4b0763191752 [CANDIDATE]: Term 1 pre-election: Tablet error from VoteRequest() call to peer 0c5b635e5cb3470f8ac17ac7f4508204 (127.20.81.67:34143): Illegal state: must be running to vote when last-logged opid is not known
I20260630 12:32:30.136183 25474 tablet_bootstrap.cc:492] T 551b4623b4be406c9059d22f5a7c960b P 0c5b635e5cb3470f8ac17ac7f4508204: No bootstrap required, opened a new log
I20260630 12:32:30.127144 25477 leader_election.cc:290] T 87d26e3a7186489fa26efba488b2d056 P d1da78fce17d401f8276f10c4dacea79 [CANDIDATE]: Term 1 pre-election: Requested pre-vote from peers 0c5b635e5cb3470f8ac17ac7f4508204 (127.20.81.67:34143), 5514b8bf45d2439e942a4b0763191752 (127.20.81.66:45075)
I20260630 12:32:30.134317 25476 tablet_bootstrap.cc:492] T e3ca152df61848b3b3a671118a019939 P 5514b8bf45d2439e942a4b0763191752: No bootstrap required, opened a new log
I20260630 12:32:30.132517 25243 leader_election.cc:304] T 87d26e3a7186489fa26efba488b2d056 P d1da78fce17d401f8276f10c4dacea79 [CANDIDATE]: Term 1 pre-election: Election decided. Result: candidate won. Election summary: received 3 responses out of 3 voters: 2 yes votes; 1 no votes. yes voters: 0c5b635e5cb3470f8ac17ac7f4508204, d1da78fce17d401f8276f10c4dacea79; no voters: 5514b8bf45d2439e942a4b0763191752
I20260630 12:32:30.136546 25318 leader_election.cc:304] T 551b4623b4be406c9059d22f5a7c960b P 5514b8bf45d2439e942a4b0763191752 [CANDIDATE]: Term 1 pre-election: Election decided. Result: candidate lost. Election summary: received 3 responses out of 3 voters: 1 yes votes; 2 no votes. yes voters: 5514b8bf45d2439e942a4b0763191752; no voters: 0c5b635e5cb3470f8ac17ac7f4508204, d1da78fce17d401f8276f10c4dacea79
I20260630 12:32:30.137424 25484 raft_consensus.cc:2749] T 551b4623b4be406c9059d22f5a7c960b P 5514b8bf45d2439e942a4b0763191752 [term 0 FOLLOWER]: Leader pre-election lost for term 1. Reason: could not achieve majority
I20260630 12:32:30.137779 25243 leader_election.cc:304] T dfde1108c5124e87b28c7355d8f43bf0 P d1da78fce17d401f8276f10c4dacea79 [CANDIDATE]: Term 1 election: Election decided. Result: candidate won. Election summary: received 2 responses out of 3 voters: 2 yes votes; 0 no votes. yes voters: 5514b8bf45d2439e942a4b0763191752, d1da78fce17d401f8276f10c4dacea79; no voters: 
I20260630 12:32:30.138302 25477 raft_consensus.cc:2804] T 87d26e3a7186489fa26efba488b2d056 P d1da78fce17d401f8276f10c4dacea79 [term 0 FOLLOWER]: Leader pre-election won for term 1
I20260630 12:32:30.138687 25477 raft_consensus.cc:493] T 87d26e3a7186489fa26efba488b2d056 P d1da78fce17d401f8276f10c4dacea79 [term 0 FOLLOWER]: Starting leader election (no leader contacted us within the election timeout)
I20260630 12:32:30.139030 25477 raft_consensus.cc:3060] T 87d26e3a7186489fa26efba488b2d056 P d1da78fce17d401f8276f10c4dacea79 [term 0 FOLLOWER]: Advancing to term 1
I20260630 12:32:30.139223 25473 tablet_bootstrap.cc:492] T b5d3bc362cec4bef8b7b84c031b5b9aa P d1da78fce17d401f8276f10c4dacea79: No bootstrap required, opened a new log
I20260630 12:32:30.139263 25498 raft_consensus.cc:2804] T dfde1108c5124e87b28c7355d8f43bf0 P d1da78fce17d401f8276f10c4dacea79 [term 1 FOLLOWER]: Leader election won for term 1
I20260630 12:32:30.139761 25473 ts_tablet_manager.cc:1403] T b5d3bc362cec4bef8b7b84c031b5b9aa P d1da78fce17d401f8276f10c4dacea79: Time spent bootstrapping tablet: real 0.035s	user 0.010s	sys 0.005s
I20260630 12:32:30.143143 25473 raft_consensus.cc:359] T b5d3bc362cec4bef8b7b84c031b5b9aa P d1da78fce17d401f8276f10c4dacea79 [term 0 FOLLOWER]: Replica starting. Triggering 0 pending ops. Active config: opid_index: -1 OBSOLETE_local: false peers { permanent_uuid: "d1da78fce17d401f8276f10c4dacea79" member_type: VOTER last_known_addr { host: "127.20.81.65" port: 36641 } } peers { permanent_uuid: "5514b8bf45d2439e942a4b0763191752" member_type: VOTER last_known_addr { host: "127.20.81.66" port: 45075 } } peers { permanent_uuid: "0c5b635e5cb3470f8ac17ac7f4508204" member_type: VOTER last_known_addr { host: "127.20.81.67" port: 34143 } }
I20260630 12:32:30.144120 25473 raft_consensus.cc:385] T b5d3bc362cec4bef8b7b84c031b5b9aa P d1da78fce17d401f8276f10c4dacea79 [term 0 FOLLOWER]: Consensus starting up: Expiring failure detector timer to make a prompt election more likely
I20260630 12:32:30.136804 25474 ts_tablet_manager.cc:1403] T 551b4623b4be406c9059d22f5a7c960b P 0c5b635e5cb3470f8ac17ac7f4508204: Time spent bootstrapping tablet: real 0.031s	user 0.007s	sys 0.010s
I20260630 12:32:30.146435 25477 raft_consensus.cc:515] T 87d26e3a7186489fa26efba488b2d056 P d1da78fce17d401f8276f10c4dacea79 [term 1 FOLLOWER]: Starting leader election with config: opid_index: -1 OBSOLETE_local: false peers { permanent_uuid: "d1da78fce17d401f8276f10c4dacea79" member_type: VOTER last_known_addr { host: "127.20.81.65" port: 36641 } } peers { permanent_uuid: "0c5b635e5cb3470f8ac17ac7f4508204" member_type: VOTER last_known_addr { host: "127.20.81.67" port: 34143 } } peers { permanent_uuid: "5514b8bf45d2439e942a4b0763191752" member_type: VOTER last_known_addr { host: "127.20.81.66" port: 45075 } }
I20260630 12:32:30.148381 25477 leader_election.cc:290] T 87d26e3a7186489fa26efba488b2d056 P d1da78fce17d401f8276f10c4dacea79 [CANDIDATE]: Term 1 election: Requested vote from peers 0c5b635e5cb3470f8ac17ac7f4508204 (127.20.81.67:34143), 5514b8bf45d2439e942a4b0763191752 (127.20.81.66:45075)
I20260630 12:32:30.149323 25476 ts_tablet_manager.cc:1403] T e3ca152df61848b3b3a671118a019939 P 5514b8bf45d2439e942a4b0763191752: Time spent bootstrapping tablet: real 0.036s	user 0.008s	sys 0.010s
I20260630 12:32:30.150125 25428 tablet_service.cc:1917] Received RequestConsensusVote() RPC: tablet_id: "87d26e3a7186489fa26efba488b2d056" candidate_uuid: "d1da78fce17d401f8276f10c4dacea79" candidate_term: 1 candidate_status { last_received { term: 0 index: 0 } } ignore_live_leader: false dest_uuid: "0c5b635e5cb3470f8ac17ac7f4508204"
I20260630 12:32:30.150840 25428 raft_consensus.cc:3060] T 87d26e3a7186489fa26efba488b2d056 P 0c5b635e5cb3470f8ac17ac7f4508204 [term 0 FOLLOWER]: Advancing to term 1
I20260630 12:32:30.152079 25473 raft_consensus.cc:740] T b5d3bc362cec4bef8b7b84c031b5b9aa P d1da78fce17d401f8276f10c4dacea79 [term 0 FOLLOWER]: Becoming Follower/Learner. State: Replica: d1da78fce17d401f8276f10c4dacea79, State: Initialized, Role: FOLLOWER
I20260630 12:32:30.152318 25476 raft_consensus.cc:359] T e3ca152df61848b3b3a671118a019939 P 5514b8bf45d2439e942a4b0763191752 [term 0 FOLLOWER]: Replica starting. Triggering 0 pending ops. Active config: opid_index: -1 OBSOLETE_local: false peers { permanent_uuid: "d1da78fce17d401f8276f10c4dacea79" member_type: VOTER last_known_addr { host: "127.20.81.65" port: 36641 } } peers { permanent_uuid: "5514b8bf45d2439e942a4b0763191752" member_type: VOTER last_known_addr { host: "127.20.81.66" port: 45075 } } peers { permanent_uuid: "0c5b635e5cb3470f8ac17ac7f4508204" member_type: VOTER last_known_addr { host: "127.20.81.67" port: 34143 } }
I20260630 12:32:30.153209 25476 raft_consensus.cc:385] T e3ca152df61848b3b3a671118a019939 P 5514b8bf45d2439e942a4b0763191752 [term 0 FOLLOWER]: Consensus starting up: Expiring failure detector timer to make a prompt election more likely
I20260630 12:32:30.151794 25355 tablet_service.cc:1917] Received RequestConsensusVote() RPC: tablet_id: "87d26e3a7186489fa26efba488b2d056" candidate_uuid: "d1da78fce17d401f8276f10c4dacea79" candidate_term: 1 candidate_status { last_received { term: 0 index: 0 } } ignore_live_leader: false dest_uuid: "5514b8bf45d2439e942a4b0763191752"
I20260630 12:32:30.153600 25473 consensus_queue.cc:260] T b5d3bc362cec4bef8b7b84c031b5b9aa P d1da78fce17d401f8276f10c4dacea79 [NON_LEADER]: Queue going to NON_LEADER mode. State: All replicated index: 0, Majority replicated index: 0, Committed index: 0, Last appended: 0.0, Last appended by leader: 0, Current term: 0, Majority size: -1, State: 0, Mode: NON_LEADER, active raft config: opid_index: -1 OBSOLETE_local: false peers { permanent_uuid: "d1da78fce17d401f8276f10c4dacea79" member_type: VOTER last_known_addr { host: "127.20.81.65" port: 36641 } } peers { permanent_uuid: "5514b8bf45d2439e942a4b0763191752" member_type: VOTER last_known_addr { host: "127.20.81.66" port: 45075 } } peers { permanent_uuid: "0c5b635e5cb3470f8ac17ac7f4508204" member_type: VOTER last_known_addr { host: "127.20.81.67" port: 34143 } }
I20260630 12:32:30.154677 25498 raft_consensus.cc:697] T dfde1108c5124e87b28c7355d8f43bf0 P d1da78fce17d401f8276f10c4dacea79 [term 1 LEADER]: Becoming Leader. State: Replica: d1da78fce17d401f8276f10c4dacea79, State: Running, Role: LEADER
W20260630 12:32:30.155557 25243 leader_election.cc:343] T 87d26e3a7186489fa26efba488b2d056 P d1da78fce17d401f8276f10c4dacea79 [CANDIDATE]: Term 1 election: Tablet error from VoteRequest() call to peer 5514b8bf45d2439e942a4b0763191752 (127.20.81.66:45075): Illegal state: must be running to vote when last-logged opid is not known
