I20260630 12:30:37.056438 21433 leader_election.cc:304] T 72d0c955fb1a42269da897f7120f2d08 P 0c060aca1a7649409697eaa6e79b2f09 [CANDIDATE]: Term 1 pre-election: Election decided. Result: candidate lost. Election summary: received 3 responses out of 3 voters: 1 yes votes; 2 no votes. yes voters: 0c060aca1a7649409697eaa6e79b2f09; no voters: 4583fb19e3fa41faa1b7340f39fb1531, a9c5ea622ee94dd6968e6da55af9745a
I20260630 12:30:37.057723 21708 raft_consensus.cc:3060] T 72d0c955fb1a42269da897f7120f2d08 P 0c060aca1a7649409697eaa6e79b2f09 [term 0 FOLLOWER]: Advancing to term 1
I20260630 12:30:37.048919 21673 leader_election.cc:290] T 72d0c955fb1a42269da897f7120f2d08 P 0c060aca1a7649409697eaa6e79b2f09 [CANDIDATE]: Term 1 pre-election: Requested pre-vote from peers a9c5ea622ee94dd6968e6da55af9745a (127.20.81.66:42105), 4583fb19e3fa41faa1b7340f39fb1531 (127.20.81.67:46079)
I20260630 12:30:37.061815 21694 consensus_queue.cc:1048] T e23acc3623bc4635a868b77eadacb192 P 4583fb19e3fa41faa1b7340f39fb1531 [LEADER]: Connected to new peer: Peer: permanent_uuid: "0c060aca1a7649409697eaa6e79b2f09" member_type: VOTER last_known_addr { host: "127.20.81.65" port: 36953 }, Status: LMP_MISMATCH, Last received: 0.0, Next index: 1, Last known committed idx: 0, Time since last communication: 0.001s
I20260630 12:30:37.075875 21708 raft_consensus.cc:2749] T 72d0c955fb1a42269da897f7120f2d08 P 0c060aca1a7649409697eaa6e79b2f09 [term 1 FOLLOWER]: Leader pre-election lost for term 1. Reason: could not achieve majority
I20260630 12:30:37.084753 20805 rpc_server.cc:225] running with OpenSSL 1.1.1  11 Sep 2018
I20260630 12:30:37.089241 20805 kserver.cc:163] Server-wide thread pool size limit: 3276
I20260630 12:30:37.093195 21708 consensus_queue.cc:1048] T 5419ff59aa5a4c5fa03dd4edc097969d P 0c060aca1a7649409697eaa6e79b2f09 [LEADER]: Connected to new peer: Peer: permanent_uuid: "a9c5ea622ee94dd6968e6da55af9745a" member_type: VOTER last_known_addr { host: "127.20.81.66" port: 42105 }, Status: LMP_MISMATCH, Last received: 0.0, Next index: 1, Last known committed idx: 0, Time since last communication: 0.001s
I20260630 12:30:37.116936 21673 raft_consensus.cc:493] T ea60fb616d734199adb45915d2665f9a P 0c060aca1a7649409697eaa6e79b2f09 [term 0 FOLLOWER]: Starting pre-election (no leader contacted us within the election timeout)
I20260630 12:30:37.117573 21673 raft_consensus.cc:515] T ea60fb616d734199adb45915d2665f9a P 0c060aca1a7649409697eaa6e79b2f09 [term 0 FOLLOWER]: Starting pre-election with config: opid_index: -1 OBSOLETE_local: false peers { permanent_uuid: "0c060aca1a7649409697eaa6e79b2f09" member_type: VOTER last_known_addr { host: "127.20.81.65" port: 36953 } } peers { permanent_uuid: "a9c5ea622ee94dd6968e6da55af9745a" member_type: VOTER last_known_addr { host: "127.20.81.66" port: 42105 } } peers { permanent_uuid: "4583fb19e3fa41faa1b7340f39fb1531" member_type: VOTER last_known_addr { host: "127.20.81.67" port: 46079 } }
I20260630 12:30:37.123435 21673 leader_election.cc:290] T ea60fb616d734199adb45915d2665f9a P 0c060aca1a7649409697eaa6e79b2f09 [CANDIDATE]: Term 1 pre-election: Requested pre-vote from peers a9c5ea622ee94dd6968e6da55af9745a (127.20.81.66:42105), 4583fb19e3fa41faa1b7340f39fb1531 (127.20.81.67:46079)
I20260630 12:30:37.124423 20805 txn_system_client.cc:432] TxnSystemClient initialization is disabled...
I20260630 12:30:37.121572 21543 tablet_service.cc:1917] Received RequestConsensusVote() RPC: tablet_id: "ea60fb616d734199adb45915d2665f9a" candidate_uuid: "0c060aca1a7649409697eaa6e79b2f09" candidate_term: 1 candidate_status { last_received { term: 0 index: 0 } } ignore_live_leader: false dest_uuid: "a9c5ea622ee94dd6968e6da55af9745a" is_pre_election: true
I20260630 12:30:37.128257 21543 raft_consensus.cc:2393] T ea60fb616d734199adb45915d2665f9a P a9c5ea622ee94dd6968e6da55af9745a [term 1 FOLLOWER]: Leader pre-election vote request: Denying vote to candidate 0c060aca1a7649409697eaa6e79b2f09 in current term 1: Already voted for candidate 4583fb19e3fa41faa1b7340f39fb1531 in this term.
I20260630 12:30:37.130405 21694 consensus_queue.cc:1048] T 72d0c955fb1a42269da897f7120f2d08 P 4583fb19e3fa41faa1b7340f39fb1531 [LEADER]: Connected to new peer: Peer: permanent_uuid: "a9c5ea622ee94dd6968e6da55af9745a" member_type: VOTER last_known_addr { host: "127.20.81.66" port: 42105 }, Status: LMP_MISMATCH, Last received: 0.0, Next index: 1, Last known committed idx: 0, Time since last communication: 0.000s
I20260630 12:30:37.130733 21616 tablet_service.cc:1917] Received RequestConsensusVote() RPC: tablet_id: "ea60fb616d734199adb45915d2665f9a" candidate_uuid: "0c060aca1a7649409697eaa6e79b2f09" candidate_term: 1 candidate_status { last_received { term: 0 index: 0 } } ignore_live_leader: false dest_uuid: "4583fb19e3fa41faa1b7340f39fb1531" is_pre_election: true
I20260630 12:30:37.133006 21433 leader_election.cc:304] T ea60fb616d734199adb45915d2665f9a P 0c060aca1a7649409697eaa6e79b2f09 [CANDIDATE]: Term 1 pre-election: Election decided. Result: candidate lost. Election summary: received 3 responses out of 3 voters: 1 yes votes; 2 no votes. yes voters: 0c060aca1a7649409697eaa6e79b2f09; no voters: 4583fb19e3fa41faa1b7340f39fb1531, a9c5ea622ee94dd6968e6da55af9745a
I20260630 12:30:37.133741 21740 raft_consensus.cc:3060] T ea60fb616d734199adb45915d2665f9a P 0c060aca1a7649409697eaa6e79b2f09 [term 0 FOLLOWER]: Advancing to term 1
I20260630 12:30:37.141465 21740 raft_consensus.cc:2749] T ea60fb616d734199adb45915d2665f9a P 0c060aca1a7649409697eaa6e79b2f09 [term 1 FOLLOWER]: Leader pre-election lost for term 1. Reason: could not achieve majority
I20260630 12:30:37.141381 21694 consensus_queue.cc:1048] T 72d0c955fb1a42269da897f7120f2d08 P 4583fb19e3fa41faa1b7340f39fb1531 [LEADER]: Connected to new peer: Peer: permanent_uuid: "0c060aca1a7649409697eaa6e79b2f09" member_type: VOTER last_known_addr { host: "127.20.81.65" port: 36953 }, Status: LMP_MISMATCH, Last received: 0.0, Next index: 1, Last known committed idx: 0, Time since last communication: 0.001s
I20260630 12:30:37.199013 20805 ts_tablet_manager.cc:585] Loaded tablet metadata (0 total tablets, 0 live tablets)
I20260630 12:30:37.199664 20805 ts_tablet_manager.cc:531] Time spent load tablet metadata: real 0.001s	user 0.000s	sys 0.000s
I20260630 12:30:37.200125 20805 ts_tablet_manager.cc:616] Registered 0 tablets
I20260630 12:30:37.200848 20805 ts_tablet_manager.cc:595] Time spent register tablets: real 0.001s	user 0.001s	sys 0.001s
I20260630 12:30:37.263228 21746 consensus_queue.cc:1048] T ea60fb616d734199adb45915d2665f9a P 4583fb19e3fa41faa1b7340f39fb1531 [LEADER]: Connected to new peer: Peer: permanent_uuid: "0c060aca1a7649409697eaa6e79b2f09" member_type: VOTER last_known_addr { host: "127.20.81.65" port: 36953 }, Status: LMP_MISMATCH, Last received: 0.0, Next index: 1, Last known committed idx: 0, Time since last communication: 0.001s
I20260630 12:30:37.274391 21746 consensus_queue.cc:1048] T ea60fb616d734199adb45915d2665f9a P 4583fb19e3fa41faa1b7340f39fb1531 [LEADER]: Connected to new peer: Peer: permanent_uuid: "a9c5ea622ee94dd6968e6da55af9745a" member_type: VOTER last_known_addr { host: "127.20.81.66" port: 42105 }, Status: LMP_MISMATCH, Last received: 0.0, Next index: 1, Last known committed idx: 0, Time since last communication: 0.001s
I20260630 12:30:37.284838 21668 consensus_queue.cc:1048] T ec0b313bcd4043019b1a9eb8bfd5662e P a9c5ea622ee94dd6968e6da55af9745a [LEADER]: Connected to new peer: Peer: permanent_uuid: "4583fb19e3fa41faa1b7340f39fb1531" member_type: VOTER last_known_addr { host: "127.20.81.67" port: 46079 }, Status: LMP_MISMATCH, Last received: 0.0, Next index: 1, Last known committed idx: 0, Time since last communication: 0.000s
I20260630 12:30:37.335312 21668 consensus_queue.cc:1048] T ec0b313bcd4043019b1a9eb8bfd5662e P a9c5ea622ee94dd6968e6da55af9745a [LEADER]: Connected to new peer: Peer: permanent_uuid: "0c060aca1a7649409697eaa6e79b2f09" member_type: VOTER last_known_addr { host: "127.20.81.65" port: 36953 }, Status: LMP_MISMATCH, Last received: 0.0, Next index: 1, Last known committed idx: 0, Time since last communication: 0.001s
I20260630 12:30:37.378235 20805 rpc_server.cc:307] RPC server started. Bound to: 127.20.81.68:35631
I20260630 12:30:37.378366 21807 acceptor_pool.cc:272] collecting diagnostics on the listening RPC socket 127.20.81.68:35631 every 8 connection(s)
I20260630 12:30:37.407457 21808 heartbeater.cc:344] Connected to a master server at 127.20.81.126:35437
I20260630 12:30:37.407902 21808 heartbeater.cc:461] Registering TS with master...
I20260630 12:30:37.408828 21808 heartbeater.cc:507] Master 127.20.81.126:35437 requested a full tablet report, sending...
I20260630 12:30:37.411693 21364 ts_manager.cc:194] Registered new tserver with Master: a52d1d51c9cd43e99d9106ad18d52987 (127.20.81.68:35631)
I20260630 12:30:37.413987 21364 master_service.cc:502] Signed X509 certificate for tserver {username='slave'} at 127.0.0.1:55762
I20260630 12:30:37.453125 21694 consensus_queue.cc:1048] T ee49ec04fb5c4f69a40f7d9b33173afa P 4583fb19e3fa41faa1b7340f39fb1531 [LEADER]: Connected to new peer: Peer: permanent_uuid: "a9c5ea622ee94dd6968e6da55af9745a" member_type: VOTER last_known_addr { host: "127.20.81.66" port: 42105 }, Status: LMP_MISMATCH, Last received: 0.0, Next index: 1, Last known committed idx: 0, Time since last communication: 0.001s
I20260630 12:30:37.467180 21746 consensus_queue.cc:1048] T ee49ec04fb5c4f69a40f7d9b33173afa P 4583fb19e3fa41faa1b7340f39fb1531 [LEADER]: Connected to new peer: Peer: permanent_uuid: "0c060aca1a7649409697eaa6e79b2f09" member_type: VOTER last_known_addr { host: "127.20.81.65" port: 36953 }, Status: LMP_MISMATCH, Last received: 0.0, Next index: 1, Last known committed idx: 0, Time since last communication: 0.001s
I20260630 12:30:38.259972 21419 auto_leader_rebalancer.cc:141] leader rebalance for table test-workload
I20260630 12:30:38.279271 21616 tablet_service.cc:2072] Received LeaderStepDown RPC: tablet_id: "72d0c955fb1a42269da897f7120f2d08"
dest_uuid: "4583fb19e3fa41faa1b7340f39fb1531"
mode: GRACEFUL
new_leader_uuid: "0c060aca1a7649409697eaa6e79b2f09"
 from {username='slave'} at 127.0.0.1:43004
I20260630 12:30:38.280185 21616 raft_consensus.cc:606] T 72d0c955fb1a42269da897f7120f2d08 P 4583fb19e3fa41faa1b7340f39fb1531 [term 1 LEADER]: Received request to transfer leadership to TS 0c060aca1a7649409697eaa6e79b2f09
I20260630 12:30:38.281766 21419 auto_leader_rebalancer.cc:440] table: test-workload, leader rebalance finish, leader transfer count: 1
I20260630 12:30:38.282548 21419 auto_leader_rebalancer.cc:515] All tables' leader rebalancing finished this round
I20260630 12:30:38.400949 21677 raft_consensus.cc:993] T 72d0c955fb1a42269da897f7120f2d08 P 4583fb19e3fa41faa1b7340f39fb1531: : Instructing follower 0c060aca1a7649409697eaa6e79b2f09 to start an election
I20260630 12:30:38.401463 21746 raft_consensus.cc:1081] T 72d0c955fb1a42269da897f7120f2d08 P 4583fb19e3fa41faa1b7340f39fb1531 [term 1 LEADER]: Signalling peer 0c060aca1a7649409697eaa6e79b2f09 to start an election
I20260630 12:30:38.403257 21468 tablet_service.cc:2044] Received Run Leader Election RPC: tablet_id: "72d0c955fb1a42269da897f7120f2d08"
dest_uuid: "0c060aca1a7649409697eaa6e79b2f09"
 from {username='slave'} at 127.0.0.1:43376
I20260630 12:30:38.403808 21468 raft_consensus.cc:493] T 72d0c955fb1a42269da897f7120f2d08 P 0c060aca1a7649409697eaa6e79b2f09 [term 1 FOLLOWER]: Starting forced leader election (received explicit request)
I20260630 12:30:38.404209 21468 raft_consensus.cc:3060] T 72d0c955fb1a42269da897f7120f2d08 P 0c060aca1a7649409697eaa6e79b2f09 [term 1 FOLLOWER]: Advancing to term 2
I20260630 12:30:38.409039 21468 raft_consensus.cc:515] T 72d0c955fb1a42269da897f7120f2d08 P 0c060aca1a7649409697eaa6e79b2f09 [term 2 FOLLOWER]: Starting forced leader election with config: opid_index: -1 OBSOLETE_local: false peers { permanent_uuid: "0c060aca1a7649409697eaa6e79b2f09" member_type: VOTER last_known_addr { host: "127.20.81.65" port: 36953 } } peers { permanent_uuid: "a9c5ea622ee94dd6968e6da55af9745a" member_type: VOTER last_known_addr { host: "127.20.81.66" port: 42105 } } peers { permanent_uuid: "4583fb19e3fa41faa1b7340f39fb1531" member_type: VOTER last_known_addr { host: "127.20.81.67" port: 46079 } }
I20260630 12:30:38.410768 21468 leader_election.cc:290] T 72d0c955fb1a42269da897f7120f2d08 P 0c060aca1a7649409697eaa6e79b2f09 [CANDIDATE]: Term 2 election: Requested vote from peers a9c5ea622ee94dd6968e6da55af9745a (127.20.81.66:42105), 4583fb19e3fa41faa1b7340f39fb1531 (127.20.81.67:46079)
I20260630 12:30:38.411962 21542 tablet_service.cc:1917] Received RequestConsensusVote() RPC: tablet_id: "72d0c955fb1a42269da897f7120f2d08" candidate_uuid: "0c060aca1a7649409697eaa6e79b2f09" candidate_term: 2 candidate_status { last_received { term: 1 index: 1 } } ignore_live_leader: true dest_uuid: "a9c5ea622ee94dd6968e6da55af9745a"
I20260630 12:30:38.412179 21616 tablet_service.cc:1917] Received RequestConsensusVote() RPC: tablet_id: "72d0c955fb1a42269da897f7120f2d08" candidate_uuid: "0c060aca1a7649409697eaa6e79b2f09" candidate_term: 2 candidate_status { last_received { term: 1 index: 1 } } ignore_live_leader: true dest_uuid: "4583fb19e3fa41faa1b7340f39fb1531"
I20260630 12:30:38.412673 21542 raft_consensus.cc:3060] T 72d0c955fb1a42269da897f7120f2d08 P a9c5ea622ee94dd6968e6da55af9745a [term 1 FOLLOWER]: Advancing to term 2
I20260630 12:30:38.412838 21616 raft_consensus.cc:3055] T 72d0c955fb1a42269da897f7120f2d08 P 4583fb19e3fa41faa1b7340f39fb1531 [term 1 LEADER]: Stepping down as leader of term 1
I20260630 12:30:38.413300 21616 raft_consensus.cc:740] T 72d0c955fb1a42269da897f7120f2d08 P 4583fb19e3fa41faa1b7340f39fb1531 [term 1 LEADER]: Becoming Follower/Learner. State: Replica: 4583fb19e3fa41faa1b7340f39fb1531, State: Running, Role: LEADER
I20260630 12:30:38.414070 21616 consensus_queue.cc:260] T 72d0c955fb1a42269da897f7120f2d08 P 4583fb19e3fa41faa1b7340f39fb1531 [NON_LEADER]: Queue going to NON_LEADER mode. State: All replicated index: 0, Majority replicated index: 1, Committed index: 1, Last appended: 1.1, Last appended by leader: 1, Current term: 1, Majority size: -1, State: 0, Mode: NON_LEADER, active raft config: opid_index: -1 OBSOLETE_local: false peers { permanent_uuid: "0c060aca1a7649409697eaa6e79b2f09" member_type: VOTER last_known_addr { host: "127.20.81.65" port: 36953 } } peers { permanent_uuid: "a9c5ea622ee94dd6968e6da55af9745a" member_type: VOTER last_known_addr { host: "127.20.81.66" port: 42105 } } peers { permanent_uuid: "4583fb19e3fa41faa1b7340f39fb1531" member_type: VOTER last_known_addr { host: "127.20.81.67" port: 46079 } }
I20260630 12:30:38.415323 21616 raft_consensus.cc:3060] T 72d0c955fb1a42269da897f7120f2d08 P 4583fb19e3fa41faa1b7340f39fb1531 [term 1 FOLLOWER]: Advancing to term 2
I20260630 12:30:38.417368 21808 heartbeater.cc:499] Master 127.20.81.126:35437 was elected leader, sending a full tablet report...
I20260630 12:30:38.422405 21616 raft_consensus.cc:2468] T 72d0c955fb1a42269da897f7120f2d08 P 4583fb19e3fa41faa1b7340f39fb1531 [term 2 FOLLOWER]: Leader election vote request: Granting yes vote for candidate 0c060aca1a7649409697eaa6e79b2f09 in term 2.
I20260630 12:30:38.424422 21433 leader_election.cc:304] T 72d0c955fb1a42269da897f7120f2d08 P 0c060aca1a7649409697eaa6e79b2f09 [CANDIDATE]: Term 2 election: Election decided. Result: candidate won. Election summary: received 2 responses out of 3 voters: 2 yes votes; 0 no votes. yes voters: 0c060aca1a7649409697eaa6e79b2f09, 4583fb19e3fa41faa1b7340f39fb1531; no voters: 
I20260630 12:30:38.425238 21814 raft_consensus.cc:2804] T 72d0c955fb1a42269da897f7120f2d08 P 0c060aca1a7649409697eaa6e79b2f09 [term 2 FOLLOWER]: Leader election won for term 2
I20260630 12:30:38.426460 21814 raft_consensus.cc:697] T 72d0c955fb1a42269da897f7120f2d08 P 0c060aca1a7649409697eaa6e79b2f09 [term 2 LEADER]: Becoming Leader. State: Replica: 0c060aca1a7649409697eaa6e79b2f09, State: Running, Role: LEADER
I20260630 12:30:38.427275 21542 raft_consensus.cc:2468] T 72d0c955fb1a42269da897f7120f2d08 P a9c5ea622ee94dd6968e6da55af9745a [term 2 FOLLOWER]: Leader election vote request: Granting yes vote for candidate 0c060aca1a7649409697eaa6e79b2f09 in term 2.
I20260630 12:30:38.427237 21814 consensus_queue.cc:237] T 72d0c955fb1a42269da897f7120f2d08 P 0c060aca1a7649409697eaa6e79b2f09 [LEADER]: Queue going to LEADER mode. State: All replicated index: 0, Majority replicated index: 1, Committed index: 1, Last appended: 1.1, Last appended by leader: 1, Current term: 2, Majority size: 2, State: 0, Mode: LEADER, active raft config: opid_index: -1 OBSOLETE_local: false peers { permanent_uuid: "0c060aca1a7649409697eaa6e79b2f09" member_type: VOTER last_known_addr { host: "127.20.81.65" port: 36953 } } peers { permanent_uuid: "a9c5ea622ee94dd6968e6da55af9745a" member_type: VOTER last_known_addr { host: "127.20.81.66" port: 42105 } } peers { permanent_uuid: "4583fb19e3fa41faa1b7340f39fb1531" member_type: VOTER last_known_addr { host: "127.20.81.67" port: 46079 } }
I20260630 12:30:38.437075 21362 catalog_manager.cc:5697] T 72d0c955fb1a42269da897f7120f2d08 P 0c060aca1a7649409697eaa6e79b2f09 reported cstate change: term changed from 1 to 2, leader changed from 4583fb19e3fa41faa1b7340f39fb1531 (127.20.81.67) to 0c060aca1a7649409697eaa6e79b2f09 (127.20.81.65). New cstate: current_term: 2 leader_uuid: "0c060aca1a7649409697eaa6e79b2f09" committed_config { opid_index: -1 OBSOLETE_local: false peers { permanent_uuid: "0c060aca1a7649409697eaa6e79b2f09" member_type: VOTER last_known_addr { host: "127.20.81.65" port: 36953 } health_report { overall_health: HEALTHY } } peers { permanent_uuid: "a9c5ea622ee94dd6968e6da55af9745a" member_type: VOTER last_known_addr { host: "127.20.81.66" port: 42105 } health_report { overall_health: UNKNOWN } } peers { permanent_uuid: "4583fb19e3fa41faa1b7340f39fb1531" member_type: VOTER last_known_addr { host: "127.20.81.67" port: 46079 } health_report { overall_health: UNKNOWN } } }
I20260630 12:30:38.847419 21542 raft_consensus.cc:1275] T 72d0c955fb1a42269da897f7120f2d08 P a9c5ea622ee94dd6968e6da55af9745a [term 2 FOLLOWER]: Refusing update from remote peer 0c060aca1a7649409697eaa6e79b2f09: Log matching property violated. Preceding OpId in replica: term: 1 index: 1. Preceding OpId from leader: term: 2 index: 2. (index mismatch)
I20260630 12:30:38.848745 21814 consensus_queue.cc:1048] T 72d0c955fb1a42269da897f7120f2d08 P 0c060aca1a7649409697eaa6e79b2f09 [LEADER]: Connected to new peer: Peer: permanent_uuid: "a9c5ea622ee94dd6968e6da55af9745a" member_type: VOTER last_known_addr { host: "127.20.81.66" port: 42105 }, Status: LMP_MISMATCH, Last received: 0.0, Next index: 2, Last known committed idx: 1, Time since last communication: 0.000s
I20260630 12:30:38.865118 21616 raft_consensus.cc:1275] T 72d0c955fb1a42269da897f7120f2d08 P 4583fb19e3fa41faa1b7340f39fb1531 [term 2 FOLLOWER]: Refusing update from remote peer 0c060aca1a7649409697eaa6e79b2f09: Log matching property violated. Preceding OpId in replica: term: 1 index: 1. Preceding OpId from leader: term: 2 index: 2. (index mismatch)
I20260630 12:30:38.869509 21814 consensus_queue.cc:1048] T 72d0c955fb1a42269da897f7120f2d08 P 0c060aca1a7649409697eaa6e79b2f09 [LEADER]: Connected to new peer: Peer: permanent_uuid: "4583fb19e3fa41faa1b7340f39fb1531" member_type: VOTER last_known_addr { host: "127.20.81.67" port: 46079 }, Status: LMP_MISMATCH, Last received: 0.0, Next index: 2, Last known committed idx: 1, Time since last communication: 0.001s
I20260630 12:30:40.283834 21419 auto_leader_rebalancer.cc:141] leader rebalance for table test-workload
I20260630 12:30:40.291966 21419 auto_leader_rebalancer.cc:440] table: test-workload, leader rebalance finish, leader transfer count: 0
I20260630 12:30:40.292497 21419 auto_leader_rebalancer.cc:515] All tables' leader rebalancing finished this round
I20260630 12:30:41.984438 21835 raft_consensus.cc:493] T b5d6a0c840584e7d83508d092c14dd23 P 0c060aca1a7649409697eaa6e79b2f09 [term 1 FOLLOWER]: Starting pre-election (detected failure of leader a9c5ea622ee94dd6968e6da55af9745a)
I20260630 12:30:41.985204 21835 raft_consensus.cc:515] T b5d6a0c840584e7d83508d092c14dd23 P 0c060aca1a7649409697eaa6e79b2f09 [term 1 FOLLOWER]: Starting pre-election with config: opid_index: -1 OBSOLETE_local: false peers { permanent_uuid: "0c060aca1a7649409697eaa6e79b2f09" member_type: VOTER last_known_addr { host: "127.20.81.65" port: 36953 } } peers { permanent_uuid: "a9c5ea622ee94dd6968e6da55af9745a" member_type: VOTER last_known_addr { host: "127.20.81.66" port: 42105 } } peers { permanent_uuid: "4583fb19e3fa41faa1b7340f39fb1531" member_type: VOTER last_known_addr { host: "127.20.81.67" port: 46079 } }
I20260630 12:30:41.987938 21835 leader_election.cc:290] T b5d6a0c840584e7d83508d092c14dd23 P 0c060aca1a7649409697eaa6e79b2f09 [CANDIDATE]: Term 2 pre-election: Requested pre-vote from peers a9c5ea622ee94dd6968e6da55af9745a (127.20.81.66:42105), 4583fb19e3fa41faa1b7340f39fb1531 (127.20.81.67:46079)
I20260630 12:30:41.988607 21835 raft_consensus.cc:493] T b71a56d07cc04816a3989cd1116e5772 P 0c060aca1a7649409697eaa6e79b2f09 [term 1 FOLLOWER]: Starting pre-election (detected failure of leader a9c5ea622ee94dd6968e6da55af9745a)
I20260630 12:30:42.063714 21836 raft_consensus.cc:493] T ea60fb616d734199adb45915d2665f9a P 0c060aca1a7649409697eaa6e79b2f09 [term 1 FOLLOWER]: Starting pre-election (detected failure of leader 4583fb19e3fa41faa1b7340f39fb1531)
I20260630 12:30:42.064472 21836 raft_consensus.cc:515] T ea60fb616d734199adb45915d2665f9a P 0c060aca1a7649409697eaa6e79b2f09 [term 1 FOLLOWER]: Starting pre-election with config: opid_index: -1 OBSOLETE_local: false peers { permanent_uuid: "0c060aca1a7649409697eaa6e79b2f09" member_type: VOTER last_known_addr { host: "127.20.81.65" port: 36953 } } peers { permanent_uuid: "a9c5ea622ee94dd6968e6da55af9745a" member_type: VOTER last_known_addr { host: "127.20.81.66" port: 42105 } } peers { permanent_uuid: "4583fb19e3fa41faa1b7340f39fb1531" member_type: VOTER last_known_addr { host: "127.20.81.67" port: 46079 } }
I20260630 12:30:41.989187 21835 raft_consensus.cc:515] T b71a56d07cc04816a3989cd1116e5772 P 0c060aca1a7649409697eaa6e79b2f09 [term 1 FOLLOWER]: Starting pre-election with config: opid_index: -1 OBSOLETE_local: false peers { permanent_uuid: "a9c5ea622ee94dd6968e6da55af9745a" member_type: VOTER last_known_addr { host: "127.20.81.66" port: 42105 } } peers { permanent_uuid: "0c060aca1a7649409697eaa6e79b2f09" member_type: VOTER last_known_addr { host: "127.20.81.65" port: 36953 } } peers { permanent_uuid: "4583fb19e3fa41faa1b7340f39fb1531" member_type: VOTER last_known_addr { host: "127.20.81.67" port: 46079 } }
I20260630 12:30:42.084612 21835 leader_election.cc:290] T b71a56d07cc04816a3989cd1116e5772 P 0c060aca1a7649409697eaa6e79b2f09 [CANDIDATE]: Term 2 pre-election: Requested pre-vote from peers a9c5ea622ee94dd6968e6da55af9745a (127.20.81.66:42105), 4583fb19e3fa41faa1b7340f39fb1531 (127.20.81.67:46079)
I20260630 12:30:42.107612 21837 raft_consensus.cc:493] T ee49ec04fb5c4f69a40f7d9b33173afa P a9c5ea622ee94dd6968e6da55af9745a [term 1 FOLLOWER]: Starting pre-election (detected failure of leader 4583fb19e3fa41faa1b7340f39fb1531)
I20260630 12:30:42.108486 21837 raft_consensus.cc:515] T ee49ec04fb5c4f69a40f7d9b33173afa P a9c5ea622ee94dd6968e6da55af9745a [term 1 FOLLOWER]: Starting pre-election with config: opid_index: -1 OBSOLETE_local: false peers { permanent_uuid: "0c060aca1a7649409697eaa6e79b2f09" member_type: VOTER last_known_addr { host: "127.20.81.65" port: 36953 } } peers { permanent_uuid: "a9c5ea622ee94dd6968e6da55af9745a" member_type: VOTER last_known_addr { host: "127.20.81.66" port: 42105 } } peers { permanent_uuid: "4583fb19e3fa41faa1b7340f39fb1531" member_type: VOTER last_known_addr { host: "127.20.81.67" port: 46079 } }
I20260630 12:30:42.111311 21837 leader_election.cc:290] T ee49ec04fb5c4f69a40f7d9b33173afa P a9c5ea622ee94dd6968e6da55af9745a [CANDIDATE]: Term 2 pre-election: Requested pre-vote from peers 0c060aca1a7649409697eaa6e79b2f09 (127.20.81.65:36953), 4583fb19e3fa41faa1b7340f39fb1531 (127.20.81.67:46079)
I20260630 12:30:42.194465 21837 raft_consensus.cc:493] T e23acc3623bc4635a868b77eadacb192 P a9c5ea622ee94dd6968e6da55af9745a [term 1 FOLLOWER]: Starting pre-election (detected failure of leader 4583fb19e3fa41faa1b7340f39fb1531)
I20260630 12:30:42.141911 21835 raft_consensus.cc:493] T ec0b313bcd4043019b1a9eb8bfd5662e P 0c060aca1a7649409697eaa6e79b2f09 [term 1 FOLLOWER]: Starting pre-election (detected failure of leader a9c5ea622ee94dd6968e6da55af9745a)
I20260630 12:30:42.195456 21835 raft_consensus.cc:515] T ec0b313bcd4043019b1a9eb8bfd5662e P 0c060aca1a7649409697eaa6e79b2f09 [term 1 FOLLOWER]: Starting pre-election with config: opid_index: -1 OBSOLETE_local: false peers { permanent_uuid: "0c060aca1a7649409697eaa6e79b2f09" member_type: VOTER last_known_addr { host: "127.20.81.65" port: 36953 } } peers { permanent_uuid: "a9c5ea622ee94dd6968e6da55af9745a" member_type: VOTER last_known_addr { host: "127.20.81.66" port: 42105 } } peers { permanent_uuid: "4583fb19e3fa41faa1b7340f39fb1531" member_type: VOTER last_known_addr { host: "127.20.81.67" port: 46079 } }
I20260630 12:30:42.199265 21835 leader_election.cc:290] T ec0b313bcd4043019b1a9eb8bfd5662e P 0c060aca1a7649409697eaa6e79b2f09 [CANDIDATE]: Term 2 pre-election: Requested pre-vote from peers a9c5ea622ee94dd6968e6da55af9745a (127.20.81.66:42105), 4583fb19e3fa41faa1b7340f39fb1531 (127.20.81.67:46079)
I20260630 12:30:42.215962 21837 raft_consensus.cc:515] T e23acc3623bc4635a868b77eadacb192 P a9c5ea622ee94dd6968e6da55af9745a [term 1 FOLLOWER]: Starting pre-election with config: opid_index: -1 OBSOLETE_local: false peers { permanent_uuid: "0c060aca1a7649409697eaa6e79b2f09" member_type: VOTER last_known_addr { host: "127.20.81.65" port: 36953 } } peers { permanent_uuid: "a9c5ea622ee94dd6968e6da55af9745a" member_type: VOTER last_known_addr { host: "127.20.81.66" port: 42105 } } peers { permanent_uuid: "4583fb19e3fa41faa1b7340f39fb1531" member_type: VOTER last_known_addr { host: "127.20.81.67" port: 46079 } }
I20260630 12:30:42.218924 21837 leader_election.cc:290] T e23acc3623bc4635a868b77eadacb192 P a9c5ea622ee94dd6968e6da55af9745a [CANDIDATE]: Term 2 pre-election: Requested pre-vote from peers 0c060aca1a7649409697eaa6e79b2f09 (127.20.81.65:36953), 4583fb19e3fa41faa1b7340f39fb1531 (127.20.81.67:46079)
I20260630 12:30:42.293990 21419 auto_leader_rebalancer.cc:141] leader rebalance for table test-workload
I20260630 12:30:42.337919 21835 raft_consensus.cc:493] T e23acc3623bc4635a868b77eadacb192 P 0c060aca1a7649409697eaa6e79b2f09 [term 1 FOLLOWER]: Starting pre-election (detected failure of leader 4583fb19e3fa41faa1b7340f39fb1531)
I20260630 12:30:42.338845 21835 raft_consensus.cc:515] T e23acc3623bc4635a868b77eadacb192 P 0c060aca1a7649409697eaa6e79b2f09 [term 1 FOLLOWER]: Starting pre-election with config: opid_index: -1 OBSOLETE_local: false peers { permanent_uuid: "0c060aca1a7649409697eaa6e79b2f09" member_type: VOTER last_known_addr { host: "127.20.81.65" port: 36953 } } peers { permanent_uuid: "a9c5ea622ee94dd6968e6da55af9745a" member_type: VOTER last_known_addr { host: "127.20.81.66" port: 42105 } } peers { permanent_uuid: "4583fb19e3fa41faa1b7340f39fb1531" member_type: VOTER last_known_addr { host: "127.20.81.67" port: 46079 } }
I20260630 12:30:42.342866 21835 leader_election.cc:290] T e23acc3623bc4635a868b77eadacb192 P 0c060aca1a7649409697eaa6e79b2f09 [CANDIDATE]: Term 2 pre-election: Requested pre-vote from peers a9c5ea622ee94dd6968e6da55af9745a (127.20.81.66:42105), 4583fb19e3fa41faa1b7340f39fb1531 (127.20.81.67:46079)
I20260630 12:30:42.464170 21839 raft_consensus.cc:493] T 72d0c955fb1a42269da897f7120f2d08 P 4583fb19e3fa41faa1b7340f39fb1531 [term 2 FOLLOWER]: Starting pre-election (detected failure of leader 0c060aca1a7649409697eaa6e79b2f09)
I20260630 12:30:42.465075 21839 raft_consensus.cc:515] T 72d0c955fb1a42269da897f7120f2d08 P 4583fb19e3fa41faa1b7340f39fb1531 [term 2 FOLLOWER]: Starting pre-election with config: opid_index: -1 OBSOLETE_local: false peers { permanent_uuid: "0c060aca1a7649409697eaa6e79b2f09" member_type: VOTER last_known_addr { host: "127.20.81.65" port: 36953 } } peers { permanent_uuid: "a9c5ea622ee94dd6968e6da55af9745a" member_type: VOTER last_known_addr { host: "127.20.81.66" port: 42105 } } peers { permanent_uuid: "4583fb19e3fa41faa1b7340f39fb1531" member_type: VOTER last_known_addr { host: "127.20.81.67" port: 46079 } }
I20260630 12:30:42.468627 21839 leader_election.cc:290] T 72d0c955fb1a42269da897f7120f2d08 P 4583fb19e3fa41faa1b7340f39fb1531 [CANDIDATE]: Term 3 pre-election: Requested pre-vote from peers 0c060aca1a7649409697eaa6e79b2f09 (127.20.81.65:36953), a9c5ea622ee94dd6968e6da55af9745a (127.20.81.66:42105)
I20260630 12:30:42.710160 21837 raft_consensus.cc:493] T 5419ff59aa5a4c5fa03dd4edc097969d P a9c5ea622ee94dd6968e6da55af9745a [term 1 FOLLOWER]: Starting pre-election (detected failure of leader 0c060aca1a7649409697eaa6e79b2f09)
I20260630 12:30:42.710788 21837 raft_consensus.cc:515] T 5419ff59aa5a4c5fa03dd4edc097969d P a9c5ea622ee94dd6968e6da55af9745a [term 1 FOLLOWER]: Starting pre-election with config: opid_index: -1 OBSOLETE_local: false peers { permanent_uuid: "0c060aca1a7649409697eaa6e79b2f09" member_type: VOTER last_known_addr { host: "127.20.81.65" port: 36953 } } peers { permanent_uuid: "a9c5ea622ee94dd6968e6da55af9745a" member_type: VOTER last_known_addr { host: "127.20.81.66" port: 42105 } } peers { permanent_uuid: "4583fb19e3fa41faa1b7340f39fb1531" member_type: VOTER last_known_addr { host: "127.20.81.67" port: 46079 } }
I20260630 12:30:42.712925 21837 leader_election.cc:290] T 5419ff59aa5a4c5fa03dd4edc097969d P a9c5ea622ee94dd6968e6da55af9745a [CANDIDATE]: Term 2 pre-election: Requested pre-vote from peers 0c060aca1a7649409697eaa6e79b2f09 (127.20.81.65:36953), 4583fb19e3fa41faa1b7340f39fb1531 (127.20.81.67:46079)
I20260630 12:30:42.717365 21840 raft_consensus.cc:493] T 5419ff59aa5a4c5fa03dd4edc097969d P 4583fb19e3fa41faa1b7340f39fb1531 [term 1 FOLLOWER]: Starting pre-election (detected failure of leader 0c060aca1a7649409697eaa6e79b2f09)
I20260630 12:30:42.719750 21840 raft_consensus.cc:515] T 5419ff59aa5a4c5fa03dd4edc097969d P 4583fb19e3fa41faa1b7340f39fb1531 [term 1 FOLLOWER]: Starting pre-election with config: opid_index: -1 OBSOLETE_local: false peers { permanent_uuid: "0c060aca1a7649409697eaa6e79b2f09" member_type: VOTER last_known_addr { host: "127.20.81.65" port: 36953 } } peers { permanent_uuid: "a9c5ea622ee94dd6968e6da55af9745a" member_type: VOTER last_known_addr { host: "127.20.81.66" port: 42105 } } peers { permanent_uuid: "4583fb19e3fa41faa1b7340f39fb1531" member_type: VOTER last_known_addr { host: "127.20.81.67" port: 46079 } }
I20260630 12:30:42.725684 21468 tablet_service.cc:1917] Received RequestConsensusVote() RPC: tablet_id: "5419ff59aa5a4c5fa03dd4edc097969d" candidate_uuid: "4583fb19e3fa41faa1b7340f39fb1531" candidate_term: 2 candidate_status { last_received { term: 1 index: 1 } } ignore_live_leader: false dest_uuid: "0c060aca1a7649409697eaa6e79b2f09" is_pre_election: true
I20260630 12:30:42.727465 21615 tablet_service.cc:1917] Received RequestConsensusVote() RPC: tablet_id: "ec0b313bcd4043019b1a9eb8bfd5662e" candidate_uuid: "0c060aca1a7649409697eaa6e79b2f09" candidate_term: 2 candidate_status { last_received { term: 1 index: 1 } } ignore_live_leader: false dest_uuid: "4583fb19e3fa41faa1b7340f39fb1531" is_pre_election: true
I20260630 12:30:42.727946 21419 auto_leader_rebalancer.cc:440] table: test-workload, leader rebalance finish, leader transfer count: 0
I20260630 12:30:42.728305 21615 raft_consensus.cc:2468] T ec0b313bcd4043019b1a9eb8bfd5662e P 4583fb19e3fa41faa1b7340f39fb1531 [term 1 FOLLOWER]: Leader pre-election vote request: Granting yes vote for candidate 0c060aca1a7649409697eaa6e79b2f09 in term 1.
I20260630 12:30:42.732645 21419 auto_leader_rebalancer.cc:515] All tables' leader rebalancing finished this round
I20260630 12:30:42.733392 21433 leader_election.cc:304] T ec0b313bcd4043019b1a9eb8bfd5662e P 0c060aca1a7649409697eaa6e79b2f09 [CANDIDATE]: Term 2 pre-election: Election decided. Result: candidate won. Election summary: received 2 responses out of 3 voters: 2 yes votes; 0 no votes. yes voters: 0c060aca1a7649409697eaa6e79b2f09, 4583fb19e3fa41faa1b7340f39fb1531; no voters: 
I20260630 12:30:42.728875 21840 leader_election.cc:290] T 5419ff59aa5a4c5fa03dd4edc097969d P 4583fb19e3fa41faa1b7340f39fb1531 [CANDIDATE]: Term 2 pre-election: Requested pre-vote from peers 0c060aca1a7649409697eaa6e79b2f09 (127.20.81.65:36953), a9c5ea622ee94dd6968e6da55af9745a (127.20.81.66:42105)
I20260630 12:30:42.734234 21835 raft_consensus.cc:2804] T ec0b313bcd4043019b1a9eb8bfd5662e P 0c060aca1a7649409697eaa6e79b2f09 [term 1 FOLLOWER]: Leader pre-election won for term 2
I20260630 12:30:42.730511 21836 leader_election.cc:290] T ea60fb616d734199adb45915d2665f9a P 0c060aca1a7649409697eaa6e79b2f09 [CANDIDATE]: Term 2 pre-election: Requested pre-vote from peers a9c5ea622ee94dd6968e6da55af9745a (127.20.81.66:42105), 4583fb19e3fa41faa1b7340f39fb1531 (127.20.81.67:46079)
I20260630 12:30:42.734549 21467 tablet_service.cc:1917] Received RequestConsensusVote() RPC: tablet_id: "72d0c955fb1a42269da897f7120f2d08" candidate_uuid: "4583fb19e3fa41faa1b7340f39fb1531" candidate_term: 3 candidate_status { last_received { term: 2 index: 2 } } ignore_live_leader: false dest_uuid: "0c060aca1a7649409697eaa6e79b2f09" is_pre_election: true
I20260630 12:30:42.734655 21835 raft_consensus.cc:493] T ec0b313bcd4043019b1a9eb8bfd5662e P 0c060aca1a7649409697eaa6e79b2f09 [term 1 FOLLOWER]: Starting leader election (detected failure of leader a9c5ea622ee94dd6968e6da55af9745a)
I20260630 12:30:42.735196 21835 raft_consensus.cc:3060] T ec0b313bcd4043019b1a9eb8bfd5662e P 0c060aca1a7649409697eaa6e79b2f09 [term 1 FOLLOWER]: Advancing to term 2
W20260630 12:30:42.896585 21397 debug-util.cc:398] Leaking SignalData structure 0x7b08000e1d60 after lost signal to thread 20808
I20260630 12:30:42.916953 21617 tablet_service.cc:1917] Received RequestConsensusVote() RPC: tablet_id: "b71a56d07cc04816a3989cd1116e5772" candidate_uuid: "0c060aca1a7649409697eaa6e79b2f09" candidate_term: 2 candidate_status { last_received { term: 1 index: 1 } } ignore_live_leader: false dest_uuid: "4583fb19e3fa41faa1b7340f39fb1531" is_pre_election: true
I20260630 12:30:42.917737 21617 raft_consensus.cc:2468] T b71a56d07cc04816a3989cd1116e5772 P 4583fb19e3fa41faa1b7340f39fb1531 [term 1 FOLLOWER]: Leader pre-election vote request: Granting yes vote for candidate 0c060aca1a7649409697eaa6e79b2f09 in term 1.
I20260630 12:30:42.922838 21433 leader_election.cc:304] T b71a56d07cc04816a3989cd1116e5772 P 0c060aca1a7649409697eaa6e79b2f09 [CANDIDATE]: Term 2 pre-election: Election decided. Result: candidate won. Election summary: received 2 responses out of 3 voters: 2 yes votes; 0 no votes. yes voters: 0c060aca1a7649409697eaa6e79b2f09, 4583fb19e3fa41faa1b7340f39fb1531; no voters: 
I20260630 12:30:42.923796 21836 raft_consensus.cc:2804] T b71a56d07cc04816a3989cd1116e5772 P 0c060aca1a7649409697eaa6e79b2f09 [term 1 FOLLOWER]: Leader pre-election won for term 2
I20260630 12:30:42.924202 21836 raft_consensus.cc:493] T b71a56d07cc04816a3989cd1116e5772 P 0c060aca1a7649409697eaa6e79b2f09 [term 1 FOLLOWER]: Starting leader election (detected failure of leader a9c5ea622ee94dd6968e6da55af9745a)
I20260630 12:30:42.924563 21836 raft_consensus.cc:3060] T b71a56d07cc04816a3989cd1116e5772 P 0c060aca1a7649409697eaa6e79b2f09 [term 1 FOLLOWER]: Advancing to term 2
W20260630 12:30:42.925058 21509 thread.cc:641] raft [worker] (thread pool) Time spent creating pthread: real 1.996s	user 0.008s	sys 0.021s
W20260630 12:30:42.925563 21509 thread.cc:608] raft [worker] (thread pool) Time spent starting thread: real 1.996s	user 0.008s	sys 0.021s
I20260630 12:30:42.928153 21840 raft_consensus.cc:493] T b5d6a0c840584e7d83508d092c14dd23 P 4583fb19e3fa41faa1b7340f39fb1531 [term 1 FOLLOWER]: Starting pre-election (detected failure of leader a9c5ea622ee94dd6968e6da55af9745a)
I20260630 12:30:42.928844 21840 raft_consensus.cc:515] T b5d6a0c840584e7d83508d092c14dd23 P 4583fb19e3fa41faa1b7340f39fb1531 [term 1 FOLLOWER]: Starting pre-election with config: opid_index: -1 OBSOLETE_local: false peers { permanent_uuid: "0c060aca1a7649409697eaa6e79b2f09" member_type: VOTER last_known_addr { host: "127.20.81.65" port: 36953 } } peers { permanent_uuid: "a9c5ea622ee94dd6968e6da55af9745a" member_type: VOTER last_known_addr { host: "127.20.81.66" port: 42105 } } peers { permanent_uuid: "4583fb19e3fa41faa1b7340f39fb1531" member_type: VOTER last_known_addr { host: "127.20.81.67" port: 46079 } }
I20260630 12:30:42.929979 21542 tablet_service.cc:1917] Received RequestConsensusVote() RPC: tablet_id: "b5d6a0c840584e7d83508d092c14dd23" candidate_uuid: "0c060aca1a7649409697eaa6e79b2f09" candidate_term: 2 candidate_status { last_received { term: 1 index: 1 } } ignore_live_leader: false dest_uuid: "a9c5ea622ee94dd6968e6da55af9745a" is_pre_election: true
I20260630 12:30:42.931006 21840 leader_election.cc:290] T b5d6a0c840584e7d83508d092c14dd23 P 4583fb19e3fa41faa1b7340f39fb1531 [CANDIDATE]: Term 2 pre-election: Requested pre-vote from peers 0c060aca1a7649409697eaa6e79b2f09 (127.20.81.65:36953), a9c5ea622ee94dd6968e6da55af9745a (127.20.81.66:42105)
I20260630 12:30:42.931915 21542 tablet_service.cc:1917] Received RequestConsensusVote() RPC: tablet_id: "b71a56d07cc04816a3989cd1116e5772" candidate_uuid: "0c060aca1a7649409697eaa6e79b2f09" candidate_term: 2 candidate_status { last_received { term: 1 index: 1 } } ignore_live_leader: false dest_uuid: "a9c5ea622ee94dd6968e6da55af9745a" is_pre_election: true
I20260630 12:30:42.935106 21835 raft_consensus.cc:515] T ec0b313bcd4043019b1a9eb8bfd5662e P 0c060aca1a7649409697eaa6e79b2f09 [term 2 FOLLOWER]: Starting leader election with config: opid_index: -1 OBSOLETE_local: false peers { permanent_uuid: "0c060aca1a7649409697eaa6e79b2f09" member_type: VOTER last_known_addr { host: "127.20.81.65" port: 36953 } } peers { permanent_uuid: "a9c5ea622ee94dd6968e6da55af9745a" member_type: VOTER last_known_addr { host: "127.20.81.66" port: 42105 } } peers { permanent_uuid: "4583fb19e3fa41faa1b7340f39fb1531" member_type: VOTER last_known_addr { host: "127.20.81.67" port: 46079 } }
I20260630 12:30:42.931870 21836 raft_consensus.cc:515] T b71a56d07cc04816a3989cd1116e5772 P 0c060aca1a7649409697eaa6e79b2f09 [term 2 FOLLOWER]: Starting leader election with config: opid_index: -1 OBSOLETE_local: false peers { permanent_uuid: "a9c5ea622ee94dd6968e6da55af9745a" member_type: VOTER last_known_addr { host: "127.20.81.66" port: 42105 } } peers { permanent_uuid: "0c060aca1a7649409697eaa6e79b2f09" member_type: VOTER last_known_addr { host: "127.20.81.65" port: 36953 } } peers { permanent_uuid: "4583fb19e3fa41faa1b7340f39fb1531" member_type: VOTER last_known_addr { host: "127.20.81.67" port: 46079 } }
I20260630 12:30:42.941401 21466 tablet_service.cc:1917] Received RequestConsensusVote() RPC: tablet_id: "b5d6a0c840584e7d83508d092c14dd23" candidate_uuid: "4583fb19e3fa41faa1b7340f39fb1531" candidate_term: 2 candidate_status { last_received { term: 1 index: 1 } } ignore_live_leader: false dest_uuid: "0c060aca1a7649409697eaa6e79b2f09" is_pre_election: true
I20260630 12:30:42.942287 21466 raft_consensus.cc:2468] T b5d6a0c840584e7d83508d092c14dd23 P 0c060aca1a7649409697eaa6e79b2f09 [term 1 FOLLOWER]: Leader pre-election vote request: Granting yes vote for candidate 4583fb19e3fa41faa1b7340f39fb1531 in term 1.
I20260630 12:30:42.943370 21613 tablet_service.cc:1917] Received RequestConsensusVote() RPC: tablet_id: "ea60fb616d734199adb45915d2665f9a" candidate_uuid: "0c060aca1a7649409697eaa6e79b2f09" candidate_term: 2 candidate_status { last_received { term: 1 index: 1 } } ignore_live_leader: false dest_uuid: "4583fb19e3fa41faa1b7340f39fb1531" is_pre_election: true
I20260630 12:30:42.944308 21583 leader_election.cc:304] T b5d6a0c840584e7d83508d092c14dd23 P 4583fb19e3fa41faa1b7340f39fb1531 [CANDIDATE]: Term 2 pre-election: Election decided. Result: candidate won. Election summary: received 2 responses out of 3 voters: 2 yes votes; 0 no votes. yes voters: 0c060aca1a7649409697eaa6e79b2f09, 4583fb19e3fa41faa1b7340f39fb1531; no voters: 
I20260630 12:30:42.945118 21839 raft_consensus.cc:2804] T b5d6a0c840584e7d83508d092c14dd23 P 4583fb19e3fa41faa1b7340f39fb1531 [term 1 FOLLOWER]: Leader pre-election won for term 2
I20260630 12:30:42.945564 21839 raft_consensus.cc:493] T b5d6a0c840584e7d83508d092c14dd23 P 4583fb19e3fa41faa1b7340f39fb1531 [term 1 FOLLOWER]: Starting leader election (detected failure of leader a9c5ea622ee94dd6968e6da55af9745a)
I20260630 12:30:42.946079 21839 raft_consensus.cc:3060] T b5d6a0c840584e7d83508d092c14dd23 P 4583fb19e3fa41faa1b7340f39fb1531 [term 1 FOLLOWER]: Advancing to term 2
I20260630 12:30:42.946182 21543 tablet_service.cc:1917] Received RequestConsensusVote() RPC: tablet_id: "ec0b313bcd4043019b1a9eb8bfd5662e" candidate_uuid: "0c060aca1a7649409697eaa6e79b2f09" candidate_term: 2 candidate_status { last_received { term: 1 index: 1 } } ignore_live_leader: false dest_uuid: "a9c5ea622ee94dd6968e6da55af9745a" is_pre_election: true
I20260630 12:30:42.946828 21617 tablet_service.cc:1917] Received RequestConsensusVote() RPC: tablet_id: "ec0b313bcd4043019b1a9eb8bfd5662e" candidate_uuid: "0c060aca1a7649409697eaa6e79b2f09" candidate_term: 2 candidate_status { last_received { term: 1 index: 1 } } ignore_live_leader: false dest_uuid: "4583fb19e3fa41faa1b7340f39fb1531"
I20260630 12:30:42.947449 21617 raft_consensus.cc:3060] T ec0b313bcd4043019b1a9eb8bfd5662e P 4583fb19e3fa41faa1b7340f39fb1531 [term 1 FOLLOWER]: Advancing to term 2
I20260630 12:30:42.948665 21543 tablet_service.cc:1917] Received RequestConsensusVote() RPC: tablet_id: "e23acc3623bc4635a868b77eadacb192" candidate_uuid: "0c060aca1a7649409697eaa6e79b2f09" candidate_term: 2 candidate_status { last_received { term: 1 index: 1 } } ignore_live_leader: false dest_uuid: "a9c5ea622ee94dd6968e6da55af9745a" is_pre_election: true
I20260630 12:30:42.949488 21543 raft_consensus.cc:2468] T e23acc3623bc4635a868b77eadacb192 P a9c5ea622ee94dd6968e6da55af9745a [term 1 FOLLOWER]: Leader pre-election vote request: Granting yes vote for candidate 0c060aca1a7649409697eaa6e79b2f09 in term 1.
I20260630 12:30:42.950489 21613 tablet_service.cc:1917] Received RequestConsensusVote() RPC: tablet_id: "b71a56d07cc04816a3989cd1116e5772" candidate_uuid: "0c060aca1a7649409697eaa6e79b2f09" candidate_term: 2 candidate_status { last_received { term: 1 index: 1 } } ignore_live_leader: false dest_uuid: "4583fb19e3fa41faa1b7340f39fb1531"
I20260630 12:30:42.950647 21542 tablet_service.cc:1917] Received RequestConsensusVote() RPC: tablet_id: "ea60fb616d734199adb45915d2665f9a" candidate_uuid: "0c060aca1a7649409697eaa6e79b2f09" candidate_term: 2 candidate_status { last_received { term: 1 index: 1 } } ignore_live_leader: false dest_uuid: "a9c5ea622ee94dd6968e6da55af9745a" is_pre_election: true
I20260630 12:30:42.951403 21613 raft_consensus.cc:3060] T b71a56d07cc04816a3989cd1116e5772 P 4583fb19e3fa41faa1b7340f39fb1531 [term 1 FOLLOWER]: Advancing to term 2
I20260630 12:30:42.951566 21542 raft_consensus.cc:2468] T ea60fb616d734199adb45915d2665f9a P a9c5ea622ee94dd6968e6da55af9745a [term 1 FOLLOWER]: Leader pre-election vote request: Granting yes vote for candidate 0c060aca1a7649409697eaa6e79b2f09 in term 1.
I20260630 12:30:42.956338 21542 tablet_service.cc:1917] Received RequestConsensusVote() RPC: tablet_id: "b71a56d07cc04816a3989cd1116e5772" candidate_uuid: "0c060aca1a7649409697eaa6e79b2f09" candidate_term: 2 candidate_status { last_received { term: 1 index: 1 } } ignore_live_leader: false dest_uuid: "a9c5ea622ee94dd6968e6da55af9745a"
I20260630 12:30:42.956315 21614 tablet_service.cc:1917] Received RequestConsensusVote() RPC: tablet_id: "e23acc3623bc4635a868b77eadacb192" candidate_uuid: "0c060aca1a7649409697eaa6e79b2f09" candidate_term: 2 candidate_status { last_received { term: 1 index: 1 } } ignore_live_leader: false dest_uuid: "4583fb19e3fa41faa1b7340f39fb1531" is_pre_election: true
W20260630 12:30:42.963842 21397 debug-util.cc:398] Leaking SignalData structure 0x7b08000da480 after lost signal to thread 21400
I20260630 12:30:42.960451 21836 leader_election.cc:290] T b71a56d07cc04816a3989cd1116e5772 P 0c060aca1a7649409697eaa6e79b2f09 [CANDIDATE]: Term 2 election: Requested vote from peers a9c5ea622ee94dd6968e6da55af9745a (127.20.81.66:42105), 4583fb19e3fa41faa1b7340f39fb1531 (127.20.81.67:46079)
I20260630 12:30:42.954339 21839 raft_consensus.cc:515] T b5d6a0c840584e7d83508d092c14dd23 P 4583fb19e3fa41faa1b7340f39fb1531 [term 2 FOLLOWER]: Starting leader election with config: opid_index: -1 OBSOLETE_local: false peers { permanent_uuid: "0c060aca1a7649409697eaa6e79b2f09" member_type: VOTER last_known_addr { host: "127.20.81.65" port: 36953 } } peers { permanent_uuid: "a9c5ea622ee94dd6968e6da55af9745a" member_type: VOTER last_known_addr { host: "127.20.81.66" port: 42105 } } peers { permanent_uuid: "4583fb19e3fa41faa1b7340f39fb1531" member_type: VOTER last_known_addr { host: "127.20.81.67" port: 46079 } }
I20260630 12:30:42.960222 21613 raft_consensus.cc:2468] T b71a56d07cc04816a3989cd1116e5772 P 4583fb19e3fa41faa1b7340f39fb1531 [term 2 FOLLOWER]: Leader election vote request: Granting yes vote for candidate 0c060aca1a7649409697eaa6e79b2f09 in term 2.
I20260630 12:30:42.955309 21617 raft_consensus.cc:2468] T ec0b313bcd4043019b1a9eb8bfd5662e P 4583fb19e3fa41faa1b7340f39fb1531 [term 2 FOLLOWER]: Leader election vote request: Granting yes vote for candidate 0c060aca1a7649409697eaa6e79b2f09 in term 2.
I20260630 12:30:42.965328 21466 tablet_service.cc:1917] Received RequestConsensusVote() RPC: tablet_id: "ee49ec04fb5c4f69a40f7d9b33173afa" candidate_uuid: "a9c5ea622ee94dd6968e6da55af9745a" candidate_term: 2 candidate_status { last_received { term: 1 index: 1 } } ignore_live_leader: false dest_uuid: "0c060aca1a7649409697eaa6e79b2f09" is_pre_election: true
I20260630 12:30:42.971030 21467 tablet_service.cc:1917] Received RequestConsensusVote() RPC: tablet_id: "e23acc3623bc4635a868b77eadacb192" candidate_uuid: "a9c5ea622ee94dd6968e6da55af9745a" candidate_term: 2 candidate_status { last_received { term: 1 index: 1 } } ignore_live_leader: false dest_uuid: "0c060aca1a7649409697eaa6e79b2f09" is_pre_election: true
I20260630 12:30:42.957855 21835 leader_election.cc:290] T ec0b313bcd4043019b1a9eb8bfd5662e P 0c060aca1a7649409697eaa6e79b2f09 [CANDIDATE]: Term 2 election: Requested vote from peers a9c5ea622ee94dd6968e6da55af9745a (127.20.81.66:42105), 4583fb19e3fa41faa1b7340f39fb1531 (127.20.81.67:46079)
I20260630 12:30:42.956683 21543 tablet_service.cc:1917] Received RequestConsensusVote() RPC: tablet_id: "ec0b313bcd4043019b1a9eb8bfd5662e" candidate_uuid: "0c060aca1a7649409697eaa6e79b2f09" candidate_term: 2 candidate_status { last_received { term: 1 index: 1 } } ignore_live_leader: false dest_uuid: "a9c5ea622ee94dd6968e6da55af9745a"
I20260630 12:30:42.973250 21466 tablet_service.cc:1917] Received RequestConsensusVote() RPC: tablet_id: "b5d6a0c840584e7d83508d092c14dd23" candidate_uuid: "4583fb19e3fa41faa1b7340f39fb1531" candidate_term: 2 candidate_status { last_received { term: 1 index: 1 } } ignore_live_leader: false dest_uuid: "0c060aca1a7649409697eaa6e79b2f09"
I20260630 12:30:42.974321 21467 tablet_service.cc:1917] Received RequestConsensusVote() RPC: tablet_id: "5419ff59aa5a4c5fa03dd4edc097969d" candidate_uuid: "a9c5ea622ee94dd6968e6da55af9745a" candidate_term: 2 candidate_status { last_received { term: 1 index: 1 } } ignore_live_leader: false dest_uuid: "0c060aca1a7649409697eaa6e79b2f09" is_pre_election: true
I20260630 12:30:42.976953 21839 leader_election.cc:290] T b5d6a0c840584e7d83508d092c14dd23 P 4583fb19e3fa41faa1b7340f39fb1531 [CANDIDATE]: Term 2 election: Requested vote from peers 0c060aca1a7649409697eaa6e79b2f09 (127.20.81.65:36953), a9c5ea622ee94dd6968e6da55af9745a (127.20.81.66:42105)
I20260630 12:30:42.977191 21542 tablet_service.cc:1917] Received RequestConsensusVote() RPC: tablet_id: "72d0c955fb1a42269da897f7120f2d08" candidate_uuid: "4583fb19e3fa41faa1b7340f39fb1531" candidate_term: 3 candidate_status { last_received { term: 2 index: 2 } } ignore_live_leader: false dest_uuid: "a9c5ea622ee94dd6968e6da55af9745a" is_pre_election: true
I20260630 12:30:42.980186 21540 tablet_service.cc:1917] Received RequestConsensusVote() RPC: tablet_id: "5419ff59aa5a4c5fa03dd4edc097969d" candidate_uuid: "4583fb19e3fa41faa1b7340f39fb1531" candidate_term: 2 candidate_status { last_received { term: 1 index: 1 } } ignore_live_leader: false dest_uuid: "a9c5ea622ee94dd6968e6da55af9745a" is_pre_election: true
W20260630 12:30:42.982676 21434 thread.cc:641] raft [worker] (thread pool) Time spent creating pthread: real 2.111s	user 0.022s	sys 0.020s
W20260630 12:30:42.983392 21434 thread.cc:608] raft [worker] (thread pool) Time spent starting thread: real 2.112s	user 0.022s	sys 0.020s
I20260630 12:30:42.984417 21540 tablet_service.cc:1917] Received RequestConsensusVote() RPC: tablet_id: "b5d6a0c840584e7d83508d092c14dd23" candidate_uuid: "4583fb19e3fa41faa1b7340f39fb1531" candidate_term: 2 candidate_status { last_received { term: 1 index: 1 } } ignore_live_leader: false dest_uuid: "a9c5ea622ee94dd6968e6da55af9745a" is_pre_election: true
I20260630 12:30:42.973403 21433 leader_election.cc:304] T b71a56d07cc04816a3989cd1116e5772 P 0c060aca1a7649409697eaa6e79b2f09 [CANDIDATE]: Term 2 election: Election decided. Result: candidate won. Election summary: received 2 responses out of 3 voters: 2 yes votes; 0 no votes. yes voters: 0c060aca1a7649409697eaa6e79b2f09, 4583fb19e3fa41faa1b7340f39fb1531; no voters: 
