I20260630 12:12:35.005124  3840 data_dirs.cc:400] Could only allocate 1 dirs of requested 3 for tablet 0d96a32768874f3fb59e238a0707a089. 1 dirs total, 0 dirs full, 0 dirs failed
I20260630 12:12:35.005609  3834 data_dirs.cc:400] Could only allocate 1 dirs of requested 3 for tablet 9682484d5ecc44eca5dfdb748a238ae0. 1 dirs total, 0 dirs full, 0 dirs failed
I20260630 12:12:35.014750  3840 tablet_copy_client.cc:806] T 0d96a32768874f3fb59e238a0707a089 P ba060183eb084b54a736fed392b3dbfb: tablet copy: Starting download of 0 data blocks...
I20260630 12:12:35.015240  3840 tablet_copy_client.cc:670] T 0d96a32768874f3fb59e238a0707a089 P ba060183eb084b54a736fed392b3dbfb: tablet copy: Starting download of 1 WAL segments...
I20260630 12:12:35.017975  3840 tablet_copy_client.cc:538] T 0d96a32768874f3fb59e238a0707a089 P ba060183eb084b54a736fed392b3dbfb: tablet copy: Tablet Copy complete. Replacing tablet superblock.
I20260630 12:12:35.018361  3834 tablet_copy_client.cc:806] T 9682484d5ecc44eca5dfdb748a238ae0 P ba060183eb084b54a736fed392b3dbfb: tablet copy: Starting download of 0 data blocks...
I20260630 12:12:35.018896  3834 tablet_copy_client.cc:670] T 9682484d5ecc44eca5dfdb748a238ae0 P ba060183eb084b54a736fed392b3dbfb: tablet copy: Starting download of 1 WAL segments...
I20260630 12:12:35.022029  3834 tablet_copy_client.cc:538] T 9682484d5ecc44eca5dfdb748a238ae0 P ba060183eb084b54a736fed392b3dbfb: tablet copy: Tablet Copy complete. Replacing tablet superblock.
I20260630 12:12:35.023757  3840 tablet_bootstrap.cc:492] T 0d96a32768874f3fb59e238a0707a089 P ba060183eb084b54a736fed392b3dbfb: Bootstrap starting.
I20260630 12:12:35.029403  3834 tablet_bootstrap.cc:492] T 9682484d5ecc44eca5dfdb748a238ae0 P ba060183eb084b54a736fed392b3dbfb: Bootstrap starting.
I20260630 12:12:35.041538  3840 tablet_bootstrap.cc:492] T 0d96a32768874f3fb59e238a0707a089 P ba060183eb084b54a736fed392b3dbfb: Bootstrap replayed 1/1 log segments. Stats: ops{read=2 overwritten=0 applied=2 ignored=0} inserts{seen=0 ignored=0} mutations{seen=0 ignored=0} orphaned_commits=0. Pending: 0 replicates
I20260630 12:12:35.042356  3840 tablet_bootstrap.cc:492] T 0d96a32768874f3fb59e238a0707a089 P ba060183eb084b54a736fed392b3dbfb: Bootstrap complete.
I20260630 12:12:35.043000  3840 ts_tablet_manager.cc:1403] T 0d96a32768874f3fb59e238a0707a089 P ba060183eb084b54a736fed392b3dbfb: Time spent bootstrapping tablet: real 0.019s	user 0.016s	sys 0.003s
I20260630 12:12:35.045903  3840 raft_consensus.cc:359] T 0d96a32768874f3fb59e238a0707a089 P ba060183eb084b54a736fed392b3dbfb [term 1 LEARNER]: Replica starting. Triggering 0 pending ops. Active config: opid_index: 2 OBSOLETE_local: false peers { permanent_uuid: "1978b81f0e6b45b3a035c534616c6d94" member_type: VOTER last_known_addr { host: "127.0.107.193" port: 45089 } attrs { replace: true } } peers { permanent_uuid: "b372886ee96f48c8be3376fbe9a45ad0" member_type: VOTER last_known_addr { host: "127.0.107.194" port: 40477 } } peers { permanent_uuid: "b8a3df2aa61a40c2adcd675230c7b742" member_type: VOTER last_known_addr { host: "127.0.107.195" port: 41465 } } peers { permanent_uuid: "ba060183eb084b54a736fed392b3dbfb" member_type: NON_VOTER last_known_addr { host: "127.0.107.196" port: 37567 } attrs { promote: true } }
I20260630 12:12:35.046645  3840 raft_consensus.cc:740] T 0d96a32768874f3fb59e238a0707a089 P ba060183eb084b54a736fed392b3dbfb [term 1 LEARNER]: Becoming Follower/Learner. State: Replica: ba060183eb084b54a736fed392b3dbfb, State: Initialized, Role: LEARNER
I20260630 12:12:35.047290  3840 consensus_queue.cc:260] T 0d96a32768874f3fb59e238a0707a089 P ba060183eb084b54a736fed392b3dbfb [NON_LEADER]: Queue going to NON_LEADER mode. State: All replicated index: 0, Majority replicated index: 0, Committed index: 2, Last appended: 1.2, Last appended by leader: 2, Current term: 0, Majority size: -1, State: 0, Mode: NON_LEADER, active raft config: opid_index: 2 OBSOLETE_local: false peers { permanent_uuid: "1978b81f0e6b45b3a035c534616c6d94" member_type: VOTER last_known_addr { host: "127.0.107.193" port: 45089 } attrs { replace: true } } peers { permanent_uuid: "b372886ee96f48c8be3376fbe9a45ad0" member_type: VOTER last_known_addr { host: "127.0.107.194" port: 40477 } } peers { permanent_uuid: "b8a3df2aa61a40c2adcd675230c7b742" member_type: VOTER last_known_addr { host: "127.0.107.195" port: 41465 } } peers { permanent_uuid: "ba060183eb084b54a736fed392b3dbfb" member_type: NON_VOTER last_known_addr { host: "127.0.107.196" port: 37567 } attrs { promote: true } }
I20260630 12:12:35.048787  3834 tablet_bootstrap.cc:492] T 9682484d5ecc44eca5dfdb748a238ae0 P ba060183eb084b54a736fed392b3dbfb: Bootstrap replayed 1/1 log segments. Stats: ops{read=2 overwritten=0 applied=2 ignored=0} inserts{seen=0 ignored=0} mutations{seen=0 ignored=0} orphaned_commits=0. Pending: 0 replicates
I20260630 12:12:35.049525  3840 ts_tablet_manager.cc:1434] T 0d96a32768874f3fb59e238a0707a089 P ba060183eb084b54a736fed392b3dbfb: Time spent starting tablet: real 0.006s	user 0.005s	sys 0.000s
I20260630 12:12:35.049666  3834 tablet_bootstrap.cc:492] T 9682484d5ecc44eca5dfdb748a238ae0 P ba060183eb084b54a736fed392b3dbfb: Bootstrap complete.
I20260630 12:12:35.050271  3834 ts_tablet_manager.cc:1403] T 9682484d5ecc44eca5dfdb748a238ae0 P ba060183eb084b54a736fed392b3dbfb: Time spent bootstrapping tablet: real 0.021s	user 0.019s	sys 0.000s
I20260630 12:12:35.051353  3483 tablet_copy_service.cc:342] P b372886ee96f48c8be3376fbe9a45ad0: Request end of tablet copy session ba060183eb084b54a736fed392b3dbfb-0d96a32768874f3fb59e238a0707a089 received from {username='slave'} at 127.0.0.1:51350
I20260630 12:12:35.051712  3483 tablet_copy_service.cc:434] P b372886ee96f48c8be3376fbe9a45ad0: ending tablet copy session ba060183eb084b54a736fed392b3dbfb-0d96a32768874f3fb59e238a0707a089 on tablet 0d96a32768874f3fb59e238a0707a089 with peer ba060183eb084b54a736fed392b3dbfb
I20260630 12:12:35.052676  3834 raft_consensus.cc:359] T 9682484d5ecc44eca5dfdb748a238ae0 P ba060183eb084b54a736fed392b3dbfb [term 1 LEARNER]: Replica starting. Triggering 0 pending ops. Active config: opid_index: 2 OBSOLETE_local: false peers { permanent_uuid: "b372886ee96f48c8be3376fbe9a45ad0" member_type: VOTER last_known_addr { host: "127.0.107.194" port: 40477 } } peers { permanent_uuid: "1978b81f0e6b45b3a035c534616c6d94" member_type: VOTER last_known_addr { host: "127.0.107.193" port: 45089 } } peers { permanent_uuid: "b8a3df2aa61a40c2adcd675230c7b742" member_type: VOTER last_known_addr { host: "127.0.107.195" port: 41465 } attrs { replace: true } } peers { permanent_uuid: "ba060183eb084b54a736fed392b3dbfb" member_type: NON_VOTER last_known_addr { host: "127.0.107.196" port: 37567 } attrs { promote: true } }
I20260630 12:12:35.054909  3834 raft_consensus.cc:740] T 9682484d5ecc44eca5dfdb748a238ae0 P ba060183eb084b54a736fed392b3dbfb [term 1 LEARNER]: Becoming Follower/Learner. State: Replica: ba060183eb084b54a736fed392b3dbfb, State: Initialized, Role: LEARNER
I20260630 12:12:35.055416  3834 consensus_queue.cc:260] T 9682484d5ecc44eca5dfdb748a238ae0 P ba060183eb084b54a736fed392b3dbfb [NON_LEADER]: Queue going to NON_LEADER mode. State: All replicated index: 0, Majority replicated index: 0, Committed index: 2, Last appended: 1.2, Last appended by leader: 2, Current term: 0, Majority size: -1, State: 0, Mode: NON_LEADER, active raft config: opid_index: 2 OBSOLETE_local: false peers { permanent_uuid: "b372886ee96f48c8be3376fbe9a45ad0" member_type: VOTER last_known_addr { host: "127.0.107.194" port: 40477 } } peers { permanent_uuid: "1978b81f0e6b45b3a035c534616c6d94" member_type: VOTER last_known_addr { host: "127.0.107.193" port: 45089 } } peers { permanent_uuid: "b8a3df2aa61a40c2adcd675230c7b742" member_type: VOTER last_known_addr { host: "127.0.107.195" port: 41465 } attrs { replace: true } } peers { permanent_uuid: "ba060183eb084b54a736fed392b3dbfb" member_type: NON_VOTER last_known_addr { host: "127.0.107.196" port: 37567 } attrs { promote: true } }
I20260630 12:12:35.057165  3834 ts_tablet_manager.cc:1434] T 9682484d5ecc44eca5dfdb748a238ae0 P ba060183eb084b54a736fed392b3dbfb: Time spent starting tablet: real 0.007s	user 0.003s	sys 0.000s
I20260630 12:12:35.057456  3471 raft_consensus.cc:1275] T 81ba9c2be15f4745863494743a5e2a50 P b372886ee96f48c8be3376fbe9a45ad0 [term 2 FOLLOWER]: Refusing update from remote peer 1978b81f0e6b45b3a035c534616c6d94: Log matching property violated. Preceding OpId in replica: term: 1 index: 1. Preceding OpId from leader: term: 2 index: 2. (index mismatch)
I20260630 12:12:35.058614  3408 tablet_copy_service.cc:342] P 1978b81f0e6b45b3a035c534616c6d94: Request end of tablet copy session ba060183eb084b54a736fed392b3dbfb-9682484d5ecc44eca5dfdb748a238ae0 received from {username='slave'} at 127.0.0.1:52240
I20260630 12:12:35.059034  3408 tablet_copy_service.cc:434] P 1978b81f0e6b45b3a035c534616c6d94: ending tablet copy session ba060183eb084b54a736fed392b3dbfb-9682484d5ecc44eca5dfdb748a238ae0 on tablet 9682484d5ecc44eca5dfdb748a238ae0 with peer ba060183eb084b54a736fed392b3dbfb
I20260630 12:12:35.058871  3790 consensus_queue.cc:1048] T 81ba9c2be15f4745863494743a5e2a50 P 1978b81f0e6b45b3a035c534616c6d94 [LEADER]: Connected to new peer: Peer: permanent_uuid: "b372886ee96f48c8be3376fbe9a45ad0" member_type: VOTER last_known_addr { host: "127.0.107.194" port: 40477 }, Status: LMP_MISMATCH, Last received: 0.0, Next index: 2, Last known committed idx: 1, Time since last communication: 0.000s
I20260630 12:12:35.069104  3686 raft_consensus.cc:1275] T 81ba9c2be15f4745863494743a5e2a50 P ba060183eb084b54a736fed392b3dbfb [term 2 FOLLOWER]: Refusing update from remote peer 1978b81f0e6b45b3a035c534616c6d94: Log matching property violated. Preceding OpId in replica: term: 1 index: 1. Preceding OpId from leader: term: 2 index: 2. (index mismatch)
I20260630 12:12:35.070572  3740 consensus_queue.cc:1048] T 81ba9c2be15f4745863494743a5e2a50 P 1978b81f0e6b45b3a035c534616c6d94 [LEADER]: Connected to new peer: Peer: permanent_uuid: "ba060183eb084b54a736fed392b3dbfb" member_type: VOTER last_known_addr { host: "127.0.107.196" port: 37567 }, Status: LMP_MISMATCH, Last received: 0.0, Next index: 2, Last known committed idx: 1, Time since last communication: 0.000s
I20260630 12:12:35.217401  3396 raft_consensus.cc:1275] T d3d8c652e3cf4f4f84ddde36fbaa40ab P 1978b81f0e6b45b3a035c534616c6d94 [term 2 FOLLOWER]: Refusing update from remote peer b8a3df2aa61a40c2adcd675230c7b742: Log matching property violated. Preceding OpId in replica: term: 1 index: 1. Preceding OpId from leader: term: 2 index: 2. (index mismatch)
I20260630 12:12:35.218575  3602 consensus_queue.cc:1048] T d3d8c652e3cf4f4f84ddde36fbaa40ab P b8a3df2aa61a40c2adcd675230c7b742 [LEADER]: Connected to new peer: Peer: permanent_uuid: "1978b81f0e6b45b3a035c534616c6d94" member_type: VOTER last_known_addr { host: "127.0.107.193" port: 45089 }, Status: LMP_MISMATCH, Last received: 0.0, Next index: 2, Last known committed idx: 1, Time since last communication: 0.000s
I20260630 12:12:35.227084  3471 raft_consensus.cc:1275] T d3d8c652e3cf4f4f84ddde36fbaa40ab P b372886ee96f48c8be3376fbe9a45ad0 [term 2 FOLLOWER]: Refusing update from remote peer b8a3df2aa61a40c2adcd675230c7b742: Log matching property violated. Preceding OpId in replica: term: 1 index: 1. Preceding OpId from leader: term: 2 index: 2. (index mismatch)
I20260630 12:12:35.228488  3818 consensus_queue.cc:1048] T d3d8c652e3cf4f4f84ddde36fbaa40ab P b8a3df2aa61a40c2adcd675230c7b742 [LEADER]: Connected to new peer: Peer: permanent_uuid: "b372886ee96f48c8be3376fbe9a45ad0" member_type: VOTER last_known_addr { host: "127.0.107.194" port: 40477 }, Status: LMP_MISMATCH, Last received: 0.0, Next index: 2, Last known committed idx: 1, Time since last communication: 0.000s
I20260630 12:12:35.338574  3686 raft_consensus.cc:1217] T 625202bbb395481a91f094c061564e51 P ba060183eb084b54a736fed392b3dbfb [term 1 LEARNER]: Deduplicated request from leader. Original: 1.1->[1.2-1.2]   Dedup: 1.2->[]
I20260630 12:12:35.376144  3686 raft_consensus.cc:1217] T 9682484d5ecc44eca5dfdb748a238ae0 P ba060183eb084b54a736fed392b3dbfb [term 1 LEARNER]: Deduplicated request from leader. Original: 1.1->[1.2-1.2]   Dedup: 1.2->[]
I20260630 12:12:35.582314  3686 raft_consensus.cc:1217] T 0d96a32768874f3fb59e238a0707a089 P ba060183eb084b54a736fed392b3dbfb [term 1 LEARNER]: Deduplicated request from leader. Original: 1.1->[1.2-1.2]   Dedup: 1.2->[]
I20260630 12:12:35.738039  3848 raft_consensus.cc:1064] T 625202bbb395481a91f094c061564e51 P b372886ee96f48c8be3376fbe9a45ad0: attempting to promote NON_VOTER ba060183eb084b54a736fed392b3dbfb to VOTER
I20260630 12:12:35.739799  3848 consensus_queue.cc:237] T 625202bbb395481a91f094c061564e51 P b372886ee96f48c8be3376fbe9a45ad0 [LEADER]: Queue going to LEADER mode. State: All replicated index: 0, Majority replicated index: 2, Committed index: 2, Last appended: 1.2, Last appended by leader: 0, Current term: 1, Majority size: 3, State: 0, Mode: LEADER, active raft config: opid_index: 3 OBSOLETE_local: false peers { permanent_uuid: "b372886ee96f48c8be3376fbe9a45ad0" member_type: VOTER last_known_addr { host: "127.0.107.194" port: 40477 } } peers { permanent_uuid: "1978b81f0e6b45b3a035c534616c6d94" member_type: VOTER last_known_addr { host: "127.0.107.193" port: 45089 } attrs { replace: true } } peers { permanent_uuid: "b8a3df2aa61a40c2adcd675230c7b742" member_type: VOTER last_known_addr { host: "127.0.107.195" port: 41465 } } peers { permanent_uuid: "ba060183eb084b54a736fed392b3dbfb" member_type: VOTER last_known_addr { host: "127.0.107.196" port: 37567 } attrs { promote: false } }
I20260630 12:12:35.745198  3686 raft_consensus.cc:1275] T 625202bbb395481a91f094c061564e51 P ba060183eb084b54a736fed392b3dbfb [term 1 LEARNER]: Refusing update from remote peer b372886ee96f48c8be3376fbe9a45ad0: Log matching property violated. Preceding OpId in replica: term: 1 index: 2. Preceding OpId from leader: term: 1 index: 3. (index mismatch)
I20260630 12:12:35.746380  3546 raft_consensus.cc:1275] T 625202bbb395481a91f094c061564e51 P b8a3df2aa61a40c2adcd675230c7b742 [term 1 FOLLOWER]: Refusing update from remote peer b372886ee96f48c8be3376fbe9a45ad0: Log matching property violated. Preceding OpId in replica: term: 1 index: 2. Preceding OpId from leader: term: 1 index: 3. (index mismatch)
I20260630 12:12:35.746819  3396 raft_consensus.cc:1275] T 625202bbb395481a91f094c061564e51 P 1978b81f0e6b45b3a035c534616c6d94 [term 1 FOLLOWER]: Refusing update from remote peer b372886ee96f48c8be3376fbe9a45ad0: Log matching property violated. Preceding OpId in replica: term: 1 index: 2. Preceding OpId from leader: term: 1 index: 3. (index mismatch)
I20260630 12:12:35.747735  3847 consensus_queue.cc:1048] T 625202bbb395481a91f094c061564e51 P b372886ee96f48c8be3376fbe9a45ad0 [LEADER]: Connected to new peer: Peer: permanent_uuid: "ba060183eb084b54a736fed392b3dbfb" member_type: VOTER last_known_addr { host: "127.0.107.196" port: 37567 } attrs { promote: false }, Status: LMP_MISMATCH, Last received: 0.0, Next index: 3, Last known committed idx: 2, Time since last communication: 0.000s
I20260630 12:12:35.749542  3847 consensus_queue.cc:1048] T 625202bbb395481a91f094c061564e51 P b372886ee96f48c8be3376fbe9a45ad0 [LEADER]: Connected to new peer: Peer: permanent_uuid: "1978b81f0e6b45b3a035c534616c6d94" member_type: VOTER last_known_addr { host: "127.0.107.193" port: 45089 } attrs { replace: true }, Status: LMP_MISMATCH, Last received: 0.0, Next index: 3, Last known committed idx: 2, Time since last communication: 0.000s
I20260630 12:12:35.751523  3848 consensus_queue.cc:1048] T 625202bbb395481a91f094c061564e51 P b372886ee96f48c8be3376fbe9a45ad0 [LEADER]: Connected to new peer: Peer: permanent_uuid: "b8a3df2aa61a40c2adcd675230c7b742" member_type: VOTER last_known_addr { host: "127.0.107.195" port: 41465 }, Status: LMP_MISMATCH, Last received: 0.0, Next index: 3, Last known committed idx: 2, Time since last communication: 0.000s
I20260630 12:12:35.773236  3848 raft_consensus.cc:2955] T 625202bbb395481a91f094c061564e51 P b372886ee96f48c8be3376fbe9a45ad0 [term 1 LEADER]: Committing config change with OpId 1.3: config changed from index 2 to 3, ba060183eb084b54a736fed392b3dbfb (127.0.107.196) changed from NON_VOTER to VOTER. New config: { opid_index: 3 OBSOLETE_local: false peers { permanent_uuid: "b372886ee96f48c8be3376fbe9a45ad0" member_type: VOTER last_known_addr { host: "127.0.107.194" port: 40477 } } peers { permanent_uuid: "1978b81f0e6b45b3a035c534616c6d94" member_type: VOTER last_known_addr { host: "127.0.107.193" port: 45089 } attrs { replace: true } } peers { permanent_uuid: "b8a3df2aa61a40c2adcd675230c7b742" member_type: VOTER last_known_addr { host: "127.0.107.195" port: 41465 } } peers { permanent_uuid: "ba060183eb084b54a736fed392b3dbfb" member_type: VOTER last_known_addr { host: "127.0.107.196" port: 37567 } attrs { promote: false } } }
I20260630 12:12:35.775219  3547 raft_consensus.cc:2955] T 625202bbb395481a91f094c061564e51 P b8a3df2aa61a40c2adcd675230c7b742 [term 1 FOLLOWER]: Committing config change with OpId 1.3: config changed from index 2 to 3, ba060183eb084b54a736fed392b3dbfb (127.0.107.196) changed from NON_VOTER to VOTER. New config: { opid_index: 3 OBSOLETE_local: false peers { permanent_uuid: "b372886ee96f48c8be3376fbe9a45ad0" member_type: VOTER last_known_addr { host: "127.0.107.194" port: 40477 } } peers { permanent_uuid: "1978b81f0e6b45b3a035c534616c6d94" member_type: VOTER last_known_addr { host: "127.0.107.193" port: 45089 } attrs { replace: true } } peers { permanent_uuid: "b8a3df2aa61a40c2adcd675230c7b742" member_type: VOTER last_known_addr { host: "127.0.107.195" port: 41465 } } peers { permanent_uuid: "ba060183eb084b54a736fed392b3dbfb" member_type: VOTER last_known_addr { host: "127.0.107.196" port: 37567 } attrs { promote: false } } }
I20260630 12:12:35.776513  3686 raft_consensus.cc:2955] T 625202bbb395481a91f094c061564e51 P ba060183eb084b54a736fed392b3dbfb [term 1 FOLLOWER]: Committing config change with OpId 1.3: config changed from index 2 to 3, ba060183eb084b54a736fed392b3dbfb (127.0.107.196) changed from NON_VOTER to VOTER. New config: { opid_index: 3 OBSOLETE_local: false peers { permanent_uuid: "b372886ee96f48c8be3376fbe9a45ad0" member_type: VOTER last_known_addr { host: "127.0.107.194" port: 40477 } } peers { permanent_uuid: "1978b81f0e6b45b3a035c534616c6d94" member_type: VOTER last_known_addr { host: "127.0.107.193" port: 45089 } attrs { replace: true } } peers { permanent_uuid: "b8a3df2aa61a40c2adcd675230c7b742" member_type: VOTER last_known_addr { host: "127.0.107.195" port: 41465 } } peers { permanent_uuid: "ba060183eb084b54a736fed392b3dbfb" member_type: VOTER last_known_addr { host: "127.0.107.196" port: 37567 } attrs { promote: false } } }
I20260630 12:12:35.788934  3292 catalog_manager.cc:5697] T 625202bbb395481a91f094c061564e51 P b8a3df2aa61a40c2adcd675230c7b742 reported cstate change: config changed from index 2 to 3, ba060183eb084b54a736fed392b3dbfb (127.0.107.196) changed from NON_VOTER to VOTER. New cstate: current_term: 1 leader_uuid: "b372886ee96f48c8be3376fbe9a45ad0" committed_config { opid_index: 3 OBSOLETE_local: false peers { permanent_uuid: "b372886ee96f48c8be3376fbe9a45ad0" member_type: VOTER last_known_addr { host: "127.0.107.194" port: 40477 } } peers { permanent_uuid: "1978b81f0e6b45b3a035c534616c6d94" member_type: VOTER last_known_addr { host: "127.0.107.193" port: 45089 } attrs { replace: true } } peers { permanent_uuid: "b8a3df2aa61a40c2adcd675230c7b742" member_type: VOTER last_known_addr { host: "127.0.107.195" port: 41465 } } peers { permanent_uuid: "ba060183eb084b54a736fed392b3dbfb" member_type: VOTER last_known_addr { host: "127.0.107.196" port: 37567 } attrs { promote: false } } }
I20260630 12:12:35.796598  3396 raft_consensus.cc:2955] T 625202bbb395481a91f094c061564e51 P 1978b81f0e6b45b3a035c534616c6d94 [term 1 FOLLOWER]: Committing config change with OpId 1.3: config changed from index 2 to 3, ba060183eb084b54a736fed392b3dbfb (127.0.107.196) changed from NON_VOTER to VOTER. New config: { opid_index: 3 OBSOLETE_local: false peers { permanent_uuid: "b372886ee96f48c8be3376fbe9a45ad0" member_type: VOTER last_known_addr { host: "127.0.107.194" port: 40477 } } peers { permanent_uuid: "1978b81f0e6b45b3a035c534616c6d94" member_type: VOTER last_known_addr { host: "127.0.107.193" port: 45089 } attrs { replace: true } } peers { permanent_uuid: "b8a3df2aa61a40c2adcd675230c7b742" member_type: VOTER last_known_addr { host: "127.0.107.195" port: 41465 } } peers { permanent_uuid: "ba060183eb084b54a736fed392b3dbfb" member_type: VOTER last_known_addr { host: "127.0.107.196" port: 37567 } attrs { promote: false } } }
I20260630 12:12:35.815407  3471 consensus_queue.cc:237] T 625202bbb395481a91f094c061564e51 P b372886ee96f48c8be3376fbe9a45ad0 [LEADER]: Queue going to LEADER mode. State: All replicated index: 0, Majority replicated index: 3, Committed index: 3, Last appended: 1.3, Last appended by leader: 0, Current term: 1, Majority size: 2, State: 0, Mode: LEADER, active raft config: opid_index: 4 OBSOLETE_local: false peers { permanent_uuid: "b372886ee96f48c8be3376fbe9a45ad0" member_type: VOTER last_known_addr { host: "127.0.107.194" port: 40477 } } peers { permanent_uuid: "b8a3df2aa61a40c2adcd675230c7b742" member_type: VOTER last_known_addr { host: "127.0.107.195" port: 41465 } } peers { permanent_uuid: "ba060183eb084b54a736fed392b3dbfb" member_type: VOTER last_known_addr { host: "127.0.107.196" port: 37567 } attrs { promote: false } }
I20260630 12:12:35.820521  3686 raft_consensus.cc:1275] T 625202bbb395481a91f094c061564e51 P ba060183eb084b54a736fed392b3dbfb [term 1 FOLLOWER]: Refusing update from remote peer b372886ee96f48c8be3376fbe9a45ad0: Log matching property violated. Preceding OpId in replica: term: 1 index: 3. Preceding OpId from leader: term: 1 index: 4. (index mismatch)
I20260630 12:12:35.820823  3547 raft_consensus.cc:1275] T 625202bbb395481a91f094c061564e51 P b8a3df2aa61a40c2adcd675230c7b742 [term 1 FOLLOWER]: Refusing update from remote peer b372886ee96f48c8be3376fbe9a45ad0: Log matching property violated. Preceding OpId in replica: term: 1 index: 3. Preceding OpId from leader: term: 1 index: 4. (index mismatch)
I20260630 12:12:35.821655  3848 consensus_queue.cc:1048] T 625202bbb395481a91f094c061564e51 P b372886ee96f48c8be3376fbe9a45ad0 [LEADER]: Connected to new peer: Peer: permanent_uuid: "ba060183eb084b54a736fed392b3dbfb" member_type: VOTER last_known_addr { host: "127.0.107.196" port: 37567 } attrs { promote: false }, Status: LMP_MISMATCH, Last received: 0.0, Next index: 4, Last known committed idx: 3, Time since last communication: 0.000s
I20260630 12:12:35.824522  3740 raft_consensus.cc:1064] T 9682484d5ecc44eca5dfdb748a238ae0 P 1978b81f0e6b45b3a035c534616c6d94: attempting to promote NON_VOTER ba060183eb084b54a736fed392b3dbfb to VOTER
I20260630 12:12:35.825271  3851 consensus_queue.cc:1048] T 625202bbb395481a91f094c061564e51 P b372886ee96f48c8be3376fbe9a45ad0 [LEADER]: Connected to new peer: Peer: permanent_uuid: "b8a3df2aa61a40c2adcd675230c7b742" member_type: VOTER last_known_addr { host: "127.0.107.195" port: 41465 }, Status: LMP_MISMATCH, Last received: 0.0, Next index: 4, Last known committed idx: 3, Time since last communication: 0.000s
I20260630 12:12:35.826881  3740 consensus_queue.cc:237] T 9682484d5ecc44eca5dfdb748a238ae0 P 1978b81f0e6b45b3a035c534616c6d94 [LEADER]: Queue going to LEADER mode. State: All replicated index: 0, Majority replicated index: 2, Committed index: 2, Last appended: 1.2, Last appended by leader: 0, Current term: 1, Majority size: 3, State: 0, Mode: LEADER, active raft config: opid_index: 3 OBSOLETE_local: false peers { permanent_uuid: "b372886ee96f48c8be3376fbe9a45ad0" member_type: VOTER last_known_addr { host: "127.0.107.194" port: 40477 } } peers { permanent_uuid: "1978b81f0e6b45b3a035c534616c6d94" member_type: VOTER last_known_addr { host: "127.0.107.193" port: 45089 } } peers { permanent_uuid: "b8a3df2aa61a40c2adcd675230c7b742" member_type: VOTER last_known_addr { host: "127.0.107.195" port: 41465 } attrs { replace: true } } peers { permanent_uuid: "ba060183eb084b54a736fed392b3dbfb" member_type: VOTER last_known_addr { host: "127.0.107.196" port: 37567 } attrs { promote: false } }
I20260630 12:12:35.833998  3847 raft_consensus.cc:2955] T 625202bbb395481a91f094c061564e51 P b372886ee96f48c8be3376fbe9a45ad0 [term 1 LEADER]: Committing config change with OpId 1.4: config changed from index 3 to 4, VOTER 1978b81f0e6b45b3a035c534616c6d94 (127.0.107.193) evicted. New config: { opid_index: 4 OBSOLETE_local: false peers { permanent_uuid: "b372886ee96f48c8be3376fbe9a45ad0" member_type: VOTER last_known_addr { host: "127.0.107.194" port: 40477 } } peers { permanent_uuid: "b8a3df2aa61a40c2adcd675230c7b742" member_type: VOTER last_known_addr { host: "127.0.107.195" port: 41465 } } peers { permanent_uuid: "ba060183eb084b54a736fed392b3dbfb" member_type: VOTER last_known_addr { host: "127.0.107.196" port: 37567 } attrs { promote: false } } }
I20260630 12:12:35.835448  3686 raft_consensus.cc:2955] T 625202bbb395481a91f094c061564e51 P ba060183eb084b54a736fed392b3dbfb [term 1 FOLLOWER]: Committing config change with OpId 1.4: config changed from index 3 to 4, VOTER 1978b81f0e6b45b3a035c534616c6d94 (127.0.107.193) evicted. New config: { opid_index: 4 OBSOLETE_local: false peers { permanent_uuid: "b372886ee96f48c8be3376fbe9a45ad0" member_type: VOTER last_known_addr { host: "127.0.107.194" port: 40477 } } peers { permanent_uuid: "b8a3df2aa61a40c2adcd675230c7b742" member_type: VOTER last_known_addr { host: "127.0.107.195" port: 41465 } } peers { permanent_uuid: "ba060183eb084b54a736fed392b3dbfb" member_type: VOTER last_known_addr { host: "127.0.107.196" port: 37567 } attrs { promote: false } } }
I20260630 12:12:35.845747  3547 raft_consensus.cc:2955] T 625202bbb395481a91f094c061564e51 P b8a3df2aa61a40c2adcd675230c7b742 [term 1 FOLLOWER]: Committing config change with OpId 1.4: config changed from index 3 to 4, VOTER 1978b81f0e6b45b3a035c534616c6d94 (127.0.107.193) evicted. New config: { opid_index: 4 OBSOLETE_local: false peers { permanent_uuid: "b372886ee96f48c8be3376fbe9a45ad0" member_type: VOTER last_known_addr { host: "127.0.107.194" port: 40477 } } peers { permanent_uuid: "b8a3df2aa61a40c2adcd675230c7b742" member_type: VOTER last_known_addr { host: "127.0.107.195" port: 41465 } } peers { permanent_uuid: "ba060183eb084b54a736fed392b3dbfb" member_type: VOTER last_known_addr { host: "127.0.107.196" port: 37567 } attrs { promote: false } } }
I20260630 12:12:35.848629  3294 catalog_manager.cc:5697] T 625202bbb395481a91f094c061564e51 P ba060183eb084b54a736fed392b3dbfb reported cstate change: config changed from index 3 to 4, VOTER 1978b81f0e6b45b3a035c534616c6d94 (127.0.107.193) evicted. New cstate: current_term: 1 leader_uuid: "b372886ee96f48c8be3376fbe9a45ad0" committed_config { opid_index: 4 OBSOLETE_local: false peers { permanent_uuid: "b372886ee96f48c8be3376fbe9a45ad0" member_type: VOTER last_known_addr { host: "127.0.107.194" port: 40477 } } peers { permanent_uuid: "b8a3df2aa61a40c2adcd675230c7b742" member_type: VOTER last_known_addr { host: "127.0.107.195" port: 41465 } } peers { permanent_uuid: "ba060183eb084b54a736fed392b3dbfb" member_type: VOTER last_known_addr { host: "127.0.107.196" port: 37567 } attrs { promote: false } } }
I20260630 12:12:35.853663  3281 catalog_manager.cc:5210] ChangeConfig:REMOVE_PEER RPC for tablet 625202bbb395481a91f094c061564e51 with cas_config_opid_index 3: ChangeConfig:REMOVE_PEER succeeded (attempt 1)
I20260630 12:12:35.859344  3546 raft_consensus.cc:1275] T 9682484d5ecc44eca5dfdb748a238ae0 P b8a3df2aa61a40c2adcd675230c7b742 [term 1 FOLLOWER]: Refusing update from remote peer 1978b81f0e6b45b3a035c534616c6d94: Log matching property violated. Preceding OpId in replica: term: 1 index: 2. Preceding OpId from leader: term: 1 index: 3. (index mismatch)
I20260630 12:12:35.859620  3381 tablet_service.cc:1558] Processing DeleteTablet for tablet 625202bbb395481a91f094c061564e51 with delete_type TABLET_DATA_TOMBSTONED (TS 1978b81f0e6b45b3a035c534616c6d94 not found in new config with opid_index 4) from {username='slave'} at 127.0.0.1:52222
I20260630 12:12:35.860819  3740 consensus_queue.cc:1048] T 9682484d5ecc44eca5dfdb748a238ae0 P 1978b81f0e6b45b3a035c534616c6d94 [LEADER]: Connected to new peer: Peer: permanent_uuid: "b8a3df2aa61a40c2adcd675230c7b742" member_type: VOTER last_known_addr { host: "127.0.107.195" port: 41465 } attrs { replace: true }, Status: LMP_MISMATCH, Last received: 0.0, Next index: 3, Last known committed idx: 2, Time since last communication: 0.000s
I20260630 12:12:35.862003  3471 raft_consensus.cc:1275] T 9682484d5ecc44eca5dfdb748a238ae0 P b372886ee96f48c8be3376fbe9a45ad0 [term 1 FOLLOWER]: Refusing update from remote peer 1978b81f0e6b45b3a035c534616c6d94: Log matching property violated. Preceding OpId in replica: term: 1 index: 2. Preceding OpId from leader: term: 1 index: 3. (index mismatch)
I20260630 12:12:35.864908  3598 consensus_queue.cc:1048] T 9682484d5ecc44eca5dfdb748a238ae0 P 1978b81f0e6b45b3a035c534616c6d94 [LEADER]: Connected to new peer: Peer: permanent_uuid: "b372886ee96f48c8be3376fbe9a45ad0" member_type: VOTER last_known_addr { host: "127.0.107.194" port: 40477 }, Status: LMP_MISMATCH, Last received: 0.0, Next index: 3, Last known committed idx: 2, Time since last communication: 0.000s
I20260630 12:12:35.867615  3686 raft_consensus.cc:1275] T 9682484d5ecc44eca5dfdb748a238ae0 P ba060183eb084b54a736fed392b3dbfb [term 1 LEARNER]: Refusing update from remote peer 1978b81f0e6b45b3a035c534616c6d94: Log matching property violated. Preceding OpId in replica: term: 1 index: 2. Preceding OpId from leader: term: 1 index: 3. (index mismatch)
I20260630 12:12:35.869572  3598 consensus_queue.cc:1048] T 9682484d5ecc44eca5dfdb748a238ae0 P 1978b81f0e6b45b3a035c534616c6d94 [LEADER]: Connected to new peer: Peer: permanent_uuid: "ba060183eb084b54a736fed392b3dbfb" member_type: VOTER last_known_addr { host: "127.0.107.196" port: 37567 } attrs { promote: false }, Status: LMP_MISMATCH, Last received: 0.0, Next index: 3, Last known committed idx: 2, Time since last communication: 0.000s
I20260630 12:12:35.897969  3859 tablet_replica.cc:333] T 625202bbb395481a91f094c061564e51 P 1978b81f0e6b45b3a035c534616c6d94: stopping tablet replica
I20260630 12:12:35.899148  3859 raft_consensus.cc:2243] T 625202bbb395481a91f094c061564e51 P 1978b81f0e6b45b3a035c534616c6d94 [term 1 FOLLOWER]: Raft consensus shutting down.
I20260630 12:12:35.899925  3859 raft_consensus.cc:2272] T 625202bbb395481a91f094c061564e51 P 1978b81f0e6b45b3a035c534616c6d94 [term 1 FOLLOWER]: Raft consensus is shut down!
I20260630 12:12:35.899587  3598 raft_consensus.cc:2955] T 9682484d5ecc44eca5dfdb748a238ae0 P 1978b81f0e6b45b3a035c534616c6d94 [term 1 LEADER]: Committing config change with OpId 1.3: config changed from index 2 to 3, ba060183eb084b54a736fed392b3dbfb (127.0.107.196) changed from NON_VOTER to VOTER. New config: { opid_index: 3 OBSOLETE_local: false peers { permanent_uuid: "b372886ee96f48c8be3376fbe9a45ad0" member_type: VOTER last_known_addr { host: "127.0.107.194" port: 40477 } } peers { permanent_uuid: "1978b81f0e6b45b3a035c534616c6d94" member_type: VOTER last_known_addr { host: "127.0.107.193" port: 45089 } } peers { permanent_uuid: "b8a3df2aa61a40c2adcd675230c7b742" member_type: VOTER last_known_addr { host: "127.0.107.195" port: 41465 } attrs { replace: true } } peers { permanent_uuid: "ba060183eb084b54a736fed392b3dbfb" member_type: VOTER last_known_addr { host: "127.0.107.196" port: 37567 } attrs { promote: false } } }
I20260630 12:12:35.903205  3859 ts_tablet_manager.cc:1916] T 625202bbb395481a91f094c061564e51 P 1978b81f0e6b45b3a035c534616c6d94: Deleting tablet data with delete state TABLET_DATA_TOMBSTONED
I20260630 12:12:35.904217  3689 raft_consensus.cc:2955] T 9682484d5ecc44eca5dfdb748a238ae0 P ba060183eb084b54a736fed392b3dbfb [term 1 FOLLOWER]: Committing config change with OpId 1.3: config changed from index 2 to 3, ba060183eb084b54a736fed392b3dbfb (127.0.107.196) changed from NON_VOTER to VOTER. New config: { opid_index: 3 OBSOLETE_local: false peers { permanent_uuid: "b372886ee96f48c8be3376fbe9a45ad0" member_type: VOTER last_known_addr { host: "127.0.107.194" port: 40477 } } peers { permanent_uuid: "1978b81f0e6b45b3a035c534616c6d94" member_type: VOTER last_known_addr { host: "127.0.107.193" port: 45089 } } peers { permanent_uuid: "b8a3df2aa61a40c2adcd675230c7b742" member_type: VOTER last_known_addr { host: "127.0.107.195" port: 41465 } attrs { replace: true } } peers { permanent_uuid: "ba060183eb084b54a736fed392b3dbfb" member_type: VOTER last_known_addr { host: "127.0.107.196" port: 37567 } attrs { promote: false } } }
I20260630 12:12:35.910787  3546 raft_consensus.cc:2955] T 9682484d5ecc44eca5dfdb748a238ae0 P b8a3df2aa61a40c2adcd675230c7b742 [term 1 FOLLOWER]: Committing config change with OpId 1.3: config changed from index 2 to 3, ba060183eb084b54a736fed392b3dbfb (127.0.107.196) changed from NON_VOTER to VOTER. New config: { opid_index: 3 OBSOLETE_local: false peers { permanent_uuid: "b372886ee96f48c8be3376fbe9a45ad0" member_type: VOTER last_known_addr { host: "127.0.107.194" port: 40477 } } peers { permanent_uuid: "1978b81f0e6b45b3a035c534616c6d94" member_type: VOTER last_known_addr { host: "127.0.107.193" port: 45089 } } peers { permanent_uuid: "b8a3df2aa61a40c2adcd675230c7b742" member_type: VOTER last_known_addr { host: "127.0.107.195" port: 41465 } attrs { replace: true } } peers { permanent_uuid: "ba060183eb084b54a736fed392b3dbfb" member_type: VOTER last_known_addr { host: "127.0.107.196" port: 37567 } attrs { promote: false } } }
I20260630 12:12:35.911417  3471 raft_consensus.cc:2955] T 9682484d5ecc44eca5dfdb748a238ae0 P b372886ee96f48c8be3376fbe9a45ad0 [term 1 FOLLOWER]: Committing config change with OpId 1.3: config changed from index 2 to 3, ba060183eb084b54a736fed392b3dbfb (127.0.107.196) changed from NON_VOTER to VOTER. New config: { opid_index: 3 OBSOLETE_local: false peers { permanent_uuid: "b372886ee96f48c8be3376fbe9a45ad0" member_type: VOTER last_known_addr { host: "127.0.107.194" port: 40477 } } peers { permanent_uuid: "1978b81f0e6b45b3a035c534616c6d94" member_type: VOTER last_known_addr { host: "127.0.107.193" port: 45089 } } peers { permanent_uuid: "b8a3df2aa61a40c2adcd675230c7b742" member_type: VOTER last_known_addr { host: "127.0.107.195" port: 41465 } attrs { replace: true } } peers { permanent_uuid: "ba060183eb084b54a736fed392b3dbfb" member_type: VOTER last_known_addr { host: "127.0.107.196" port: 37567 } attrs { promote: false } } }
I20260630 12:12:35.917333  3294 catalog_manager.cc:5697] T 9682484d5ecc44eca5dfdb748a238ae0 P ba060183eb084b54a736fed392b3dbfb reported cstate change: config changed from index 2 to 3, ba060183eb084b54a736fed392b3dbfb (127.0.107.196) changed from NON_VOTER to VOTER. New cstate: current_term: 1 leader_uuid: "1978b81f0e6b45b3a035c534616c6d94" committed_config { opid_index: 3 OBSOLETE_local: false peers { permanent_uuid: "b372886ee96f48c8be3376fbe9a45ad0" member_type: VOTER last_known_addr { host: "127.0.107.194" port: 40477 } } peers { permanent_uuid: "1978b81f0e6b45b3a035c534616c6d94" member_type: VOTER last_known_addr { host: "127.0.107.193" port: 45089 } } peers { permanent_uuid: "b8a3df2aa61a40c2adcd675230c7b742" member_type: VOTER last_known_addr { host: "127.0.107.195" port: 41465 } attrs { replace: true } } peers { permanent_uuid: "ba060183eb084b54a736fed392b3dbfb" member_type: VOTER last_known_addr { host: "127.0.107.196" port: 37567 } attrs { promote: false } } }
I20260630 12:12:35.927691  3859 ts_tablet_manager.cc:1929] T 625202bbb395481a91f094c061564e51 P 1978b81f0e6b45b3a035c534616c6d94: tablet deleted with delete type TABLET_DATA_TOMBSTONED: last-logged OpId 1.3
I20260630 12:12:35.928169  3859 log.cc:1199] T 625202bbb395481a91f094c061564e51 P 1978b81f0e6b45b3a035c534616c6d94: Deleting WAL directory at /tmp/dist-test-task38qOdO/test-tmp/auto_rebalancer-test.0.AutoRebalancerTest.RangeAwareRebalancesNewRangeReplicas.1782821472004787-431-0/minicluster-data/ts-0-root/wals/625202bbb395481a91f094c061564e51
I20260630 12:12:35.934084  3283 catalog_manager.cc:5028] TS 1978b81f0e6b45b3a035c534616c6d94 (127.0.107.193:45089): tablet 625202bbb395481a91f094c061564e51 (table range_aware_rebalance_new_range [id=16f149b690694459bef8538560bec5e0]) successfully deleted
I20260630 12:12:35.940011  3396 consensus_queue.cc:237] T 9682484d5ecc44eca5dfdb748a238ae0 P 1978b81f0e6b45b3a035c534616c6d94 [LEADER]: Queue going to LEADER mode. State: All replicated index: 0, Majority replicated index: 3, Committed index: 3, Last appended: 1.3, Last appended by leader: 0, Current term: 1, Majority size: 2, State: 0, Mode: LEADER, active raft config: opid_index: 4 OBSOLETE_local: false peers { permanent_uuid: "b372886ee96f48c8be3376fbe9a45ad0" member_type: VOTER last_known_addr { host: "127.0.107.194" port: 40477 } } peers { permanent_uuid: "1978b81f0e6b45b3a035c534616c6d94" member_type: VOTER last_known_addr { host: "127.0.107.193" port: 45089 } } peers { permanent_uuid: "ba060183eb084b54a736fed392b3dbfb" member_type: VOTER last_known_addr { host: "127.0.107.196" port: 37567 } attrs { promote: false } }
I20260630 12:12:35.944424  3471 raft_consensus.cc:1275] T 9682484d5ecc44eca5dfdb748a238ae0 P b372886ee96f48c8be3376fbe9a45ad0 [term 1 FOLLOWER]: Refusing update from remote peer 1978b81f0e6b45b3a035c534616c6d94: Log matching property violated. Preceding OpId in replica: term: 1 index: 3. Preceding OpId from leader: term: 1 index: 4. (index mismatch)
I20260630 12:12:35.944427  3689 raft_consensus.cc:1275] T 9682484d5ecc44eca5dfdb748a238ae0 P ba060183eb084b54a736fed392b3dbfb [term 1 FOLLOWER]: Refusing update from remote peer 1978b81f0e6b45b3a035c534616c6d94: Log matching property violated. Preceding OpId in replica: term: 1 index: 3. Preceding OpId from leader: term: 1 index: 4. (index mismatch)
I20260630 12:12:35.945715  3598 consensus_queue.cc:1048] T 9682484d5ecc44eca5dfdb748a238ae0 P 1978b81f0e6b45b3a035c534616c6d94 [LEADER]: Connected to new peer: Peer: permanent_uuid: "b372886ee96f48c8be3376fbe9a45ad0" member_type: VOTER last_known_addr { host: "127.0.107.194" port: 40477 }, Status: LMP_MISMATCH, Last received: 0.0, Next index: 4, Last known committed idx: 3, Time since last communication: 0.001s
I20260630 12:12:35.947098  3740 consensus_queue.cc:1048] T 9682484d5ecc44eca5dfdb748a238ae0 P 1978b81f0e6b45b3a035c534616c6d94 [LEADER]: Connected to new peer: Peer: permanent_uuid: "ba060183eb084b54a736fed392b3dbfb" member_type: VOTER last_known_addr { host: "127.0.107.196" port: 37567 } attrs { promote: false }, Status: LMP_MISMATCH, Last received: 0.0, Next index: 4, Last known committed idx: 3, Time since last communication: 0.000s
I20260630 12:12:35.953554  3740 raft_consensus.cc:2955] T 9682484d5ecc44eca5dfdb748a238ae0 P 1978b81f0e6b45b3a035c534616c6d94 [term 1 LEADER]: Committing config change with OpId 1.4: config changed from index 3 to 4, VOTER b8a3df2aa61a40c2adcd675230c7b742 (127.0.107.195) evicted. New config: { opid_index: 4 OBSOLETE_local: false peers { permanent_uuid: "b372886ee96f48c8be3376fbe9a45ad0" member_type: VOTER last_known_addr { host: "127.0.107.194" port: 40477 } } peers { permanent_uuid: "1978b81f0e6b45b3a035c534616c6d94" member_type: VOTER last_known_addr { host: "127.0.107.193" port: 45089 } } peers { permanent_uuid: "ba060183eb084b54a736fed392b3dbfb" member_type: VOTER last_known_addr { host: "127.0.107.196" port: 37567 } attrs { promote: false } } }
I20260630 12:12:35.956058  3471 raft_consensus.cc:2955] T 9682484d5ecc44eca5dfdb748a238ae0 P b372886ee96f48c8be3376fbe9a45ad0 [term 1 FOLLOWER]: Committing config change with OpId 1.4: config changed from index 3 to 4, VOTER b8a3df2aa61a40c2adcd675230c7b742 (127.0.107.195) evicted. New config: { opid_index: 4 OBSOLETE_local: false peers { permanent_uuid: "b372886ee96f48c8be3376fbe9a45ad0" member_type: VOTER last_known_addr { host: "127.0.107.194" port: 40477 } } peers { permanent_uuid: "1978b81f0e6b45b3a035c534616c6d94" member_type: VOTER last_known_addr { host: "127.0.107.193" port: 45089 } } peers { permanent_uuid: "ba060183eb084b54a736fed392b3dbfb" member_type: VOTER last_known_addr { host: "127.0.107.196" port: 37567 } attrs { promote: false } } }
I20260630 12:12:35.960762  3689 raft_consensus.cc:2955] T 9682484d5ecc44eca5dfdb748a238ae0 P ba060183eb084b54a736fed392b3dbfb [term 1 FOLLOWER]: Committing config change with OpId 1.4: config changed from index 3 to 4, VOTER b8a3df2aa61a40c2adcd675230c7b742 (127.0.107.195) evicted. New config: { opid_index: 4 OBSOLETE_local: false peers { permanent_uuid: "b372886ee96f48c8be3376fbe9a45ad0" member_type: VOTER last_known_addr { host: "127.0.107.194" port: 40477 } } peers { permanent_uuid: "1978b81f0e6b45b3a035c534616c6d94" member_type: VOTER last_known_addr { host: "127.0.107.193" port: 45089 } } peers { permanent_uuid: "ba060183eb084b54a736fed392b3dbfb" member_type: VOTER last_known_addr { host: "127.0.107.196" port: 37567 } attrs { promote: false } } }
I20260630 12:12:35.962029  3283 catalog_manager.cc:5210] ChangeConfig:REMOVE_PEER RPC for tablet 9682484d5ecc44eca5dfdb748a238ae0 with cas_config_opid_index 3: ChangeConfig:REMOVE_PEER succeeded (attempt 1)
I20260630 12:12:35.967360  3296 catalog_manager.cc:5697] T 9682484d5ecc44eca5dfdb748a238ae0 P 1978b81f0e6b45b3a035c534616c6d94 reported cstate change: config changed from index 3 to 4, VOTER b8a3df2aa61a40c2adcd675230c7b742 (127.0.107.195) evicted. New cstate: current_term: 1 leader_uuid: "1978b81f0e6b45b3a035c534616c6d94" committed_config { opid_index: 4 OBSOLETE_local: false peers { permanent_uuid: "b372886ee96f48c8be3376fbe9a45ad0" member_type: VOTER last_known_addr { host: "127.0.107.194" port: 40477 } health_report { overall_health: HEALTHY } } peers { permanent_uuid: "1978b81f0e6b45b3a035c534616c6d94" member_type: VOTER last_known_addr { host: "127.0.107.193" port: 45089 } health_report { overall_health: HEALTHY } } peers { permanent_uuid: "ba060183eb084b54a736fed392b3dbfb" member_type: VOTER last_known_addr { host: "127.0.107.196" port: 37567 } attrs { promote: false } health_report { overall_health: HEALTHY } } }
I20260630 12:12:35.978842  3531 tablet_service.cc:1558] Processing DeleteTablet for tablet 9682484d5ecc44eca5dfdb748a238ae0 with delete_type TABLET_DATA_TOMBSTONED (TS b8a3df2aa61a40c2adcd675230c7b742 not found in new config with opid_index 4) from {username='slave'} at 127.0.0.1:37284
I20260630 12:12:35.980324  3863 tablet_replica.cc:333] T 9682484d5ecc44eca5dfdb748a238ae0 P b8a3df2aa61a40c2adcd675230c7b742: stopping tablet replica
I20260630 12:12:35.981052  3863 raft_consensus.cc:2243] T 9682484d5ecc44eca5dfdb748a238ae0 P b8a3df2aa61a40c2adcd675230c7b742 [term 1 FOLLOWER]: Raft consensus shutting down.
I20260630 12:12:35.981724  3863 raft_consensus.cc:2272] T 9682484d5ecc44eca5dfdb748a238ae0 P b8a3df2aa61a40c2adcd675230c7b742 [term 1 FOLLOWER]: Raft consensus is shut down!
I20260630 12:12:35.984663  3863 ts_tablet_manager.cc:1916] T 9682484d5ecc44eca5dfdb748a238ae0 P b8a3df2aa61a40c2adcd675230c7b742: Deleting tablet data with delete state TABLET_DATA_TOMBSTONED
I20260630 12:12:35.994827  3863 ts_tablet_manager.cc:1929] T 9682484d5ecc44eca5dfdb748a238ae0 P b8a3df2aa61a40c2adcd675230c7b742: tablet deleted with delete type TABLET_DATA_TOMBSTONED: last-logged OpId 1.3
I20260630 12:12:35.995108  3863 log.cc:1199] T 9682484d5ecc44eca5dfdb748a238ae0 P b8a3df2aa61a40c2adcd675230c7b742: Deleting WAL directory at /tmp/dist-test-task38qOdO/test-tmp/auto_rebalancer-test.0.AutoRebalancerTest.RangeAwareRebalancesNewRangeReplicas.1782821472004787-431-0/minicluster-data/ts-2-root/wals/9682484d5ecc44eca5dfdb748a238ae0
I20260630 12:12:35.996337  3283 catalog_manager.cc:5028] TS b8a3df2aa61a40c2adcd675230c7b742 (127.0.107.195:41465): tablet 9682484d5ecc44eca5dfdb748a238ae0 (table range_aware_rebalance_new_range [id=16f149b690694459bef8538560bec5e0]) successfully deleted
I20260630 12:12:36.099500  3848 raft_consensus.cc:1064] T 0d96a32768874f3fb59e238a0707a089 P b372886ee96f48c8be3376fbe9a45ad0: attempting to promote NON_VOTER ba060183eb084b54a736fed392b3dbfb to VOTER
I20260630 12:12:36.101153  3848 consensus_queue.cc:237] T 0d96a32768874f3fb59e238a0707a089 P b372886ee96f48c8be3376fbe9a45ad0 [LEADER]: Queue going to LEADER mode. State: All replicated index: 0, Majority replicated index: 2, Committed index: 2, Last appended: 1.2, Last appended by leader: 0, Current term: 1, Majority size: 3, State: 0, Mode: LEADER, active raft config: opid_index: 3 OBSOLETE_local: false peers { permanent_uuid: "1978b81f0e6b45b3a035c534616c6d94" member_type: VOTER last_known_addr { host: "127.0.107.193" port: 45089 } attrs { replace: true } } peers { permanent_uuid: "b372886ee96f48c8be3376fbe9a45ad0" member_type: VOTER last_known_addr { host: "127.0.107.194" port: 40477 } } peers { permanent_uuid: "b8a3df2aa61a40c2adcd675230c7b742" member_type: VOTER last_known_addr { host: "127.0.107.195" port: 41465 } } peers { permanent_uuid: "ba060183eb084b54a736fed392b3dbfb" member_type: VOTER last_known_addr { host: "127.0.107.196" port: 37567 } attrs { promote: false } }
I20260630 12:12:36.108661  3546 raft_consensus.cc:1275] T 0d96a32768874f3fb59e238a0707a089 P b8a3df2aa61a40c2adcd675230c7b742 [term 1 FOLLOWER]: Refusing update from remote peer b372886ee96f48c8be3376fbe9a45ad0: Log matching property violated. Preceding OpId in replica: term: 1 index: 2. Preceding OpId from leader: term: 1 index: 3. (index mismatch)
I20260630 12:12:36.108700  3689 raft_consensus.cc:1275] T 0d96a32768874f3fb59e238a0707a089 P ba060183eb084b54a736fed392b3dbfb [term 1 LEARNER]: Refusing update from remote peer b372886ee96f48c8be3376fbe9a45ad0: Log matching property violated. Preceding OpId in replica: term: 1 index: 2. Preceding OpId from leader: term: 1 index: 3. (index mismatch)
I20260630 12:12:36.108939  3396 raft_consensus.cc:1275] T 0d96a32768874f3fb59e238a0707a089 P 1978b81f0e6b45b3a035c534616c6d94 [term 1 FOLLOWER]: Refusing update from remote peer b372886ee96f48c8be3376fbe9a45ad0: Log matching property violated. Preceding OpId in replica: term: 1 index: 2. Preceding OpId from leader: term: 1 index: 3. (index mismatch)
I20260630 12:12:36.110091  3848 consensus_queue.cc:1048] T 0d96a32768874f3fb59e238a0707a089 P b372886ee96f48c8be3376fbe9a45ad0 [LEADER]: Connected to new peer: Peer: permanent_uuid: "1978b81f0e6b45b3a035c534616c6d94" member_type: VOTER last_known_addr { host: "127.0.107.193" port: 45089 } attrs { replace: true }, Status: LMP_MISMATCH, Last received: 0.0, Next index: 3, Last known committed idx: 2, Time since last communication: 0.000s
I20260630 12:12:36.111299  3779 consensus_queue.cc:1048] T 0d96a32768874f3fb59e238a0707a089 P b372886ee96f48c8be3376fbe9a45ad0 [LEADER]: Connected to new peer: Peer: permanent_uuid: "ba060183eb084b54a736fed392b3dbfb" member_type: VOTER last_known_addr { host: "127.0.107.196" port: 37567 } attrs { promote: false }, Status: LMP_MISMATCH, Last received: 0.0, Next index: 3, Last known committed idx: 2, Time since last communication: 0.000s
I20260630 12:12:36.112157  3847 consensus_queue.cc:1048] T 0d96a32768874f3fb59e238a0707a089 P b372886ee96f48c8be3376fbe9a45ad0 [LEADER]: Connected to new peer: Peer: permanent_uuid: "b8a3df2aa61a40c2adcd675230c7b742" member_type: VOTER last_known_addr { host: "127.0.107.195" port: 41465 }, Status: LMP_MISMATCH, Last received: 0.0, Next index: 3, Last known committed idx: 2, Time since last communication: 0.000s
I20260630 12:12:36.131669  3779 raft_consensus.cc:2955] T 0d96a32768874f3fb59e238a0707a089 P b372886ee96f48c8be3376fbe9a45ad0 [term 1 LEADER]: Committing config change with OpId 1.3: config changed from index 2 to 3, ba060183eb084b54a736fed392b3dbfb (127.0.107.196) changed from NON_VOTER to VOTER. New config: { opid_index: 3 OBSOLETE_local: false peers { permanent_uuid: "1978b81f0e6b45b3a035c534616c6d94" member_type: VOTER last_known_addr { host: "127.0.107.193" port: 45089 } attrs { replace: true } } peers { permanent_uuid: "b372886ee96f48c8be3376fbe9a45ad0" member_type: VOTER last_known_addr { host: "127.0.107.194" port: 40477 } } peers { permanent_uuid: "b8a3df2aa61a40c2adcd675230c7b742" member_type: VOTER last_known_addr { host: "127.0.107.195" port: 41465 } } peers { permanent_uuid: "ba060183eb084b54a736fed392b3dbfb" member_type: VOTER last_known_addr { host: "127.0.107.196" port: 37567 } attrs { promote: false } } }
I20260630 12:12:36.137192  3396 raft_consensus.cc:2955] T 0d96a32768874f3fb59e238a0707a089 P 1978b81f0e6b45b3a035c534616c6d94 [term 1 FOLLOWER]: Committing config change with OpId 1.3: config changed from index 2 to 3, ba060183eb084b54a736fed392b3dbfb (127.0.107.196) changed from NON_VOTER to VOTER. New config: { opid_index: 3 OBSOLETE_local: false peers { permanent_uuid: "1978b81f0e6b45b3a035c534616c6d94" member_type: VOTER last_known_addr { host: "127.0.107.193" port: 45089 } attrs { replace: true } } peers { permanent_uuid: "b372886ee96f48c8be3376fbe9a45ad0" member_type: VOTER last_known_addr { host: "127.0.107.194" port: 40477 } } peers { permanent_uuid: "b8a3df2aa61a40c2adcd675230c7b742" member_type: VOTER last_known_addr { host: "127.0.107.195" port: 41465 } } peers { permanent_uuid: "ba060183eb084b54a736fed392b3dbfb" member_type: VOTER last_known_addr { host: "127.0.107.196" port: 37567 } attrs { promote: false } } }
