I20260630 12:32:23.413491 28756 tablet_bootstrap.cc:492] T 07d166f8516e4e52a0ceeff85303ad98 P 2034b12bc7644730b83512183bea3fce: Bootstrap starting.
I20260630 12:32:23.417748 28756 tablet_bootstrap.cc:654] T 07d166f8516e4e52a0ceeff85303ad98 P 2034b12bc7644730b83512183bea3fce: Neither blocks nor log segments found. Creating new log.
I20260630 12:32:23.421528 28756 tablet_bootstrap.cc:492] T 07d166f8516e4e52a0ceeff85303ad98 P 2034b12bc7644730b83512183bea3fce: No bootstrap required, opened a new log
I20260630 12:32:23.421872 28756 ts_tablet_manager.cc:1403] T 07d166f8516e4e52a0ceeff85303ad98 P 2034b12bc7644730b83512183bea3fce: Time spent bootstrapping tablet: real 0.009s	user 0.006s	sys 0.001s
I20260630 12:32:23.424064 28756 raft_consensus.cc:359] T 07d166f8516e4e52a0ceeff85303ad98 P 2034b12bc7644730b83512183bea3fce [term 0 FOLLOWER]: Replica starting. Triggering 0 pending ops. Active config: opid_index: -1 OBSOLETE_local: false peers { permanent_uuid: "2034b12bc7644730b83512183bea3fce" member_type: VOTER last_known_addr { host: "127.23.128.1" port: 34571 } } peers { permanent_uuid: "d7812117b0bd49a9b8bd8b1be1121ee7" member_type: VOTER last_known_addr { host: "127.23.128.2" port: 41227 } } peers { permanent_uuid: "b58a0f6c517c444389c5d92b21cfbd44" member_type: VOTER last_known_addr { host: "127.23.128.3" port: 46283 } }
I20260630 12:32:23.424717 28756 raft_consensus.cc:385] T 07d166f8516e4e52a0ceeff85303ad98 P 2034b12bc7644730b83512183bea3fce [term 0 FOLLOWER]: Consensus starting up: Expiring failure detector timer to make a prompt election more likely
I20260630 12:32:23.424978 28756 raft_consensus.cc:740] T 07d166f8516e4e52a0ceeff85303ad98 P 2034b12bc7644730b83512183bea3fce [term 0 FOLLOWER]: Becoming Follower/Learner. State: Replica: 2034b12bc7644730b83512183bea3fce, State: Initialized, Role: FOLLOWER
I20260630 12:32:23.425634 28756 consensus_queue.cc:260] T 07d166f8516e4e52a0ceeff85303ad98 P 2034b12bc7644730b83512183bea3fce [NON_LEADER]: Queue going to NON_LEADER mode. State: All replicated index: 0, Majority replicated index: 0, Committed index: 0, Last appended: 0.0, Last appended by leader: 0, Current term: 0, Majority size: -1, State: 0, Mode: NON_LEADER, active raft config: opid_index: -1 OBSOLETE_local: false peers { permanent_uuid: "2034b12bc7644730b83512183bea3fce" member_type: VOTER last_known_addr { host: "127.23.128.1" port: 34571 } } peers { permanent_uuid: "d7812117b0bd49a9b8bd8b1be1121ee7" member_type: VOTER last_known_addr { host: "127.23.128.2" port: 41227 } } peers { permanent_uuid: "b58a0f6c517c444389c5d92b21cfbd44" member_type: VOTER last_known_addr { host: "127.23.128.3" port: 46283 } }
I20260630 12:32:23.427526 28756 ts_tablet_manager.cc:1434] T 07d166f8516e4e52a0ceeff85303ad98 P 2034b12bc7644730b83512183bea3fce: Time spent starting tablet: real 0.005s	user 0.001s	sys 0.003s
I20260630 12:32:23.428274 28756 tablet_bootstrap.cc:492] T cc55ddcb8e45419fb62bcb3fe7171e87 P 2034b12bc7644730b83512183bea3fce: Bootstrap starting.
I20260630 12:32:23.431861 28756 tablet_bootstrap.cc:654] T cc55ddcb8e45419fb62bcb3fe7171e87 P 2034b12bc7644730b83512183bea3fce: Neither blocks nor log segments found. Creating new log.
I20260630 12:32:23.431921 28788 raft_consensus.cc:493] T 7f32eb1eed8945f280c5d87bdcfbf83d P b58a0f6c517c444389c5d92b21cfbd44 [term 0 FOLLOWER]: Starting pre-election (no leader contacted us within the election timeout)
I20260630 12:32:23.432402 28788 raft_consensus.cc:515] T 7f32eb1eed8945f280c5d87bdcfbf83d P b58a0f6c517c444389c5d92b21cfbd44 [term 0 FOLLOWER]: Starting pre-election with config: opid_index: -1 OBSOLETE_local: false peers { permanent_uuid: "2034b12bc7644730b83512183bea3fce" member_type: VOTER last_known_addr { host: "127.23.128.1" port: 34571 } } peers { permanent_uuid: "d7812117b0bd49a9b8bd8b1be1121ee7" member_type: VOTER last_known_addr { host: "127.23.128.2" port: 41227 } } peers { permanent_uuid: "b58a0f6c517c444389c5d92b21cfbd44" member_type: VOTER last_known_addr { host: "127.23.128.3" port: 46283 } }
I20260630 12:32:23.434783 28788 leader_election.cc:290] T 7f32eb1eed8945f280c5d87bdcfbf83d P b58a0f6c517c444389c5d92b21cfbd44 [CANDIDATE]: Term 1 pre-election: Requested pre-vote from peers 2034b12bc7644730b83512183bea3fce (127.23.128.1:34571), d7812117b0bd49a9b8bd8b1be1121ee7 (127.23.128.2:41227)
I20260630 12:32:23.435284 28561 tablet_service.cc:1917] Received RequestConsensusVote() RPC: tablet_id: "7f32eb1eed8945f280c5d87bdcfbf83d" candidate_uuid: "b58a0f6c517c444389c5d92b21cfbd44" candidate_term: 1 candidate_status { last_received { term: 0 index: 0 } } ignore_live_leader: false dest_uuid: "2034b12bc7644730b83512183bea3fce" is_pre_election: true
I20260630 12:32:23.435767 28637 tablet_service.cc:1917] Received RequestConsensusVote() RPC: tablet_id: "7f32eb1eed8945f280c5d87bdcfbf83d" candidate_uuid: "b58a0f6c517c444389c5d92b21cfbd44" candidate_term: 1 candidate_status { last_received { term: 0 index: 0 } } ignore_live_leader: false dest_uuid: "d7812117b0bd49a9b8bd8b1be1121ee7" is_pre_election: true
I20260630 12:32:23.436504 28637 raft_consensus.cc:2393] T 7f32eb1eed8945f280c5d87bdcfbf83d P d7812117b0bd49a9b8bd8b1be1121ee7 [term 1 FOLLOWER]: Leader pre-election vote request: Denying vote to candidate b58a0f6c517c444389c5d92b21cfbd44 in current term 1: Already voted for candidate 2034b12bc7644730b83512183bea3fce in this term.
I20260630 12:32:23.437695 28675 leader_election.cc:304] T 7f32eb1eed8945f280c5d87bdcfbf83d P b58a0f6c517c444389c5d92b21cfbd44 [CANDIDATE]: Term 1 pre-election: Election decided. Result: candidate lost. Election summary: received 3 responses out of 3 voters: 1 yes votes; 2 no votes. yes voters: b58a0f6c517c444389c5d92b21cfbd44; no voters: 2034b12bc7644730b83512183bea3fce, d7812117b0bd49a9b8bd8b1be1121ee7
I20260630 12:32:23.438416 28788 raft_consensus.cc:3060] T 7f32eb1eed8945f280c5d87bdcfbf83d P b58a0f6c517c444389c5d92b21cfbd44 [term 0 FOLLOWER]: Advancing to term 1
I20260630 12:32:23.439198 28756 tablet_bootstrap.cc:492] T cc55ddcb8e45419fb62bcb3fe7171e87 P 2034b12bc7644730b83512183bea3fce: No bootstrap required, opened a new log
I20260630 12:32:23.439639 28756 ts_tablet_manager.cc:1403] T cc55ddcb8e45419fb62bcb3fe7171e87 P 2034b12bc7644730b83512183bea3fce: Time spent bootstrapping tablet: real 0.011s	user 0.002s	sys 0.007s
I20260630 12:32:23.442258 28756 raft_consensus.cc:359] T cc55ddcb8e45419fb62bcb3fe7171e87 P 2034b12bc7644730b83512183bea3fce [term 0 FOLLOWER]: Replica starting. Triggering 0 pending ops. Active config: opid_index: -1 OBSOLETE_local: false peers { permanent_uuid: "2034b12bc7644730b83512183bea3fce" member_type: VOTER last_known_addr { host: "127.23.128.1" port: 34571 } } peers { permanent_uuid: "d7812117b0bd49a9b8bd8b1be1121ee7" member_type: VOTER last_known_addr { host: "127.23.128.2" port: 41227 } } peers { permanent_uuid: "b58a0f6c517c444389c5d92b21cfbd44" member_type: VOTER last_known_addr { host: "127.23.128.3" port: 46283 } }
I20260630 12:32:23.442866 28756 raft_consensus.cc:385] T cc55ddcb8e45419fb62bcb3fe7171e87 P 2034b12bc7644730b83512183bea3fce [term 0 FOLLOWER]: Consensus starting up: Expiring failure detector timer to make a prompt election more likely
I20260630 12:32:23.443145 28756 raft_consensus.cc:740] T cc55ddcb8e45419fb62bcb3fe7171e87 P 2034b12bc7644730b83512183bea3fce [term 0 FOLLOWER]: Becoming Follower/Learner. State: Replica: 2034b12bc7644730b83512183bea3fce, State: Initialized, Role: FOLLOWER
I20260630 12:32:23.443804 28756 consensus_queue.cc:260] T cc55ddcb8e45419fb62bcb3fe7171e87 P 2034b12bc7644730b83512183bea3fce [NON_LEADER]: Queue going to NON_LEADER mode. State: All replicated index: 0, Majority replicated index: 0, Committed index: 0, Last appended: 0.0, Last appended by leader: 0, Current term: 0, Majority size: -1, State: 0, Mode: NON_LEADER, active raft config: opid_index: -1 OBSOLETE_local: false peers { permanent_uuid: "2034b12bc7644730b83512183bea3fce" member_type: VOTER last_known_addr { host: "127.23.128.1" port: 34571 } } peers { permanent_uuid: "d7812117b0bd49a9b8bd8b1be1121ee7" member_type: VOTER last_known_addr { host: "127.23.128.2" port: 41227 } } peers { permanent_uuid: "b58a0f6c517c444389c5d92b21cfbd44" member_type: VOTER last_known_addr { host: "127.23.128.3" port: 46283 } }
I20260630 12:32:23.445026 28788 raft_consensus.cc:2749] T 7f32eb1eed8945f280c5d87bdcfbf83d P b58a0f6c517c444389c5d92b21cfbd44 [term 1 FOLLOWER]: Leader pre-election lost for term 1. Reason: could not achieve majority
I20260630 12:32:23.445884 28756 ts_tablet_manager.cc:1434] T cc55ddcb8e45419fb62bcb3fe7171e87 P 2034b12bc7644730b83512183bea3fce: Time spent starting tablet: real 0.006s	user 0.008s	sys 0.000s
I20260630 12:32:23.449180 28788 raft_consensus.cc:493] T 1225c7a9425f44f8a31e058bbffb7ad0 P b58a0f6c517c444389c5d92b21cfbd44 [term 0 FOLLOWER]: Starting pre-election (no leader contacted us within the election timeout)
I20260630 12:32:23.449712 28788 raft_consensus.cc:515] T 1225c7a9425f44f8a31e058bbffb7ad0 P b58a0f6c517c444389c5d92b21cfbd44 [term 0 FOLLOWER]: Starting pre-election with config: opid_index: -1 OBSOLETE_local: false peers { permanent_uuid: "2034b12bc7644730b83512183bea3fce" member_type: VOTER last_known_addr { host: "127.23.128.1" port: 34571 } } peers { permanent_uuid: "b58a0f6c517c444389c5d92b21cfbd44" member_type: VOTER last_known_addr { host: "127.23.128.3" port: 46283 } } peers { permanent_uuid: "d7812117b0bd49a9b8bd8b1be1121ee7" member_type: VOTER last_known_addr { host: "127.23.128.2" port: 41227 } }
I20260630 12:32:23.451519 28788 leader_election.cc:290] T 1225c7a9425f44f8a31e058bbffb7ad0 P b58a0f6c517c444389c5d92b21cfbd44 [CANDIDATE]: Term 1 pre-election: Requested pre-vote from peers 2034b12bc7644730b83512183bea3fce (127.23.128.1:34571), d7812117b0bd49a9b8bd8b1be1121ee7 (127.23.128.2:41227)
I20260630 12:32:23.452245 28561 tablet_service.cc:1917] Received RequestConsensusVote() RPC: tablet_id: "1225c7a9425f44f8a31e058bbffb7ad0" candidate_uuid: "b58a0f6c517c444389c5d92b21cfbd44" candidate_term: 1 candidate_status { last_received { term: 0 index: 0 } } ignore_live_leader: false dest_uuid: "2034b12bc7644730b83512183bea3fce" is_pre_election: true
I20260630 12:32:23.452654 28637 tablet_service.cc:1917] Received RequestConsensusVote() RPC: tablet_id: "1225c7a9425f44f8a31e058bbffb7ad0" candidate_uuid: "b58a0f6c517c444389c5d92b21cfbd44" candidate_term: 1 candidate_status { last_received { term: 0 index: 0 } } ignore_live_leader: false dest_uuid: "d7812117b0bd49a9b8bd8b1be1121ee7" is_pre_election: true
I20260630 12:32:23.453444 28637 raft_consensus.cc:2393] T 1225c7a9425f44f8a31e058bbffb7ad0 P d7812117b0bd49a9b8bd8b1be1121ee7 [term 1 FOLLOWER]: Leader pre-election vote request: Denying vote to candidate b58a0f6c517c444389c5d92b21cfbd44 in current term 1: Already voted for candidate 2034b12bc7644730b83512183bea3fce in this term.
I20260630 12:32:23.454419 28675 leader_election.cc:304] T 1225c7a9425f44f8a31e058bbffb7ad0 P b58a0f6c517c444389c5d92b21cfbd44 [CANDIDATE]: Term 1 pre-election: Election decided. Result: candidate lost. Election summary: received 3 responses out of 3 voters: 1 yes votes; 2 no votes. yes voters: b58a0f6c517c444389c5d92b21cfbd44; no voters: 2034b12bc7644730b83512183bea3fce, d7812117b0bd49a9b8bd8b1be1121ee7
I20260630 12:32:23.455070 28788 raft_consensus.cc:3060] T 1225c7a9425f44f8a31e058bbffb7ad0 P b58a0f6c517c444389c5d92b21cfbd44 [term 0 FOLLOWER]: Advancing to term 1
I20260630 12:32:23.460511 28788 raft_consensus.cc:2749] T 1225c7a9425f44f8a31e058bbffb7ad0 P b58a0f6c517c444389c5d92b21cfbd44 [term 1 FOLLOWER]: Leader pre-election lost for term 1. Reason: could not achieve majority
I20260630 12:32:23.470809 28765 consensus_queue.cc:1048] T 1225c7a9425f44f8a31e058bbffb7ad0 P 2034b12bc7644730b83512183bea3fce [LEADER]: Connected to new peer: Peer: permanent_uuid: "d7812117b0bd49a9b8bd8b1be1121ee7" member_type: VOTER last_known_addr { host: "127.23.128.2" port: 41227 }, Status: LMP_MISMATCH, Last received: 0.0, Next index: 1, Last known committed idx: 0, Time since last communication: 0.000s
I20260630 12:32:23.472973 28765 raft_consensus.cc:493] T cc55ddcb8e45419fb62bcb3fe7171e87 P 2034b12bc7644730b83512183bea3fce [term 0 FOLLOWER]: Starting pre-election (no leader contacted us within the election timeout)
I20260630 12:32:23.473405 28765 raft_consensus.cc:515] T cc55ddcb8e45419fb62bcb3fe7171e87 P 2034b12bc7644730b83512183bea3fce [term 0 FOLLOWER]: Starting pre-election with config: opid_index: -1 OBSOLETE_local: false peers { permanent_uuid: "2034b12bc7644730b83512183bea3fce" member_type: VOTER last_known_addr { host: "127.23.128.1" port: 34571 } } peers { permanent_uuid: "d7812117b0bd49a9b8bd8b1be1121ee7" member_type: VOTER last_known_addr { host: "127.23.128.2" port: 41227 } } peers { permanent_uuid: "b58a0f6c517c444389c5d92b21cfbd44" member_type: VOTER last_known_addr { host: "127.23.128.3" port: 46283 } }
I20260630 12:32:23.475857 28765 leader_election.cc:290] T cc55ddcb8e45419fb62bcb3fe7171e87 P 2034b12bc7644730b83512183bea3fce [CANDIDATE]: Term 1 pre-election: Requested pre-vote from peers d7812117b0bd49a9b8bd8b1be1121ee7 (127.23.128.2:41227), b58a0f6c517c444389c5d92b21cfbd44 (127.23.128.3:46283)
I20260630 12:32:23.476229 28636 tablet_service.cc:1917] Received RequestConsensusVote() RPC: tablet_id: "cc55ddcb8e45419fb62bcb3fe7171e87" candidate_uuid: "2034b12bc7644730b83512183bea3fce" candidate_term: 1 candidate_status { last_received { term: 0 index: 0 } } ignore_live_leader: false dest_uuid: "d7812117b0bd49a9b8bd8b1be1121ee7" is_pre_election: true
I20260630 12:32:23.476878 28636 raft_consensus.cc:2468] T cc55ddcb8e45419fb62bcb3fe7171e87 P d7812117b0bd49a9b8bd8b1be1121ee7 [term 0 FOLLOWER]: Leader pre-election vote request: Granting yes vote for candidate 2034b12bc7644730b83512183bea3fce in term 0.
I20260630 12:32:23.477186 28711 tablet_service.cc:1917] Received RequestConsensusVote() RPC: tablet_id: "cc55ddcb8e45419fb62bcb3fe7171e87" candidate_uuid: "2034b12bc7644730b83512183bea3fce" candidate_term: 1 candidate_status { last_received { term: 0 index: 0 } } ignore_live_leader: false dest_uuid: "b58a0f6c517c444389c5d92b21cfbd44" is_pre_election: true
I20260630 12:32:23.477800 28711 raft_consensus.cc:2468] T cc55ddcb8e45419fb62bcb3fe7171e87 P b58a0f6c517c444389c5d92b21cfbd44 [term 0 FOLLOWER]: Leader pre-election vote request: Granting yes vote for candidate 2034b12bc7644730b83512183bea3fce in term 0.
I20260630 12:32:23.478132 28526 leader_election.cc:304] T cc55ddcb8e45419fb62bcb3fe7171e87 P 2034b12bc7644730b83512183bea3fce [CANDIDATE]: Term 1 pre-election: Election decided. Result: candidate won. Election summary: received 2 responses out of 3 voters: 2 yes votes; 0 no votes. yes voters: 2034b12bc7644730b83512183bea3fce, d7812117b0bd49a9b8bd8b1be1121ee7; no voters: 
I20260630 12:32:23.479177 28779 raft_consensus.cc:2804] T cc55ddcb8e45419fb62bcb3fe7171e87 P 2034b12bc7644730b83512183bea3fce [term 0 FOLLOWER]: Leader pre-election won for term 1
I20260630 12:32:23.479557 28779 raft_consensus.cc:493] T cc55ddcb8e45419fb62bcb3fe7171e87 P 2034b12bc7644730b83512183bea3fce [term 0 FOLLOWER]: Starting leader election (no leader contacted us within the election timeout)
I20260630 12:32:23.479861 28780 raft_consensus.cc:493] T 07d166f8516e4e52a0ceeff85303ad98 P 2034b12bc7644730b83512183bea3fce [term 0 FOLLOWER]: Starting pre-election (no leader contacted us within the election timeout)
I20260630 12:32:23.480010 28779 raft_consensus.cc:3060] T cc55ddcb8e45419fb62bcb3fe7171e87 P 2034b12bc7644730b83512183bea3fce [term 0 FOLLOWER]: Advancing to term 1
I20260630 12:32:23.480363 28780 raft_consensus.cc:515] T 07d166f8516e4e52a0ceeff85303ad98 P 2034b12bc7644730b83512183bea3fce [term 0 FOLLOWER]: Starting pre-election with config: opid_index: -1 OBSOLETE_local: false peers { permanent_uuid: "2034b12bc7644730b83512183bea3fce" member_type: VOTER last_known_addr { host: "127.23.128.1" port: 34571 } } peers { permanent_uuid: "d7812117b0bd49a9b8bd8b1be1121ee7" member_type: VOTER last_known_addr { host: "127.23.128.2" port: 41227 } } peers { permanent_uuid: "b58a0f6c517c444389c5d92b21cfbd44" member_type: VOTER last_known_addr { host: "127.23.128.3" port: 46283 } }
I20260630 12:32:23.482368 28780 leader_election.cc:290] T 07d166f8516e4e52a0ceeff85303ad98 P 2034b12bc7644730b83512183bea3fce [CANDIDATE]: Term 1 pre-election: Requested pre-vote from peers d7812117b0bd49a9b8bd8b1be1121ee7 (127.23.128.2:41227), b58a0f6c517c444389c5d92b21cfbd44 (127.23.128.3:46283)
I20260630 12:32:23.486807 28710 tablet_service.cc:1917] Received RequestConsensusVote() RPC: tablet_id: "07d166f8516e4e52a0ceeff85303ad98" candidate_uuid: "2034b12bc7644730b83512183bea3fce" candidate_term: 1 candidate_status { last_received { term: 0 index: 0 } } ignore_live_leader: false dest_uuid: "b58a0f6c517c444389c5d92b21cfbd44" is_pre_election: true
I20260630 12:32:23.487439 28710 raft_consensus.cc:2468] T 07d166f8516e4e52a0ceeff85303ad98 P b58a0f6c517c444389c5d92b21cfbd44 [term 0 FOLLOWER]: Leader pre-election vote request: Granting yes vote for candidate 2034b12bc7644730b83512183bea3fce in term 0.
I20260630 12:32:23.489145 28765 consensus_queue.cc:1048] T 1225c7a9425f44f8a31e058bbffb7ad0 P 2034b12bc7644730b83512183bea3fce [LEADER]: Connected to new peer: Peer: permanent_uuid: "b58a0f6c517c444389c5d92b21cfbd44" member_type: VOTER last_known_addr { host: "127.23.128.3" port: 46283 }, Status: LMP_MISMATCH, Last received: 0.0, Next index: 1, Last known committed idx: 0, Time since last communication: 0.000s
I20260630 12:32:23.490164 28525 leader_election.cc:304] T 07d166f8516e4e52a0ceeff85303ad98 P 2034b12bc7644730b83512183bea3fce [CANDIDATE]: Term 1 pre-election: Election decided. Result: candidate won. Election summary: received 2 responses out of 3 voters: 2 yes votes; 0 no votes. yes voters: 2034b12bc7644730b83512183bea3fce, b58a0f6c517c444389c5d92b21cfbd44; no voters: 
I20260630 12:32:23.490346 28637 tablet_service.cc:1917] Received RequestConsensusVote() RPC: tablet_id: "07d166f8516e4e52a0ceeff85303ad98" candidate_uuid: "2034b12bc7644730b83512183bea3fce" candidate_term: 1 candidate_status { last_received { term: 0 index: 0 } } ignore_live_leader: false dest_uuid: "d7812117b0bd49a9b8bd8b1be1121ee7" is_pre_election: true
I20260630 12:32:23.492060 28637 raft_consensus.cc:2468] T 07d166f8516e4e52a0ceeff85303ad98 P d7812117b0bd49a9b8bd8b1be1121ee7 [term 0 FOLLOWER]: Leader pre-election vote request: Granting yes vote for candidate 2034b12bc7644730b83512183bea3fce in term 0.
I20260630 12:32:23.492273 28824 raft_consensus.cc:2804] T 07d166f8516e4e52a0ceeff85303ad98 P 2034b12bc7644730b83512183bea3fce [term 0 FOLLOWER]: Leader pre-election won for term 1
I20260630 12:32:23.492731 28824 raft_consensus.cc:493] T 07d166f8516e4e52a0ceeff85303ad98 P 2034b12bc7644730b83512183bea3fce [term 0 FOLLOWER]: Starting leader election (no leader contacted us within the election timeout)
I20260630 12:32:23.493086 28824 raft_consensus.cc:3060] T 07d166f8516e4e52a0ceeff85303ad98 P 2034b12bc7644730b83512183bea3fce [term 0 FOLLOWER]: Advancing to term 1
I20260630 12:32:23.491487 28779 raft_consensus.cc:515] T cc55ddcb8e45419fb62bcb3fe7171e87 P 2034b12bc7644730b83512183bea3fce [term 1 FOLLOWER]: Starting leader election with config: opid_index: -1 OBSOLETE_local: false peers { permanent_uuid: "2034b12bc7644730b83512183bea3fce" member_type: VOTER last_known_addr { host: "127.23.128.1" port: 34571 } } peers { permanent_uuid: "d7812117b0bd49a9b8bd8b1be1121ee7" member_type: VOTER last_known_addr { host: "127.23.128.2" port: 41227 } } peers { permanent_uuid: "b58a0f6c517c444389c5d92b21cfbd44" member_type: VOTER last_known_addr { host: "127.23.128.3" port: 46283 } }
I20260630 12:32:23.496088 28709 tablet_service.cc:1917] Received RequestConsensusVote() RPC: tablet_id: "cc55ddcb8e45419fb62bcb3fe7171e87" candidate_uuid: "2034b12bc7644730b83512183bea3fce" candidate_term: 1 candidate_status { last_received { term: 0 index: 0 } } ignore_live_leader: false dest_uuid: "b58a0f6c517c444389c5d92b21cfbd44"
I20260630 12:32:23.496723 28779 leader_election.cc:290] T cc55ddcb8e45419fb62bcb3fe7171e87 P 2034b12bc7644730b83512183bea3fce [CANDIDATE]: Term 1 election: Requested vote from peers d7812117b0bd49a9b8bd8b1be1121ee7 (127.23.128.2:41227), b58a0f6c517c444389c5d92b21cfbd44 (127.23.128.3:46283)
I20260630 12:32:23.497872 28637 tablet_service.cc:1917] Received RequestConsensusVote() RPC: tablet_id: "cc55ddcb8e45419fb62bcb3fe7171e87" candidate_uuid: "2034b12bc7644730b83512183bea3fce" candidate_term: 1 candidate_status { last_received { term: 0 index: 0 } } ignore_live_leader: false dest_uuid: "d7812117b0bd49a9b8bd8b1be1121ee7"
I20260630 12:32:23.498441 28637 raft_consensus.cc:3060] T cc55ddcb8e45419fb62bcb3fe7171e87 P d7812117b0bd49a9b8bd8b1be1121ee7 [term 0 FOLLOWER]: Advancing to term 1
I20260630 12:32:23.498886 28709 raft_consensus.cc:3060] T cc55ddcb8e45419fb62bcb3fe7171e87 P b58a0f6c517c444389c5d92b21cfbd44 [term 0 FOLLOWER]: Advancing to term 1
I20260630 12:32:23.498767 28779 consensus_queue.cc:1048] T 7f32eb1eed8945f280c5d87bdcfbf83d P 2034b12bc7644730b83512183bea3fce [LEADER]: Connected to new peer: Peer: permanent_uuid: "b58a0f6c517c444389c5d92b21cfbd44" member_type: VOTER last_known_addr { host: "127.23.128.3" port: 46283 }, Status: LMP_MISMATCH, Last received: 0.0, Next index: 1, Last known committed idx: 0, Time since last communication: 0.000s
I20260630 12:32:23.507984 28637 raft_consensus.cc:2468] T cc55ddcb8e45419fb62bcb3fe7171e87 P d7812117b0bd49a9b8bd8b1be1121ee7 [term 1 FOLLOWER]: Leader election vote request: Granting yes vote for candidate 2034b12bc7644730b83512183bea3fce in term 1.
I20260630 12:32:23.507452 28824 raft_consensus.cc:515] T 07d166f8516e4e52a0ceeff85303ad98 P 2034b12bc7644730b83512183bea3fce [term 1 FOLLOWER]: Starting leader election with config: opid_index: -1 OBSOLETE_local: false peers { permanent_uuid: "2034b12bc7644730b83512183bea3fce" member_type: VOTER last_known_addr { host: "127.23.128.1" port: 34571 } } peers { permanent_uuid: "d7812117b0bd49a9b8bd8b1be1121ee7" member_type: VOTER last_known_addr { host: "127.23.128.2" port: 41227 } } peers { permanent_uuid: "b58a0f6c517c444389c5d92b21cfbd44" member_type: VOTER last_known_addr { host: "127.23.128.3" port: 46283 } }
I20260630 12:32:23.509763 28526 leader_election.cc:304] T cc55ddcb8e45419fb62bcb3fe7171e87 P 2034b12bc7644730b83512183bea3fce [CANDIDATE]: Term 1 election: Election decided. Result: candidate won. Election summary: received 2 responses out of 3 voters: 2 yes votes; 0 no votes. yes voters: 2034b12bc7644730b83512183bea3fce, d7812117b0bd49a9b8bd8b1be1121ee7; no voters: 
I20260630 12:32:23.510624 28779 raft_consensus.cc:2804] T cc55ddcb8e45419fb62bcb3fe7171e87 P 2034b12bc7644730b83512183bea3fce [term 1 FOLLOWER]: Leader election won for term 1
I20260630 12:32:23.510707 28824 leader_election.cc:290] T 07d166f8516e4e52a0ceeff85303ad98 P 2034b12bc7644730b83512183bea3fce [CANDIDATE]: Term 1 election: Requested vote from peers d7812117b0bd49a9b8bd8b1be1121ee7 (127.23.128.2:41227), b58a0f6c517c444389c5d92b21cfbd44 (127.23.128.3:46283)
I20260630 12:32:23.511924 28708 tablet_service.cc:1917] Received RequestConsensusVote() RPC: tablet_id: "07d166f8516e4e52a0ceeff85303ad98" candidate_uuid: "2034b12bc7644730b83512183bea3fce" candidate_term: 1 candidate_status { last_received { term: 0 index: 0 } } ignore_live_leader: false dest_uuid: "b58a0f6c517c444389c5d92b21cfbd44"
I20260630 12:32:23.510648 28709 raft_consensus.cc:2468] T cc55ddcb8e45419fb62bcb3fe7171e87 P b58a0f6c517c444389c5d92b21cfbd44 [term 1 FOLLOWER]: Leader election vote request: Granting yes vote for candidate 2034b12bc7644730b83512183bea3fce in term 1.
I20260630 12:32:23.511965 28779 raft_consensus.cc:697] T cc55ddcb8e45419fb62bcb3fe7171e87 P 2034b12bc7644730b83512183bea3fce [term 1 LEADER]: Becoming Leader. State: Replica: 2034b12bc7644730b83512183bea3fce, State: Running, Role: LEADER
I20260630 12:32:23.512640 28708 raft_consensus.cc:3060] T 07d166f8516e4e52a0ceeff85303ad98 P b58a0f6c517c444389c5d92b21cfbd44 [term 0 FOLLOWER]: Advancing to term 1
I20260630 12:32:23.513907 28779 consensus_queue.cc:237] T cc55ddcb8e45419fb62bcb3fe7171e87 P 2034b12bc7644730b83512183bea3fce [LEADER]: Queue going to LEADER mode. State: All replicated index: 0, Majority replicated index: 0, Committed index: 0, Last appended: 0.0, Last appended by leader: 0, Current term: 1, Majority size: 2, State: 0, Mode: LEADER, active raft config: opid_index: -1 OBSOLETE_local: false peers { permanent_uuid: "2034b12bc7644730b83512183bea3fce" member_type: VOTER last_known_addr { host: "127.23.128.1" port: 34571 } } peers { permanent_uuid: "d7812117b0bd49a9b8bd8b1be1121ee7" member_type: VOTER last_known_addr { host: "127.23.128.2" port: 41227 } } peers { permanent_uuid: "b58a0f6c517c444389c5d92b21cfbd44" member_type: VOTER last_known_addr { host: "127.23.128.3" port: 46283 } }
I20260630 12:32:23.522646 28708 raft_consensus.cc:2468] T 07d166f8516e4e52a0ceeff85303ad98 P b58a0f6c517c444389c5d92b21cfbd44 [term 1 FOLLOWER]: Leader election vote request: Granting yes vote for candidate 2034b12bc7644730b83512183bea3fce in term 1.
I20260630 12:32:23.524384 28637 tablet_service.cc:1917] Received RequestConsensusVote() RPC: tablet_id: "07d166f8516e4e52a0ceeff85303ad98" candidate_uuid: "2034b12bc7644730b83512183bea3fce" candidate_term: 1 candidate_status { last_received { term: 0 index: 0 } } ignore_live_leader: false dest_uuid: "d7812117b0bd49a9b8bd8b1be1121ee7"
I20260630 12:32:23.524997 28637 raft_consensus.cc:3060] T 07d166f8516e4e52a0ceeff85303ad98 P d7812117b0bd49a9b8bd8b1be1121ee7 [term 0 FOLLOWER]: Advancing to term 1
I20260630 12:32:23.526046 28525 leader_election.cc:304] T 07d166f8516e4e52a0ceeff85303ad98 P 2034b12bc7644730b83512183bea3fce [CANDIDATE]: Term 1 election: Election decided. Result: candidate won. Election summary: received 2 responses out of 3 voters: 2 yes votes; 0 no votes. yes voters: 2034b12bc7644730b83512183bea3fce, b58a0f6c517c444389c5d92b21cfbd44; no voters: 
I20260630 12:32:23.527321 28765 raft_consensus.cc:2804] T 07d166f8516e4e52a0ceeff85303ad98 P 2034b12bc7644730b83512183bea3fce [term 1 FOLLOWER]: Leader election won for term 1
I20260630 12:32:23.527933 28765 raft_consensus.cc:697] T 07d166f8516e4e52a0ceeff85303ad98 P 2034b12bc7644730b83512183bea3fce [term 1 LEADER]: Becoming Leader. State: Replica: 2034b12bc7644730b83512183bea3fce, State: Running, Role: LEADER
I20260630 12:32:23.528992 28765 consensus_queue.cc:237] T 07d166f8516e4e52a0ceeff85303ad98 P 2034b12bc7644730b83512183bea3fce [LEADER]: Queue going to LEADER mode. State: All replicated index: 0, Majority replicated index: 0, Committed index: 0, Last appended: 0.0, Last appended by leader: 0, Current term: 1, Majority size: 2, State: 0, Mode: LEADER, active raft config: opid_index: -1 OBSOLETE_local: false peers { permanent_uuid: "2034b12bc7644730b83512183bea3fce" member_type: VOTER last_known_addr { host: "127.23.128.1" port: 34571 } } peers { permanent_uuid: "d7812117b0bd49a9b8bd8b1be1121ee7" member_type: VOTER last_known_addr { host: "127.23.128.2" port: 41227 } } peers { permanent_uuid: "b58a0f6c517c444389c5d92b21cfbd44" member_type: VOTER last_known_addr { host: "127.23.128.3" port: 46283 } }
I20260630 12:32:23.535971 28788 consensus_queue.cc:1048] T 2356108433fb4a51846517c0e38ea35d P b58a0f6c517c444389c5d92b21cfbd44 [LEADER]: Connected to new peer: Peer: permanent_uuid: "d7812117b0bd49a9b8bd8b1be1121ee7" member_type: VOTER last_known_addr { host: "127.23.128.2" port: 41227 }, Status: LMP_MISMATCH, Last received: 0.0, Next index: 1, Last known committed idx: 0, Time since last communication: 0.000s
I20260630 12:32:23.541355 28637 raft_consensus.cc:2468] T 07d166f8516e4e52a0ceeff85303ad98 P d7812117b0bd49a9b8bd8b1be1121ee7 [term 1 FOLLOWER]: Leader election vote request: Granting yes vote for candidate 2034b12bc7644730b83512183bea3fce in term 1.
I20260630 12:32:23.542522 28824 raft_consensus.cc:493] T 40c8c66a8e8a4b09be80a6dc8868c880 P 2034b12bc7644730b83512183bea3fce [term 0 FOLLOWER]: Starting pre-election (no leader contacted us within the election timeout)
I20260630 12:32:23.543041 28824 raft_consensus.cc:515] T 40c8c66a8e8a4b09be80a6dc8868c880 P 2034b12bc7644730b83512183bea3fce [term 0 FOLLOWER]: Starting pre-election with config: opid_index: -1 OBSOLETE_local: false peers { permanent_uuid: "2034b12bc7644730b83512183bea3fce" member_type: VOTER last_known_addr { host: "127.23.128.1" port: 34571 } } peers { permanent_uuid: "d7812117b0bd49a9b8bd8b1be1121ee7" member_type: VOTER last_known_addr { host: "127.23.128.2" port: 41227 } } peers { permanent_uuid: "b58a0f6c517c444389c5d92b21cfbd44" member_type: VOTER last_known_addr { host: "127.23.128.3" port: 46283 } }
I20260630 12:32:23.545195 28824 leader_election.cc:290] T 40c8c66a8e8a4b09be80a6dc8868c880 P 2034b12bc7644730b83512183bea3fce [CANDIDATE]: Term 1 pre-election: Requested pre-vote from peers d7812117b0bd49a9b8bd8b1be1121ee7 (127.23.128.2:41227), b58a0f6c517c444389c5d92b21cfbd44 (127.23.128.3:46283)
I20260630 12:32:23.548089 28637 tablet_service.cc:1917] Received RequestConsensusVote() RPC: tablet_id: "40c8c66a8e8a4b09be80a6dc8868c880" candidate_uuid: "2034b12bc7644730b83512183bea3fce" candidate_term: 1 candidate_status { last_received { term: 0 index: 0 } } ignore_live_leader: false dest_uuid: "d7812117b0bd49a9b8bd8b1be1121ee7" is_pre_election: true
I20260630 12:32:23.548985 28637 raft_consensus.cc:2393] T 40c8c66a8e8a4b09be80a6dc8868c880 P d7812117b0bd49a9b8bd8b1be1121ee7 [term 1 FOLLOWER]: Leader pre-election vote request: Denying vote to candidate 2034b12bc7644730b83512183bea3fce in current term 1: Already voted for candidate b58a0f6c517c444389c5d92b21cfbd44 in this term.
I20260630 12:32:23.550618 28710 tablet_service.cc:1917] Received RequestConsensusVote() RPC: tablet_id: "40c8c66a8e8a4b09be80a6dc8868c880" candidate_uuid: "2034b12bc7644730b83512183bea3fce" candidate_term: 1 candidate_status { last_received { term: 0 index: 0 } } ignore_live_leader: false dest_uuid: "b58a0f6c517c444389c5d92b21cfbd44" is_pre_election: true
I20260630 12:32:23.552027 28525 leader_election.cc:304] T 40c8c66a8e8a4b09be80a6dc8868c880 P 2034b12bc7644730b83512183bea3fce [CANDIDATE]: Term 1 pre-election: Election decided. Result: candidate lost. Election summary: received 3 responses out of 3 voters: 1 yes votes; 2 no votes. yes voters: 2034b12bc7644730b83512183bea3fce; no voters: b58a0f6c517c444389c5d92b21cfbd44, d7812117b0bd49a9b8bd8b1be1121ee7
I20260630 12:32:23.553980 28779 raft_consensus.cc:3060] T 40c8c66a8e8a4b09be80a6dc8868c880 P 2034b12bc7644730b83512183bea3fce [term 0 FOLLOWER]: Advancing to term 1
I20260630 12:32:23.556764 28460 catalog_manager.cc:5697] T cc55ddcb8e45419fb62bcb3fe7171e87 P 2034b12bc7644730b83512183bea3fce reported cstate change: term changed from 0 to 1, leader changed from <none> to 2034b12bc7644730b83512183bea3fce (127.23.128.1). New cstate: current_term: 1 leader_uuid: "2034b12bc7644730b83512183bea3fce" committed_config { opid_index: -1 OBSOLETE_local: false peers { permanent_uuid: "2034b12bc7644730b83512183bea3fce" member_type: VOTER last_known_addr { host: "127.23.128.1" port: 34571 } health_report { overall_health: HEALTHY } } peers { permanent_uuid: "d7812117b0bd49a9b8bd8b1be1121ee7" member_type: VOTER last_known_addr { host: "127.23.128.2" port: 41227 } health_report { overall_health: UNKNOWN } } peers { permanent_uuid: "b58a0f6c517c444389c5d92b21cfbd44" member_type: VOTER last_known_addr { host: "127.23.128.3" port: 46283 } health_report { overall_health: UNKNOWN } } }
I20260630 12:32:23.561017 28824 consensus_queue.cc:1048] T 7f32eb1eed8945f280c5d87bdcfbf83d P 2034b12bc7644730b83512183bea3fce [LEADER]: Connected to new peer: Peer: permanent_uuid: "d7812117b0bd49a9b8bd8b1be1121ee7" member_type: VOTER last_known_addr { host: "127.23.128.2" port: 41227 }, Status: LMP_MISMATCH, Last received: 0.0, Next index: 1, Last known committed idx: 0, Time since last communication: 0.000s
I20260630 12:32:23.561636 28779 raft_consensus.cc:2749] T 40c8c66a8e8a4b09be80a6dc8868c880 P 2034b12bc7644730b83512183bea3fce [term 1 FOLLOWER]: Leader pre-election lost for term 1. Reason: could not achieve majority
I20260630 12:32:23.572098 28779 consensus_queue.cc:1048] T 406e6a527c1d453abeb406915d30dfa6 P 2034b12bc7644730b83512183bea3fce [LEADER]: Connected to new peer: Peer: permanent_uuid: "d7812117b0bd49a9b8bd8b1be1121ee7" member_type: VOTER last_known_addr { host: "127.23.128.2" port: 41227 }, Status: LMP_MISMATCH, Last received: 0.0, Next index: 1, Last known committed idx: 0, Time since last communication: 0.001s
I20260630 12:32:23.573700 28561 raft_consensus.cc:3060] T 2356108433fb4a51846517c0e38ea35d P 2034b12bc7644730b83512183bea3fce [term 0 FOLLOWER]: Advancing to term 1
I20260630 12:32:23.586877 28458 catalog_manager.cc:5697] T 07d166f8516e4e52a0ceeff85303ad98 P 2034b12bc7644730b83512183bea3fce reported cstate change: term changed from 0 to 1, leader changed from <none> to 2034b12bc7644730b83512183bea3fce (127.23.128.1). New cstate: current_term: 1 leader_uuid: "2034b12bc7644730b83512183bea3fce" committed_config { opid_index: -1 OBSOLETE_local: false peers { permanent_uuid: "2034b12bc7644730b83512183bea3fce" member_type: VOTER last_known_addr { host: "127.23.128.1" port: 34571 } health_report { overall_health: HEALTHY } } peers { permanent_uuid: "d7812117b0bd49a9b8bd8b1be1121ee7" member_type: VOTER last_known_addr { host: "127.23.128.2" port: 41227 } health_report { overall_health: UNKNOWN } } peers { permanent_uuid: "b58a0f6c517c444389c5d92b21cfbd44" member_type: VOTER last_known_addr { host: "127.23.128.3" port: 46283 } health_report { overall_health: UNKNOWN } } }
I20260630 12:32:23.591625 28779 raft_consensus.cc:493] T a57330ad8b164a499e8451d76ff50d45 P 2034b12bc7644730b83512183bea3fce [term 0 FOLLOWER]: Starting pre-election (no leader contacted us within the election timeout)
I20260630 12:32:23.592120 28779 raft_consensus.cc:515] T a57330ad8b164a499e8451d76ff50d45 P 2034b12bc7644730b83512183bea3fce [term 0 FOLLOWER]: Starting pre-election with config: opid_index: -1 OBSOLETE_local: false peers { permanent_uuid: "2034b12bc7644730b83512183bea3fce" member_type: VOTER last_known_addr { host: "127.23.128.1" port: 34571 } } peers { permanent_uuid: "d7812117b0bd49a9b8bd8b1be1121ee7" member_type: VOTER last_known_addr { host: "127.23.128.2" port: 41227 } } peers { permanent_uuid: "b58a0f6c517c444389c5d92b21cfbd44" member_type: VOTER last_known_addr { host: "127.23.128.3" port: 46283 } }
I20260630 12:32:23.593143 28832 consensus_queue.cc:1048] T 406e6a527c1d453abeb406915d30dfa6 P 2034b12bc7644730b83512183bea3fce [LEADER]: Connected to new peer: Peer: permanent_uuid: "b58a0f6c517c444389c5d92b21cfbd44" member_type: VOTER last_known_addr { host: "127.23.128.3" port: 46283 }, Status: LMP_MISMATCH, Last received: 0.0, Next index: 1, Last known committed idx: 0, Time since last communication: 0.000s
I20260630 12:32:23.594182 28779 leader_election.cc:290] T a57330ad8b164a499e8451d76ff50d45 P 2034b12bc7644730b83512183bea3fce [CANDIDATE]: Term 1 pre-election: Requested pre-vote from peers d7812117b0bd49a9b8bd8b1be1121ee7 (127.23.128.2:41227), b58a0f6c517c444389c5d92b21cfbd44 (127.23.128.3:46283)
I20260630 12:32:23.595739 28637 tablet_service.cc:1917] Received RequestConsensusVote() RPC: tablet_id: "a57330ad8b164a499e8451d76ff50d45" candidate_uuid: "2034b12bc7644730b83512183bea3fce" candidate_term: 1 candidate_status { last_received { term: 0 index: 0 } } ignore_live_leader: false dest_uuid: "d7812117b0bd49a9b8bd8b1be1121ee7" is_pre_election: true
I20260630 12:32:23.595821 28710 tablet_service.cc:1917] Received RequestConsensusVote() RPC: tablet_id: "a57330ad8b164a499e8451d76ff50d45" candidate_uuid: "2034b12bc7644730b83512183bea3fce" candidate_term: 1 candidate_status { last_received { term: 0 index: 0 } } ignore_live_leader: false dest_uuid: "b58a0f6c517c444389c5d92b21cfbd44" is_pre_election: true
I20260630 12:32:23.596649 28710 raft_consensus.cc:2393] T a57330ad8b164a499e8451d76ff50d45 P b58a0f6c517c444389c5d92b21cfbd44 [term 1 FOLLOWER]: Leader pre-election vote request: Denying vote to candidate 2034b12bc7644730b83512183bea3fce in current term 1: Already voted for candidate d7812117b0bd49a9b8bd8b1be1121ee7 in this term.
I20260630 12:32:23.598376 28835 consensus_queue.cc:1048] T 2356108433fb4a51846517c0e38ea35d P b58a0f6c517c444389c5d92b21cfbd44 [LEADER]: Connected to new peer: Peer: permanent_uuid: "2034b12bc7644730b83512183bea3fce" member_type: VOTER last_known_addr { host: "127.23.128.1" port: 34571 }, Status: LMP_MISMATCH, Last received: 0.0, Next index: 1, Last known committed idx: 0, Time since last communication: 0.001s
I20260630 12:32:23.599241 28525 leader_election.cc:304] T a57330ad8b164a499e8451d76ff50d45 P 2034b12bc7644730b83512183bea3fce [CANDIDATE]: Term 1 pre-election: Election decided. Result: candidate lost. Election summary: received 3 responses out of 3 voters: 1 yes votes; 2 no votes. yes voters: 2034b12bc7644730b83512183bea3fce; no voters: b58a0f6c517c444389c5d92b21cfbd44, d7812117b0bd49a9b8bd8b1be1121ee7
I20260630 12:32:23.601600 28832 raft_consensus.cc:3060] T a57330ad8b164a499e8451d76ff50d45 P 2034b12bc7644730b83512183bea3fce [term 0 FOLLOWER]: Advancing to term 1
I20260630 12:32:23.610209 28832 raft_consensus.cc:2749] T a57330ad8b164a499e8451d76ff50d45 P 2034b12bc7644730b83512183bea3fce [term 1 FOLLOWER]: Leader pre-election lost for term 1. Reason: could not achieve majority
I20260630 12:32:23.710930 28835 consensus_queue.cc:1048] T 39527d1986a240e3852d50a028edfb27 P b58a0f6c517c444389c5d92b21cfbd44 [LEADER]: Connected to new peer: Peer: permanent_uuid: "d7812117b0bd49a9b8bd8b1be1121ee7" member_type: VOTER last_known_addr { host: "127.23.128.2" port: 41227 }, Status: LMP_MISMATCH, Last received: 0.0, Next index: 1, Last known committed idx: 0, Time since last communication: 0.000s
I20260630 12:32:23.715610 28759 consensus_queue.cc:1048] T a57330ad8b164a499e8451d76ff50d45 P d7812117b0bd49a9b8bd8b1be1121ee7 [LEADER]: Connected to new peer: Peer: permanent_uuid: "2034b12bc7644730b83512183bea3fce" member_type: VOTER last_known_addr { host: "127.23.128.1" port: 34571 }, Status: LMP_MISMATCH, Last received: 0.0, Next index: 1, Last known committed idx: 0, Time since last communication: 0.000s
I20260630 12:32:23.721026 28562 raft_consensus.cc:3060] T 39527d1986a240e3852d50a028edfb27 P 2034b12bc7644730b83512183bea3fce [term 0 FOLLOWER]: Advancing to term 1
I20260630 12:32:23.730913 28835 consensus_queue.cc:1048] T 39527d1986a240e3852d50a028edfb27 P b58a0f6c517c444389c5d92b21cfbd44 [LEADER]: Connected to new peer: Peer: permanent_uuid: "2034b12bc7644730b83512183bea3fce" member_type: VOTER last_known_addr { host: "127.23.128.1" port: 34571 }, Status: LMP_MISMATCH, Last received: 0.0, Next index: 1, Last known committed idx: 0, Time since last communication: 0.000s
I20260630 12:32:23.735088 28841 consensus_queue.cc:1048] T a57330ad8b164a499e8451d76ff50d45 P d7812117b0bd49a9b8bd8b1be1121ee7 [LEADER]: Connected to new peer: Peer: permanent_uuid: "b58a0f6c517c444389c5d92b21cfbd44" member_type: VOTER last_known_addr { host: "127.23.128.3" port: 46283 }, Status: LMP_MISMATCH, Last received: 0.0, Next index: 1, Last known committed idx: 0, Time since last communication: 0.000s
I20260630 12:32:23.735327 28788 consensus_queue.cc:1048] T 40c8c66a8e8a4b09be80a6dc8868c880 P b58a0f6c517c444389c5d92b21cfbd44 [LEADER]: Connected to new peer: Peer: permanent_uuid: "d7812117b0bd49a9b8bd8b1be1121ee7" member_type: VOTER last_known_addr { host: "127.23.128.2" port: 41227 }, Status: LMP_MISMATCH, Last received: 0.0, Next index: 1, Last known committed idx: 0, Time since last communication: 0.001s
I20260630 12:32:23.744736 28835 consensus_queue.cc:1048] T 40c8c66a8e8a4b09be80a6dc8868c880 P b58a0f6c517c444389c5d92b21cfbd44 [LEADER]: Connected to new peer: Peer: permanent_uuid: "2034b12bc7644730b83512183bea3fce" member_type: VOTER last_known_addr { host: "127.23.128.1" port: 34571 }, Status: LMP_MISMATCH, Last received: 0.0, Next index: 1, Last known committed idx: 0, Time since last communication: 0.000s
I20260630 12:32:23.790064 28832 consensus_queue.cc:1048] T 53417e6995e34b8f95be652516ba8a8f P 2034b12bc7644730b83512183bea3fce [LEADER]: Connected to new peer: Peer: permanent_uuid: "d7812117b0bd49a9b8bd8b1be1121ee7" member_type: VOTER last_known_addr { host: "127.23.128.2" port: 41227 }, Status: LMP_MISMATCH, Last received: 0.0, Next index: 1, Last known committed idx: 0, Time since last communication: 0.000s
I20260630 12:32:23.804243 28779 consensus_queue.cc:1048] T 53417e6995e34b8f95be652516ba8a8f P 2034b12bc7644730b83512183bea3fce [LEADER]: Connected to new peer: Peer: permanent_uuid: "b58a0f6c517c444389c5d92b21cfbd44" member_type: VOTER last_known_addr { host: "127.23.128.3" port: 46283 }, Status: LMP_MISMATCH, Last received: 0.0, Next index: 1, Last known committed idx: 0, Time since last communication: 0.000s
I20260630 12:32:23.909993 28766 consensus_queue.cc:1048] T a4917910b2ad45ca96fafe6ee26a8da8 P b58a0f6c517c444389c5d92b21cfbd44 [LEADER]: Connected to new peer: Peer: permanent_uuid: "d7812117b0bd49a9b8bd8b1be1121ee7" member_type: VOTER last_known_addr { host: "127.23.128.2" port: 41227 }, Status: LMP_MISMATCH, Last received: 0.0, Next index: 1, Last known committed idx: 0, Time since last communication: 0.000s
I20260630 12:32:23.931136 28841 consensus_queue.cc:1048] T b4f67ffae5f047b8b5413040975d33a4 P d7812117b0bd49a9b8bd8b1be1121ee7 [LEADER]: Connected to new peer: Peer: permanent_uuid: "2034b12bc7644730b83512183bea3fce" member_type: VOTER last_known_addr { host: "127.23.128.1" port: 34571 }, Status: LMP_MISMATCH, Last received: 0.0, Next index: 1, Last known committed idx: 0, Time since last communication: 0.000s
I20260630 12:32:23.940623 28841 consensus_queue.cc:1048] T b4f67ffae5f047b8b5413040975d33a4 P d7812117b0bd49a9b8bd8b1be1121ee7 [LEADER]: Connected to new peer: Peer: permanent_uuid: "b58a0f6c517c444389c5d92b21cfbd44" member_type: VOTER last_known_addr { host: "127.23.128.3" port: 46283 }, Status: LMP_MISMATCH, Last received: 0.0, Next index: 1, Last known committed idx: 0, Time since last communication: 0.000s
I20260630 12:32:23.942633 28766 consensus_queue.cc:1048] T a4917910b2ad45ca96fafe6ee26a8da8 P b58a0f6c517c444389c5d92b21cfbd44 [LEADER]: Connected to new peer: Peer: permanent_uuid: "2034b12bc7644730b83512183bea3fce" member_type: VOTER last_known_addr { host: "127.23.128.1" port: 34571 }, Status: LMP_MISMATCH, Last received: 0.0, Next index: 1, Last known committed idx: 0, Time since last communication: 0.000s
I20260630 12:32:23.958328 28779 consensus_queue.cc:1048] T cc55ddcb8e45419fb62bcb3fe7171e87 P 2034b12bc7644730b83512183bea3fce [LEADER]: Connected to new peer: Peer: permanent_uuid: "d7812117b0bd49a9b8bd8b1be1121ee7" member_type: VOTER last_known_addr { host: "127.23.128.2" port: 41227 }, Status: LMP_MISMATCH, Last received: 0.0, Next index: 1, Last known committed idx: 0, Time since last communication: 0.000s
I20260630 12:32:23.992551 28765 consensus_queue.cc:1048] T cc55ddcb8e45419fb62bcb3fe7171e87 P 2034b12bc7644730b83512183bea3fce [LEADER]: Connected to new peer: Peer: permanent_uuid: "b58a0f6c517c444389c5d92b21cfbd44" member_type: VOTER last_known_addr { host: "127.23.128.3" port: 46283 }, Status: LMP_MISMATCH, Last received: 0.0, Next index: 1, Last known committed idx: 0, Time since last communication: 0.000s
I20260630 12:32:24.001930 28765 consensus_queue.cc:1048] T 07d166f8516e4e52a0ceeff85303ad98 P 2034b12bc7644730b83512183bea3fce [LEADER]: Connected to new peer: Peer: permanent_uuid: "d7812117b0bd49a9b8bd8b1be1121ee7" member_type: VOTER last_known_addr { host: "127.23.128.2" port: 41227 }, Status: LMP_MISMATCH, Last received: 0.0, Next index: 1, Last known committed idx: 0, Time since last communication: 0.000s
I20260630 12:32:24.032505 28765 consensus_queue.cc:1048] T 07d166f8516e4e52a0ceeff85303ad98 P 2034b12bc7644730b83512183bea3fce [LEADER]: Connected to new peer: Peer: permanent_uuid: "b58a0f6c517c444389c5d92b21cfbd44" member_type: VOTER last_known_addr { host: "127.23.128.3" port: 46283 }, Status: LMP_MISMATCH, Last received: 0.0, Next index: 1, Last known committed idx: 0, Time since last communication: 0.000s
W20260630 12:32:24.173825 28740 outbound_call.cc:321] RPC callback for RPC call kudu.master.MasterService.GetTableLocations -> {remote=127.23.128.62:40429, user_credentials={real_user=slave}} blocked reactor thread for 95774.4us
W20260630 12:32:24.273502 28525 outbound_call.cc:321] RPC callback for RPC call kudu.consensus.ConsensusService.UpdateConsensus -> {remote=127.23.128.3:46283, user_credentials={real_user=slave}} blocked reactor thread for 70855.2us
W20260630 12:32:24.286770 28600 outbound_call.cc:321] RPC callback for RPC call kudu.consensus.ConsensusService.UpdateConsensus -> {remote=127.23.128.3:46283, user_credentials={real_user=slave}} blocked reactor thread for 44882.1us
W20260630 12:32:24.401872 28526 outbound_call.cc:321] RPC callback for RPC call kudu.consensus.ConsensusService.UpdateConsensus -> {remote=127.23.128.2:41227, user_credentials={real_user=slave}} blocked reactor thread for 241388us
W20260630 12:32:24.483611 28603 outbound_call.cc:321] RPC callback for RPC call kudu.consensus.ConsensusService.UpdateConsensus -> {remote=127.23.128.1:34571, user_credentials={real_user=slave}} blocked reactor thread for 80601.8us
W20260630 12:32:24.944502 28829 log.cc:927] Time spent T cc55ddcb8e45419fb62bcb3fe7171e87 P 2034b12bc7644730b83512183bea3fce: Append to log took a long time: real 0.082s	user 0.000s	sys 0.004s
W20260630 12:32:25.060875 28901 log.cc:927] Time spent T 2356108433fb4a51846517c0e38ea35d P d7812117b0bd49a9b8bd8b1be1121ee7: Append to log took a long time: real 0.083s	user 0.001s	sys 0.000s
W20260630 12:32:25.076809 28900 log.cc:927] Time spent T 39527d1986a240e3852d50a028edfb27 P 2034b12bc7644730b83512183bea3fce: Append to log took a long time: real 0.154s	user 0.001s	sys 0.000s
W20260630 12:32:25.101840 28906 log.cc:927] Time spent T 40c8c66a8e8a4b09be80a6dc8868c880 P 2034b12bc7644730b83512183bea3fce: Append to log took a long time: real 0.053s	user 0.001s	sys 0.000s
W20260630 12:32:25.149574 28830 log.cc:927] Time spent T 07d166f8516e4e52a0ceeff85303ad98 P 2034b12bc7644730b83512183bea3fce: Append to log took a long time: real 0.090s	user 0.001s	sys 0.000s
W20260630 12:32:25.640380 28525 outbound_call.cc:321] RPC callback for RPC call kudu.consensus.ConsensusService.UpdateConsensus -> {remote=127.23.128.3:46283, user_credentials={real_user=slave}} blocked reactor thread for 47092us
W20260630 12:32:26.183521 28675 outbound_call.cc:321] RPC callback for RPC call kudu.consensus.ConsensusService.UpdateConsensus -> {remote=127.23.128.2:41227, user_credentials={real_user=slave}} blocked reactor thread for 69935.6us
W20260630 12:32:26.566490 28526 outbound_call.cc:321] RPC callback for RPC call kudu.consensus.ConsensusService.UpdateConsensus -> {remote=127.23.128.2:41227, user_credentials={real_user=slave}} blocked reactor thread for 84320.8us
W20260630 12:32:26.993134 28675 outbound_call.cc:321] RPC callback for RPC call kudu.consensus.ConsensusService.UpdateConsensus -> {remote=127.23.128.2:41227, user_credentials={real_user=slave}} blocked reactor thread for 61026us
W20260630 12:32:27.047751 28848 meta_cache.cc:1261] Time spent looking up entry by key: real 0.080s	user 0.002s	sys 0.000s
W20260630 12:32:27.720860 28743 outbound_call.cc:321] RPC callback for RPC call kudu.tserver.TabletServerService.Write -> {remote=127.23.128.1:34571, user_credentials={real_user=slave}} blocked reactor thread for 67715.1us
W20260630 12:32:28.049968 28526 outbound_call.cc:321] RPC callback for RPC call kudu.consensus.ConsensusService.UpdateConsensus -> {remote=127.23.128.2:41227, user_credentials={real_user=slave}} blocked reactor thread for 92719.8us
I20260630 12:32:28.220033 24064 file_cache.cc:492] Constructed file cache file cache with capacity 419430
W20260630 12:32:28.231485 28952 instance_detector.cc:116] could not retrieve AWS instance metadata: Network error: curl error: HTTP response code said error: The requested URL returned error: 404
W20260630 12:32:28.235893 28953 instance_detector.cc:116] could not retrieve Azure instance metadata: Network error: curl error: HTTP response code said error: The requested URL returned error: 404
W20260630 12:32:28.242558 28955 instance_detector.cc:116] could not retrieve OpenStack instance metadata: Network error: curl error: HTTP response code said error: The requested URL returned error: 404
I20260630 12:32:28.246090 24064 server_base.cc:1061] running on GCE node
I20260630 12:32:28.248123 24064 hybrid_clock.cc:584] initializing the hybrid clock with 'system_unsync' time source
W20260630 12:32:28.248364 24064 system_unsync_time.cc:38] NTP support is disabled. Clock error bounds will not be accurate. This configuration is not suitable for distributed clusters.
I20260630 12:32:28.248580 24064 hybrid_clock.cc:648] HybridClock initialized: now 1782822748248543 us; error 0 us; skew 500 ppm
I20260630 12:32:28.249256 24064 server_base.cc:861] Flag tcmalloc_max_total_thread_cache_bytes is not working since tcmalloc is not enabled.
I20260630 12:32:28.251968 24064 webserver.cc:533] Webserver started at http://127.23.128.4:35195/ using document root <none> and password file <none>
I20260630 12:32:28.252743 24064 fs_manager.cc:362] Metadata directory not provided
I20260630 12:32:28.253032 24064 fs_manager.cc:368] Using write-ahead log directory (fs_wal_dir) as metadata directory
I20260630 12:32:28.253383 24064 server_base.cc:909] This appears to be a new deployment of Kudu; creating new FS layout
I20260630 12:32:28.254781 24064 fs_manager.cc:1068] Generated new instance metadata in path /tmp/dist-test-taskQJw9qf/test-tmp/auto_rebalancer-test.0.AutoRebalancerTest.TestMaxMovesPerServer.1782822613720037-24064-0/minicluster-data/ts-3-root/instance:
