I20260630 12:30:20.723052 24064 hybrid_clock.cc:584] initializing the hybrid clock with 'system_unsync' time source
W20260630 12:30:20.723248 24064 system_unsync_time.cc:38] NTP support is disabled. Clock error bounds will not be accurate. This configuration is not suitable for distributed clusters.
I20260630 12:30:20.723416 24064 hybrid_clock.cc:648] HybridClock initialized: now 1782822620723397 us; error 0 us; skew 500 ppm
I20260630 12:30:20.723913 24064 server_base.cc:861] Flag tcmalloc_max_total_thread_cache_bytes is not working since tcmalloc is not enabled.
I20260630 12:30:20.726224 24064 webserver.cc:533] Webserver started at http://127.23.128.62:37415/ using document root <none> and password file <none>
I20260630 12:30:20.726671 24064 fs_manager.cc:362] Metadata directory not provided
I20260630 12:30:20.726864 24064 fs_manager.cc:368] Using write-ahead log directory (fs_wal_dir) as metadata directory
I20260630 12:30:20.727128 24064 server_base.cc:909] This appears to be a new deployment of Kudu; creating new FS layout
I20260630 12:30:20.728157 24064 fs_manager.cc:1068] Generated new instance metadata in path /tmp/dist-test-taskQJw9qf/test-tmp/auto_rebalancer-test.0.AutoRebalancerTest.AutoRebalancingTurnOffAndOn.1782822613720037-24064-0/minicluster-data/master-0-root/instance:
uuid: "eb3ea5333fb44c90bcaee91c32c31f1b"
format_stamp: "Formatted at 2026-06-30 12:30:20 on dist-test-slave-bh5k"
I20260630 12:30:20.732182 24064 fs_manager.cc:696] Time spent creating directory manager: real 0.004s	user 0.003s	sys 0.002s
I20260630 12:30:20.735198 24617 log_block_manager.cc:4031] Time spent loading block containers with low live blocks: real 0.000s	user 0.000s	sys 0.000s
I20260630 12:30:20.735935 24064 fs_manager.cc:730] Time spent opening block manager: real 0.002s	user 0.002s	sys 0.000s
I20260630 12:30:20.736215 24064 fs_manager.cc:647] Opened local filesystem: /tmp/dist-test-taskQJw9qf/test-tmp/auto_rebalancer-test.0.AutoRebalancerTest.AutoRebalancingTurnOffAndOn.1782822613720037-24064-0/minicluster-data/master-0-root
uuid: "eb3ea5333fb44c90bcaee91c32c31f1b"
format_stamp: "Formatted at 2026-06-30 12:30:20 on dist-test-slave-bh5k"
I20260630 12:30:20.736495 24064 fs_report.cc:389] FS layout report
--------------------
wal directory: /tmp/dist-test-taskQJw9qf/test-tmp/auto_rebalancer-test.0.AutoRebalancerTest.AutoRebalancingTurnOffAndOn.1782822613720037-24064-0/minicluster-data/master-0-root
metadata directory: /tmp/dist-test-taskQJw9qf/test-tmp/auto_rebalancer-test.0.AutoRebalancerTest.AutoRebalancingTurnOffAndOn.1782822613720037-24064-0/minicluster-data/master-0-root
1 data directories: /tmp/dist-test-taskQJw9qf/test-tmp/auto_rebalancer-test.0.AutoRebalancerTest.AutoRebalancingTurnOffAndOn.1782822613720037-24064-0/minicluster-data/master-0-root/data
Total live blocks: 0
Total live bytes: 0
Total live bytes (after alignment): 0
Total number of LBM containers: 0 (0 full)
Did not check for missing blocks
Did not check for orphaned blocks
Total full LBM containers with extra space: 0 (0 repaired)
Total full LBM container extra space in bytes: 0 (0 repaired)
Total incomplete LBM containers: 0 (0 repaired)
Total LBM partial records: 0 (0 repaired)
Total corrupted LBM metadata records in RocksDB: 0 (0 repaired)
I20260630 12:30:20.768522 24064 rpc_server.cc:225] running with OpenSSL 1.1.1  11 Sep 2018
I20260630 12:30:20.769520 24064 kserver.cc:163] Server-wide thread pool size limit: 3276
I20260630 12:30:20.802642 24064 rpc_server.cc:307] RPC server started. Bound to: 127.23.128.62:33035
I20260630 12:30:20.802728 24668 acceptor_pool.cc:272] collecting diagnostics on the listening RPC socket 127.23.128.62:33035 every 8 connection(s)
I20260630 12:30:20.806223 24669 data_dirs.cc:400] Could only allocate 1 dirs of requested 3 for tablet 00000000000000000000000000000000. 1 dirs total, 0 dirs full, 0 dirs failed
I20260630 12:30:20.815126 24669 tablet_bootstrap.cc:492] T 00000000000000000000000000000000 P eb3ea5333fb44c90bcaee91c32c31f1b: Bootstrap starting.
I20260630 12:30:20.819048 24669 tablet_bootstrap.cc:654] T 00000000000000000000000000000000 P eb3ea5333fb44c90bcaee91c32c31f1b: Neither blocks nor log segments found. Creating new log.
I20260630 12:30:20.822510 24669 tablet_bootstrap.cc:492] T 00000000000000000000000000000000 P eb3ea5333fb44c90bcaee91c32c31f1b: No bootstrap required, opened a new log
I20260630 12:30:20.824337 24669 raft_consensus.cc:359] T 00000000000000000000000000000000 P eb3ea5333fb44c90bcaee91c32c31f1b [term 0 FOLLOWER]: Replica starting. Triggering 0 pending ops. Active config: opid_index: -1 OBSOLETE_local: true peers { permanent_uuid: "eb3ea5333fb44c90bcaee91c32c31f1b" member_type: VOTER }
I20260630 12:30:20.824776 24669 raft_consensus.cc:385] T 00000000000000000000000000000000 P eb3ea5333fb44c90bcaee91c32c31f1b [term 0 FOLLOWER]: Consensus starting up: Expiring failure detector timer to make a prompt election more likely
I20260630 12:30:20.825016 24669 raft_consensus.cc:740] T 00000000000000000000000000000000 P eb3ea5333fb44c90bcaee91c32c31f1b [term 0 FOLLOWER]: Becoming Follower/Learner. State: Replica: eb3ea5333fb44c90bcaee91c32c31f1b, State: Initialized, Role: FOLLOWER
I20260630 12:30:20.825615 24669 consensus_queue.cc:260] T 00000000000000000000000000000000 P eb3ea5333fb44c90bcaee91c32c31f1b [NON_LEADER]: Queue going to NON_LEADER mode. State: All replicated index: 0, Majority replicated index: 0, Committed index: 0, Last appended: 0.0, Last appended by leader: 0, Current term: 0, Majority size: -1, State: 0, Mode: NON_LEADER, active raft config: opid_index: -1 OBSOLETE_local: true peers { permanent_uuid: "eb3ea5333fb44c90bcaee91c32c31f1b" member_type: VOTER }
I20260630 12:30:20.826073 24669 raft_consensus.cc:399] T 00000000000000000000000000000000 P eb3ea5333fb44c90bcaee91c32c31f1b [term 0 FOLLOWER]: Only one voter in the Raft config. Triggering election immediately
I20260630 12:30:20.826319 24669 raft_consensus.cc:493] T 00000000000000000000000000000000 P eb3ea5333fb44c90bcaee91c32c31f1b [term 0 FOLLOWER]: Starting leader election (initial election of a single-replica configuration)
I20260630 12:30:20.826582 24669 raft_consensus.cc:3060] T 00000000000000000000000000000000 P eb3ea5333fb44c90bcaee91c32c31f1b [term 0 FOLLOWER]: Advancing to term 1
I20260630 12:30:20.830386 24669 raft_consensus.cc:515] T 00000000000000000000000000000000 P eb3ea5333fb44c90bcaee91c32c31f1b [term 1 FOLLOWER]: Starting leader election with config: opid_index: -1 OBSOLETE_local: true peers { permanent_uuid: "eb3ea5333fb44c90bcaee91c32c31f1b" member_type: VOTER }
I20260630 12:30:20.830869 24669 leader_election.cc:304] T 00000000000000000000000000000000 P eb3ea5333fb44c90bcaee91c32c31f1b [CANDIDATE]: Term 1 election: Election decided. Result: candidate won. Election summary: received 1 responses out of 1 voters: 1 yes votes; 0 no votes. yes voters: eb3ea5333fb44c90bcaee91c32c31f1b; no voters: 
I20260630 12:30:20.831996 24669 leader_election.cc:290] T 00000000000000000000000000000000 P eb3ea5333fb44c90bcaee91c32c31f1b [CANDIDATE]: Term 1 election: Requested vote from peers 
I20260630 12:30:20.832276 24672 raft_consensus.cc:2804] T 00000000000000000000000000000000 P eb3ea5333fb44c90bcaee91c32c31f1b [term 1 FOLLOWER]: Leader election won for term 1
I20260630 12:30:20.833710 24672 raft_consensus.cc:697] T 00000000000000000000000000000000 P eb3ea5333fb44c90bcaee91c32c31f1b [term 1 LEADER]: Becoming Leader. State: Replica: eb3ea5333fb44c90bcaee91c32c31f1b, State: Running, Role: LEADER
I20260630 12:30:20.834344 24672 consensus_queue.cc:237] T 00000000000000000000000000000000 P eb3ea5333fb44c90bcaee91c32c31f1b [LEADER]: Queue going to LEADER mode. State: All replicated index: 0, Majority replicated index: 0, Committed index: 0, Last appended: 0.0, Last appended by leader: 0, Current term: 1, Majority size: 1, State: 0, Mode: LEADER, active raft config: opid_index: -1 OBSOLETE_local: true peers { permanent_uuid: "eb3ea5333fb44c90bcaee91c32c31f1b" member_type: VOTER }
I20260630 12:30:20.834954 24669 sys_catalog.cc:565] T 00000000000000000000000000000000 P eb3ea5333fb44c90bcaee91c32c31f1b [sys.catalog]: configured and running, proceeding with master startup.
I20260630 12:30:20.837308 24673 sys_catalog.cc:455] T 00000000000000000000000000000000 P eb3ea5333fb44c90bcaee91c32c31f1b [sys.catalog]: SysCatalogTable state changed. Reason: RaftConsensus started. Latest consensus state: current_term: 1 leader_uuid: "eb3ea5333fb44c90bcaee91c32c31f1b" committed_config { opid_index: -1 OBSOLETE_local: true peers { permanent_uuid: "eb3ea5333fb44c90bcaee91c32c31f1b" member_type: VOTER } }
I20260630 12:30:20.837222 24674 sys_catalog.cc:455] T 00000000000000000000000000000000 P eb3ea5333fb44c90bcaee91c32c31f1b [sys.catalog]: SysCatalogTable state changed. Reason: New leader eb3ea5333fb44c90bcaee91c32c31f1b. Latest consensus state: current_term: 1 leader_uuid: "eb3ea5333fb44c90bcaee91c32c31f1b" committed_config { opid_index: -1 OBSOLETE_local: true peers { permanent_uuid: "eb3ea5333fb44c90bcaee91c32c31f1b" member_type: VOTER } }
I20260630 12:30:20.837944 24673 sys_catalog.cc:458] T 00000000000000000000000000000000 P eb3ea5333fb44c90bcaee91c32c31f1b [sys.catalog]: This master's current role is: LEADER
I20260630 12:30:20.838215 24674 sys_catalog.cc:458] T 00000000000000000000000000000000 P eb3ea5333fb44c90bcaee91c32c31f1b [sys.catalog]: This master's current role is: LEADER
I20260630 12:30:20.841449 24678 catalog_manager.cc:1511] Loading table and tablet metadata into memory...
I20260630 12:30:20.849655 24678 catalog_manager.cc:1520] Initializing Kudu cluster ID...
I20260630 12:30:20.850622 24064 internal_mini_cluster.cc:184] Waiting to initialize catalog manager on master 0
I20260630 12:30:20.858430 24678 catalog_manager.cc:1383] Generated new cluster ID: 223df8adb95b4eaba75f4ab24ee948f9
I20260630 12:30:20.858767 24678 catalog_manager.cc:1531] Initializing Kudu internal certificate authority...
I20260630 12:30:20.881711 24678 catalog_manager.cc:1406] Generated new certificate authority record
I20260630 12:30:20.882867 24678 catalog_manager.cc:1540] Loading token signing keys...
I20260630 12:30:20.901446 24678 catalog_manager.cc:6070] T 00000000000000000000000000000000 P eb3ea5333fb44c90bcaee91c32c31f1b: Generated new TSK 0
I20260630 12:30:20.901988 24678 catalog_manager.cc:1550] Initializing in-progress tserver states...
I20260630 12:30:20.916749 24064 file_cache.cc:492] Constructed file cache file cache with capacity 419430
W20260630 12:30:20.922220 24690 instance_detector.cc:116] could not retrieve AWS instance metadata: Network error: curl error: HTTP response code said error: The requested URL returned error: 404
W20260630 12:30:20.923375 24691 instance_detector.cc:116] could not retrieve Azure instance metadata: Network error: curl error: HTTP response code said error: The requested URL returned error: 404
W20260630 12:30:20.924896 24693 instance_detector.cc:116] could not retrieve OpenStack instance metadata: Network error: curl error: HTTP response code said error: The requested URL returned error: 404
I20260630 12:30:20.925060 24064 server_base.cc:1061] running on GCE node
I20260630 12:30:20.925869 24064 hybrid_clock.cc:584] initializing the hybrid clock with 'system_unsync' time source
W20260630 12:30:20.926049 24064 system_unsync_time.cc:38] NTP support is disabled. Clock error bounds will not be accurate. This configuration is not suitable for distributed clusters.
I20260630 12:30:20.926185 24064 hybrid_clock.cc:648] HybridClock initialized: now 1782822620926174 us; error 0 us; skew 500 ppm
I20260630 12:30:20.926657 24064 server_base.cc:861] Flag tcmalloc_max_total_thread_cache_bytes is not working since tcmalloc is not enabled.
I20260630 12:30:20.928846 24064 webserver.cc:533] Webserver started at http://127.23.128.1:46017/ using document root <none> and password file <none>
I20260630 12:30:20.929253 24064 fs_manager.cc:362] Metadata directory not provided
I20260630 12:30:20.929399 24064 fs_manager.cc:368] Using write-ahead log directory (fs_wal_dir) as metadata directory
I20260630 12:30:20.929602 24064 server_base.cc:909] This appears to be a new deployment of Kudu; creating new FS layout
I20260630 12:30:20.930576 24064 fs_manager.cc:1068] Generated new instance metadata in path /tmp/dist-test-taskQJw9qf/test-tmp/auto_rebalancer-test.0.AutoRebalancerTest.AutoRebalancingTurnOffAndOn.1782822613720037-24064-0/minicluster-data/ts-0-root/instance:
uuid: "330f12a5770640479395b11f3d8f006d"
format_stamp: "Formatted at 2026-06-30 12:30:20 on dist-test-slave-bh5k"
I20260630 12:30:20.934980 24064 fs_manager.cc:696] Time spent creating directory manager: real 0.004s	user 0.006s	sys 0.000s
I20260630 12:30:20.938185 24698 log_block_manager.cc:4031] Time spent loading block containers with low live blocks: real 0.000s	user 0.000s	sys 0.000s
I20260630 12:30:20.938956 24064 fs_manager.cc:730] Time spent opening block manager: real 0.002s	user 0.000s	sys 0.001s
I20260630 12:30:20.939251 24064 fs_manager.cc:647] Opened local filesystem: /tmp/dist-test-taskQJw9qf/test-tmp/auto_rebalancer-test.0.AutoRebalancerTest.AutoRebalancingTurnOffAndOn.1782822613720037-24064-0/minicluster-data/ts-0-root
uuid: "330f12a5770640479395b11f3d8f006d"
format_stamp: "Formatted at 2026-06-30 12:30:20 on dist-test-slave-bh5k"
I20260630 12:30:20.939507 24064 fs_report.cc:389] FS layout report
--------------------
wal directory: /tmp/dist-test-taskQJw9qf/test-tmp/auto_rebalancer-test.0.AutoRebalancerTest.AutoRebalancingTurnOffAndOn.1782822613720037-24064-0/minicluster-data/ts-0-root
metadata directory: /tmp/dist-test-taskQJw9qf/test-tmp/auto_rebalancer-test.0.AutoRebalancerTest.AutoRebalancingTurnOffAndOn.1782822613720037-24064-0/minicluster-data/ts-0-root
1 data directories: /tmp/dist-test-taskQJw9qf/test-tmp/auto_rebalancer-test.0.AutoRebalancerTest.AutoRebalancingTurnOffAndOn.1782822613720037-24064-0/minicluster-data/ts-0-root/data
Total live blocks: 0
Total live bytes: 0
Total live bytes (after alignment): 0
Total number of LBM containers: 0 (0 full)
Did not check for missing blocks
Did not check for orphaned blocks
Total full LBM containers with extra space: 0 (0 repaired)
Total full LBM container extra space in bytes: 0 (0 repaired)
Total incomplete LBM containers: 0 (0 repaired)
Total LBM partial records: 0 (0 repaired)
Total corrupted LBM metadata records in RocksDB: 0 (0 repaired)
I20260630 12:30:20.957044 24064 rpc_server.cc:225] running with OpenSSL 1.1.1  11 Sep 2018
I20260630 12:30:20.958004 24064 kserver.cc:163] Server-wide thread pool size limit: 3276
I20260630 12:30:20.959406 24064 txn_system_client.cc:432] TxnSystemClient initialization is disabled...
I20260630 12:30:20.961644 24064 ts_tablet_manager.cc:585] Loaded tablet metadata (0 total tablets, 0 live tablets)
I20260630 12:30:20.961872 24064 ts_tablet_manager.cc:531] Time spent load tablet metadata: real 0.000s	user 0.000s	sys 0.000s
I20260630 12:30:20.962101 24064 ts_tablet_manager.cc:616] Registered 0 tablets
I20260630 12:30:20.962266 24064 ts_tablet_manager.cc:595] Time spent register tablets: real 0.000s	user 0.000s	sys 0.000s
I20260630 12:30:20.997887 24064 rpc_server.cc:307] RPC server started. Bound to: 127.23.128.1:35353
I20260630 12:30:20.997953 24760 acceptor_pool.cc:272] collecting diagnostics on the listening RPC socket 127.23.128.1:35353 every 8 connection(s)
I20260630 12:30:21.002619 24064 file_cache.cc:492] Constructed file cache file cache with capacity 419430
W20260630 12:30:21.009159 24765 instance_detector.cc:116] could not retrieve AWS instance metadata: Network error: curl error: HTTP response code said error: The requested URL returned error: 404
W20260630 12:30:21.010763 24766 instance_detector.cc:116] could not retrieve Azure instance metadata: Network error: curl error: HTTP response code said error: The requested URL returned error: 404
I20260630 12:30:21.012434 24064 server_base.cc:1061] running on GCE node
W20260630 12:30:21.013101 24768 instance_detector.cc:116] could not retrieve OpenStack instance metadata: Network error: curl error: HTTP response code said error: The requested URL returned error: 404
I20260630 12:30:21.013839 24064 hybrid_clock.cc:584] initializing the hybrid clock with 'system_unsync' time source
W20260630 12:30:21.014057 24064 system_unsync_time.cc:38] NTP support is disabled. Clock error bounds will not be accurate. This configuration is not suitable for distributed clusters.
I20260630 12:30:21.014238 24064 hybrid_clock.cc:648] HybridClock initialized: now 1782822621014219 us; error 0 us; skew 500 ppm
I20260630 12:30:21.014737 24064 server_base.cc:861] Flag tcmalloc_max_total_thread_cache_bytes is not working since tcmalloc is not enabled.
I20260630 12:30:21.016981 24064 webserver.cc:533] Webserver started at http://127.23.128.2:41505/ using document root <none> and password file <none>
I20260630 12:30:21.017436 24064 fs_manager.cc:362] Metadata directory not provided
I20260630 12:30:21.017650 24064 fs_manager.cc:368] Using write-ahead log directory (fs_wal_dir) as metadata directory
I20260630 12:30:21.017925 24064 server_base.cc:909] This appears to be a new deployment of Kudu; creating new FS layout
I20260630 12:30:21.019263 24064 fs_manager.cc:1068] Generated new instance metadata in path /tmp/dist-test-taskQJw9qf/test-tmp/auto_rebalancer-test.0.AutoRebalancerTest.AutoRebalancingTurnOffAndOn.1782822613720037-24064-0/minicluster-data/ts-1-root/instance:
uuid: "245a02615dea44ecb9f76a4386dc2f63"
format_stamp: "Formatted at 2026-06-30 12:30:21 on dist-test-slave-bh5k"
I20260630 12:30:21.020416 24761 heartbeater.cc:344] Connected to a master server at 127.23.128.62:33035
I20260630 12:30:21.020784 24761 heartbeater.cc:461] Registering TS with master...
I20260630 12:30:21.021459 24761 heartbeater.cc:507] Master 127.23.128.62:33035 requested a full tablet report, sending...
I20260630 12:30:21.023494 24634 ts_manager.cc:194] Registered new tserver with Master: 330f12a5770640479395b11f3d8f006d (127.23.128.1:35353)
I20260630 12:30:21.024022 24064 fs_manager.cc:696] Time spent creating directory manager: real 0.004s	user 0.004s	sys 0.002s
I20260630 12:30:21.025309 24634 master_service.cc:502] Signed X509 certificate for tserver {username='slave'} at 127.0.0.1:49172
I20260630 12:30:21.027559 24773 log_block_manager.cc:4031] Time spent loading block containers with low live blocks: real 0.000s	user 0.000s	sys 0.000s
I20260630 12:30:21.028349 24064 fs_manager.cc:730] Time spent opening block manager: real 0.002s	user 0.002s	sys 0.000s
I20260630 12:30:21.028649 24064 fs_manager.cc:647] Opened local filesystem: /tmp/dist-test-taskQJw9qf/test-tmp/auto_rebalancer-test.0.AutoRebalancerTest.AutoRebalancingTurnOffAndOn.1782822613720037-24064-0/minicluster-data/ts-1-root
uuid: "245a02615dea44ecb9f76a4386dc2f63"
format_stamp: "Formatted at 2026-06-30 12:30:21 on dist-test-slave-bh5k"
I20260630 12:30:21.028957 24064 fs_report.cc:389] FS layout report
--------------------
wal directory: /tmp/dist-test-taskQJw9qf/test-tmp/auto_rebalancer-test.0.AutoRebalancerTest.AutoRebalancingTurnOffAndOn.1782822613720037-24064-0/minicluster-data/ts-1-root
metadata directory: /tmp/dist-test-taskQJw9qf/test-tmp/auto_rebalancer-test.0.AutoRebalancerTest.AutoRebalancingTurnOffAndOn.1782822613720037-24064-0/minicluster-data/ts-1-root
1 data directories: /tmp/dist-test-taskQJw9qf/test-tmp/auto_rebalancer-test.0.AutoRebalancerTest.AutoRebalancingTurnOffAndOn.1782822613720037-24064-0/minicluster-data/ts-1-root/data
Total live blocks: 0
Total live bytes: 0
Total live bytes (after alignment): 0
Total number of LBM containers: 0 (0 full)
Did not check for missing blocks
Did not check for orphaned blocks
Total full LBM containers with extra space: 0 (0 repaired)
Total full LBM container extra space in bytes: 0 (0 repaired)
Total incomplete LBM containers: 0 (0 repaired)
Total LBM partial records: 0 (0 repaired)
Total corrupted LBM metadata records in RocksDB: 0 (0 repaired)
I20260630 12:30:21.043325 24064 rpc_server.cc:225] running with OpenSSL 1.1.1  11 Sep 2018
I20260630 12:30:21.044610 24064 kserver.cc:163] Server-wide thread pool size limit: 3276
I20260630 12:30:21.046041 24064 txn_system_client.cc:432] TxnSystemClient initialization is disabled...
I20260630 12:30:21.048113 24064 ts_tablet_manager.cc:585] Loaded tablet metadata (0 total tablets, 0 live tablets)
I20260630 12:30:21.048318 24064 ts_tablet_manager.cc:531] Time spent load tablet metadata: real 0.000s	user 0.000s	sys 0.000s
I20260630 12:30:21.048574 24064 ts_tablet_manager.cc:616] Registered 0 tablets
I20260630 12:30:21.048763 24064 ts_tablet_manager.cc:595] Time spent register tablets: real 0.000s	user 0.000s	sys 0.001s
I20260630 12:30:21.083200 24064 rpc_server.cc:307] RPC server started. Bound to: 127.23.128.2:45451
I20260630 12:30:21.083284 24835 acceptor_pool.cc:272] collecting diagnostics on the listening RPC socket 127.23.128.2:45451 every 8 connection(s)
I20260630 12:30:21.087800 24064 file_cache.cc:492] Constructed file cache file cache with capacity 419430
W20260630 12:30:21.095420 24840 instance_detector.cc:116] could not retrieve Azure instance metadata: Network error: curl error: HTTP response code said error: The requested URL returned error: 404
W20260630 12:30:21.095618 24839 instance_detector.cc:116] could not retrieve AWS instance metadata: Network error: curl error: HTTP response code said error: The requested URL returned error: 404
W20260630 12:30:21.098747 24842 instance_detector.cc:116] could not retrieve OpenStack instance metadata: Network error: curl error: HTTP response code said error: The requested URL returned error: 404
I20260630 12:30:21.099400 24836 heartbeater.cc:344] Connected to a master server at 127.23.128.62:33035
I20260630 12:30:21.099740 24836 heartbeater.cc:461] Registering TS with master...
I20260630 12:30:21.099838 24064 server_base.cc:1061] running on GCE node
I20260630 12:30:21.100607 24836 heartbeater.cc:507] Master 127.23.128.62:33035 requested a full tablet report, sending...
I20260630 12:30:21.100721 24064 hybrid_clock.cc:584] initializing the hybrid clock with 'system_unsync' time source
W20260630 12:30:21.101038 24064 system_unsync_time.cc:38] NTP support is disabled. Clock error bounds will not be accurate. This configuration is not suitable for distributed clusters.
I20260630 12:30:21.101210 24064 hybrid_clock.cc:648] HybridClock initialized: now 1782822621101190 us; error 0 us; skew 500 ppm
I20260630 12:30:21.101883 24064 server_base.cc:861] Flag tcmalloc_max_total_thread_cache_bytes is not working since tcmalloc is not enabled.
I20260630 12:30:21.102929 24634 ts_manager.cc:194] Registered new tserver with Master: 245a02615dea44ecb9f76a4386dc2f63 (127.23.128.2:45451)
I20260630 12:30:21.104437 24064 webserver.cc:533] Webserver started at http://127.23.128.3:41253/ using document root <none> and password file <none>
I20260630 12:30:21.104718 24634 master_service.cc:502] Signed X509 certificate for tserver {username='slave'} at 127.0.0.1:49188
I20260630 12:30:21.105072 24064 fs_manager.cc:362] Metadata directory not provided
I20260630 12:30:21.105360 24064 fs_manager.cc:368] Using write-ahead log directory (fs_wal_dir) as metadata directory
I20260630 12:30:21.105682 24064 server_base.cc:909] This appears to be a new deployment of Kudu; creating new FS layout
I20260630 12:30:21.106743 24064 fs_manager.cc:1068] Generated new instance metadata in path /tmp/dist-test-taskQJw9qf/test-tmp/auto_rebalancer-test.0.AutoRebalancerTest.AutoRebalancingTurnOffAndOn.1782822613720037-24064-0/minicluster-data/ts-2-root/instance:
uuid: "277cfd38f1ad48e28db90dcbdea56934"
format_stamp: "Formatted at 2026-06-30 12:30:21 on dist-test-slave-bh5k"
I20260630 12:30:21.110813 24064 fs_manager.cc:696] Time spent creating directory manager: real 0.004s	user 0.006s	sys 0.000s
I20260630 12:30:21.113711 24847 log_block_manager.cc:4031] Time spent loading block containers with low live blocks: real 0.000s	user 0.000s	sys 0.000s
I20260630 12:30:21.114459 24064 fs_manager.cc:730] Time spent opening block manager: real 0.002s	user 0.003s	sys 0.000s
I20260630 12:30:21.114751 24064 fs_manager.cc:647] Opened local filesystem: /tmp/dist-test-taskQJw9qf/test-tmp/auto_rebalancer-test.0.AutoRebalancerTest.AutoRebalancingTurnOffAndOn.1782822613720037-24064-0/minicluster-data/ts-2-root
uuid: "277cfd38f1ad48e28db90dcbdea56934"
format_stamp: "Formatted at 2026-06-30 12:30:21 on dist-test-slave-bh5k"
I20260630 12:30:21.115023 24064 fs_report.cc:389] FS layout report
--------------------
wal directory: /tmp/dist-test-taskQJw9qf/test-tmp/auto_rebalancer-test.0.AutoRebalancerTest.AutoRebalancingTurnOffAndOn.1782822613720037-24064-0/minicluster-data/ts-2-root
metadata directory: /tmp/dist-test-taskQJw9qf/test-tmp/auto_rebalancer-test.0.AutoRebalancerTest.AutoRebalancingTurnOffAndOn.1782822613720037-24064-0/minicluster-data/ts-2-root
1 data directories: /tmp/dist-test-taskQJw9qf/test-tmp/auto_rebalancer-test.0.AutoRebalancerTest.AutoRebalancingTurnOffAndOn.1782822613720037-24064-0/minicluster-data/ts-2-root/data
Total live blocks: 0
Total live bytes: 0
Total live bytes (after alignment): 0
Total number of LBM containers: 0 (0 full)
Did not check for missing blocks
Did not check for orphaned blocks
Total full LBM containers with extra space: 0 (0 repaired)
Total full LBM container extra space in bytes: 0 (0 repaired)
Total incomplete LBM containers: 0 (0 repaired)
Total LBM partial records: 0 (0 repaired)
Total corrupted LBM metadata records in RocksDB: 0 (0 repaired)
I20260630 12:30:21.125808 24064 rpc_server.cc:225] running with OpenSSL 1.1.1  11 Sep 2018
I20260630 12:30:21.126732 24064 kserver.cc:163] Server-wide thread pool size limit: 3276
I20260630 12:30:21.128012 24064 txn_system_client.cc:432] TxnSystemClient initialization is disabled...
I20260630 12:30:21.130139 24064 ts_tablet_manager.cc:585] Loaded tablet metadata (0 total tablets, 0 live tablets)
I20260630 12:30:21.130362 24064 ts_tablet_manager.cc:531] Time spent load tablet metadata: real 0.000s	user 0.000s	sys 0.000s
I20260630 12:30:21.130602 24064 ts_tablet_manager.cc:616] Registered 0 tablets
I20260630 12:30:21.130795 24064 ts_tablet_manager.cc:595] Time spent register tablets: real 0.000s	user 0.000s	sys 0.000s
I20260630 12:30:21.166375 24064 rpc_server.cc:307] RPC server started. Bound to: 127.23.128.3:35741
I20260630 12:30:21.166460 24909 acceptor_pool.cc:272] collecting diagnostics on the listening RPC socket 127.23.128.3:35741 every 8 connection(s)
I20260630 12:30:21.179536 24910 heartbeater.cc:344] Connected to a master server at 127.23.128.62:33035
I20260630 12:30:21.179926 24910 heartbeater.cc:461] Registering TS with master...
I20260630 12:30:21.180645 24910 heartbeater.cc:507] Master 127.23.128.62:33035 requested a full tablet report, sending...
I20260630 12:30:21.182490 24634 ts_manager.cc:194] Registered new tserver with Master: 277cfd38f1ad48e28db90dcbdea56934 (127.23.128.3:35741)
I20260630 12:30:21.182883 24064 internal_mini_cluster.cc:371] 3 TS(s) registered with all masters after 0.013408166s
I20260630 12:30:21.183753 24634 master_service.cc:502] Signed X509 certificate for tserver {username='slave'} at 127.0.0.1:49198
I20260630 12:30:22.028059 24761 heartbeater.cc:499] Master 127.23.128.62:33035 was elected leader, sending a full tablet report...
I20260630 12:30:22.107252 24836 heartbeater.cc:499] Master 127.23.128.62:33035 was elected leader, sending a full tablet report...
I20260630 12:30:22.186439 24910 heartbeater.cc:499] Master 127.23.128.62:33035 was elected leader, sending a full tablet report...
I20260630 12:30:22.239744 24634 catalog_manager.cc:2283] Servicing CreateTable request from {username='slave'} at 127.0.0.1:49210:
name: "test-workload"
schema {
  columns {
    name: "key"
    type: INT32
    is_key: true
    is_nullable: false
    encoding: AUTO_ENCODING
    compression: DEFAULT_COMPRESSION
    cfile_block_size: 0
    immutable: false
  }
  columns {
    name: "int_val"
    type: INT32
    is_key: false
    is_nullable: false
    encoding: AUTO_ENCODING
    compression: DEFAULT_COMPRESSION
    cfile_block_size: 0
    immutable: false
  }
  columns {
    name: "string_val"
    type: STRING
    is_key: false
    is_nullable: true
    encoding: AUTO_ENCODING
    compression: DEFAULT_COMPRESSION
    cfile_block_size: 0
    immutable: false
  }
}
num_replicas: 3
split_rows_range_bounds {
  rows: "\004\001\000\377\377\377\017\004\001\000\376\377\377\037\004\001\000\375\377\377/\004\001\000\374\377\377?\004\001\000\373\377\377O\004\001\000\372\377\377_\004\001\000\371\377\377o""\004\001\000\377\377\377\017\004\001\000\376\377\377\037\004\001\000\375\377\377/\004\001\000\374\377\377?\004\001\000\373\377\377O\004\001\000\372\377\377_\004\001\000\371\377\377o"
  indirect_data: """"
}
partition_schema {
  range_schema {
    columns {
      name: "key"
    }
  }
}
W20260630 12:30:22.242355 24634 catalog_manager.cc:7077] The number of live tablet servers is not enough to re-replicate a tablet replica of the newly created table test-workload in case of a server failure: 4 tablet servers would be needed, 3 are available. Consider bringing up more tablet servers.
I20260630 12:30:22.323164 24801 tablet_service.cc:1511] Processing CreateTablet for tablet 7b3ef04ad54844afa9e22474a7ffee1a (DEFAULT_TABLE table=test-workload [id=fff9c3b50401405199c78a72a279b006]), partition=RANGE (key) PARTITION VALUES < 268435455
I20260630 12:30:22.323822 24875 tablet_service.cc:1511] Processing CreateTablet for tablet 7b3ef04ad54844afa9e22474a7ffee1a (DEFAULT_TABLE table=test-workload [id=fff9c3b50401405199c78a72a279b006]), partition=RANGE (key) PARTITION VALUES < 268435455
I20260630 12:30:22.331487 24797 tablet_service.cc:1511] Processing CreateTablet for tablet d0142e8890cb41c4a265282dfa1c5a7b (DEFAULT_TABLE table=test-workload [id=fff9c3b50401405199c78a72a279b006]), partition=RANGE (key) PARTITION 1073741820 <= VALUES < 1342177275
I20260630 12:30:22.332120 24723 tablet_service.cc:1511] Processing CreateTablet for tablet 5b215fd760314cfebe81abedaf928b04 (DEFAULT_TABLE table=test-workload [id=fff9c3b50401405199c78a72a279b006]), partition=RANGE (key) PARTITION 805306365 <= VALUES < 1073741820
I20260630 12:30:22.332831 24875 data_dirs.cc:400] Could only allocate 1 dirs of requested 3 for tablet 7b3ef04ad54844afa9e22474a7ffee1a. 1 dirs total, 0 dirs full, 0 dirs failed
I20260630 12:30:22.333635 24723 data_dirs.cc:400] Could only allocate 1 dirs of requested 3 for tablet 5b215fd760314cfebe81abedaf928b04. 1 dirs total, 0 dirs full, 0 dirs failed
I20260630 12:30:22.325078 24801 data_dirs.cc:400] Could only allocate 1 dirs of requested 3 for tablet 7b3ef04ad54844afa9e22474a7ffee1a. 1 dirs total, 0 dirs full, 0 dirs failed
I20260630 12:30:22.335883 24871 tablet_service.cc:1511] Processing CreateTablet for tablet d0142e8890cb41c4a265282dfa1c5a7b (DEFAULT_TABLE table=test-workload [id=fff9c3b50401405199c78a72a279b006]), partition=RANGE (key) PARTITION 1073741820 <= VALUES < 1342177275
I20260630 12:30:22.326740 24800 tablet_service.cc:1511] Processing CreateTablet for tablet 018c54d56f914ac49692bc78753972f4 (DEFAULT_TABLE table=test-workload [id=fff9c3b50401405199c78a72a279b006]), partition=RANGE (key) PARTITION 268435455 <= VALUES < 536870910
I20260630 12:30:22.337286 24871 data_dirs.cc:400] Could only allocate 1 dirs of requested 3 for tablet d0142e8890cb41c4a265282dfa1c5a7b. 1 dirs total, 0 dirs full, 0 dirs failed
I20260630 12:30:22.337862 24800 data_dirs.cc:400] Could only allocate 1 dirs of requested 3 for tablet 018c54d56f914ac49692bc78753972f4. 1 dirs total, 0 dirs full, 0 dirs failed
I20260630 12:30:22.337786 24722 tablet_service.cc:1511] Processing CreateTablet for tablet d0142e8890cb41c4a265282dfa1c5a7b (DEFAULT_TABLE table=test-workload [id=fff9c3b50401405199c78a72a279b006]), partition=RANGE (key) PARTITION 1073741820 <= VALUES < 1342177275
I20260630 12:30:22.339354 24722 data_dirs.cc:400] Could only allocate 1 dirs of requested 3 for tablet d0142e8890cb41c4a265282dfa1c5a7b. 1 dirs total, 0 dirs full, 0 dirs failed
I20260630 12:30:22.339676 24870 tablet_service.cc:1511] Processing CreateTablet for tablet 07254d0d0c13415d87ca510eb7e9e587 (DEFAULT_TABLE table=test-workload [id=fff9c3b50401405199c78a72a279b006]), partition=RANGE (key) PARTITION 1342177275 <= VALUES < 1610612730
I20260630 12:30:22.341104 24870 data_dirs.cc:400] Could only allocate 1 dirs of requested 3 for tablet 07254d0d0c13415d87ca510eb7e9e587. 1 dirs total, 0 dirs full, 0 dirs failed
I20260630 12:30:22.341846 24797 data_dirs.cc:400] Could only allocate 1 dirs of requested 3 for tablet d0142e8890cb41c4a265282dfa1c5a7b. 1 dirs total, 0 dirs full, 0 dirs failed
I20260630 12:30:22.328151 24874 tablet_service.cc:1511] Processing CreateTablet for tablet 018c54d56f914ac49692bc78753972f4 (DEFAULT_TABLE table=test-workload [id=fff9c3b50401405199c78a72a279b006]), partition=RANGE (key) PARTITION 268435455 <= VALUES < 536870910
I20260630 12:30:22.344262 24874 data_dirs.cc:400] Could only allocate 1 dirs of requested 3 for tablet 018c54d56f914ac49692bc78753972f4. 1 dirs total, 0 dirs full, 0 dirs failed
I20260630 12:30:22.344513 24796 tablet_service.cc:1511] Processing CreateTablet for tablet 07254d0d0c13415d87ca510eb7e9e587 (DEFAULT_TABLE table=test-workload [id=fff9c3b50401405199c78a72a279b006]), partition=RANGE (key) PARTITION 1342177275 <= VALUES < 1610612730
I20260630 12:30:22.328205 24799 tablet_service.cc:1511] Processing CreateTablet for tablet 50938ddcca8747a796a021ff8f8bf3a0 (DEFAULT_TABLE table=test-workload [id=fff9c3b50401405199c78a72a279b006]), partition=RANGE (key) PARTITION 536870910 <= VALUES < 805306365
I20260630 12:30:22.344847 24721 tablet_service.cc:1511] Processing CreateTablet for tablet 07254d0d0c13415d87ca510eb7e9e587 (DEFAULT_TABLE table=test-workload [id=fff9c3b50401405199c78a72a279b006]), partition=RANGE (key) PARTITION 1342177275 <= VALUES < 1610612730
I20260630 12:30:22.328943 24726 tablet_service.cc:1511] Processing CreateTablet for tablet 7b3ef04ad54844afa9e22474a7ffee1a (DEFAULT_TABLE table=test-workload [id=fff9c3b50401405199c78a72a279b006]), partition=RANGE (key) PARTITION VALUES < 268435455
I20260630 12:30:22.345979 24796 data_dirs.cc:400] Could only allocate 1 dirs of requested 3 for tablet 07254d0d0c13415d87ca510eb7e9e587. 1 dirs total, 0 dirs full, 0 dirs failed
I20260630 12:30:22.346617 24721 data_dirs.cc:400] Could only allocate 1 dirs of requested 3 for tablet 07254d0d0c13415d87ca510eb7e9e587. 1 dirs total, 0 dirs full, 0 dirs failed
I20260630 12:30:22.329377 24873 tablet_service.cc:1511] Processing CreateTablet for tablet 50938ddcca8747a796a021ff8f8bf3a0 (DEFAULT_TABLE table=test-workload [id=fff9c3b50401405199c78a72a279b006]), partition=RANGE (key) PARTITION 536870910 <= VALUES < 805306365
I20260630 12:30:22.348814 24869 tablet_service.cc:1511] Processing CreateTablet for tablet 199c9a21623d4ed58956d0b22483a6f2 (DEFAULT_TABLE table=test-workload [id=fff9c3b50401405199c78a72a279b006]), partition=RANGE (key) PARTITION 1610612730 <= VALUES < 1879048185
I20260630 12:30:22.349566 24873 data_dirs.cc:400] Could only allocate 1 dirs of requested 3 for tablet 50938ddcca8747a796a021ff8f8bf3a0. 1 dirs total, 0 dirs full, 0 dirs failed
I20260630 12:30:22.349144 24720 tablet_service.cc:1511] Processing CreateTablet for tablet 199c9a21623d4ed58956d0b22483a6f2 (DEFAULT_TABLE table=test-workload [id=fff9c3b50401405199c78a72a279b006]), partition=RANGE (key) PARTITION 1610612730 <= VALUES < 1879048185
I20260630 12:30:22.350251 24869 data_dirs.cc:400] Could only allocate 1 dirs of requested 3 for tablet 199c9a21623d4ed58956d0b22483a6f2. 1 dirs total, 0 dirs full, 0 dirs failed
I20260630 12:30:22.329828 24798 tablet_service.cc:1511] Processing CreateTablet for tablet 5b215fd760314cfebe81abedaf928b04 (DEFAULT_TABLE table=test-workload [id=fff9c3b50401405199c78a72a279b006]), partition=RANGE (key) PARTITION 805306365 <= VALUES < 1073741820
I20260630 12:30:22.350997 24720 data_dirs.cc:400] Could only allocate 1 dirs of requested 3 for tablet 199c9a21623d4ed58956d0b22483a6f2. 1 dirs total, 0 dirs full, 0 dirs failed
I20260630 12:30:22.330034 24725 tablet_service.cc:1511] Processing CreateTablet for tablet 018c54d56f914ac49692bc78753972f4 (DEFAULT_TABLE table=test-workload [id=fff9c3b50401405199c78a72a279b006]), partition=RANGE (key) PARTITION 268435455 <= VALUES < 536870910
I20260630 12:30:22.353189 24725 data_dirs.cc:400] Could only allocate 1 dirs of requested 3 for tablet 018c54d56f914ac49692bc78753972f4. 1 dirs total, 0 dirs full, 0 dirs failed
I20260630 12:30:22.330585 24872 tablet_service.cc:1511] Processing CreateTablet for tablet 5b215fd760314cfebe81abedaf928b04 (DEFAULT_TABLE table=test-workload [id=fff9c3b50401405199c78a72a279b006]), partition=RANGE (key) PARTITION 805306365 <= VALUES < 1073741820
I20260630 12:30:22.356096 24872 data_dirs.cc:400] Could only allocate 1 dirs of requested 3 for tablet 5b215fd760314cfebe81abedaf928b04. 1 dirs total, 0 dirs full, 0 dirs failed
I20260630 12:30:22.331105 24724 tablet_service.cc:1511] Processing CreateTablet for tablet 50938ddcca8747a796a021ff8f8bf3a0 (DEFAULT_TABLE table=test-workload [id=fff9c3b50401405199c78a72a279b006]), partition=RANGE (key) PARTITION 536870910 <= VALUES < 805306365
I20260630 12:30:22.358544 24724 data_dirs.cc:400] Could only allocate 1 dirs of requested 3 for tablet 50938ddcca8747a796a021ff8f8bf3a0. 1 dirs total, 0 dirs full, 0 dirs failed
I20260630 12:30:22.360646 24798 data_dirs.cc:400] Could only allocate 1 dirs of requested 3 for tablet 5b215fd760314cfebe81abedaf928b04. 1 dirs total, 0 dirs full, 0 dirs failed
I20260630 12:30:22.362610 24799 data_dirs.cc:400] Could only allocate 1 dirs of requested 3 for tablet 50938ddcca8747a796a021ff8f8bf3a0. 1 dirs total, 0 dirs full, 0 dirs failed
I20260630 12:30:22.364223 24726 data_dirs.cc:400] Could only allocate 1 dirs of requested 3 for tablet 7b3ef04ad54844afa9e22474a7ffee1a. 1 dirs total, 0 dirs full, 0 dirs failed
I20260630 12:30:22.374814 24719 tablet_service.cc:1511] Processing CreateTablet for tablet 358c7d089bb94c2dbae6053892b49337 (DEFAULT_TABLE table=test-workload [id=fff9c3b50401405199c78a72a279b006]), partition=RANGE (key) PARTITION 1879048185 <= VALUES
I20260630 12:30:22.375425 24795 tablet_service.cc:1511] Processing CreateTablet for tablet 199c9a21623d4ed58956d0b22483a6f2 (DEFAULT_TABLE table=test-workload [id=fff9c3b50401405199c78a72a279b006]), partition=RANGE (key) PARTITION 1610612730 <= VALUES < 1879048185
I20260630 12:30:22.376262 24719 data_dirs.cc:400] Could only allocate 1 dirs of requested 3 for tablet 358c7d089bb94c2dbae6053892b49337. 1 dirs total, 0 dirs full, 0 dirs failed
I20260630 12:30:22.377055 24795 data_dirs.cc:400] Could only allocate 1 dirs of requested 3 for tablet 199c9a21623d4ed58956d0b22483a6f2. 1 dirs total, 0 dirs full, 0 dirs failed
I20260630 12:30:22.382516 24794 tablet_service.cc:1511] Processing CreateTablet for tablet 358c7d089bb94c2dbae6053892b49337 (DEFAULT_TABLE table=test-workload [id=fff9c3b50401405199c78a72a279b006]), partition=RANGE (key) PARTITION 1879048185 <= VALUES
I20260630 12:30:22.385514 24794 data_dirs.cc:400] Could only allocate 1 dirs of requested 3 for tablet 358c7d089bb94c2dbae6053892b49337. 1 dirs total, 0 dirs full, 0 dirs failed
I20260630 12:30:22.385756 24868 tablet_service.cc:1511] Processing CreateTablet for tablet 358c7d089bb94c2dbae6053892b49337 (DEFAULT_TABLE table=test-workload [id=fff9c3b50401405199c78a72a279b006]), partition=RANGE (key) PARTITION 1879048185 <= VALUES
I20260630 12:30:22.391276 24868 data_dirs.cc:400] Could only allocate 1 dirs of requested 3 for tablet 358c7d089bb94c2dbae6053892b49337. 1 dirs total, 0 dirs full, 0 dirs failed
I20260630 12:30:22.472887 24930 tablet_bootstrap.cc:492] T 5b215fd760314cfebe81abedaf928b04 P 245a02615dea44ecb9f76a4386dc2f63: Bootstrap starting.
I20260630 12:30:22.475008 24931 tablet_bootstrap.cc:492] T d0142e8890cb41c4a265282dfa1c5a7b P 277cfd38f1ad48e28db90dcbdea56934: Bootstrap starting.
I20260630 12:30:22.503083 24932 tablet_bootstrap.cc:492] T 50938ddcca8747a796a021ff8f8bf3a0 P 330f12a5770640479395b11f3d8f006d: Bootstrap starting.
I20260630 12:30:22.510406 24932 tablet_bootstrap.cc:654] T 50938ddcca8747a796a021ff8f8bf3a0 P 330f12a5770640479395b11f3d8f006d: Neither blocks nor log segments found. Creating new log.
I20260630 12:30:22.512509 24931 tablet_bootstrap.cc:654] T d0142e8890cb41c4a265282dfa1c5a7b P 277cfd38f1ad48e28db90dcbdea56934: Neither blocks nor log segments found. Creating new log.
I20260630 12:30:22.518868 24930 tablet_bootstrap.cc:654] T 5b215fd760314cfebe81abedaf928b04 P 245a02615dea44ecb9f76a4386dc2f63: Neither blocks nor log segments found. Creating new log.
I20260630 12:30:22.524435 24931 tablet_bootstrap.cc:492] T d0142e8890cb41c4a265282dfa1c5a7b P 277cfd38f1ad48e28db90dcbdea56934: No bootstrap required, opened a new log
I20260630 12:30:22.524942 24931 ts_tablet_manager.cc:1403] T d0142e8890cb41c4a265282dfa1c5a7b P 277cfd38f1ad48e28db90dcbdea56934: Time spent bootstrapping tablet: real 0.050s	user 0.004s	sys 0.013s
I20260630 12:30:22.524981 24932 tablet_bootstrap.cc:492] T 50938ddcca8747a796a021ff8f8bf3a0 P 330f12a5770640479395b11f3d8f006d: No bootstrap required, opened a new log
I20260630 12:30:22.525621 24932 ts_tablet_manager.cc:1403] T 50938ddcca8747a796a021ff8f8bf3a0 P 330f12a5770640479395b11f3d8f006d: Time spent bootstrapping tablet: real 0.023s	user 0.009s	sys 0.008s
I20260630 12:30:22.527855 24931 raft_consensus.cc:359] T d0142e8890cb41c4a265282dfa1c5a7b P 277cfd38f1ad48e28db90dcbdea56934 [term 0 FOLLOWER]: Replica starting. Triggering 0 pending ops. Active config: opid_index: -1 OBSOLETE_local: false peers { permanent_uuid: "330f12a5770640479395b11f3d8f006d" member_type: VOTER last_known_addr { host: "127.23.128.1" port: 35353 } } peers { permanent_uuid: "245a02615dea44ecb9f76a4386dc2f63" member_type: VOTER last_known_addr { host: "127.23.128.2" port: 45451 } } peers { permanent_uuid: "277cfd38f1ad48e28db90dcbdea56934" member_type: VOTER last_known_addr { host: "127.23.128.3" port: 35741 } }
I20260630 12:30:22.528084 24932 raft_consensus.cc:359] T 50938ddcca8747a796a021ff8f8bf3a0 P 330f12a5770640479395b11f3d8f006d [term 0 FOLLOWER]: Replica starting. Triggering 0 pending ops. Active config: opid_index: -1 OBSOLETE_local: false peers { permanent_uuid: "330f12a5770640479395b11f3d8f006d" member_type: VOTER last_known_addr { host: "127.23.128.1" port: 35353 } } peers { permanent_uuid: "245a02615dea44ecb9f76a4386dc2f63" member_type: VOTER last_known_addr { host: "127.23.128.2" port: 45451 } } peers { permanent_uuid: "277cfd38f1ad48e28db90dcbdea56934" member_type: VOTER last_known_addr { host: "127.23.128.3" port: 35741 } }
I20260630 12:30:22.528719 24931 raft_consensus.cc:385] T d0142e8890cb41c4a265282dfa1c5a7b P 277cfd38f1ad48e28db90dcbdea56934 [term 0 FOLLOWER]: Consensus starting up: Expiring failure detector timer to make a prompt election more likely
I20260630 12:30:22.528786 24932 raft_consensus.cc:385] T 50938ddcca8747a796a021ff8f8bf3a0 P 330f12a5770640479395b11f3d8f006d [term 0 FOLLOWER]: Consensus starting up: Expiring failure detector timer to make a prompt election more likely
I20260630 12:30:22.529155 24931 raft_consensus.cc:740] T d0142e8890cb41c4a265282dfa1c5a7b P 277cfd38f1ad48e28db90dcbdea56934 [term 0 FOLLOWER]: Becoming Follower/Learner. State: Replica: 277cfd38f1ad48e28db90dcbdea56934, State: Initialized, Role: FOLLOWER
I20260630 12:30:22.529201 24932 raft_consensus.cc:740] T 50938ddcca8747a796a021ff8f8bf3a0 P 330f12a5770640479395b11f3d8f006d [term 0 FOLLOWER]: Becoming Follower/Learner. State: Replica: 330f12a5770640479395b11f3d8f006d, State: Initialized, Role: FOLLOWER
I20260630 12:30:22.530428 24930 tablet_bootstrap.cc:492] T 5b215fd760314cfebe81abedaf928b04 P 245a02615dea44ecb9f76a4386dc2f63: No bootstrap required, opened a new log
I20260630 12:30:22.530050 24932 consensus_queue.cc:260] T 50938ddcca8747a796a021ff8f8bf3a0 P 330f12a5770640479395b11f3d8f006d [NON_LEADER]: Queue going to NON_LEADER mode. State: All replicated index: 0, Majority replicated index: 0, Committed index: 0, Last appended: 0.0, Last appended by leader: 0, Current term: 0, Majority size: -1, State: 0, Mode: NON_LEADER, active raft config: opid_index: -1 OBSOLETE_local: false peers { permanent_uuid: "330f12a5770640479395b11f3d8f006d" member_type: VOTER last_known_addr { host: "127.23.128.1" port: 35353 } } peers { permanent_uuid: "245a02615dea44ecb9f76a4386dc2f63" member_type: VOTER last_known_addr { host: "127.23.128.2" port: 45451 } } peers { permanent_uuid: "277cfd38f1ad48e28db90dcbdea56934" member_type: VOTER last_known_addr { host: "127.23.128.3" port: 35741 } }
I20260630 12:30:22.530256 24931 consensus_queue.cc:260] T d0142e8890cb41c4a265282dfa1c5a7b P 277cfd38f1ad48e28db90dcbdea56934 [NON_LEADER]: Queue going to NON_LEADER mode. State: All replicated index: 0, Majority replicated index: 0, Committed index: 0, Last appended: 0.0, Last appended by leader: 0, Current term: 0, Majority size: -1, State: 0, Mode: NON_LEADER, active raft config: opid_index: -1 OBSOLETE_local: false peers { permanent_uuid: "330f12a5770640479395b11f3d8f006d" member_type: VOTER last_known_addr { host: "127.23.128.1" port: 35353 } } peers { permanent_uuid: "245a02615dea44ecb9f76a4386dc2f63" member_type: VOTER last_known_addr { host: "127.23.128.2" port: 45451 } } peers { permanent_uuid: "277cfd38f1ad48e28db90dcbdea56934" member_type: VOTER last_known_addr { host: "127.23.128.3" port: 35741 } }
I20260630 12:30:22.530874 24930 ts_tablet_manager.cc:1403] T 5b215fd760314cfebe81abedaf928b04 P 245a02615dea44ecb9f76a4386dc2f63: Time spent bootstrapping tablet: real 0.058s	user 0.014s	sys 0.004s
I20260630 12:30:22.533227 24932 ts_tablet_manager.cc:1434] T 50938ddcca8747a796a021ff8f8bf3a0 P 330f12a5770640479395b11f3d8f006d: Time spent starting tablet: real 0.007s	user 0.007s	sys 0.000s
I20260630 12:30:22.533633 24931 ts_tablet_manager.cc:1434] T d0142e8890cb41c4a265282dfa1c5a7b P 277cfd38f1ad48e28db90dcbdea56934: Time spent starting tablet: real 0.008s	user 0.006s	sys 0.002s
I20260630 12:30:22.533699 24930 raft_consensus.cc:359] T 5b215fd760314cfebe81abedaf928b04 P 245a02615dea44ecb9f76a4386dc2f63 [term 0 FOLLOWER]: Replica starting. Triggering 0 pending ops. Active config: opid_index: -1 OBSOLETE_local: false peers { permanent_uuid: "330f12a5770640479395b11f3d8f006d" member_type: VOTER last_known_addr { host: "127.23.128.1" port: 35353 } } peers { permanent_uuid: "245a02615dea44ecb9f76a4386dc2f63" member_type: VOTER last_known_addr { host: "127.23.128.2" port: 45451 } } peers { permanent_uuid: "277cfd38f1ad48e28db90dcbdea56934" member_type: VOTER last_known_addr { host: "127.23.128.3" port: 35741 } }
I20260630 12:30:22.534380 24931 tablet_bootstrap.cc:492] T 5b215fd760314cfebe81abedaf928b04 P 277cfd38f1ad48e28db90dcbdea56934: Bootstrap starting.
I20260630 12:30:22.534456 24930 raft_consensus.cc:385] T 5b215fd760314cfebe81abedaf928b04 P 245a02615dea44ecb9f76a4386dc2f63 [term 0 FOLLOWER]: Consensus starting up: Expiring failure detector timer to make a prompt election more likely
I20260630 12:30:22.534845 24930 raft_consensus.cc:740] T 5b215fd760314cfebe81abedaf928b04 P 245a02615dea44ecb9f76a4386dc2f63 [term 0 FOLLOWER]: Becoming Follower/Learner. State: Replica: 245a02615dea44ecb9f76a4386dc2f63, State: Initialized, Role: FOLLOWER
I20260630 12:30:22.535590 24932 tablet_bootstrap.cc:492] T 358c7d089bb94c2dbae6053892b49337 P 330f12a5770640479395b11f3d8f006d: Bootstrap starting.
I20260630 12:30:22.535737 24930 consensus_queue.cc:260] T 5b215fd760314cfebe81abedaf928b04 P 245a02615dea44ecb9f76a4386dc2f63 [NON_LEADER]: Queue going to NON_LEADER mode. State: All replicated index: 0, Majority replicated index: 0, Committed index: 0, Last appended: 0.0, Last appended by leader: 0, Current term: 0, Majority size: -1, State: 0, Mode: NON_LEADER, active raft config: opid_index: -1 OBSOLETE_local: false peers { permanent_uuid: "330f12a5770640479395b11f3d8f006d" member_type: VOTER last_known_addr { host: "127.23.128.1" port: 35353 } } peers { permanent_uuid: "245a02615dea44ecb9f76a4386dc2f63" member_type: VOTER last_known_addr { host: "127.23.128.2" port: 45451 } } peers { permanent_uuid: "277cfd38f1ad48e28db90dcbdea56934" member_type: VOTER last_known_addr { host: "127.23.128.3" port: 35741 } }
I20260630 12:30:22.540534 24931 tablet_bootstrap.cc:654] T 5b215fd760314cfebe81abedaf928b04 P 277cfd38f1ad48e28db90dcbdea56934: Neither blocks nor log segments found. Creating new log.
I20260630 12:30:22.541141 24932 tablet_bootstrap.cc:654] T 358c7d089bb94c2dbae6053892b49337 P 330f12a5770640479395b11f3d8f006d: Neither blocks nor log segments found. Creating new log.
I20260630 12:30:22.545133 24930 ts_tablet_manager.cc:1434] T 5b215fd760314cfebe81abedaf928b04 P 245a02615dea44ecb9f76a4386dc2f63: Time spent starting tablet: real 0.014s	user 0.009s	sys 0.004s
I20260630 12:30:22.547974 24930 tablet_bootstrap.cc:492] T 50938ddcca8747a796a021ff8f8bf3a0 P 245a02615dea44ecb9f76a4386dc2f63: Bootstrap starting.
I20260630 12:30:22.553153 24932 tablet_bootstrap.cc:492] T 358c7d089bb94c2dbae6053892b49337 P 330f12a5770640479395b11f3d8f006d: No bootstrap required, opened a new log
I20260630 12:30:22.553519 24930 tablet_bootstrap.cc:654] T 50938ddcca8747a796a021ff8f8bf3a0 P 245a02615dea44ecb9f76a4386dc2f63: Neither blocks nor log segments found. Creating new log.
I20260630 12:30:22.553798 24932 ts_tablet_manager.cc:1403] T 358c7d089bb94c2dbae6053892b49337 P 330f12a5770640479395b11f3d8f006d: Time spent bootstrapping tablet: real 0.018s	user 0.009s	sys 0.007s
