    name: "string_val"
    type: STRING
    is_key: false
    is_nullable: true
    encoding: AUTO_ENCODING
    compression: DEFAULT_COMPRESSION
    cfile_block_size: 0
    immutable: false
  }
}
num_replicas: 3
split_rows_range_bounds {
  rows: "\004\001\000\377\377\377?""\004\001\000\377\377\377?"
  indirect_data: """"
}
partition_schema {
  range_schema {
    columns {
      name: "key"
    }
  }
}
W20260630 12:30:40.077637 25714 catalog_manager.cc:7077] The number of live tablet servers is not enough to re-replicate a tablet replica of the newly created table test-workload in case of a server failure: 4 tablet servers would be needed, 3 are available. Consider bringing up more tablet servers.
I20260630 12:30:40.138180 25955 tablet_service.cc:1511] Processing CreateTablet for tablet abc316c5da02415b96e53051568d4899 (DEFAULT_TABLE table=test-workload [id=2a3fc2effd05448f8685e7f5e2c9a21b]), partition=RANGE (key) PARTITION VALUES < 1073741823
I20260630 12:30:40.139880 25955 data_dirs.cc:400] Could only allocate 1 dirs of requested 3 for tablet abc316c5da02415b96e53051568d4899. 1 dirs total, 0 dirs full, 0 dirs failed
I20260630 12:30:40.139477 25880 tablet_service.cc:1511] Processing CreateTablet for tablet cbd73ba9eda647f0ac55d133eac98347 (DEFAULT_TABLE table=test-workload [id=2a3fc2effd05448f8685e7f5e2c9a21b]), partition=RANGE (key) PARTITION 1073741823 <= VALUES
I20260630 12:30:40.141052 25880 data_dirs.cc:400] Could only allocate 1 dirs of requested 3 for tablet cbd73ba9eda647f0ac55d133eac98347. 1 dirs total, 0 dirs full, 0 dirs failed
I20260630 12:30:40.144312 25806 tablet_service.cc:1511] Processing CreateTablet for tablet abc316c5da02415b96e53051568d4899 (DEFAULT_TABLE table=test-workload [id=2a3fc2effd05448f8685e7f5e2c9a21b]), partition=RANGE (key) PARTITION VALUES < 1073741823
I20260630 12:30:40.145939 25806 data_dirs.cc:400] Could only allocate 1 dirs of requested 3 for tablet abc316c5da02415b96e53051568d4899. 1 dirs total, 0 dirs full, 0 dirs failed
I20260630 12:30:40.146016 25881 tablet_service.cc:1511] Processing CreateTablet for tablet abc316c5da02415b96e53051568d4899 (DEFAULT_TABLE table=test-workload [id=2a3fc2effd05448f8685e7f5e2c9a21b]), partition=RANGE (key) PARTITION VALUES < 1073741823
I20260630 12:30:40.147573 25881 data_dirs.cc:400] Could only allocate 1 dirs of requested 3 for tablet abc316c5da02415b96e53051568d4899. 1 dirs total, 0 dirs full, 0 dirs failed
I20260630 12:30:40.149893 25805 tablet_service.cc:1511] Processing CreateTablet for tablet cbd73ba9eda647f0ac55d133eac98347 (DEFAULT_TABLE table=test-workload [id=2a3fc2effd05448f8685e7f5e2c9a21b]), partition=RANGE (key) PARTITION 1073741823 <= VALUES
I20260630 12:30:40.151310 25805 data_dirs.cc:400] Could only allocate 1 dirs of requested 3 for tablet cbd73ba9eda647f0ac55d133eac98347. 1 dirs total, 0 dirs full, 0 dirs failed
I20260630 12:30:40.152971 25954 tablet_service.cc:1511] Processing CreateTablet for tablet cbd73ba9eda647f0ac55d133eac98347 (DEFAULT_TABLE table=test-workload [id=2a3fc2effd05448f8685e7f5e2c9a21b]), partition=RANGE (key) PARTITION 1073741823 <= VALUES
I20260630 12:30:40.154503 25954 data_dirs.cc:400] Could only allocate 1 dirs of requested 3 for tablet cbd73ba9eda647f0ac55d133eac98347. 1 dirs total, 0 dirs full, 0 dirs failed
I20260630 12:30:40.182463 26010 tablet_bootstrap.cc:492] T abc316c5da02415b96e53051568d4899 P 5b93c58b4a8d4298988b8f2130fe78bf: Bootstrap starting.
I20260630 12:30:40.186112 26012 tablet_bootstrap.cc:492] T abc316c5da02415b96e53051568d4899 P 42615ae6e27b4cfda36f9f827e67b2b1: Bootstrap starting.
I20260630 12:30:40.193233 26011 tablet_bootstrap.cc:492] T abc316c5da02415b96e53051568d4899 P 912cf38da9214b5a8cfbcd5287017fc4: Bootstrap starting.
I20260630 12:30:40.194383 26010 tablet_bootstrap.cc:654] T abc316c5da02415b96e53051568d4899 P 5b93c58b4a8d4298988b8f2130fe78bf: Neither blocks nor log segments found. Creating new log.
I20260630 12:30:40.198022 26012 tablet_bootstrap.cc:654] T abc316c5da02415b96e53051568d4899 P 42615ae6e27b4cfda36f9f827e67b2b1: Neither blocks nor log segments found. Creating new log.
I20260630 12:30:40.201277 26011 tablet_bootstrap.cc:654] T abc316c5da02415b96e53051568d4899 P 912cf38da9214b5a8cfbcd5287017fc4: Neither blocks nor log segments found. Creating new log.
I20260630 12:30:40.201367 26010 tablet_bootstrap.cc:492] T abc316c5da02415b96e53051568d4899 P 5b93c58b4a8d4298988b8f2130fe78bf: No bootstrap required, opened a new log
I20260630 12:30:40.202193 26010 ts_tablet_manager.cc:1403] T abc316c5da02415b96e53051568d4899 P 5b93c58b4a8d4298988b8f2130fe78bf: Time spent bootstrapping tablet: real 0.020s	user 0.015s	sys 0.000s
I20260630 12:30:40.203943 26012 tablet_bootstrap.cc:492] T abc316c5da02415b96e53051568d4899 P 42615ae6e27b4cfda36f9f827e67b2b1: No bootstrap required, opened a new log
I20260630 12:30:40.204501 26012 ts_tablet_manager.cc:1403] T abc316c5da02415b96e53051568d4899 P 42615ae6e27b4cfda36f9f827e67b2b1: Time spent bootstrapping tablet: real 0.019s	user 0.010s	sys 0.004s
I20260630 12:30:40.206260 26010 raft_consensus.cc:359] T abc316c5da02415b96e53051568d4899 P 5b93c58b4a8d4298988b8f2130fe78bf [term 0 FOLLOWER]: Replica starting. Triggering 0 pending ops. Active config: opid_index: -1 OBSOLETE_local: false peers { permanent_uuid: "912cf38da9214b5a8cfbcd5287017fc4" member_type: VOTER last_known_addr { host: "127.23.128.2" port: 35975 } } peers { permanent_uuid: "5b93c58b4a8d4298988b8f2130fe78bf" member_type: VOTER last_known_addr { host: "127.23.128.3" port: 39325 } } peers { permanent_uuid: "42615ae6e27b4cfda36f9f827e67b2b1" member_type: VOTER last_known_addr { host: "127.23.128.1" port: 38199 } }
I20260630 12:30:40.207520 26010 raft_consensus.cc:385] T abc316c5da02415b96e53051568d4899 P 5b93c58b4a8d4298988b8f2130fe78bf [term 0 FOLLOWER]: Consensus starting up: Expiring failure detector timer to make a prompt election more likely
I20260630 12:30:40.207722 26012 raft_consensus.cc:359] T abc316c5da02415b96e53051568d4899 P 42615ae6e27b4cfda36f9f827e67b2b1 [term 0 FOLLOWER]: Replica starting. Triggering 0 pending ops. Active config: opid_index: -1 OBSOLETE_local: false peers { permanent_uuid: "912cf38da9214b5a8cfbcd5287017fc4" member_type: VOTER last_known_addr { host: "127.23.128.2" port: 35975 } } peers { permanent_uuid: "5b93c58b4a8d4298988b8f2130fe78bf" member_type: VOTER last_known_addr { host: "127.23.128.3" port: 39325 } } peers { permanent_uuid: "42615ae6e27b4cfda36f9f827e67b2b1" member_type: VOTER last_known_addr { host: "127.23.128.1" port: 38199 } }
I20260630 12:30:40.208040 26010 raft_consensus.cc:740] T abc316c5da02415b96e53051568d4899 P 5b93c58b4a8d4298988b8f2130fe78bf [term 0 FOLLOWER]: Becoming Follower/Learner. State: Replica: 5b93c58b4a8d4298988b8f2130fe78bf, State: Initialized, Role: FOLLOWER
I20260630 12:30:40.208431 26012 raft_consensus.cc:385] T abc316c5da02415b96e53051568d4899 P 42615ae6e27b4cfda36f9f827e67b2b1 [term 0 FOLLOWER]: Consensus starting up: Expiring failure detector timer to make a prompt election more likely
I20260630 12:30:40.208863 26012 raft_consensus.cc:740] T abc316c5da02415b96e53051568d4899 P 42615ae6e27b4cfda36f9f827e67b2b1 [term 0 FOLLOWER]: Becoming Follower/Learner. State: Replica: 42615ae6e27b4cfda36f9f827e67b2b1, State: Initialized, Role: FOLLOWER
I20260630 12:30:40.209419 26010 consensus_queue.cc:260] T abc316c5da02415b96e53051568d4899 P 5b93c58b4a8d4298988b8f2130fe78bf [NON_LEADER]: Queue going to NON_LEADER mode. State: All replicated index: 0, Majority replicated index: 0, Committed index: 0, Last appended: 0.0, Last appended by leader: 0, Current term: 0, Majority size: -1, State: 0, Mode: NON_LEADER, active raft config: opid_index: -1 OBSOLETE_local: false peers { permanent_uuid: "912cf38da9214b5a8cfbcd5287017fc4" member_type: VOTER last_known_addr { host: "127.23.128.2" port: 35975 } } peers { permanent_uuid: "5b93c58b4a8d4298988b8f2130fe78bf" member_type: VOTER last_known_addr { host: "127.23.128.3" port: 39325 } } peers { permanent_uuid: "42615ae6e27b4cfda36f9f827e67b2b1" member_type: VOTER last_known_addr { host: "127.23.128.1" port: 38199 } }
I20260630 12:30:40.209805 26012 consensus_queue.cc:260] T abc316c5da02415b96e53051568d4899 P 42615ae6e27b4cfda36f9f827e67b2b1 [NON_LEADER]: Queue going to NON_LEADER mode. State: All replicated index: 0, Majority replicated index: 0, Committed index: 0, Last appended: 0.0, Last appended by leader: 0, Current term: 0, Majority size: -1, State: 0, Mode: NON_LEADER, active raft config: opid_index: -1 OBSOLETE_local: false peers { permanent_uuid: "912cf38da9214b5a8cfbcd5287017fc4" member_type: VOTER last_known_addr { host: "127.23.128.2" port: 35975 } } peers { permanent_uuid: "5b93c58b4a8d4298988b8f2130fe78bf" member_type: VOTER last_known_addr { host: "127.23.128.3" port: 39325 } } peers { permanent_uuid: "42615ae6e27b4cfda36f9f827e67b2b1" member_type: VOTER last_known_addr { host: "127.23.128.1" port: 38199 } }
I20260630 12:30:40.212731 26010 ts_tablet_manager.cc:1434] T abc316c5da02415b96e53051568d4899 P 5b93c58b4a8d4298988b8f2130fe78bf: Time spent starting tablet: real 0.010s	user 0.010s	sys 0.000s
I20260630 12:30:40.213845 26010 tablet_bootstrap.cc:492] T cbd73ba9eda647f0ac55d133eac98347 P 5b93c58b4a8d4298988b8f2130fe78bf: Bootstrap starting.
I20260630 12:30:40.213930 26011 tablet_bootstrap.cc:492] T abc316c5da02415b96e53051568d4899 P 912cf38da9214b5a8cfbcd5287017fc4: No bootstrap required, opened a new log
I20260630 12:30:40.214573 26011 ts_tablet_manager.cc:1403] T abc316c5da02415b96e53051568d4899 P 912cf38da9214b5a8cfbcd5287017fc4: Time spent bootstrapping tablet: real 0.022s	user 0.007s	sys 0.012s
I20260630 12:30:40.217933 26011 raft_consensus.cc:359] T abc316c5da02415b96e53051568d4899 P 912cf38da9214b5a8cfbcd5287017fc4 [term 0 FOLLOWER]: Replica starting. Triggering 0 pending ops. Active config: opid_index: -1 OBSOLETE_local: false peers { permanent_uuid: "912cf38da9214b5a8cfbcd5287017fc4" member_type: VOTER last_known_addr { host: "127.23.128.2" port: 35975 } } peers { permanent_uuid: "5b93c58b4a8d4298988b8f2130fe78bf" member_type: VOTER last_known_addr { host: "127.23.128.3" port: 39325 } } peers { permanent_uuid: "42615ae6e27b4cfda36f9f827e67b2b1" member_type: VOTER last_known_addr { host: "127.23.128.1" port: 38199 } }
I20260630 12:30:40.218847 26011 raft_consensus.cc:385] T abc316c5da02415b96e53051568d4899 P 912cf38da9214b5a8cfbcd5287017fc4 [term 0 FOLLOWER]: Consensus starting up: Expiring failure detector timer to make a prompt election more likely
I20260630 12:30:40.219169 26011 raft_consensus.cc:740] T abc316c5da02415b96e53051568d4899 P 912cf38da9214b5a8cfbcd5287017fc4 [term 0 FOLLOWER]: Becoming Follower/Learner. State: Replica: 912cf38da9214b5a8cfbcd5287017fc4, State: Initialized, Role: FOLLOWER
I20260630 12:30:40.220000 26011 consensus_queue.cc:260] T abc316c5da02415b96e53051568d4899 P 912cf38da9214b5a8cfbcd5287017fc4 [NON_LEADER]: Queue going to NON_LEADER mode. State: All replicated index: 0, Majority replicated index: 0, Committed index: 0, Last appended: 0.0, Last appended by leader: 0, Current term: 0, Majority size: -1, State: 0, Mode: NON_LEADER, active raft config: opid_index: -1 OBSOLETE_local: false peers { permanent_uuid: "912cf38da9214b5a8cfbcd5287017fc4" member_type: VOTER last_known_addr { host: "127.23.128.2" port: 35975 } } peers { permanent_uuid: "5b93c58b4a8d4298988b8f2130fe78bf" member_type: VOTER last_known_addr { host: "127.23.128.3" port: 39325 } } peers { permanent_uuid: "42615ae6e27b4cfda36f9f827e67b2b1" member_type: VOTER last_known_addr { host: "127.23.128.1" port: 38199 } }
I20260630 12:30:40.222585 26010 tablet_bootstrap.cc:654] T cbd73ba9eda647f0ac55d133eac98347 P 5b93c58b4a8d4298988b8f2130fe78bf: Neither blocks nor log segments found. Creating new log.
I20260630 12:30:40.223486 26012 ts_tablet_manager.cc:1434] T abc316c5da02415b96e53051568d4899 P 42615ae6e27b4cfda36f9f827e67b2b1: Time spent starting tablet: real 0.019s	user 0.005s	sys 0.012s
I20260630 12:30:40.224774 26012 tablet_bootstrap.cc:492] T cbd73ba9eda647f0ac55d133eac98347 P 42615ae6e27b4cfda36f9f827e67b2b1: Bootstrap starting.
I20260630 12:30:40.232038 26012 tablet_bootstrap.cc:654] T cbd73ba9eda647f0ac55d133eac98347 P 42615ae6e27b4cfda36f9f827e67b2b1: Neither blocks nor log segments found. Creating new log.
I20260630 12:30:40.235677 26010 tablet_bootstrap.cc:492] T cbd73ba9eda647f0ac55d133eac98347 P 5b93c58b4a8d4298988b8f2130fe78bf: No bootstrap required, opened a new log
I20260630 12:30:40.236410 26010 ts_tablet_manager.cc:1403] T cbd73ba9eda647f0ac55d133eac98347 P 5b93c58b4a8d4298988b8f2130fe78bf: Time spent bootstrapping tablet: real 0.023s	user 0.008s	sys 0.009s
I20260630 12:30:40.238725 26011 ts_tablet_manager.cc:1434] T abc316c5da02415b96e53051568d4899 P 912cf38da9214b5a8cfbcd5287017fc4: Time spent starting tablet: real 0.024s	user 0.007s	sys 0.000s
I20260630 12:30:40.240018 26011 tablet_bootstrap.cc:492] T cbd73ba9eda647f0ac55d133eac98347 P 912cf38da9214b5a8cfbcd5287017fc4: Bootstrap starting.
I20260630 12:30:40.247313 26011 tablet_bootstrap.cc:654] T cbd73ba9eda647f0ac55d133eac98347 P 912cf38da9214b5a8cfbcd5287017fc4: Neither blocks nor log segments found. Creating new log.
I20260630 12:30:40.249176 26010 raft_consensus.cc:359] T cbd73ba9eda647f0ac55d133eac98347 P 5b93c58b4a8d4298988b8f2130fe78bf [term 0 FOLLOWER]: Replica starting. Triggering 0 pending ops. Active config: opid_index: -1 OBSOLETE_local: false peers { permanent_uuid: "42615ae6e27b4cfda36f9f827e67b2b1" member_type: VOTER last_known_addr { host: "127.23.128.1" port: 38199 } } peers { permanent_uuid: "912cf38da9214b5a8cfbcd5287017fc4" member_type: VOTER last_known_addr { host: "127.23.128.2" port: 35975 } } peers { permanent_uuid: "5b93c58b4a8d4298988b8f2130fe78bf" member_type: VOTER last_known_addr { host: "127.23.128.3" port: 39325 } }
I20260630 12:30:40.250277 26010 raft_consensus.cc:385] T cbd73ba9eda647f0ac55d133eac98347 P 5b93c58b4a8d4298988b8f2130fe78bf [term 0 FOLLOWER]: Consensus starting up: Expiring failure detector timer to make a prompt election more likely
I20260630 12:30:40.250774 26010 raft_consensus.cc:740] T cbd73ba9eda647f0ac55d133eac98347 P 5b93c58b4a8d4298988b8f2130fe78bf [term 0 FOLLOWER]: Becoming Follower/Learner. State: Replica: 5b93c58b4a8d4298988b8f2130fe78bf, State: Initialized, Role: FOLLOWER
I20260630 12:30:40.252427 26012 tablet_bootstrap.cc:492] T cbd73ba9eda647f0ac55d133eac98347 P 42615ae6e27b4cfda36f9f827e67b2b1: No bootstrap required, opened a new log
I20260630 12:30:40.251853 26010 consensus_queue.cc:260] T cbd73ba9eda647f0ac55d133eac98347 P 5b93c58b4a8d4298988b8f2130fe78bf [NON_LEADER]: Queue going to NON_LEADER mode. State: All replicated index: 0, Majority replicated index: 0, Committed index: 0, Last appended: 0.0, Last appended by leader: 0, Current term: 0, Majority size: -1, State: 0, Mode: NON_LEADER, active raft config: opid_index: -1 OBSOLETE_local: false peers { permanent_uuid: "42615ae6e27b4cfda36f9f827e67b2b1" member_type: VOTER last_known_addr { host: "127.23.128.1" port: 38199 } } peers { permanent_uuid: "912cf38da9214b5a8cfbcd5287017fc4" member_type: VOTER last_known_addr { host: "127.23.128.2" port: 35975 } } peers { permanent_uuid: "5b93c58b4a8d4298988b8f2130fe78bf" member_type: VOTER last_known_addr { host: "127.23.128.3" port: 39325 } }
I20260630 12:30:40.253053 26012 ts_tablet_manager.cc:1403] T cbd73ba9eda647f0ac55d133eac98347 P 42615ae6e27b4cfda36f9f827e67b2b1: Time spent bootstrapping tablet: real 0.029s	user 0.016s	sys 0.010s
I20260630 12:30:40.253026 26016 raft_consensus.cc:493] T cbd73ba9eda647f0ac55d133eac98347 P 5b93c58b4a8d4298988b8f2130fe78bf [term 0 FOLLOWER]: Starting pre-election (no leader contacted us within the election timeout)
I20260630 12:30:40.253743 26011 tablet_bootstrap.cc:492] T cbd73ba9eda647f0ac55d133eac98347 P 912cf38da9214b5a8cfbcd5287017fc4: No bootstrap required, opened a new log
I20260630 12:30:40.254319 26011 ts_tablet_manager.cc:1403] T cbd73ba9eda647f0ac55d133eac98347 P 912cf38da9214b5a8cfbcd5287017fc4: Time spent bootstrapping tablet: real 0.015s	user 0.001s	sys 0.011s
I20260630 12:30:40.253865 26016 raft_consensus.cc:515] T cbd73ba9eda647f0ac55d133eac98347 P 5b93c58b4a8d4298988b8f2130fe78bf [term 0 FOLLOWER]: Starting pre-election with config: opid_index: -1 OBSOLETE_local: false peers { permanent_uuid: "42615ae6e27b4cfda36f9f827e67b2b1" member_type: VOTER last_known_addr { host: "127.23.128.1" port: 38199 } } peers { permanent_uuid: "912cf38da9214b5a8cfbcd5287017fc4" member_type: VOTER last_known_addr { host: "127.23.128.2" port: 35975 } } peers { permanent_uuid: "5b93c58b4a8d4298988b8f2130fe78bf" member_type: VOTER last_known_addr { host: "127.23.128.3" port: 39325 } }
I20260630 12:30:40.258088 26011 raft_consensus.cc:359] T cbd73ba9eda647f0ac55d133eac98347 P 912cf38da9214b5a8cfbcd5287017fc4 [term 0 FOLLOWER]: Replica starting. Triggering 0 pending ops. Active config: opid_index: -1 OBSOLETE_local: false peers { permanent_uuid: "42615ae6e27b4cfda36f9f827e67b2b1" member_type: VOTER last_known_addr { host: "127.23.128.1" port: 38199 } } peers { permanent_uuid: "912cf38da9214b5a8cfbcd5287017fc4" member_type: VOTER last_known_addr { host: "127.23.128.2" port: 35975 } } peers { permanent_uuid: "5b93c58b4a8d4298988b8f2130fe78bf" member_type: VOTER last_known_addr { host: "127.23.128.3" port: 39325 } }
I20260630 12:30:40.258075 26012 raft_consensus.cc:359] T cbd73ba9eda647f0ac55d133eac98347 P 42615ae6e27b4cfda36f9f827e67b2b1 [term 0 FOLLOWER]: Replica starting. Triggering 0 pending ops. Active config: opid_index: -1 OBSOLETE_local: false peers { permanent_uuid: "42615ae6e27b4cfda36f9f827e67b2b1" member_type: VOTER last_known_addr { host: "127.23.128.1" port: 38199 } } peers { permanent_uuid: "912cf38da9214b5a8cfbcd5287017fc4" member_type: VOTER last_known_addr { host: "127.23.128.2" port: 35975 } } peers { permanent_uuid: "5b93c58b4a8d4298988b8f2130fe78bf" member_type: VOTER last_known_addr { host: "127.23.128.3" port: 39325 } }
I20260630 12:30:40.259238 26011 raft_consensus.cc:385] T cbd73ba9eda647f0ac55d133eac98347 P 912cf38da9214b5a8cfbcd5287017fc4 [term 0 FOLLOWER]: Consensus starting up: Expiring failure detector timer to make a prompt election more likely
I20260630 12:30:40.259418 26012 raft_consensus.cc:385] T cbd73ba9eda647f0ac55d133eac98347 P 42615ae6e27b4cfda36f9f827e67b2b1 [term 0 FOLLOWER]: Consensus starting up: Expiring failure detector timer to make a prompt election more likely
I20260630 12:30:40.259667 26011 raft_consensus.cc:740] T cbd73ba9eda647f0ac55d133eac98347 P 912cf38da9214b5a8cfbcd5287017fc4 [term 0 FOLLOWER]: Becoming Follower/Learner. State: Replica: 912cf38da9214b5a8cfbcd5287017fc4, State: Initialized, Role: FOLLOWER
I20260630 12:30:40.259938 26012 raft_consensus.cc:740] T cbd73ba9eda647f0ac55d133eac98347 P 42615ae6e27b4cfda36f9f827e67b2b1 [term 0 FOLLOWER]: Becoming Follower/Learner. State: Replica: 42615ae6e27b4cfda36f9f827e67b2b1, State: Initialized, Role: FOLLOWER
I20260630 12:30:40.260933 26011 consensus_queue.cc:260] T cbd73ba9eda647f0ac55d133eac98347 P 912cf38da9214b5a8cfbcd5287017fc4 [NON_LEADER]: Queue going to NON_LEADER mode. State: All replicated index: 0, Majority replicated index: 0, Committed index: 0, Last appended: 0.0, Last appended by leader: 0, Current term: 0, Majority size: -1, State: 0, Mode: NON_LEADER, active raft config: opid_index: -1 OBSOLETE_local: false peers { permanent_uuid: "42615ae6e27b4cfda36f9f827e67b2b1" member_type: VOTER last_known_addr { host: "127.23.128.1" port: 38199 } } peers { permanent_uuid: "912cf38da9214b5a8cfbcd5287017fc4" member_type: VOTER last_known_addr { host: "127.23.128.2" port: 35975 } } peers { permanent_uuid: "5b93c58b4a8d4298988b8f2130fe78bf" member_type: VOTER last_known_addr { host: "127.23.128.3" port: 39325 } }
I20260630 12:30:40.261368 26012 consensus_queue.cc:260] T cbd73ba9eda647f0ac55d133eac98347 P 42615ae6e27b4cfda36f9f827e67b2b1 [NON_LEADER]: Queue going to NON_LEADER mode. State: All replicated index: 0, Majority replicated index: 0, Committed index: 0, Last appended: 0.0, Last appended by leader: 0, Current term: 0, Majority size: -1, State: 0, Mode: NON_LEADER, active raft config: opid_index: -1 OBSOLETE_local: false peers { permanent_uuid: "42615ae6e27b4cfda36f9f827e67b2b1" member_type: VOTER last_known_addr { host: "127.23.128.1" port: 38199 } } peers { permanent_uuid: "912cf38da9214b5a8cfbcd5287017fc4" member_type: VOTER last_known_addr { host: "127.23.128.2" port: 35975 } } peers { permanent_uuid: "5b93c58b4a8d4298988b8f2130fe78bf" member_type: VOTER last_known_addr { host: "127.23.128.3" port: 39325 } }
I20260630 12:30:40.264892 26012 ts_tablet_manager.cc:1434] T cbd73ba9eda647f0ac55d133eac98347 P 42615ae6e27b4cfda36f9f827e67b2b1: Time spent starting tablet: real 0.011s	user 0.011s	sys 0.000s
I20260630 12:30:40.266323 26011 ts_tablet_manager.cc:1434] T cbd73ba9eda647f0ac55d133eac98347 P 912cf38da9214b5a8cfbcd5287017fc4: Time spent starting tablet: real 0.012s	user 0.006s	sys 0.004s
I20260630 12:30:40.268963 26010 ts_tablet_manager.cc:1434] T cbd73ba9eda647f0ac55d133eac98347 P 5b93c58b4a8d4298988b8f2130fe78bf: Time spent starting tablet: real 0.031s	user 0.012s	sys 0.010s
I20260630 12:30:40.272457 26016 leader_election.cc:290] T cbd73ba9eda647f0ac55d133eac98347 P 5b93c58b4a8d4298988b8f2130fe78bf [CANDIDATE]: Term 1 pre-election: Requested pre-vote from peers 42615ae6e27b4cfda36f9f827e67b2b1 (127.23.128.1:38199), 912cf38da9214b5a8cfbcd5287017fc4 (127.23.128.2:35975)
I20260630 12:30:40.287130 25891 tablet_service.cc:1917] Received RequestConsensusVote() RPC: tablet_id: "cbd73ba9eda647f0ac55d133eac98347" candidate_uuid: "5b93c58b4a8d4298988b8f2130fe78bf" candidate_term: 1 candidate_status { last_received { term: 0 index: 0 } } ignore_live_leader: false dest_uuid: "912cf38da9214b5a8cfbcd5287017fc4" is_pre_election: true
I20260630 12:30:40.287817 25891 raft_consensus.cc:2468] T cbd73ba9eda647f0ac55d133eac98347 P 912cf38da9214b5a8cfbcd5287017fc4 [term 0 FOLLOWER]: Leader pre-election vote request: Granting yes vote for candidate 5b93c58b4a8d4298988b8f2130fe78bf in term 0.
I20260630 12:30:40.289386 25929 leader_election.cc:304] T cbd73ba9eda647f0ac55d133eac98347 P 5b93c58b4a8d4298988b8f2130fe78bf [CANDIDATE]: Term 1 pre-election: Election decided. Result: candidate won. Election summary: received 2 responses out of 3 voters: 2 yes votes; 0 no votes. yes voters: 5b93c58b4a8d4298988b8f2130fe78bf, 912cf38da9214b5a8cfbcd5287017fc4; no voters: 
I20260630 12:30:40.289703 25816 tablet_service.cc:1917] Received RequestConsensusVote() RPC: tablet_id: "cbd73ba9eda647f0ac55d133eac98347" candidate_uuid: "5b93c58b4a8d4298988b8f2130fe78bf" candidate_term: 1 candidate_status { last_received { term: 0 index: 0 } } ignore_live_leader: false dest_uuid: "42615ae6e27b4cfda36f9f827e67b2b1" is_pre_election: true
I20260630 12:30:40.290550 26016 raft_consensus.cc:2804] T cbd73ba9eda647f0ac55d133eac98347 P 5b93c58b4a8d4298988b8f2130fe78bf [term 0 FOLLOWER]: Leader pre-election won for term 1
I20260630 12:30:40.290484 25816 raft_consensus.cc:2468] T cbd73ba9eda647f0ac55d133eac98347 P 42615ae6e27b4cfda36f9f827e67b2b1 [term 0 FOLLOWER]: Leader pre-election vote request: Granting yes vote for candidate 5b93c58b4a8d4298988b8f2130fe78bf in term 0.
I20260630 12:30:40.291018 26016 raft_consensus.cc:493] T cbd73ba9eda647f0ac55d133eac98347 P 5b93c58b4a8d4298988b8f2130fe78bf [term 0 FOLLOWER]: Starting leader election (no leader contacted us within the election timeout)
I20260630 12:30:40.291412 26016 raft_consensus.cc:3060] T cbd73ba9eda647f0ac55d133eac98347 P 5b93c58b4a8d4298988b8f2130fe78bf [term 0 FOLLOWER]: Advancing to term 1
I20260630 12:30:40.297894 26016 raft_consensus.cc:515] T cbd73ba9eda647f0ac55d133eac98347 P 5b93c58b4a8d4298988b8f2130fe78bf [term 1 FOLLOWER]: Starting leader election with config: opid_index: -1 OBSOLETE_local: false peers { permanent_uuid: "42615ae6e27b4cfda36f9f827e67b2b1" member_type: VOTER last_known_addr { host: "127.23.128.1" port: 38199 } } peers { permanent_uuid: "912cf38da9214b5a8cfbcd5287017fc4" member_type: VOTER last_known_addr { host: "127.23.128.2" port: 35975 } } peers { permanent_uuid: "5b93c58b4a8d4298988b8f2130fe78bf" member_type: VOTER last_known_addr { host: "127.23.128.3" port: 39325 } }
I20260630 12:30:40.299830 26016 leader_election.cc:290] T cbd73ba9eda647f0ac55d133eac98347 P 5b93c58b4a8d4298988b8f2130fe78bf [CANDIDATE]: Term 1 election: Requested vote from peers 42615ae6e27b4cfda36f9f827e67b2b1 (127.23.128.1:38199), 912cf38da9214b5a8cfbcd5287017fc4 (127.23.128.2:35975)
I20260630 12:30:40.300815 25816 tablet_service.cc:1917] Received RequestConsensusVote() RPC: tablet_id: "cbd73ba9eda647f0ac55d133eac98347" candidate_uuid: "5b93c58b4a8d4298988b8f2130fe78bf" candidate_term: 1 candidate_status { last_received { term: 0 index: 0 } } ignore_live_leader: false dest_uuid: "42615ae6e27b4cfda36f9f827e67b2b1"
I20260630 12:30:40.300993 25891 tablet_service.cc:1917] Received RequestConsensusVote() RPC: tablet_id: "cbd73ba9eda647f0ac55d133eac98347" candidate_uuid: "5b93c58b4a8d4298988b8f2130fe78bf" candidate_term: 1 candidate_status { last_received { term: 0 index: 0 } } ignore_live_leader: false dest_uuid: "912cf38da9214b5a8cfbcd5287017fc4"
I20260630 12:30:40.301539 25891 raft_consensus.cc:3060] T cbd73ba9eda647f0ac55d133eac98347 P 912cf38da9214b5a8cfbcd5287017fc4 [term 0 FOLLOWER]: Advancing to term 1
I20260630 12:30:40.301523 25816 raft_consensus.cc:3060] T cbd73ba9eda647f0ac55d133eac98347 P 42615ae6e27b4cfda36f9f827e67b2b1 [term 0 FOLLOWER]: Advancing to term 1
I20260630 12:30:40.309823 25891 raft_consensus.cc:2468] T cbd73ba9eda647f0ac55d133eac98347 P 912cf38da9214b5a8cfbcd5287017fc4 [term 1 FOLLOWER]: Leader election vote request: Granting yes vote for candidate 5b93c58b4a8d4298988b8f2130fe78bf in term 1.
I20260630 12:30:40.309823 25816 raft_consensus.cc:2468] T cbd73ba9eda647f0ac55d133eac98347 P 42615ae6e27b4cfda36f9f827e67b2b1 [term 1 FOLLOWER]: Leader election vote request: Granting yes vote for candidate 5b93c58b4a8d4298988b8f2130fe78bf in term 1.
I20260630 12:30:40.311378 25929 leader_election.cc:304] T cbd73ba9eda647f0ac55d133eac98347 P 5b93c58b4a8d4298988b8f2130fe78bf [CANDIDATE]: Term 1 election: Election decided. Result: candidate won. Election summary: received 2 responses out of 3 voters: 2 yes votes; 0 no votes. yes voters: 5b93c58b4a8d4298988b8f2130fe78bf, 912cf38da9214b5a8cfbcd5287017fc4; no voters: 
I20260630 12:30:40.312111 26016 raft_consensus.cc:2804] T cbd73ba9eda647f0ac55d133eac98347 P 5b93c58b4a8d4298988b8f2130fe78bf [term 1 FOLLOWER]: Leader election won for term 1
I20260630 12:30:40.312666 26016 raft_consensus.cc:697] T cbd73ba9eda647f0ac55d133eac98347 P 5b93c58b4a8d4298988b8f2130fe78bf [term 1 LEADER]: Becoming Leader. State: Replica: 5b93c58b4a8d4298988b8f2130fe78bf, State: Running, Role: LEADER
I20260630 12:30:40.313464 26016 consensus_queue.cc:237] T cbd73ba9eda647f0ac55d133eac98347 P 5b93c58b4a8d4298988b8f2130fe78bf [LEADER]: Queue going to LEADER mode. State: All replicated index: 0, Majority replicated index: 0, Committed index: 0, Last appended: 0.0, Last appended by leader: 0, Current term: 1, Majority size: 2, State: 0, Mode: LEADER, active raft config: opid_index: -1 OBSOLETE_local: false peers { permanent_uuid: "42615ae6e27b4cfda36f9f827e67b2b1" member_type: VOTER last_known_addr { host: "127.23.128.1" port: 38199 } } peers { permanent_uuid: "912cf38da9214b5a8cfbcd5287017fc4" member_type: VOTER last_known_addr { host: "127.23.128.2" port: 35975 } } peers { permanent_uuid: "5b93c58b4a8d4298988b8f2130fe78bf" member_type: VOTER last_known_addr { host: "127.23.128.3" port: 39325 } }
I20260630 12:30:40.327169 25714 catalog_manager.cc:5697] T cbd73ba9eda647f0ac55d133eac98347 P 5b93c58b4a8d4298988b8f2130fe78bf reported cstate change: term changed from 0 to 1, leader changed from <none> to 5b93c58b4a8d4298988b8f2130fe78bf (127.23.128.3). New cstate: current_term: 1 leader_uuid: "5b93c58b4a8d4298988b8f2130fe78bf" committed_config { opid_index: -1 OBSOLETE_local: false peers { permanent_uuid: "42615ae6e27b4cfda36f9f827e67b2b1" member_type: VOTER last_known_addr { host: "127.23.128.1" port: 38199 } health_report { overall_health: UNKNOWN } } peers { permanent_uuid: "912cf38da9214b5a8cfbcd5287017fc4" member_type: VOTER last_known_addr { host: "127.23.128.2" port: 35975 } health_report { overall_health: UNKNOWN } } peers { permanent_uuid: "5b93c58b4a8d4298988b8f2130fe78bf" member_type: VOTER last_known_addr { host: "127.23.128.3" port: 39325 } health_report { overall_health: HEALTHY } } }
W20260630 12:30:40.534962 25762 auto_rebalancer.cc:298] Could not retrieve cluster info: Service unavailable: Tablet not running
I20260630 12:30:40.539994 25767 auto_leader_rebalancer.cc:141] leader rebalance for table test-workload
W20260630 12:30:40.540941 25767 auto_leader_rebalancer.cc:524] the master instance isn't leader: Service unavailable: Tablet not running
I20260630 12:30:40.606043 26018 raft_consensus.cc:493] T abc316c5da02415b96e53051568d4899 P 912cf38da9214b5a8cfbcd5287017fc4 [term 0 FOLLOWER]: Starting pre-election (no leader contacted us within the election timeout)
I20260630 12:30:40.606642 26018 raft_consensus.cc:515] T abc316c5da02415b96e53051568d4899 P 912cf38da9214b5a8cfbcd5287017fc4 [term 0 FOLLOWER]: Starting pre-election with config: opid_index: -1 OBSOLETE_local: false peers { permanent_uuid: "912cf38da9214b5a8cfbcd5287017fc4" member_type: VOTER last_known_addr { host: "127.23.128.2" port: 35975 } } peers { permanent_uuid: "5b93c58b4a8d4298988b8f2130fe78bf" member_type: VOTER last_known_addr { host: "127.23.128.3" port: 39325 } } peers { permanent_uuid: "42615ae6e27b4cfda36f9f827e67b2b1" member_type: VOTER last_known_addr { host: "127.23.128.1" port: 38199 } }
I20260630 12:30:40.608948 26018 leader_election.cc:290] T abc316c5da02415b96e53051568d4899 P 912cf38da9214b5a8cfbcd5287017fc4 [CANDIDATE]: Term 1 pre-election: Requested pre-vote from peers 5b93c58b4a8d4298988b8f2130fe78bf (127.23.128.3:39325), 42615ae6e27b4cfda36f9f827e67b2b1 (127.23.128.1:38199)
I20260630 12:30:40.620577 25816 tablet_service.cc:1917] Received RequestConsensusVote() RPC: tablet_id: "abc316c5da02415b96e53051568d4899" candidate_uuid: "912cf38da9214b5a8cfbcd5287017fc4" candidate_term: 1 candidate_status { last_received { term: 0 index: 0 } } ignore_live_leader: false dest_uuid: "42615ae6e27b4cfda36f9f827e67b2b1" is_pre_election: true
I20260630 12:30:40.620704 25965 tablet_service.cc:1917] Received RequestConsensusVote() RPC: tablet_id: "abc316c5da02415b96e53051568d4899" candidate_uuid: "912cf38da9214b5a8cfbcd5287017fc4" candidate_term: 1 candidate_status { last_received { term: 0 index: 0 } } ignore_live_leader: false dest_uuid: "5b93c58b4a8d4298988b8f2130fe78bf" is_pre_election: true
I20260630 12:30:40.621569 25816 raft_consensus.cc:2468] T abc316c5da02415b96e53051568d4899 P 42615ae6e27b4cfda36f9f827e67b2b1 [term 0 FOLLOWER]: Leader pre-election vote request: Granting yes vote for candidate 912cf38da9214b5a8cfbcd5287017fc4 in term 0.
I20260630 12:30:40.621629 25965 raft_consensus.cc:2468] T abc316c5da02415b96e53051568d4899 P 5b93c58b4a8d4298988b8f2130fe78bf [term 0 FOLLOWER]: Leader pre-election vote request: Granting yes vote for candidate 912cf38da9214b5a8cfbcd5287017fc4 in term 0.
I20260630 12:30:40.622974 25857 leader_election.cc:304] T abc316c5da02415b96e53051568d4899 P 912cf38da9214b5a8cfbcd5287017fc4 [CANDIDATE]: Term 1 pre-election: Election decided. Result: candidate won. Election summary: received 2 responses out of 3 voters: 2 yes votes; 0 no votes. yes voters: 42615ae6e27b4cfda36f9f827e67b2b1, 912cf38da9214b5a8cfbcd5287017fc4; no voters: 
I20260630 12:30:40.623809 26018 raft_consensus.cc:2804] T abc316c5da02415b96e53051568d4899 P 912cf38da9214b5a8cfbcd5287017fc4 [term 0 FOLLOWER]: Leader pre-election won for term 1
I20260630 12:30:40.624217 26018 raft_consensus.cc:493] T abc316c5da02415b96e53051568d4899 P 912cf38da9214b5a8cfbcd5287017fc4 [term 0 FOLLOWER]: Starting leader election (no leader contacted us within the election timeout)
I20260630 12:30:40.624596 26018 raft_consensus.cc:3060] T abc316c5da02415b96e53051568d4899 P 912cf38da9214b5a8cfbcd5287017fc4 [term 0 FOLLOWER]: Advancing to term 1
I20260630 12:30:40.630299 26018 raft_consensus.cc:515] T abc316c5da02415b96e53051568d4899 P 912cf38da9214b5a8cfbcd5287017fc4 [term 1 FOLLOWER]: Starting leader election with config: opid_index: -1 OBSOLETE_local: false peers { permanent_uuid: "912cf38da9214b5a8cfbcd5287017fc4" member_type: VOTER last_known_addr { host: "127.23.128.2" port: 35975 } } peers { permanent_uuid: "5b93c58b4a8d4298988b8f2130fe78bf" member_type: VOTER last_known_addr { host: "127.23.128.3" port: 39325 } } peers { permanent_uuid: "42615ae6e27b4cfda36f9f827e67b2b1" member_type: VOTER last_known_addr { host: "127.23.128.1" port: 38199 } }
I20260630 12:30:40.632457 26018 leader_election.cc:290] T abc316c5da02415b96e53051568d4899 P 912cf38da9214b5a8cfbcd5287017fc4 [CANDIDATE]: Term 1 election: Requested vote from peers 5b93c58b4a8d4298988b8f2130fe78bf (127.23.128.3:39325), 42615ae6e27b4cfda36f9f827e67b2b1 (127.23.128.1:38199)
I20260630 12:30:40.633395 25965 tablet_service.cc:1917] Received RequestConsensusVote() RPC: tablet_id: "abc316c5da02415b96e53051568d4899" candidate_uuid: "912cf38da9214b5a8cfbcd5287017fc4" candidate_term: 1 candidate_status { last_received { term: 0 index: 0 } } ignore_live_leader: false dest_uuid: "5b93c58b4a8d4298988b8f2130fe78bf"
I20260630 12:30:40.633647 25816 tablet_service.cc:1917] Received RequestConsensusVote() RPC: tablet_id: "abc316c5da02415b96e53051568d4899" candidate_uuid: "912cf38da9214b5a8cfbcd5287017fc4" candidate_term: 1 candidate_status { last_received { term: 0 index: 0 } } ignore_live_leader: false dest_uuid: "42615ae6e27b4cfda36f9f827e67b2b1"
I20260630 12:30:40.634100 25965 raft_consensus.cc:3060] T abc316c5da02415b96e53051568d4899 P 5b93c58b4a8d4298988b8f2130fe78bf [term 0 FOLLOWER]: Advancing to term 1
I20260630 12:30:40.634186 25816 raft_consensus.cc:3060] T abc316c5da02415b96e53051568d4899 P 42615ae6e27b4cfda36f9f827e67b2b1 [term 0 FOLLOWER]: Advancing to term 1
I20260630 12:30:40.641961 25816 raft_consensus.cc:2468] T abc316c5da02415b96e53051568d4899 P 42615ae6e27b4cfda36f9f827e67b2b1 [term 1 FOLLOWER]: Leader election vote request: Granting yes vote for candidate 912cf38da9214b5a8cfbcd5287017fc4 in term 1.
I20260630 12:30:40.642534 25965 raft_consensus.cc:2468] T abc316c5da02415b96e53051568d4899 P 5b93c58b4a8d4298988b8f2130fe78bf [term 1 FOLLOWER]: Leader election vote request: Granting yes vote for candidate 912cf38da9214b5a8cfbcd5287017fc4 in term 1.
I20260630 12:30:40.643266 25857 leader_election.cc:304] T abc316c5da02415b96e53051568d4899 P 912cf38da9214b5a8cfbcd5287017fc4 [CANDIDATE]: Term 1 election: Election decided. Result: candidate won. Election summary: received 2 responses out of 3 voters: 2 yes votes; 0 no votes. yes voters: 42615ae6e27b4cfda36f9f827e67b2b1, 912cf38da9214b5a8cfbcd5287017fc4; no voters: 
I20260630 12:30:40.644131 26018 raft_consensus.cc:2804] T abc316c5da02415b96e53051568d4899 P 912cf38da9214b5a8cfbcd5287017fc4 [term 1 FOLLOWER]: Leader election won for term 1
I20260630 12:30:40.645237 26018 raft_consensus.cc:697] T abc316c5da02415b96e53051568d4899 P 912cf38da9214b5a8cfbcd5287017fc4 [term 1 LEADER]: Becoming Leader. State: Replica: 912cf38da9214b5a8cfbcd5287017fc4, State: Running, Role: LEADER
I20260630 12:30:40.646234 26018 consensus_queue.cc:237] T abc316c5da02415b96e53051568d4899 P 912cf38da9214b5a8cfbcd5287017fc4 [LEADER]: Queue going to LEADER mode. State: All replicated index: 0, Majority replicated index: 0, Committed index: 0, Last appended: 0.0, Last appended by leader: 0, Current term: 1, Majority size: 2, State: 0, Mode: LEADER, active raft config: opid_index: -1 OBSOLETE_local: false peers { permanent_uuid: "912cf38da9214b5a8cfbcd5287017fc4" member_type: VOTER last_known_addr { host: "127.23.128.2" port: 35975 } } peers { permanent_uuid: "5b93c58b4a8d4298988b8f2130fe78bf" member_type: VOTER last_known_addr { host: "127.23.128.3" port: 39325 } } peers { permanent_uuid: "42615ae6e27b4cfda36f9f827e67b2b1" member_type: VOTER last_known_addr { host: "127.23.128.1" port: 38199 } }
I20260630 12:30:40.653288 25714 catalog_manager.cc:5697] T abc316c5da02415b96e53051568d4899 P 912cf38da9214b5a8cfbcd5287017fc4 reported cstate change: term changed from 0 to 1, leader changed from <none> to 912cf38da9214b5a8cfbcd5287017fc4 (127.23.128.2). New cstate: current_term: 1 leader_uuid: "912cf38da9214b5a8cfbcd5287017fc4" committed_config { opid_index: -1 OBSOLETE_local: false peers { permanent_uuid: "912cf38da9214b5a8cfbcd5287017fc4" member_type: VOTER last_known_addr { host: "127.23.128.2" port: 35975 } health_report { overall_health: HEALTHY } } peers { permanent_uuid: "5b93c58b4a8d4298988b8f2130fe78bf" member_type: VOTER last_known_addr { host: "127.23.128.3" port: 39325 } health_report { overall_health: UNKNOWN } } peers { permanent_uuid: "42615ae6e27b4cfda36f9f827e67b2b1" member_type: VOTER last_known_addr { host: "127.23.128.1" port: 38199 } health_report { overall_health: UNKNOWN } } }
I20260630 12:30:40.850829 26030 consensus_queue.cc:1048] T cbd73ba9eda647f0ac55d133eac98347 P 5b93c58b4a8d4298988b8f2130fe78bf [LEADER]: Connected to new peer: Peer: permanent_uuid: "42615ae6e27b4cfda36f9f827e67b2b1" member_type: VOTER last_known_addr { host: "127.23.128.1" port: 38199 }, Status: LMP_MISMATCH, Last received: 0.0, Next index: 1, Last known committed idx: 0, Time since last communication: 0.000s
I20260630 12:30:40.865970 26030 consensus_queue.cc:1048] T cbd73ba9eda647f0ac55d133eac98347 P 5b93c58b4a8d4298988b8f2130fe78bf [LEADER]: Connected to new peer: Peer: permanent_uuid: "912cf38da9214b5a8cfbcd5287017fc4" member_type: VOTER last_known_addr { host: "127.23.128.2" port: 35975 }, Status: LMP_MISMATCH, Last received: 0.0, Next index: 1, Last known committed idx: 0, Time since last communication: 0.001s
I20260630 12:30:41.080216 26018 consensus_queue.cc:1048] T abc316c5da02415b96e53051568d4899 P 912cf38da9214b5a8cfbcd5287017fc4 [LEADER]: Connected to new peer: Peer: permanent_uuid: "5b93c58b4a8d4298988b8f2130fe78bf" member_type: VOTER last_known_addr { host: "127.23.128.3" port: 39325 }, Status: LMP_MISMATCH, Last received: 0.0, Next index: 1, Last known committed idx: 0, Time since last communication: 0.000s
I20260630 12:30:41.089812 26028 consensus_queue.cc:1048] T abc316c5da02415b96e53051568d4899 P 912cf38da9214b5a8cfbcd5287017fc4 [LEADER]: Connected to new peer: Peer: permanent_uuid: "42615ae6e27b4cfda36f9f827e67b2b1" member_type: VOTER last_known_addr { host: "127.23.128.1" port: 38199 }, Status: LMP_MISMATCH, Last received: 0.0, Next index: 1, Last known committed idx: 0, Time since last communication: 0.000s
I20260630 12:30:42.542213 25767 auto_leader_rebalancer.cc:141] leader rebalance for table test-workload
I20260630 12:30:42.544529 25767 auto_leader_rebalancer.cc:440] table: test-workload, leader rebalance finish, leader transfer count: 0
I20260630 12:30:42.545038 25767 auto_leader_rebalancer.cc:515] All tables' leader rebalancing finished this round
I20260630 12:30:44.546422 25767 auto_leader_rebalancer.cc:141] leader rebalance for table test-workload
I20260630 12:30:44.549100 25767 auto_leader_rebalancer.cc:440] table: test-workload, leader rebalance finish, leader transfer count: 0
I20260630 12:30:44.549515 25767 auto_leader_rebalancer.cc:515] All tables' leader rebalancing finished this round
I20260630 12:30:46.550806 25767 auto_leader_rebalancer.cc:141] leader rebalance for table test-workload
I20260630 12:30:46.553083 25767 auto_leader_rebalancer.cc:440] table: test-workload, leader rebalance finish, leader transfer count: 0
I20260630 12:30:46.553507 25767 auto_leader_rebalancer.cc:515] All tables' leader rebalancing finished this round
I20260630 12:30:48.554587 25767 auto_leader_rebalancer.cc:141] leader rebalance for table test-workload
I20260630 12:30:48.556666 25767 auto_leader_rebalancer.cc:440] table: test-workload, leader rebalance finish, leader transfer count: 0
I20260630 12:30:48.557024 25767 auto_leader_rebalancer.cc:515] All tables' leader rebalancing finished this round
I20260630 12:30:50.558140 25767 auto_leader_rebalancer.cc:141] leader rebalance for table test-workload
I20260630 12:30:50.560268 25767 auto_leader_rebalancer.cc:440] table: test-workload, leader rebalance finish, leader transfer count: 0
I20260630 12:30:50.560714 25767 auto_leader_rebalancer.cc:515] All tables' leader rebalancing finished this round
I20260630 12:30:52.561821 25767 auto_leader_rebalancer.cc:141] leader rebalance for table test-workload
I20260630 12:30:52.563937 25767 auto_leader_rebalancer.cc:440] table: test-workload, leader rebalance finish, leader transfer count: 0
I20260630 12:30:52.564338 25767 auto_leader_rebalancer.cc:515] All tables' leader rebalancing finished this round
I20260630 12:30:52.815486 24064 file_cache.cc:492] Constructed file cache file cache with capacity 419430
W20260630 12:30:52.823336 26049 instance_detector.cc:116] could not retrieve AWS instance metadata: Network error: curl error: HTTP response code said error: The requested URL returned error: 404
W20260630 12:30:52.825143 26050 instance_detector.cc:116] could not retrieve Azure instance metadata: Network error: curl error: HTTP response code said error: The requested URL returned error: 404
W20260630 12:30:52.827343 26052 instance_detector.cc:116] could not retrieve OpenStack instance metadata: Network error: curl error: HTTP response code said error: The requested URL returned error: 404
I20260630 12:30:52.828438 24064 server_base.cc:1061] running on GCE node
I20260630 12:30:52.829641 24064 hybrid_clock.cc:584] initializing the hybrid clock with 'system_unsync' time source
W20260630 12:30:52.829895 24064 system_unsync_time.cc:38] NTP support is disabled. Clock error bounds will not be accurate. This configuration is not suitable for distributed clusters.
I20260630 12:30:52.830052 24064 hybrid_clock.cc:648] HybridClock initialized: now 1782822652830036 us; error 0 us; skew 500 ppm
I20260630 12:30:52.830506 24064 server_base.cc:861] Flag tcmalloc_max_total_thread_cache_bytes is not working since tcmalloc is not enabled.
I20260630 12:30:52.833626 24064 webserver.cc:533] Webserver started at http://127.23.128.4:37967/ using document root <none> and password file <none>
I20260630 12:30:52.834124 24064 fs_manager.cc:362] Metadata directory not provided
I20260630 12:30:52.834304 24064 fs_manager.cc:368] Using write-ahead log directory (fs_wal_dir) as metadata directory
I20260630 12:30:52.834582 24064 server_base.cc:909] This appears to be a new deployment of Kudu; creating new FS layout
I20260630 12:30:52.835978 24064 fs_manager.cc:1068] Generated new instance metadata in path /tmp/dist-test-taskQJw9qf/test-tmp/auto_rebalancer-test.0.AutoRebalancerTest.MovesScheduledIfAddTserver.1782822613720037-24064-0/minicluster-data/ts-3-root/instance:
uuid: "eeb26361e4eb4940a460f27cc316f4d9"
format_stamp: "Formatted at 2026-06-30 12:30:52 on dist-test-slave-bh5k"
I20260630 12:30:52.840894 24064 fs_manager.cc:696] Time spent creating directory manager: real 0.004s	user 0.007s	sys 0.000s
I20260630 12:30:52.844517 26057 log_block_manager.cc:4031] Time spent loading block containers with low live blocks: real 0.000s	user 0.000s	sys 0.000s
I20260630 12:30:52.845568 24064 fs_manager.cc:730] Time spent opening block manager: real 0.003s	user 0.003s	sys 0.000s
I20260630 12:30:52.845943 24064 fs_manager.cc:647] Opened local filesystem: /tmp/dist-test-taskQJw9qf/test-tmp/auto_rebalancer-test.0.AutoRebalancerTest.MovesScheduledIfAddTserver.1782822613720037-24064-0/minicluster-data/ts-3-root
uuid: "eeb26361e4eb4940a460f27cc316f4d9"
format_stamp: "Formatted at 2026-06-30 12:30:52 on dist-test-slave-bh5k"
I20260630 12:30:52.846278 24064 fs_report.cc:389] FS layout report
--------------------
wal directory: /tmp/dist-test-taskQJw9qf/test-tmp/auto_rebalancer-test.0.AutoRebalancerTest.MovesScheduledIfAddTserver.1782822613720037-24064-0/minicluster-data/ts-3-root
metadata directory: /tmp/dist-test-taskQJw9qf/test-tmp/auto_rebalancer-test.0.AutoRebalancerTest.MovesScheduledIfAddTserver.1782822613720037-24064-0/minicluster-data/ts-3-root
1 data directories: /tmp/dist-test-taskQJw9qf/test-tmp/auto_rebalancer-test.0.AutoRebalancerTest.MovesScheduledIfAddTserver.1782822613720037-24064-0/minicluster-data/ts-3-root/data
Total live blocks: 0
Total live bytes: 0
Total live bytes (after alignment): 0
Total number of LBM containers: 0 (0 full)
Did not check for missing blocks
Did not check for orphaned blocks
Total full LBM containers with extra space: 0 (0 repaired)
Total full LBM container extra space in bytes: 0 (0 repaired)
Total incomplete LBM containers: 0 (0 repaired)
Total LBM partial records: 0 (0 repaired)
Total corrupted LBM metadata records in RocksDB: 0 (0 repaired)
I20260630 12:30:52.869580 24064 rpc_server.cc:225] running with OpenSSL 1.1.1  11 Sep 2018
I20260630 12:30:52.871089 24064 kserver.cc:163] Server-wide thread pool size limit: 3276
I20260630 12:30:52.872730 24064 txn_system_client.cc:432] TxnSystemClient initialization is disabled...
I20260630 12:30:52.875180 24064 ts_tablet_manager.cc:585] Loaded tablet metadata (0 total tablets, 0 live tablets)
I20260630 12:30:52.875423 24064 ts_tablet_manager.cc:531] Time spent load tablet metadata: real 0.000s	user 0.000s	sys 0.000s
I20260630 12:30:52.875679 24064 ts_tablet_manager.cc:616] Registered 0 tablets
I20260630 12:30:52.875875 24064 ts_tablet_manager.cc:595] Time spent register tablets: real 0.000s	user 0.000s	sys 0.000s
I20260630 12:30:52.918191 24064 rpc_server.cc:307] RPC server started. Bound to: 127.23.128.4:33651
I20260630 12:30:52.918367 26119 acceptor_pool.cc:272] collecting diagnostics on the listening RPC socket 127.23.128.4:33651 every 8 connection(s)
I20260630 12:30:52.942373 26121 heartbeater.cc:344] Connected to a master server at 127.23.128.62:45653
I20260630 12:30:52.942834 26121 heartbeater.cc:461] Registering TS with master...
I20260630 12:30:52.943562 26121 heartbeater.cc:507] Master 127.23.128.62:45653 requested a full tablet report, sending...
I20260630 12:30:52.945773 25712 ts_manager.cc:194] Registered new tserver with Master: eeb26361e4eb4940a460f27cc316f4d9 (127.23.128.4:33651)
I20260630 12:30:52.947221 25712 master_service.cc:502] Signed X509 certificate for tserver {username='slave'} at 127.0.0.1:51776
I20260630 12:30:53.614591 25965 consensus_queue.cc:237] T cbd73ba9eda647f0ac55d133eac98347 P 5b93c58b4a8d4298988b8f2130fe78bf [LEADER]: Queue going to LEADER mode. State: All replicated index: 0, Majority replicated index: 1, Committed index: 1, Last appended: 1.1, Last appended by leader: 0, Current term: 1, Majority size: 2, State: 0, Mode: LEADER, active raft config: opid_index: 2 OBSOLETE_local: false peers { permanent_uuid: "42615ae6e27b4cfda36f9f827e67b2b1" member_type: VOTER last_known_addr { host: "127.23.128.1" port: 38199 } } peers { permanent_uuid: "912cf38da9214b5a8cfbcd5287017fc4" member_type: VOTER last_known_addr { host: "127.23.128.2" port: 35975 } attrs { replace: true } } peers { permanent_uuid: "5b93c58b4a8d4298988b8f2130fe78bf" member_type: VOTER last_known_addr { host: "127.23.128.3" port: 39325 } } peers { permanent_uuid: "eeb26361e4eb4940a460f27cc316f4d9" member_type: NON_VOTER last_known_addr { host: "127.23.128.4" port: 33651 } attrs { promote: true } }
I20260630 12:30:53.625149 25891 raft_consensus.cc:1275] T cbd73ba9eda647f0ac55d133eac98347 P 912cf38da9214b5a8cfbcd5287017fc4 [term 1 FOLLOWER]: Refusing update from remote peer 5b93c58b4a8d4298988b8f2130fe78bf: Log matching property violated. Preceding OpId in replica: term: 1 index: 1. Preceding OpId from leader: term: 1 index: 2. (index mismatch)
I20260630 12:30:53.625854 25816 raft_consensus.cc:1275] T cbd73ba9eda647f0ac55d133eac98347 P 42615ae6e27b4cfda36f9f827e67b2b1 [term 1 FOLLOWER]: Refusing update from remote peer 5b93c58b4a8d4298988b8f2130fe78bf: Log matching property violated. Preceding OpId in replica: term: 1 index: 1. Preceding OpId from leader: term: 1 index: 2. (index mismatch)
I20260630 12:30:53.627704 26128 consensus_queue.cc:1048] T cbd73ba9eda647f0ac55d133eac98347 P 5b93c58b4a8d4298988b8f2130fe78bf [LEADER]: Connected to new peer: Peer: permanent_uuid: "912cf38da9214b5a8cfbcd5287017fc4" member_type: VOTER last_known_addr { host: "127.23.128.2" port: 35975 } attrs { replace: true }, Status: LMP_MISMATCH, Last received: 0.0, Next index: 2, Last known committed idx: 1, Time since last communication: 0.001s
I20260630 12:30:53.629374 26120 consensus_queue.cc:1048] T cbd73ba9eda647f0ac55d133eac98347 P 5b93c58b4a8d4298988b8f2130fe78bf [LEADER]: Connected to new peer: Peer: permanent_uuid: "42615ae6e27b4cfda36f9f827e67b2b1" member_type: VOTER last_known_addr { host: "127.23.128.1" port: 38199 }, Status: LMP_MISMATCH, Last received: 0.0, Next index: 2, Last known committed idx: 1, Time since last communication: 0.001s
W20260630 12:30:53.642282 25928 consensus_peers.cc:597] T cbd73ba9eda647f0ac55d133eac98347 P 5b93c58b4a8d4298988b8f2130fe78bf -> Peer eeb26361e4eb4940a460f27cc316f4d9 (127.23.128.4:33651): Couldn't send request to peer eeb26361e4eb4940a460f27cc316f4d9. Error code: TABLET_NOT_FOUND (6). Status: Not found: Tablet not found: cbd73ba9eda647f0ac55d133eac98347. This is attempt 1: this message will repeat every 5th retry.
