I20260630 12:31:29.559535   572 raft_consensus.cc:515] T f23606583f264c06a9b61a7c0cde1ee4 P 793959cc5c0849348cee6302029a6358 [term 1 FOLLOWER]: Starting leader election with config: opid_index: -1 OBSOLETE_local: false peers { permanent_uuid: "0e6209dc6382466fa6d7ec583b5d524e" member_type: VOTER last_known_addr { host: "127.29.127.130" port: 41057 } } peers { permanent_uuid: "793959cc5c0849348cee6302029a6358" member_type: VOTER last_known_addr { host: "127.29.127.131" port: 42403 } } peers { permanent_uuid: "76050e6d02474a11972a9410e27ce57a" member_type: VOTER last_known_addr { host: "127.29.127.129" port: 42941 } }
I20260630 12:31:29.561880   572 leader_election.cc:290] T f23606583f264c06a9b61a7c0cde1ee4 P 793959cc5c0849348cee6302029a6358 [CANDIDATE]: Term 1 election: Requested vote from peers 0e6209dc6382466fa6d7ec583b5d524e (127.29.127.130:41057), 76050e6d02474a11972a9410e27ce57a (127.29.127.129:42941)
I20260630 12:31:29.562433   434 tablet_service.cc:1917] Received RequestConsensusVote() RPC: tablet_id: "f23606583f264c06a9b61a7c0cde1ee4" candidate_uuid: "793959cc5c0849348cee6302029a6358" candidate_term: 1 candidate_status { last_received { term: 0 index: 0 } } ignore_live_leader: false dest_uuid: "0e6209dc6382466fa6d7ec583b5d524e"
I20260630 12:31:29.562603   360 tablet_service.cc:1917] Received RequestConsensusVote() RPC: tablet_id: "f23606583f264c06a9b61a7c0cde1ee4" candidate_uuid: "793959cc5c0849348cee6302029a6358" candidate_term: 1 candidate_status { last_received { term: 0 index: 0 } } ignore_live_leader: false dest_uuid: "76050e6d02474a11972a9410e27ce57a"
I20260630 12:31:29.563115   434 raft_consensus.cc:3060] T f23606583f264c06a9b61a7c0cde1ee4 P 0e6209dc6382466fa6d7ec583b5d524e [term 0 FOLLOWER]: Advancing to term 1
I20260630 12:31:29.563301   360 raft_consensus.cc:3060] T f23606583f264c06a9b61a7c0cde1ee4 P 76050e6d02474a11972a9410e27ce57a [term 0 FOLLOWER]: Advancing to term 1
I20260630 12:31:29.566476   563 raft_consensus.cc:493] T b6e8314419d6439db530492d4818f49a P 0e6209dc6382466fa6d7ec583b5d524e [term 0 FOLLOWER]: Starting pre-election (no leader contacted us within the election timeout)
I20260630 12:31:29.567216   572 raft_consensus.cc:493] T 7348afff2c214d56b3fe78373d5d78db P 793959cc5c0849348cee6302029a6358 [term 0 FOLLOWER]: Starting pre-election (no leader contacted us within the election timeout)
I20260630 12:31:29.567005   563 raft_consensus.cc:515] T b6e8314419d6439db530492d4818f49a P 0e6209dc6382466fa6d7ec583b5d524e [term 0 FOLLOWER]: Starting pre-election with config: opid_index: -1 OBSOLETE_local: false peers { permanent_uuid: "76050e6d02474a11972a9410e27ce57a" member_type: VOTER last_known_addr { host: "127.29.127.129" port: 42941 } } peers { permanent_uuid: "0e6209dc6382466fa6d7ec583b5d524e" member_type: VOTER last_known_addr { host: "127.29.127.130" port: 41057 } } peers { permanent_uuid: "793959cc5c0849348cee6302029a6358" member_type: VOTER last_known_addr { host: "127.29.127.131" port: 42403 } }
I20260630 12:31:29.567756   572 raft_consensus.cc:515] T 7348afff2c214d56b3fe78373d5d78db P 793959cc5c0849348cee6302029a6358 [term 0 FOLLOWER]: Starting pre-election with config: opid_index: -1 OBSOLETE_local: false peers { permanent_uuid: "76050e6d02474a11972a9410e27ce57a" member_type: VOTER last_known_addr { host: "127.29.127.129" port: 42941 } } peers { permanent_uuid: "0e6209dc6382466fa6d7ec583b5d524e" member_type: VOTER last_known_addr { host: "127.29.127.130" port: 41057 } } peers { permanent_uuid: "793959cc5c0849348cee6302029a6358" member_type: VOTER last_known_addr { host: "127.29.127.131" port: 42403 } }
I20260630 12:31:29.568743   434 raft_consensus.cc:2468] T f23606583f264c06a9b61a7c0cde1ee4 P 0e6209dc6382466fa6d7ec583b5d524e [term 1 FOLLOWER]: Leader election vote request: Granting yes vote for candidate 793959cc5c0849348cee6302029a6358 in term 1.
I20260630 12:31:29.570024   472 leader_election.cc:304] T f23606583f264c06a9b61a7c0cde1ee4 P 793959cc5c0849348cee6302029a6358 [CANDIDATE]: Term 1 election: Election decided. Result: candidate won. Election summary: received 2 responses out of 3 voters: 2 yes votes; 0 no votes. yes voters: 0e6209dc6382466fa6d7ec583b5d524e, 793959cc5c0849348cee6302029a6358; no voters: 
I20260630 12:31:29.570497   572 leader_election.cc:290] T 7348afff2c214d56b3fe78373d5d78db P 793959cc5c0849348cee6302029a6358 [CANDIDATE]: Term 1 pre-election: Requested pre-vote from peers 76050e6d02474a11972a9410e27ce57a (127.29.127.129:42941), 0e6209dc6382466fa6d7ec583b5d524e (127.29.127.130:41057)
I20260630 12:31:29.571020   572 raft_consensus.cc:2804] T f23606583f264c06a9b61a7c0cde1ee4 P 793959cc5c0849348cee6302029a6358 [term 1 FOLLOWER]: Leader election won for term 1
I20260630 12:31:29.571171   359 tablet_service.cc:1917] Received RequestConsensusVote() RPC: tablet_id: "7348afff2c214d56b3fe78373d5d78db" candidate_uuid: "793959cc5c0849348cee6302029a6358" candidate_term: 1 candidate_status { last_received { term: 0 index: 0 } } ignore_live_leader: false dest_uuid: "76050e6d02474a11972a9410e27ce57a" is_pre_election: true
I20260630 12:31:29.571497   572 raft_consensus.cc:697] T f23606583f264c06a9b61a7c0cde1ee4 P 793959cc5c0849348cee6302029a6358 [term 1 LEADER]: Becoming Leader. State: Replica: 793959cc5c0849348cee6302029a6358, State: Running, Role: LEADER
I20260630 12:31:29.571985   359 raft_consensus.cc:2468] T 7348afff2c214d56b3fe78373d5d78db P 76050e6d02474a11972a9410e27ce57a [term 0 FOLLOWER]: Leader pre-election vote request: Granting yes vote for candidate 793959cc5c0849348cee6302029a6358 in term 0.
I20260630 12:31:29.572088   435 tablet_service.cc:1917] Received RequestConsensusVote() RPC: tablet_id: "7348afff2c214d56b3fe78373d5d78db" candidate_uuid: "793959cc5c0849348cee6302029a6358" candidate_term: 1 candidate_status { last_received { term: 0 index: 0 } } ignore_live_leader: false dest_uuid: "0e6209dc6382466fa6d7ec583b5d524e" is_pre_election: true
I20260630 12:31:29.572372   572 consensus_queue.cc:237] T f23606583f264c06a9b61a7c0cde1ee4 P 793959cc5c0849348cee6302029a6358 [LEADER]: Queue going to LEADER mode. State: All replicated index: 0, Majority replicated index: 0, Committed index: 0, Last appended: 0.0, Last appended by leader: 0, Current term: 1, Majority size: 2, State: 0, Mode: LEADER, active raft config: opid_index: -1 OBSOLETE_local: false peers { permanent_uuid: "0e6209dc6382466fa6d7ec583b5d524e" member_type: VOTER last_known_addr { host: "127.29.127.130" port: 41057 } } peers { permanent_uuid: "793959cc5c0849348cee6302029a6358" member_type: VOTER last_known_addr { host: "127.29.127.131" port: 42403 } } peers { permanent_uuid: "76050e6d02474a11972a9410e27ce57a" member_type: VOTER last_known_addr { host: "127.29.127.129" port: 42941 } }
I20260630 12:31:29.572778   435 raft_consensus.cc:2468] T 7348afff2c214d56b3fe78373d5d78db P 0e6209dc6382466fa6d7ec583b5d524e [term 0 FOLLOWER]: Leader pre-election vote request: Granting yes vote for candidate 793959cc5c0849348cee6302029a6358 in term 0.
I20260630 12:31:29.573246   563 leader_election.cc:290] T b6e8314419d6439db530492d4818f49a P 0e6209dc6382466fa6d7ec583b5d524e [CANDIDATE]: Term 1 pre-election: Requested pre-vote from peers 76050e6d02474a11972a9410e27ce57a (127.29.127.129:42941), 793959cc5c0849348cee6302029a6358 (127.29.127.131:42403)
I20260630 12:31:29.574200   472 leader_election.cc:304] T 7348afff2c214d56b3fe78373d5d78db P 793959cc5c0849348cee6302029a6358 [CANDIDATE]: Term 1 pre-election: Election decided. Result: candidate won. Election summary: received 2 responses out of 3 voters: 2 yes votes; 0 no votes. yes voters: 0e6209dc6382466fa6d7ec583b5d524e, 793959cc5c0849348cee6302029a6358; no voters: 
I20260630 12:31:29.569553   360 raft_consensus.cc:2468] T f23606583f264c06a9b61a7c0cde1ee4 P 76050e6d02474a11972a9410e27ce57a [term 1 FOLLOWER]: Leader election vote request: Granting yes vote for candidate 793959cc5c0849348cee6302029a6358 in term 1.
I20260630 12:31:29.575120   561 raft_consensus.cc:2804] T 7348afff2c214d56b3fe78373d5d78db P 793959cc5c0849348cee6302029a6358 [term 0 FOLLOWER]: Leader pre-election won for term 1
I20260630 12:31:29.575492   561 raft_consensus.cc:493] T 7348afff2c214d56b3fe78373d5d78db P 793959cc5c0849348cee6302029a6358 [term 0 FOLLOWER]: Starting leader election (no leader contacted us within the election timeout)
I20260630 12:31:29.575856   561 raft_consensus.cc:3060] T 7348afff2c214d56b3fe78373d5d78db P 793959cc5c0849348cee6302029a6358 [term 0 FOLLOWER]: Advancing to term 1
I20260630 12:31:29.585763   561 raft_consensus.cc:515] T 7348afff2c214d56b3fe78373d5d78db P 793959cc5c0849348cee6302029a6358 [term 1 FOLLOWER]: Starting leader election with config: opid_index: -1 OBSOLETE_local: false peers { permanent_uuid: "76050e6d02474a11972a9410e27ce57a" member_type: VOTER last_known_addr { host: "127.29.127.129" port: 42941 } } peers { permanent_uuid: "0e6209dc6382466fa6d7ec583b5d524e" member_type: VOTER last_known_addr { host: "127.29.127.130" port: 41057 } } peers { permanent_uuid: "793959cc5c0849348cee6302029a6358" member_type: VOTER last_known_addr { host: "127.29.127.131" port: 42403 } }
I20260630 12:31:29.589249   561 leader_election.cc:290] T 7348afff2c214d56b3fe78373d5d78db P 793959cc5c0849348cee6302029a6358 [CANDIDATE]: Term 1 election: Requested vote from peers 76050e6d02474a11972a9410e27ce57a (127.29.127.129:42941), 0e6209dc6382466fa6d7ec583b5d524e (127.29.127.130:41057)
I20260630 12:31:29.590090   435 tablet_service.cc:1917] Received RequestConsensusVote() RPC: tablet_id: "7348afff2c214d56b3fe78373d5d78db" candidate_uuid: "793959cc5c0849348cee6302029a6358" candidate_term: 1 candidate_status { last_received { term: 0 index: 0 } } ignore_live_leader: false dest_uuid: "0e6209dc6382466fa6d7ec583b5d524e"
I20260630 12:31:29.590608   435 raft_consensus.cc:3060] T 7348afff2c214d56b3fe78373d5d78db P 0e6209dc6382466fa6d7ec583b5d524e [term 0 FOLLOWER]: Advancing to term 1
I20260630 12:31:29.592317   360 tablet_service.cc:1917] Received RequestConsensusVote() RPC: tablet_id: "7348afff2c214d56b3fe78373d5d78db" candidate_uuid: "793959cc5c0849348cee6302029a6358" candidate_term: 1 candidate_status { last_received { term: 0 index: 0 } } ignore_live_leader: false dest_uuid: "76050e6d02474a11972a9410e27ce57a"
I20260630 12:31:29.592962   360 raft_consensus.cc:3060] T 7348afff2c214d56b3fe78373d5d78db P 76050e6d02474a11972a9410e27ce57a [term 0 FOLLOWER]: Advancing to term 1
I20260630 12:31:29.593806 32724 catalog_manager.cc:5697] T f23606583f264c06a9b61a7c0cde1ee4 P 793959cc5c0849348cee6302029a6358 reported cstate change: term changed from 0 to 1, leader changed from <none> to 793959cc5c0849348cee6302029a6358 (127.29.127.131). New cstate: current_term: 1 leader_uuid: "793959cc5c0849348cee6302029a6358" committed_config { opid_index: -1 OBSOLETE_local: false peers { permanent_uuid: "0e6209dc6382466fa6d7ec583b5d524e" member_type: VOTER last_known_addr { host: "127.29.127.130" port: 41057 } health_report { overall_health: UNKNOWN } } peers { permanent_uuid: "793959cc5c0849348cee6302029a6358" member_type: VOTER last_known_addr { host: "127.29.127.131" port: 42403 } health_report { overall_health: HEALTHY } } peers { permanent_uuid: "76050e6d02474a11972a9410e27ce57a" member_type: VOTER last_known_addr { host: "127.29.127.129" port: 42941 } health_report { overall_health: UNKNOWN } } }
I20260630 12:31:29.597813   435 raft_consensus.cc:2468] T 7348afff2c214d56b3fe78373d5d78db P 0e6209dc6382466fa6d7ec583b5d524e [term 1 FOLLOWER]: Leader election vote request: Granting yes vote for candidate 793959cc5c0849348cee6302029a6358 in term 1.
I20260630 12:31:29.599185   472 leader_election.cc:304] T 7348afff2c214d56b3fe78373d5d78db P 793959cc5c0849348cee6302029a6358 [CANDIDATE]: Term 1 election: Election decided. Result: candidate won. Election summary: received 2 responses out of 3 voters: 2 yes votes; 0 no votes. yes voters: 0e6209dc6382466fa6d7ec583b5d524e, 793959cc5c0849348cee6302029a6358; no voters: 
I20260630 12:31:29.599748   360 raft_consensus.cc:2468] T 7348afff2c214d56b3fe78373d5d78db P 76050e6d02474a11972a9410e27ce57a [term 1 FOLLOWER]: Leader election vote request: Granting yes vote for candidate 793959cc5c0849348cee6302029a6358 in term 1.
I20260630 12:31:29.599982   561 raft_consensus.cc:2804] T 7348afff2c214d56b3fe78373d5d78db P 793959cc5c0849348cee6302029a6358 [term 1 FOLLOWER]: Leader election won for term 1
I20260630 12:31:29.600781   561 raft_consensus.cc:697] T 7348afff2c214d56b3fe78373d5d78db P 793959cc5c0849348cee6302029a6358 [term 1 LEADER]: Becoming Leader. State: Replica: 793959cc5c0849348cee6302029a6358, State: Running, Role: LEADER
I20260630 12:31:29.601632   561 consensus_queue.cc:237] T 7348afff2c214d56b3fe78373d5d78db P 793959cc5c0849348cee6302029a6358 [LEADER]: Queue going to LEADER mode. State: All replicated index: 0, Majority replicated index: 0, Committed index: 0, Last appended: 0.0, Last appended by leader: 0, Current term: 1, Majority size: 2, State: 0, Mode: LEADER, active raft config: opid_index: -1 OBSOLETE_local: false peers { permanent_uuid: "76050e6d02474a11972a9410e27ce57a" member_type: VOTER last_known_addr { host: "127.29.127.129" port: 42941 } } peers { permanent_uuid: "0e6209dc6382466fa6d7ec583b5d524e" member_type: VOTER last_known_addr { host: "127.29.127.130" port: 41057 } } peers { permanent_uuid: "793959cc5c0849348cee6302029a6358" member_type: VOTER last_known_addr { host: "127.29.127.131" port: 42403 } }
I20260630 12:31:29.609781   360 tablet_service.cc:1917] Received RequestConsensusVote() RPC: tablet_id: "b6e8314419d6439db530492d4818f49a" candidate_uuid: "0e6209dc6382466fa6d7ec583b5d524e" candidate_term: 1 candidate_status { last_received { term: 0 index: 0 } } ignore_live_leader: false dest_uuid: "76050e6d02474a11972a9410e27ce57a" is_pre_election: true
I20260630 12:31:29.610610   360 raft_consensus.cc:2468] T b6e8314419d6439db530492d4818f49a P 76050e6d02474a11972a9410e27ce57a [term 0 FOLLOWER]: Leader pre-election vote request: Granting yes vote for candidate 0e6209dc6382466fa6d7ec583b5d524e in term 0.
I20260630 12:31:29.611805   400 leader_election.cc:304] T b6e8314419d6439db530492d4818f49a P 0e6209dc6382466fa6d7ec583b5d524e [CANDIDATE]: Term 1 pre-election: Election decided. Result: candidate won. Election summary: received 2 responses out of 3 voters: 2 yes votes; 0 no votes. yes voters: 0e6209dc6382466fa6d7ec583b5d524e, 76050e6d02474a11972a9410e27ce57a; no voters: 
I20260630 12:31:29.612725   563 raft_consensus.cc:2804] T b6e8314419d6439db530492d4818f49a P 0e6209dc6382466fa6d7ec583b5d524e [term 0 FOLLOWER]: Leader pre-election won for term 1
I20260630 12:31:29.613152   563 raft_consensus.cc:493] T b6e8314419d6439db530492d4818f49a P 0e6209dc6382466fa6d7ec583b5d524e [term 0 FOLLOWER]: Starting leader election (no leader contacted us within the election timeout)
I20260630 12:31:29.613545   563 raft_consensus.cc:3060] T b6e8314419d6439db530492d4818f49a P 0e6209dc6382466fa6d7ec583b5d524e [term 0 FOLLOWER]: Advancing to term 1
I20260630 12:31:29.615259 32724 catalog_manager.cc:5697] T 7348afff2c214d56b3fe78373d5d78db P 793959cc5c0849348cee6302029a6358 reported cstate change: term changed from 0 to 1, leader changed from <none> to 793959cc5c0849348cee6302029a6358 (127.29.127.131). New cstate: current_term: 1 leader_uuid: "793959cc5c0849348cee6302029a6358" committed_config { opid_index: -1 OBSOLETE_local: false peers { permanent_uuid: "76050e6d02474a11972a9410e27ce57a" member_type: VOTER last_known_addr { host: "127.29.127.129" port: 42941 } health_report { overall_health: UNKNOWN } } peers { permanent_uuid: "0e6209dc6382466fa6d7ec583b5d524e" member_type: VOTER last_known_addr { host: "127.29.127.130" port: 41057 } health_report { overall_health: UNKNOWN } } peers { permanent_uuid: "793959cc5c0849348cee6302029a6358" member_type: VOTER last_known_addr { host: "127.29.127.131" port: 42403 } health_report { overall_health: HEALTHY } } }
I20260630 12:31:29.619509   563 raft_consensus.cc:515] T b6e8314419d6439db530492d4818f49a P 0e6209dc6382466fa6d7ec583b5d524e [term 1 FOLLOWER]: Starting leader election with config: opid_index: -1 OBSOLETE_local: false peers { permanent_uuid: "76050e6d02474a11972a9410e27ce57a" member_type: VOTER last_known_addr { host: "127.29.127.129" port: 42941 } } peers { permanent_uuid: "0e6209dc6382466fa6d7ec583b5d524e" member_type: VOTER last_known_addr { host: "127.29.127.130" port: 41057 } } peers { permanent_uuid: "793959cc5c0849348cee6302029a6358" member_type: VOTER last_known_addr { host: "127.29.127.131" port: 42403 } }
I20260630 12:31:29.621104   509 tablet_service.cc:1917] Received RequestConsensusVote() RPC: tablet_id: "b6e8314419d6439db530492d4818f49a" candidate_uuid: "0e6209dc6382466fa6d7ec583b5d524e" candidate_term: 1 candidate_status { last_received { term: 0 index: 0 } } ignore_live_leader: false dest_uuid: "793959cc5c0849348cee6302029a6358" is_pre_election: true
I20260630 12:31:29.621941   509 raft_consensus.cc:2468] T b6e8314419d6439db530492d4818f49a P 793959cc5c0849348cee6302029a6358 [term 0 FOLLOWER]: Leader pre-election vote request: Granting yes vote for candidate 0e6209dc6382466fa6d7ec583b5d524e in term 0.
I20260630 12:31:29.622398   360 tablet_service.cc:1917] Received RequestConsensusVote() RPC: tablet_id: "b6e8314419d6439db530492d4818f49a" candidate_uuid: "0e6209dc6382466fa6d7ec583b5d524e" candidate_term: 1 candidate_status { last_received { term: 0 index: 0 } } ignore_live_leader: false dest_uuid: "76050e6d02474a11972a9410e27ce57a"
I20260630 12:31:29.622982   360 raft_consensus.cc:3060] T b6e8314419d6439db530492d4818f49a P 76050e6d02474a11972a9410e27ce57a [term 0 FOLLOWER]: Advancing to term 1
I20260630 12:31:29.623639   509 tablet_service.cc:1917] Received RequestConsensusVote() RPC: tablet_id: "b6e8314419d6439db530492d4818f49a" candidate_uuid: "0e6209dc6382466fa6d7ec583b5d524e" candidate_term: 1 candidate_status { last_received { term: 0 index: 0 } } ignore_live_leader: false dest_uuid: "793959cc5c0849348cee6302029a6358"
I20260630 12:31:29.623803   563 leader_election.cc:290] T b6e8314419d6439db530492d4818f49a P 0e6209dc6382466fa6d7ec583b5d524e [CANDIDATE]: Term 1 election: Requested vote from peers 76050e6d02474a11972a9410e27ce57a (127.29.127.129:42941), 793959cc5c0849348cee6302029a6358 (127.29.127.131:42403)
I20260630 12:31:29.624128   509 raft_consensus.cc:3060] T b6e8314419d6439db530492d4818f49a P 793959cc5c0849348cee6302029a6358 [term 0 FOLLOWER]: Advancing to term 1
I20260630 12:31:29.628296   360 raft_consensus.cc:2468] T b6e8314419d6439db530492d4818f49a P 76050e6d02474a11972a9410e27ce57a [term 1 FOLLOWER]: Leader election vote request: Granting yes vote for candidate 0e6209dc6382466fa6d7ec583b5d524e in term 1.
I20260630 12:31:29.629261   400 leader_election.cc:304] T b6e8314419d6439db530492d4818f49a P 0e6209dc6382466fa6d7ec583b5d524e [CANDIDATE]: Term 1 election: Election decided. Result: candidate won. Election summary: received 2 responses out of 3 voters: 2 yes votes; 0 no votes. yes voters: 0e6209dc6382466fa6d7ec583b5d524e, 76050e6d02474a11972a9410e27ce57a; no voters: 
I20260630 12:31:29.630023   563 raft_consensus.cc:2804] T b6e8314419d6439db530492d4818f49a P 0e6209dc6382466fa6d7ec583b5d524e [term 1 FOLLOWER]: Leader election won for term 1
I20260630 12:31:29.630141   509 raft_consensus.cc:2468] T b6e8314419d6439db530492d4818f49a P 793959cc5c0849348cee6302029a6358 [term 1 FOLLOWER]: Leader election vote request: Granting yes vote for candidate 0e6209dc6382466fa6d7ec583b5d524e in term 1.
I20260630 12:31:29.631356   563 raft_consensus.cc:697] T b6e8314419d6439db530492d4818f49a P 0e6209dc6382466fa6d7ec583b5d524e [term 1 LEADER]: Becoming Leader. State: Replica: 0e6209dc6382466fa6d7ec583b5d524e, State: Running, Role: LEADER
I20260630 12:31:29.632112   563 consensus_queue.cc:237] T b6e8314419d6439db530492d4818f49a P 0e6209dc6382466fa6d7ec583b5d524e [LEADER]: Queue going to LEADER mode. State: All replicated index: 0, Majority replicated index: 0, Committed index: 0, Last appended: 0.0, Last appended by leader: 0, Current term: 1, Majority size: 2, State: 0, Mode: LEADER, active raft config: opid_index: -1 OBSOLETE_local: false peers { permanent_uuid: "76050e6d02474a11972a9410e27ce57a" member_type: VOTER last_known_addr { host: "127.29.127.129" port: 42941 } } peers { permanent_uuid: "0e6209dc6382466fa6d7ec583b5d524e" member_type: VOTER last_known_addr { host: "127.29.127.130" port: 41057 } } peers { permanent_uuid: "793959cc5c0849348cee6302029a6358" member_type: VOTER last_known_addr { host: "127.29.127.131" port: 42403 } }
I20260630 12:31:29.639712 32724 catalog_manager.cc:5697] T b6e8314419d6439db530492d4818f49a P 0e6209dc6382466fa6d7ec583b5d524e reported cstate change: term changed from 0 to 1, leader changed from <none> to 0e6209dc6382466fa6d7ec583b5d524e (127.29.127.130). New cstate: current_term: 1 leader_uuid: "0e6209dc6382466fa6d7ec583b5d524e" committed_config { opid_index: -1 OBSOLETE_local: false peers { permanent_uuid: "76050e6d02474a11972a9410e27ce57a" member_type: VOTER last_known_addr { host: "127.29.127.129" port: 42941 } health_report { overall_health: UNKNOWN } } peers { permanent_uuid: "0e6209dc6382466fa6d7ec583b5d524e" member_type: VOTER last_known_addr { host: "127.29.127.130" port: 41057 } health_report { overall_health: HEALTHY } } peers { permanent_uuid: "793959cc5c0849348cee6302029a6358" member_type: VOTER last_known_addr { host: "127.29.127.131" port: 42403 } health_report { overall_health: UNKNOWN } } }
I20260630 12:31:29.671435 30206 tablet_server.cc:179] TabletServer@127.29.127.129:0 shutting down...
I20260630 12:31:29.697187 30206 ts_tablet_manager.cc:1507] Shutting down tablet manager...
I20260630 12:31:29.698156 30206 tablet_replica.cc:333] T 7348afff2c214d56b3fe78373d5d78db P 76050e6d02474a11972a9410e27ce57a: stopping tablet replica
I20260630 12:31:29.698798 30206 raft_consensus.cc:2243] T 7348afff2c214d56b3fe78373d5d78db P 76050e6d02474a11972a9410e27ce57a [term 1 FOLLOWER]: Raft consensus shutting down.
I20260630 12:31:29.699352 30206 raft_consensus.cc:2272] T 7348afff2c214d56b3fe78373d5d78db P 76050e6d02474a11972a9410e27ce57a [term 1 FOLLOWER]: Raft consensus is shut down!
I20260630 12:31:29.701285 30206 tablet_replica.cc:333] T f23606583f264c06a9b61a7c0cde1ee4 P 76050e6d02474a11972a9410e27ce57a: stopping tablet replica
I20260630 12:31:29.701846 30206 raft_consensus.cc:2243] T f23606583f264c06a9b61a7c0cde1ee4 P 76050e6d02474a11972a9410e27ce57a [term 1 FOLLOWER]: Raft consensus shutting down.
I20260630 12:31:29.702178 30206 raft_consensus.cc:2272] T f23606583f264c06a9b61a7c0cde1ee4 P 76050e6d02474a11972a9410e27ce57a [term 1 FOLLOWER]: Raft consensus is shut down!
I20260630 12:31:29.703992 30206 tablet_replica.cc:333] T bf265f9ab29845cf9b7f954d0e2c73cb P 76050e6d02474a11972a9410e27ce57a: stopping tablet replica
I20260630 12:31:29.704465 30206 raft_consensus.cc:2243] T bf265f9ab29845cf9b7f954d0e2c73cb P 76050e6d02474a11972a9410e27ce57a [term 1 FOLLOWER]: Raft consensus shutting down.
I20260630 12:31:29.704797 30206 raft_consensus.cc:2272] T bf265f9ab29845cf9b7f954d0e2c73cb P 76050e6d02474a11972a9410e27ce57a [term 1 FOLLOWER]: Raft consensus is shut down!
I20260630 12:31:29.706717 30206 tablet_replica.cc:333] T b6e8314419d6439db530492d4818f49a P 76050e6d02474a11972a9410e27ce57a: stopping tablet replica
I20260630 12:31:29.707141 30206 raft_consensus.cc:2243] T b6e8314419d6439db530492d4818f49a P 76050e6d02474a11972a9410e27ce57a [term 1 FOLLOWER]: Raft consensus shutting down.
I20260630 12:31:29.707454 30206 raft_consensus.cc:2272] T b6e8314419d6439db530492d4818f49a P 76050e6d02474a11972a9410e27ce57a [term 1 FOLLOWER]: Raft consensus is shut down!
I20260630 12:31:29.730314 30206 tablet_server.cc:196] TabletServer@127.29.127.129:0 shutdown complete.
I20260630 12:31:29.743160 30206 tablet_server.cc:179] TabletServer@127.29.127.130:0 shutting down...
I20260630 12:31:29.762719 30206 ts_tablet_manager.cc:1507] Shutting down tablet manager...
I20260630 12:31:29.763666 30206 tablet_replica.cc:333] T f23606583f264c06a9b61a7c0cde1ee4 P 0e6209dc6382466fa6d7ec583b5d524e: stopping tablet replica
I20260630 12:31:29.764299 30206 raft_consensus.cc:2243] T f23606583f264c06a9b61a7c0cde1ee4 P 0e6209dc6382466fa6d7ec583b5d524e [term 1 FOLLOWER]: Raft consensus shutting down.
I20260630 12:31:29.764647 30206 raft_consensus.cc:2272] T f23606583f264c06a9b61a7c0cde1ee4 P 0e6209dc6382466fa6d7ec583b5d524e [term 1 FOLLOWER]: Raft consensus is shut down!
I20260630 12:31:29.766486 30206 tablet_replica.cc:333] T b6e8314419d6439db530492d4818f49a P 0e6209dc6382466fa6d7ec583b5d524e: stopping tablet replica
I20260630 12:31:29.766950 30206 raft_consensus.cc:2243] T b6e8314419d6439db530492d4818f49a P 0e6209dc6382466fa6d7ec583b5d524e [term 1 LEADER]: Raft consensus shutting down.
I20260630 12:31:29.767457 30206 pending_rounds.cc:70] T b6e8314419d6439db530492d4818f49a P 0e6209dc6382466fa6d7ec583b5d524e: Trying to abort 1 pending ops.
I20260630 12:31:29.767673 30206 pending_rounds.cc:77] T b6e8314419d6439db530492d4818f49a P 0e6209dc6382466fa6d7ec583b5d524e: Aborting op as it isn't in flight: id { term: 1 index: 1 } timestamp: 7302441736739946496 op_type: NO_OP noop_request { }
I20260630 12:31:29.767979 30206 raft_consensus.cc:2889] T b6e8314419d6439db530492d4818f49a P 0e6209dc6382466fa6d7ec583b5d524e [term 1 LEADER]: NO_OP replication failed: Aborted: Op aborted
I20260630 12:31:29.768220 30206 raft_consensus.cc:2272] T b6e8314419d6439db530492d4818f49a P 0e6209dc6382466fa6d7ec583b5d524e [term 1 FOLLOWER]: Raft consensus is shut down!
I20260630 12:31:29.770830 30206 tablet_replica.cc:333] T bf265f9ab29845cf9b7f954d0e2c73cb P 0e6209dc6382466fa6d7ec583b5d524e: stopping tablet replica
I20260630 12:31:29.771284 30206 raft_consensus.cc:2243] T bf265f9ab29845cf9b7f954d0e2c73cb P 0e6209dc6382466fa6d7ec583b5d524e [term 1 FOLLOWER]: Raft consensus shutting down.
I20260630 12:31:29.771606 30206 raft_consensus.cc:2272] T bf265f9ab29845cf9b7f954d0e2c73cb P 0e6209dc6382466fa6d7ec583b5d524e [term 1 FOLLOWER]: Raft consensus is shut down!
I20260630 12:31:29.773789 30206 tablet_replica.cc:333] T 7348afff2c214d56b3fe78373d5d78db P 0e6209dc6382466fa6d7ec583b5d524e: stopping tablet replica
I20260630 12:31:29.774391 30206 raft_consensus.cc:2243] T 7348afff2c214d56b3fe78373d5d78db P 0e6209dc6382466fa6d7ec583b5d524e [term 1 FOLLOWER]: Raft consensus shutting down.
I20260630 12:31:29.774845 30206 raft_consensus.cc:2272] T 7348afff2c214d56b3fe78373d5d78db P 0e6209dc6382466fa6d7ec583b5d524e [term 1 FOLLOWER]: Raft consensus is shut down!
I20260630 12:31:29.778870   311 auto_leader_rebalancer.cc:141] leader rebalance for table range_aware_auto_rebalancer_test
I20260630 12:31:29.792104 30206 tablet_server.cc:196] TabletServer@127.29.127.130:0 shutdown complete.
I20260630 12:31:29.795200   509 tablet_service.cc:2072] Received LeaderStepDown RPC: tablet_id: "bf265f9ab29845cf9b7f954d0e2c73cb"
dest_uuid: "793959cc5c0849348cee6302029a6358"
mode: GRACEFUL
new_leader_uuid: "76050e6d02474a11972a9410e27ce57a"
 from {username='slave'} at 127.0.0.1:35490
I20260630 12:31:29.795864   509 raft_consensus.cc:606] T bf265f9ab29845cf9b7f954d0e2c73cb P 793959cc5c0849348cee6302029a6358 [term 1 LEADER]: Received request to transfer leadership to TS 76050e6d02474a11972a9410e27ce57a
I20260630 12:31:29.797224   311 auto_leader_rebalancer.cc:440] table: range_aware_auto_rebalancer_test, leader rebalance finish, leader transfer count: 1
I20260630 12:31:29.797674   311 auto_leader_rebalancer.cc:515] All tables' leader rebalancing finished this round
I20260630 12:31:29.805259 30206 tablet_server.cc:179] TabletServer@127.29.127.131:0 shutting down...
I20260630 12:31:29.825377 30206 ts_tablet_manager.cc:1507] Shutting down tablet manager...
I20260630 12:31:29.826314 30206 tablet_replica.cc:333] T 7348afff2c214d56b3fe78373d5d78db P 793959cc5c0849348cee6302029a6358: stopping tablet replica
I20260630 12:31:29.826871 30206 raft_consensus.cc:2243] T 7348afff2c214d56b3fe78373d5d78db P 793959cc5c0849348cee6302029a6358 [term 1 LEADER]: Raft consensus shutting down.
I20260630 12:31:29.827409 30206 pending_rounds.cc:70] T 7348afff2c214d56b3fe78373d5d78db P 793959cc5c0849348cee6302029a6358: Trying to abort 1 pending ops.
I20260630 12:31:29.827564 30206 pending_rounds.cc:77] T 7348afff2c214d56b3fe78373d5d78db P 793959cc5c0849348cee6302029a6358: Aborting op as it isn't in flight: id { term: 1 index: 1 } timestamp: 7302441736618192896 op_type: NO_OP noop_request { }
I20260630 12:31:29.827800 30206 raft_consensus.cc:2889] T 7348afff2c214d56b3fe78373d5d78db P 793959cc5c0849348cee6302029a6358 [term 1 LEADER]: NO_OP replication failed: Aborted: Op aborted
I20260630 12:31:29.828015 30206 raft_consensus.cc:2272] T 7348afff2c214d56b3fe78373d5d78db P 793959cc5c0849348cee6302029a6358 [term 1 FOLLOWER]: Raft consensus is shut down!
I20260630 12:31:29.830267 30206 tablet_replica.cc:333] T f23606583f264c06a9b61a7c0cde1ee4 P 793959cc5c0849348cee6302029a6358: stopping tablet replica
I20260630 12:31:29.830721 30206 raft_consensus.cc:2243] T f23606583f264c06a9b61a7c0cde1ee4 P 793959cc5c0849348cee6302029a6358 [term 1 LEADER]: Raft consensus shutting down.
I20260630 12:31:29.831210 30206 pending_rounds.cc:70] T f23606583f264c06a9b61a7c0cde1ee4 P 793959cc5c0849348cee6302029a6358: Trying to abort 1 pending ops.
I20260630 12:31:29.831362 30206 pending_rounds.cc:77] T f23606583f264c06a9b61a7c0cde1ee4 P 793959cc5c0849348cee6302029a6358: Aborting op as it isn't in flight: id { term: 1 index: 1 } timestamp: 7302441736502321152 op_type: NO_OP noop_request { }
I20260630 12:31:29.831569 30206 raft_consensus.cc:2889] T f23606583f264c06a9b61a7c0cde1ee4 P 793959cc5c0849348cee6302029a6358 [term 1 LEADER]: NO_OP replication failed: Aborted: Op aborted
I20260630 12:31:29.831779 30206 raft_consensus.cc:2272] T f23606583f264c06a9b61a7c0cde1ee4 P 793959cc5c0849348cee6302029a6358 [term 1 FOLLOWER]: Raft consensus is shut down!
I20260630 12:31:29.833917 30206 tablet_replica.cc:333] T bf265f9ab29845cf9b7f954d0e2c73cb P 793959cc5c0849348cee6302029a6358: stopping tablet replica
I20260630 12:31:29.834355 30206 raft_consensus.cc:2243] T bf265f9ab29845cf9b7f954d0e2c73cb P 793959cc5c0849348cee6302029a6358 [term 1 LEADER]: Raft consensus shutting down.
I20260630 12:31:29.834836 30206 pending_rounds.cc:70] T bf265f9ab29845cf9b7f954d0e2c73cb P 793959cc5c0849348cee6302029a6358: Trying to abort 1 pending ops.
I20260630 12:31:29.834978 30206 pending_rounds.cc:77] T bf265f9ab29845cf9b7f954d0e2c73cb P 793959cc5c0849348cee6302029a6358: Aborting op as it isn't in flight: id { term: 1 index: 1 } timestamp: 7302441736383361024 op_type: NO_OP noop_request { }
I20260630 12:31:29.835184 30206 raft_consensus.cc:2889] T bf265f9ab29845cf9b7f954d0e2c73cb P 793959cc5c0849348cee6302029a6358 [term 1 LEADER]: NO_OP replication failed: Aborted: Op aborted
I20260630 12:31:29.835397 30206 raft_consensus.cc:2272] T bf265f9ab29845cf9b7f954d0e2c73cb P 793959cc5c0849348cee6302029a6358 [term 1 FOLLOWER]: Raft consensus is shut down!
I20260630 12:31:29.837409 30206 tablet_replica.cc:333] T b6e8314419d6439db530492d4818f49a P 793959cc5c0849348cee6302029a6358: stopping tablet replica
I20260630 12:31:29.837961 30206 raft_consensus.cc:2243] T b6e8314419d6439db530492d4818f49a P 793959cc5c0849348cee6302029a6358 [term 1 FOLLOWER]: Raft consensus shutting down.
I20260630 12:31:29.838310 30206 raft_consensus.cc:2272] T b6e8314419d6439db530492d4818f49a P 793959cc5c0849348cee6302029a6358 [term 1 FOLLOWER]: Raft consensus is shut down!
I20260630 12:31:29.861461 30206 tablet_server.cc:196] TabletServer@127.29.127.131:0 shutdown complete.
I20260630 12:31:29.873875 30206 master.cc:562] Master@127.29.127.190:34869 shutting down...
I20260630 12:31:29.896974 30206 raft_consensus.cc:2243] T 00000000000000000000000000000000 P 1ad5051710ac4b439a36e18d79cb00ff [term 1 LEADER]: Raft consensus shutting down.
I20260630 12:31:29.897481 30206 raft_consensus.cc:2272] T 00000000000000000000000000000000 P 1ad5051710ac4b439a36e18d79cb00ff [term 1 FOLLOWER]: Raft consensus is shut down!
I20260630 12:31:29.897842 30206 tablet_replica.cc:333] T 00000000000000000000000000000000 P 1ad5051710ac4b439a36e18d79cb00ff: stopping tablet replica
I20260630 12:31:29.917927 30206 master.cc:584] Master@127.29.127.190:34869 shutdown complete.
[       OK ] AutoRebalancerTest.RangeAwareBuildClusterInfoGroupsByRange (2332 ms)
[ RUN      ] AutoRebalancerTest.RangeAwareRebalancesNewRangeReplicas
I20260630 12:31:29.958874 30206 internal_mini_cluster.cc:156] Creating distributed mini masters. Addrs: 127.29.127.190:42171
I20260630 12:31:29.960176 30206 file_cache.cc:492] Constructed file cache file cache with capacity 419430
W20260630 12:31:29.966109   585 instance_detector.cc:116] could not retrieve Azure instance metadata: Network error: curl error: HTTP response code said error: The requested URL returned error: 404
W20260630 12:31:29.966791   584 instance_detector.cc:116] could not retrieve AWS instance metadata: Network error: curl error: HTTP response code said error: The requested URL returned error: 404
W20260630 12:31:29.967365   587 instance_detector.cc:116] could not retrieve OpenStack instance metadata: Network error: curl error: HTTP response code said error: The requested URL returned error: 404
I20260630 12:31:29.968116 30206 server_base.cc:1061] running on GCE node
I20260630 12:31:29.969059 30206 hybrid_clock.cc:584] initializing the hybrid clock with 'system_unsync' time source
W20260630 12:31:29.969244 30206 system_unsync_time.cc:38] NTP support is disabled. Clock error bounds will not be accurate. This configuration is not suitable for distributed clusters.
I20260630 12:31:29.969362 30206 hybrid_clock.cc:648] HybridClock initialized: now 1782822689969351 us; error 0 us; skew 500 ppm
I20260630 12:31:29.969962 30206 server_base.cc:861] Flag tcmalloc_max_total_thread_cache_bytes is not working since tcmalloc is not enabled.
I20260630 12:31:29.972779 30206 webserver.cc:533] Webserver started at http://127.29.127.190:33679/ using document root <none> and password file <none>
I20260630 12:31:29.973308 30206 fs_manager.cc:362] Metadata directory not provided
I20260630 12:31:29.973479 30206 fs_manager.cc:368] Using write-ahead log directory (fs_wal_dir) as metadata directory
I20260630 12:31:29.973842 30206 server_base.cc:909] This appears to be a new deployment of Kudu; creating new FS layout
I20260630 12:31:29.975080 30206 fs_manager.cc:1068] Generated new instance metadata in path /tmp/dist-test-taskXn_EqA/test-tmp/auto_rebalancer-test.0.AutoRebalancerTest.RangeAwareRebalancesNewRangeReplicas.1782822608659973-30206-0/minicluster-data/master-0-root/instance:
uuid: "2c7fdf294f4a48db81aa867161749a7f"
format_stamp: "Formatted at 2026-06-30 12:31:29 on dist-test-slave-whzw"
I20260630 12:31:29.980188 30206 fs_manager.cc:696] Time spent creating directory manager: real 0.005s	user 0.005s	sys 0.001s
I20260630 12:31:29.983752   592 log_block_manager.cc:4031] Time spent loading block containers with low live blocks: real 0.000s	user 0.000s	sys 0.000s
I20260630 12:31:29.984642 30206 fs_manager.cc:730] Time spent opening block manager: real 0.002s	user 0.002s	sys 0.000s
I20260630 12:31:29.984968 30206 fs_manager.cc:647] Opened local filesystem: /tmp/dist-test-taskXn_EqA/test-tmp/auto_rebalancer-test.0.AutoRebalancerTest.RangeAwareRebalancesNewRangeReplicas.1782822608659973-30206-0/minicluster-data/master-0-root
uuid: "2c7fdf294f4a48db81aa867161749a7f"
format_stamp: "Formatted at 2026-06-30 12:31:29 on dist-test-slave-whzw"
I20260630 12:31:29.985335 30206 fs_report.cc:389] FS layout report
--------------------
wal directory: /tmp/dist-test-taskXn_EqA/test-tmp/auto_rebalancer-test.0.AutoRebalancerTest.RangeAwareRebalancesNewRangeReplicas.1782822608659973-30206-0/minicluster-data/master-0-root
metadata directory: /tmp/dist-test-taskXn_EqA/test-tmp/auto_rebalancer-test.0.AutoRebalancerTest.RangeAwareRebalancesNewRangeReplicas.1782822608659973-30206-0/minicluster-data/master-0-root
1 data directories: /tmp/dist-test-taskXn_EqA/test-tmp/auto_rebalancer-test.0.AutoRebalancerTest.RangeAwareRebalancesNewRangeReplicas.1782822608659973-30206-0/minicluster-data/master-0-root/data
Total live blocks: 0
Total live bytes: 0
Total live bytes (after alignment): 0
Total number of LBM containers: 0 (0 full)
Did not check for missing blocks
Did not check for orphaned blocks
Total full LBM containers with extra space: 0 (0 repaired)
Total full LBM container extra space in bytes: 0 (0 repaired)
Total incomplete LBM containers: 0 (0 repaired)
Total LBM partial records: 0 (0 repaired)
Total corrupted LBM metadata records in RocksDB: 0 (0 repaired)
I20260630 12:31:30.010604 30206 rpc_server.cc:225] running with OpenSSL 1.1.1  11 Sep 2018
I20260630 12:31:30.011941 30206 kserver.cc:163] Server-wide thread pool size limit: 3276
I20260630 12:31:30.050653 30206 rpc_server.cc:307] RPC server started. Bound to: 127.29.127.190:42171
I20260630 12:31:30.050757   643 acceptor_pool.cc:272] collecting diagnostics on the listening RPC socket 127.29.127.190:42171 every 8 connection(s)
I20260630 12:31:30.054800   644 data_dirs.cc:400] Could only allocate 1 dirs of requested 3 for tablet 00000000000000000000000000000000. 1 dirs total, 0 dirs full, 0 dirs failed
I20260630 12:31:30.065249   644 tablet_bootstrap.cc:492] T 00000000000000000000000000000000 P 2c7fdf294f4a48db81aa867161749a7f: Bootstrap starting.
I20260630 12:31:30.069963   644 tablet_bootstrap.cc:654] T 00000000000000000000000000000000 P 2c7fdf294f4a48db81aa867161749a7f: Neither blocks nor log segments found. Creating new log.
I20260630 12:31:30.074309   644 tablet_bootstrap.cc:492] T 00000000000000000000000000000000 P 2c7fdf294f4a48db81aa867161749a7f: No bootstrap required, opened a new log
I20260630 12:31:30.076459   644 raft_consensus.cc:359] T 00000000000000000000000000000000 P 2c7fdf294f4a48db81aa867161749a7f [term 0 FOLLOWER]: Replica starting. Triggering 0 pending ops. Active config: opid_index: -1 OBSOLETE_local: true peers { permanent_uuid: "2c7fdf294f4a48db81aa867161749a7f" member_type: VOTER }
I20260630 12:31:30.076853   644 raft_consensus.cc:385] T 00000000000000000000000000000000 P 2c7fdf294f4a48db81aa867161749a7f [term 0 FOLLOWER]: Consensus starting up: Expiring failure detector timer to make a prompt election more likely
I20260630 12:31:30.077124   644 raft_consensus.cc:740] T 00000000000000000000000000000000 P 2c7fdf294f4a48db81aa867161749a7f [term 0 FOLLOWER]: Becoming Follower/Learner. State: Replica: 2c7fdf294f4a48db81aa867161749a7f, State: Initialized, Role: FOLLOWER
I20260630 12:31:30.077764   644 consensus_queue.cc:260] T 00000000000000000000000000000000 P 2c7fdf294f4a48db81aa867161749a7f [NON_LEADER]: Queue going to NON_LEADER mode. State: All replicated index: 0, Majority replicated index: 0, Committed index: 0, Last appended: 0.0, Last appended by leader: 0, Current term: 0, Majority size: -1, State: 0, Mode: NON_LEADER, active raft config: opid_index: -1 OBSOLETE_local: true peers { permanent_uuid: "2c7fdf294f4a48db81aa867161749a7f" member_type: VOTER }
I20260630 12:31:30.078243   644 raft_consensus.cc:399] T 00000000000000000000000000000000 P 2c7fdf294f4a48db81aa867161749a7f [term 0 FOLLOWER]: Only one voter in the Raft config. Triggering election immediately
I20260630 12:31:30.078487   644 raft_consensus.cc:493] T 00000000000000000000000000000000 P 2c7fdf294f4a48db81aa867161749a7f [term 0 FOLLOWER]: Starting leader election (initial election of a single-replica configuration)
I20260630 12:31:30.078778   644 raft_consensus.cc:3060] T 00000000000000000000000000000000 P 2c7fdf294f4a48db81aa867161749a7f [term 0 FOLLOWER]: Advancing to term 1
I20260630 12:31:30.083220   644 raft_consensus.cc:515] T 00000000000000000000000000000000 P 2c7fdf294f4a48db81aa867161749a7f [term 1 FOLLOWER]: Starting leader election with config: opid_index: -1 OBSOLETE_local: true peers { permanent_uuid: "2c7fdf294f4a48db81aa867161749a7f" member_type: VOTER }
I20260630 12:31:30.083772   644 leader_election.cc:304] T 00000000000000000000000000000000 P 2c7fdf294f4a48db81aa867161749a7f [CANDIDATE]: Term 1 election: Election decided. Result: candidate won. Election summary: received 1 responses out of 1 voters: 1 yes votes; 0 no votes. yes voters: 2c7fdf294f4a48db81aa867161749a7f; no voters: 
I20260630 12:31:30.085009   644 leader_election.cc:290] T 00000000000000000000000000000000 P 2c7fdf294f4a48db81aa867161749a7f [CANDIDATE]: Term 1 election: Requested vote from peers 
I20260630 12:31:30.085361   647 raft_consensus.cc:2804] T 00000000000000000000000000000000 P 2c7fdf294f4a48db81aa867161749a7f [term 1 FOLLOWER]: Leader election won for term 1
I20260630 12:31:30.086733   647 raft_consensus.cc:697] T 00000000000000000000000000000000 P 2c7fdf294f4a48db81aa867161749a7f [term 1 LEADER]: Becoming Leader. State: Replica: 2c7fdf294f4a48db81aa867161749a7f, State: Running, Role: LEADER
I20260630 12:31:30.087548   647 consensus_queue.cc:237] T 00000000000000000000000000000000 P 2c7fdf294f4a48db81aa867161749a7f [LEADER]: Queue going to LEADER mode. State: All replicated index: 0, Majority replicated index: 0, Committed index: 0, Last appended: 0.0, Last appended by leader: 0, Current term: 1, Majority size: 1, State: 0, Mode: LEADER, active raft config: opid_index: -1 OBSOLETE_local: true peers { permanent_uuid: "2c7fdf294f4a48db81aa867161749a7f" member_type: VOTER }
I20260630 12:31:30.088100   644 sys_catalog.cc:565] T 00000000000000000000000000000000 P 2c7fdf294f4a48db81aa867161749a7f [sys.catalog]: configured and running, proceeding with master startup.
I20260630 12:31:30.090562   648 sys_catalog.cc:455] T 00000000000000000000000000000000 P 2c7fdf294f4a48db81aa867161749a7f [sys.catalog]: SysCatalogTable state changed. Reason: RaftConsensus started. Latest consensus state: current_term: 1 leader_uuid: "2c7fdf294f4a48db81aa867161749a7f" committed_config { opid_index: -1 OBSOLETE_local: true peers { permanent_uuid: "2c7fdf294f4a48db81aa867161749a7f" member_type: VOTER } }
I20260630 12:31:30.090654   649 sys_catalog.cc:455] T 00000000000000000000000000000000 P 2c7fdf294f4a48db81aa867161749a7f [sys.catalog]: SysCatalogTable state changed. Reason: New leader 2c7fdf294f4a48db81aa867161749a7f. Latest consensus state: current_term: 1 leader_uuid: "2c7fdf294f4a48db81aa867161749a7f" committed_config { opid_index: -1 OBSOLETE_local: true peers { permanent_uuid: "2c7fdf294f4a48db81aa867161749a7f" member_type: VOTER } }
I20260630 12:31:30.091398   649 sys_catalog.cc:458] T 00000000000000000000000000000000 P 2c7fdf294f4a48db81aa867161749a7f [sys.catalog]: This master's current role is: LEADER
I20260630 12:31:30.092394   648 sys_catalog.cc:458] T 00000000000000000000000000000000 P 2c7fdf294f4a48db81aa867161749a7f [sys.catalog]: This master's current role is: LEADER
I20260630 12:31:30.096374   654 catalog_manager.cc:1511] Loading table and tablet metadata into memory...
I20260630 12:31:30.101567   654 catalog_manager.cc:1520] Initializing Kudu cluster ID...
I20260630 12:31:30.104602 30206 internal_mini_cluster.cc:184] Waiting to initialize catalog manager on master 0
I20260630 12:31:30.111595   654 catalog_manager.cc:1383] Generated new cluster ID: df53bf5107134592adee7ba86be09d48
I20260630 12:31:30.111920   654 catalog_manager.cc:1531] Initializing Kudu internal certificate authority...
I20260630 12:31:30.128232   654 catalog_manager.cc:1406] Generated new certificate authority record
I20260630 12:31:30.129508   654 catalog_manager.cc:1540] Loading token signing keys...
I20260630 12:31:30.145411   654 catalog_manager.cc:6070] T 00000000000000000000000000000000 P 2c7fdf294f4a48db81aa867161749a7f: Generated new TSK 0
I20260630 12:31:30.146070   654 catalog_manager.cc:1550] Initializing in-progress tserver states...
I20260630 12:31:30.171236 30206 file_cache.cc:492] Constructed file cache file cache with capacity 419430
W20260630 12:31:30.177459   665 instance_detector.cc:116] could not retrieve AWS instance metadata: Network error: curl error: HTTP response code said error: The requested URL returned error: 404
W20260630 12:31:30.178534   666 instance_detector.cc:116] could not retrieve Azure instance metadata: Network error: curl error: HTTP response code said error: The requested URL returned error: 404
I20260630 12:31:30.180755 30206 server_base.cc:1061] running on GCE node
W20260630 12:31:30.181183   668 instance_detector.cc:116] could not retrieve OpenStack instance metadata: Network error: curl error: HTTP response code said error: The requested URL returned error: 404
I20260630 12:31:30.182104 30206 hybrid_clock.cc:584] initializing the hybrid clock with 'system_unsync' time source
W20260630 12:31:30.182343 30206 system_unsync_time.cc:38] NTP support is disabled. Clock error bounds will not be accurate. This configuration is not suitable for distributed clusters.
I20260630 12:31:30.182516 30206 hybrid_clock.cc:648] HybridClock initialized: now 1782822690182493 us; error 0 us; skew 500 ppm
I20260630 12:31:30.183019 30206 server_base.cc:861] Flag tcmalloc_max_total_thread_cache_bytes is not working since tcmalloc is not enabled.
I20260630 12:31:30.185415 30206 webserver.cc:533] Webserver started at http://127.29.127.129:44059/ using document root <none> and password file <none>
I20260630 12:31:30.185973 30206 fs_manager.cc:362] Metadata directory not provided
I20260630 12:31:30.186187 30206 fs_manager.cc:368] Using write-ahead log directory (fs_wal_dir) as metadata directory
I20260630 12:31:30.186481 30206 server_base.cc:909] This appears to be a new deployment of Kudu; creating new FS layout
I20260630 12:31:30.187692 30206 fs_manager.cc:1068] Generated new instance metadata in path /tmp/dist-test-taskXn_EqA/test-tmp/auto_rebalancer-test.0.AutoRebalancerTest.RangeAwareRebalancesNewRangeReplicas.1782822608659973-30206-0/minicluster-data/ts-0-root/instance:
uuid: "821301439b394fd88db9e7f602a910bd"
format_stamp: "Formatted at 2026-06-30 12:31:30 on dist-test-slave-whzw"
I20260630 12:31:30.192345 30206 fs_manager.cc:696] Time spent creating directory manager: real 0.004s	user 0.006s	sys 0.000s
I20260630 12:31:30.195722   673 log_block_manager.cc:4031] Time spent loading block containers with low live blocks: real 0.000s	user 0.000s	sys 0.000s
I20260630 12:31:30.196642 30206 fs_manager.cc:730] Time spent opening block manager: real 0.002s	user 0.002s	sys 0.000s
I20260630 12:31:30.196898 30206 fs_manager.cc:647] Opened local filesystem: /tmp/dist-test-taskXn_EqA/test-tmp/auto_rebalancer-test.0.AutoRebalancerTest.RangeAwareRebalancesNewRangeReplicas.1782822608659973-30206-0/minicluster-data/ts-0-root
uuid: "821301439b394fd88db9e7f602a910bd"
format_stamp: "Formatted at 2026-06-30 12:31:30 on dist-test-slave-whzw"
I20260630 12:31:30.197134 30206 fs_report.cc:389] FS layout report
--------------------
wal directory: /tmp/dist-test-taskXn_EqA/test-tmp/auto_rebalancer-test.0.AutoRebalancerTest.RangeAwareRebalancesNewRangeReplicas.1782822608659973-30206-0/minicluster-data/ts-0-root
metadata directory: /tmp/dist-test-taskXn_EqA/test-tmp/auto_rebalancer-test.0.AutoRebalancerTest.RangeAwareRebalancesNewRangeReplicas.1782822608659973-30206-0/minicluster-data/ts-0-root
1 data directories: /tmp/dist-test-taskXn_EqA/test-tmp/auto_rebalancer-test.0.AutoRebalancerTest.RangeAwareRebalancesNewRangeReplicas.1782822608659973-30206-0/minicluster-data/ts-0-root/data
Total live blocks: 0
Total live bytes: 0
Total live bytes (after alignment): 0
Total number of LBM containers: 0 (0 full)
Did not check for missing blocks
Did not check for orphaned blocks
Total full LBM containers with extra space: 0 (0 repaired)
Total full LBM container extra space in bytes: 0 (0 repaired)
Total incomplete LBM containers: 0 (0 repaired)
Total LBM partial records: 0 (0 repaired)
Total corrupted LBM metadata records in RocksDB: 0 (0 repaired)
I20260630 12:31:30.216059 30206 rpc_server.cc:225] running with OpenSSL 1.1.1  11 Sep 2018
I20260630 12:31:30.217308 30206 kserver.cc:163] Server-wide thread pool size limit: 3276
I20260630 12:31:30.218765 30206 txn_system_client.cc:432] TxnSystemClient initialization is disabled...
I20260630 12:31:30.221115 30206 ts_tablet_manager.cc:585] Loaded tablet metadata (0 total tablets, 0 live tablets)
I20260630 12:31:30.221302 30206 ts_tablet_manager.cc:531] Time spent load tablet metadata: real 0.000s	user 0.000s	sys 0.000s
I20260630 12:31:30.221602 30206 ts_tablet_manager.cc:616] Registered 0 tablets
I20260630 12:31:30.221803 30206 ts_tablet_manager.cc:595] Time spent register tablets: real 0.000s	user 0.001s	sys 0.000s
I20260630 12:31:30.262936 30206 rpc_server.cc:307] RPC server started. Bound to: 127.29.127.129:41091
I20260630 12:31:30.263039   735 acceptor_pool.cc:272] collecting diagnostics on the listening RPC socket 127.29.127.129:41091 every 8 connection(s)
I20260630 12:31:30.267911 30206 file_cache.cc:492] Constructed file cache file cache with capacity 419430
W20260630 12:31:30.275063   740 instance_detector.cc:116] could not retrieve AWS instance metadata: Network error: curl error: HTTP response code said error: The requested URL returned error: 404
W20260630 12:31:30.275817   741 instance_detector.cc:116] could not retrieve Azure instance metadata: Network error: curl error: HTTP response code said error: The requested URL returned error: 404
W20260630 12:31:30.279167   743 instance_detector.cc:116] could not retrieve OpenStack instance metadata: Network error: curl error: HTTP response code said error: The requested URL returned error: 404
I20260630 12:31:30.280829   736 heartbeater.cc:344] Connected to a master server at 127.29.127.190:42171
I20260630 12:31:30.280812 30206 server_base.cc:1061] running on GCE node
I20260630 12:31:30.281486   736 heartbeater.cc:461] Registering TS with master...
I20260630 12:31:30.282297 30206 hybrid_clock.cc:584] initializing the hybrid clock with 'system_unsync' time source
