I20260630 12:31:32.062342 31037 raft_consensus.cc:740] T 955d28aca84a4ce095bb2a64bf2312ac P 4a6ba4ab2cb246dab19035a10dfe3772 [term 0 FOLLOWER]: Becoming Follower/Learner. State: Replica: 4a6ba4ab2cb246dab19035a10dfe3772, State: Initialized, Role: FOLLOWER
I20260630 12:31:32.063126 31037 consensus_queue.cc:260] T 955d28aca84a4ce095bb2a64bf2312ac P 4a6ba4ab2cb246dab19035a10dfe3772 [NON_LEADER]: Queue going to NON_LEADER mode. State: All replicated index: 0, Majority replicated index: 0, Committed index: 0, Last appended: 0.0, Last appended by leader: 0, Current term: 0, Majority size: -1, State: 0, Mode: NON_LEADER, active raft config: opid_index: -1 OBSOLETE_local: false peers { permanent_uuid: "e3d6bde7bd044165951f21b74f40c484" member_type: VOTER last_known_addr { host: "127.27.23.1" port: 44111 } } peers { permanent_uuid: "4c21a499b5d549a5ae651bf411285875" member_type: VOTER last_known_addr { host: "127.27.23.3" port: 42827 } } peers { permanent_uuid: "4a6ba4ab2cb246dab19035a10dfe3772" member_type: VOTER last_known_addr { host: "127.27.23.4" port: 34557 } }
I20260630 12:31:32.063833 31076 consensus_queue.cc:1048] T 75a0e65551f94dedb1780b57f8cd87f8 P e3d6bde7bd044165951f21b74f40c484 [LEADER]: Connected to new peer: Peer: permanent_uuid: "1caaaa6c437749538008bd7c997f1751" member_type: VOTER last_known_addr { host: "127.27.23.2" port: 44075 }, Status: LMP_MISMATCH, Last received: 0.0, Next index: 1, Last known committed idx: 0, Time since last communication: 0.001s
I20260630 12:31:32.066253 31037 ts_tablet_manager.cc:1434] T 955d28aca84a4ce095bb2a64bf2312ac P 4a6ba4ab2cb246dab19035a10dfe3772: Time spent starting tablet: real 0.010s	user 0.000s	sys 0.007s
I20260630 12:31:32.067301 31037 tablet_bootstrap.cc:492] T 75a0e65551f94dedb1780b57f8cd87f8 P 4a6ba4ab2cb246dab19035a10dfe3772: Bootstrap starting.
I20260630 12:31:32.074807 31037 tablet_bootstrap.cc:654] T 75a0e65551f94dedb1780b57f8cd87f8 P 4a6ba4ab2cb246dab19035a10dfe3772: Neither blocks nor log segments found. Creating new log.
I20260630 12:31:32.082572 31037 tablet_bootstrap.cc:492] T 75a0e65551f94dedb1780b57f8cd87f8 P 4a6ba4ab2cb246dab19035a10dfe3772: No bootstrap required, opened a new log
I20260630 12:31:32.083086 31037 ts_tablet_manager.cc:1403] T 75a0e65551f94dedb1780b57f8cd87f8 P 4a6ba4ab2cb246dab19035a10dfe3772: Time spent bootstrapping tablet: real 0.016s	user 0.006s	sys 0.006s
I20260630 12:31:32.085858 31037 raft_consensus.cc:359] T 75a0e65551f94dedb1780b57f8cd87f8 P 4a6ba4ab2cb246dab19035a10dfe3772 [term 0 FOLLOWER]: Replica starting. Triggering 0 pending ops. Active config: opid_index: -1 OBSOLETE_local: false peers { permanent_uuid: "1caaaa6c437749538008bd7c997f1751" member_type: VOTER last_known_addr { host: "127.27.23.2" port: 44075 } } peers { permanent_uuid: "4a6ba4ab2cb246dab19035a10dfe3772" member_type: VOTER last_known_addr { host: "127.27.23.4" port: 34557 } } peers { permanent_uuid: "e3d6bde7bd044165951f21b74f40c484" member_type: VOTER last_known_addr { host: "127.27.23.1" port: 44111 } }
I20260630 12:31:32.086711 31037 raft_consensus.cc:385] T 75a0e65551f94dedb1780b57f8cd87f8 P 4a6ba4ab2cb246dab19035a10dfe3772 [term 0 FOLLOWER]: Consensus starting up: Expiring failure detector timer to make a prompt election more likely
I20260630 12:31:32.086998 31037 raft_consensus.cc:740] T 75a0e65551f94dedb1780b57f8cd87f8 P 4a6ba4ab2cb246dab19035a10dfe3772 [term 0 FOLLOWER]: Becoming Follower/Learner. State: Replica: 4a6ba4ab2cb246dab19035a10dfe3772, State: Initialized, Role: FOLLOWER
I20260630 12:31:32.087741 31037 consensus_queue.cc:260] T 75a0e65551f94dedb1780b57f8cd87f8 P 4a6ba4ab2cb246dab19035a10dfe3772 [NON_LEADER]: Queue going to NON_LEADER mode. State: All replicated index: 0, Majority replicated index: 0, Committed index: 0, Last appended: 0.0, Last appended by leader: 0, Current term: 0, Majority size: -1, State: 0, Mode: NON_LEADER, active raft config: opid_index: -1 OBSOLETE_local: false peers { permanent_uuid: "1caaaa6c437749538008bd7c997f1751" member_type: VOTER last_known_addr { host: "127.27.23.2" port: 44075 } } peers { permanent_uuid: "4a6ba4ab2cb246dab19035a10dfe3772" member_type: VOTER last_known_addr { host: "127.27.23.4" port: 34557 } } peers { permanent_uuid: "e3d6bde7bd044165951f21b74f40c484" member_type: VOTER last_known_addr { host: "127.27.23.1" port: 44111 } }
I20260630 12:31:32.090483 31037 ts_tablet_manager.cc:1434] T 75a0e65551f94dedb1780b57f8cd87f8 P 4a6ba4ab2cb246dab19035a10dfe3772: Time spent starting tablet: real 0.007s	user 0.007s	sys 0.000s
I20260630 12:31:32.091513 31037 tablet_bootstrap.cc:492] T 3d29d2269346462a901cb2dfcdbe520b P 4a6ba4ab2cb246dab19035a10dfe3772: Bootstrap starting.
I20260630 12:31:32.095170 30994 raft_consensus.cc:3060] T 75a0e65551f94dedb1780b57f8cd87f8 P 4a6ba4ab2cb246dab19035a10dfe3772 [term 0 FOLLOWER]: Advancing to term 1
I20260630 12:31:32.097932 31037 tablet_bootstrap.cc:654] T 3d29d2269346462a901cb2dfcdbe520b P 4a6ba4ab2cb246dab19035a10dfe3772: Neither blocks nor log segments found. Creating new log.
I20260630 12:31:32.103688 31037 tablet_bootstrap.cc:492] T 3d29d2269346462a901cb2dfcdbe520b P 4a6ba4ab2cb246dab19035a10dfe3772: No bootstrap required, opened a new log
I20260630 12:31:32.104184 31037 ts_tablet_manager.cc:1403] T 3d29d2269346462a901cb2dfcdbe520b P 4a6ba4ab2cb246dab19035a10dfe3772: Time spent bootstrapping tablet: real 0.013s	user 0.009s	sys 0.003s
I20260630 12:31:32.104635 30923 consensus_queue.cc:1048] T 75a0e65551f94dedb1780b57f8cd87f8 P e3d6bde7bd044165951f21b74f40c484 [LEADER]: Connected to new peer: Peer: permanent_uuid: "4a6ba4ab2cb246dab19035a10dfe3772" member_type: VOTER last_known_addr { host: "127.27.23.4" port: 34557 }, Status: LMP_MISMATCH, Last received: 0.0, Next index: 1, Last known committed idx: 0, Time since last communication: 0.000s
I20260630 12:31:32.107684 30910 consensus_queue.cc:1048] T 269c09c048c248cf87df1d471fe3030b P 4c21a499b5d549a5ae651bf411285875 [LEADER]: Connected to new peer: Peer: permanent_uuid: "e3d6bde7bd044165951f21b74f40c484" member_type: VOTER last_known_addr { host: "127.27.23.1" port: 44111 }, Status: LMP_MISMATCH, Last received: 0.0, Next index: 1, Last known committed idx: 0, Time since last communication: 0.001s
I20260630 12:31:32.107613 31037 raft_consensus.cc:359] T 3d29d2269346462a901cb2dfcdbe520b P 4a6ba4ab2cb246dab19035a10dfe3772 [term 0 FOLLOWER]: Replica starting. Triggering 0 pending ops. Active config: opid_index: -1 OBSOLETE_local: false peers { permanent_uuid: "4c21a499b5d549a5ae651bf411285875" member_type: VOTER last_known_addr { host: "127.27.23.3" port: 42827 } } peers { permanent_uuid: "1caaaa6c437749538008bd7c997f1751" member_type: VOTER last_known_addr { host: "127.27.23.2" port: 44075 } } peers { permanent_uuid: "4a6ba4ab2cb246dab19035a10dfe3772" member_type: VOTER last_known_addr { host: "127.27.23.4" port: 34557 } }
I20260630 12:31:32.108464 31037 raft_consensus.cc:385] T 3d29d2269346462a901cb2dfcdbe520b P 4a6ba4ab2cb246dab19035a10dfe3772 [term 0 FOLLOWER]: Consensus starting up: Expiring failure detector timer to make a prompt election more likely
I20260630 12:31:32.108441 30949 consensus_queue.cc:1048] T 269c09c048c248cf87df1d471fe3030b P 4c21a499b5d549a5ae651bf411285875 [LEADER]: Connected to new peer: Peer: permanent_uuid: "4a6ba4ab2cb246dab19035a10dfe3772" member_type: VOTER last_known_addr { host: "127.27.23.4" port: 34557 }, Status: LMP_MISMATCH, Last received: 0.0, Next index: 1, Last known committed idx: 0, Time since last communication: 0.000s
I20260630 12:31:32.108906 31037 raft_consensus.cc:740] T 3d29d2269346462a901cb2dfcdbe520b P 4a6ba4ab2cb246dab19035a10dfe3772 [term 0 FOLLOWER]: Becoming Follower/Learner. State: Replica: 4a6ba4ab2cb246dab19035a10dfe3772, State: Initialized, Role: FOLLOWER
I20260630 12:31:32.109555 31037 consensus_queue.cc:260] T 3d29d2269346462a901cb2dfcdbe520b P 4a6ba4ab2cb246dab19035a10dfe3772 [NON_LEADER]: Queue going to NON_LEADER mode. State: All replicated index: 0, Majority replicated index: 0, Committed index: 0, Last appended: 0.0, Last appended by leader: 0, Current term: 0, Majority size: -1, State: 0, Mode: NON_LEADER, active raft config: opid_index: -1 OBSOLETE_local: false peers { permanent_uuid: "4c21a499b5d549a5ae651bf411285875" member_type: VOTER last_known_addr { host: "127.27.23.3" port: 42827 } } peers { permanent_uuid: "1caaaa6c437749538008bd7c997f1751" member_type: VOTER last_known_addr { host: "127.27.23.2" port: 44075 } } peers { permanent_uuid: "4a6ba4ab2cb246dab19035a10dfe3772" member_type: VOTER last_known_addr { host: "127.27.23.4" port: 34557 } }
I20260630 12:31:32.111634 31037 ts_tablet_manager.cc:1434] T 3d29d2269346462a901cb2dfcdbe520b P 4a6ba4ab2cb246dab19035a10dfe3772: Time spent starting tablet: real 0.007s	user 0.004s	sys 0.000s
I20260630 12:31:32.166725 30994 raft_consensus.cc:3060] T 955d28aca84a4ce095bb2a64bf2312ac P 4a6ba4ab2cb246dab19035a10dfe3772 [term 0 FOLLOWER]: Advancing to term 1
I20260630 12:31:32.172528 30949 consensus_queue.cc:1048] T 955d28aca84a4ce095bb2a64bf2312ac P 4c21a499b5d549a5ae651bf411285875 [LEADER]: Connected to new peer: Peer: permanent_uuid: "4a6ba4ab2cb246dab19035a10dfe3772" member_type: VOTER last_known_addr { host: "127.27.23.4" port: 34557 }, Status: LMP_MISMATCH, Last received: 0.0, Next index: 1, Last known committed idx: 0, Time since last communication: 0.000s
I20260630 12:31:32.182711 31094 consensus_queue.cc:1048] T 955d28aca84a4ce095bb2a64bf2312ac P 4c21a499b5d549a5ae651bf411285875 [LEADER]: Connected to new peer: Peer: permanent_uuid: "e3d6bde7bd044165951f21b74f40c484" member_type: VOTER last_known_addr { host: "127.27.23.1" port: 44111 }, Status: LMP_MISMATCH, Last received: 0.0, Next index: 1, Last known committed idx: 0, Time since last communication: 0.002s
I20260630 12:31:32.294701 30994 raft_consensus.cc:3060] T 3d29d2269346462a901cb2dfcdbe520b P 4a6ba4ab2cb246dab19035a10dfe3772 [term 0 FOLLOWER]: Advancing to term 1
I20260630 12:31:32.300714 30899 consensus_queue.cc:1048] T 3d29d2269346462a901cb2dfcdbe520b P 1caaaa6c437749538008bd7c997f1751 [LEADER]: Connected to new peer: Peer: permanent_uuid: "4a6ba4ab2cb246dab19035a10dfe3772" member_type: VOTER last_known_addr { host: "127.27.23.4" port: 34557 }, Status: LMP_MISMATCH, Last received: 0.0, Next index: 1, Last known committed idx: 0, Time since last communication: 0.000s
I20260630 12:31:32.313233 31097 consensus_queue.cc:1048] T 3d29d2269346462a901cb2dfcdbe520b P 1caaaa6c437749538008bd7c997f1751 [LEADER]: Connected to new peer: Peer: permanent_uuid: "4c21a499b5d549a5ae651bf411285875" member_type: VOTER last_known_addr { host: "127.27.23.3" port: 42827 }, Status: LMP_MISMATCH, Last received: 0.0, Next index: 1, Last known committed idx: 0, Time since last communication: 0.001s
I20260630 12:31:32.334681 31097 consensus_queue.cc:1048] T a29f8dd851f74b189f6efd58e60c5c37 P 1caaaa6c437749538008bd7c997f1751 [LEADER]: Connected to new peer: Peer: permanent_uuid: "4c21a499b5d549a5ae651bf411285875" member_type: VOTER last_known_addr { host: "127.27.23.3" port: 42827 }, Status: LMP_MISMATCH, Last received: 0.0, Next index: 1, Last known committed idx: 0, Time since last communication: 0.000s
I20260630 12:31:32.344779 30994 raft_consensus.cc:3060] T a29f8dd851f74b189f6efd58e60c5c37 P 4a6ba4ab2cb246dab19035a10dfe3772 [term 0 FOLLOWER]: Advancing to term 1
I20260630 12:31:32.353031 31028 consensus_queue.cc:1048] T a29f8dd851f74b189f6efd58e60c5c37 P 1caaaa6c437749538008bd7c997f1751 [LEADER]: Connected to new peer: Peer: permanent_uuid: "4a6ba4ab2cb246dab19035a10dfe3772" member_type: VOTER last_known_addr { host: "127.27.23.4" port: 34557 }, Status: LMP_MISMATCH, Last received: 0.0, Next index: 1, Last known committed idx: 0, Time since last communication: 0.000s
I20260630 12:31:32.374900 31079 raft_consensus.cc:493] T c7f96c0c826b481888e084f833200eac P 4a6ba4ab2cb246dab19035a10dfe3772 [term 0 FOLLOWER]: Starting pre-election (no leader contacted us within the election timeout)
I20260630 12:31:32.375371 31079 raft_consensus.cc:515] T c7f96c0c826b481888e084f833200eac P 4a6ba4ab2cb246dab19035a10dfe3772 [term 0 FOLLOWER]: Starting pre-election with config: opid_index: -1 OBSOLETE_local: false peers { permanent_uuid: "e3d6bde7bd044165951f21b74f40c484" member_type: VOTER last_known_addr { host: "127.27.23.1" port: 44111 } } peers { permanent_uuid: "4a6ba4ab2cb246dab19035a10dfe3772" member_type: VOTER last_known_addr { host: "127.27.23.4" port: 34557 } } peers { permanent_uuid: "1caaaa6c437749538008bd7c997f1751" member_type: VOTER last_known_addr { host: "127.27.23.2" port: 44075 } }
I20260630 12:31:32.377213 31079 leader_election.cc:290] T c7f96c0c826b481888e084f833200eac P 4a6ba4ab2cb246dab19035a10dfe3772 [CANDIDATE]: Term 1 pre-election: Requested pre-vote from peers e3d6bde7bd044165951f21b74f40c484 (127.27.23.1:44111), 1caaaa6c437749538008bd7c997f1751 (127.27.23.2:44075)
I20260630 12:31:32.378015 30676 tablet_service.cc:1917] Received RequestConsensusVote() RPC: tablet_id: "c7f96c0c826b481888e084f833200eac" candidate_uuid: "4a6ba4ab2cb246dab19035a10dfe3772" candidate_term: 1 candidate_status { last_received { term: 0 index: 0 } } ignore_live_leader: false dest_uuid: "e3d6bde7bd044165951f21b74f40c484" is_pre_election: true
I20260630 12:31:32.378201 30753 tablet_service.cc:1917] Received RequestConsensusVote() RPC: tablet_id: "c7f96c0c826b481888e084f833200eac" candidate_uuid: "4a6ba4ab2cb246dab19035a10dfe3772" candidate_term: 1 candidate_status { last_received { term: 0 index: 0 } } ignore_live_leader: false dest_uuid: "1caaaa6c437749538008bd7c997f1751" is_pre_election: true
I20260630 12:31:32.378932 30753 raft_consensus.cc:2393] T c7f96c0c826b481888e084f833200eac P 1caaaa6c437749538008bd7c997f1751 [term 1 FOLLOWER]: Leader pre-election vote request: Denying vote to candidate 4a6ba4ab2cb246dab19035a10dfe3772 in current term 1: Already voted for candidate e3d6bde7bd044165951f21b74f40c484 in this term.
I20260630 12:31:32.379891 30960 leader_election.cc:304] T c7f96c0c826b481888e084f833200eac P 4a6ba4ab2cb246dab19035a10dfe3772 [CANDIDATE]: Term 1 pre-election: Election decided. Result: candidate lost. Election summary: received 3 responses out of 3 voters: 1 yes votes; 2 no votes. yes voters: 4a6ba4ab2cb246dab19035a10dfe3772; no voters: 1caaaa6c437749538008bd7c997f1751, e3d6bde7bd044165951f21b74f40c484
I20260630 12:31:32.381036 31079 raft_consensus.cc:3060] T c7f96c0c826b481888e084f833200eac P 4a6ba4ab2cb246dab19035a10dfe3772 [term 0 FOLLOWER]: Advancing to term 1
I20260630 12:31:32.385660 31079 raft_consensus.cc:2749] T c7f96c0c826b481888e084f833200eac P 4a6ba4ab2cb246dab19035a10dfe3772 [term 1 FOLLOWER]: Leader pre-election lost for term 1. Reason: could not achieve majority
I20260630 12:31:32.459159 30923 consensus_queue.cc:1048] T c7f96c0c826b481888e084f833200eac P e3d6bde7bd044165951f21b74f40c484 [LEADER]: Connected to new peer: Peer: permanent_uuid: "4a6ba4ab2cb246dab19035a10dfe3772" member_type: VOTER last_known_addr { host: "127.27.23.4" port: 34557 }, Status: LMP_MISMATCH, Last received: 0.0, Next index: 1, Last known committed idx: 0, Time since last communication: 0.000s
I20260630 12:31:32.471583 31102 consensus_queue.cc:1048] T c7f96c0c826b481888e084f833200eac P e3d6bde7bd044165951f21b74f40c484 [LEADER]: Connected to new peer: Peer: permanent_uuid: "1caaaa6c437749538008bd7c997f1751" member_type: VOTER last_known_addr { host: "127.27.23.2" port: 44075 }, Status: LMP_MISMATCH, Last received: 0.0, Next index: 1, Last known committed idx: 0, Time since last communication: 0.000s
I20260630 12:31:32.560755 31079 consensus_queue.cc:1048] T 909aeca90ef543b9953f808bf9f8e337 P 4a6ba4ab2cb246dab19035a10dfe3772 [LEADER]: Connected to new peer: Peer: permanent_uuid: "e3d6bde7bd044165951f21b74f40c484" member_type: VOTER last_known_addr { host: "127.27.23.1" port: 44111 }, Status: LMP_MISMATCH, Last received: 0.0, Next index: 1, Last known committed idx: 0, Time since last communication: 0.000s
I20260630 12:31:32.572297 31079 consensus_queue.cc:1048] T 909aeca90ef543b9953f808bf9f8e337 P 4a6ba4ab2cb246dab19035a10dfe3772 [LEADER]: Connected to new peer: Peer: permanent_uuid: "1caaaa6c437749538008bd7c997f1751" member_type: VOTER last_known_addr { host: "127.27.23.2" port: 44075 }, Status: LMP_MISMATCH, Last received: 0.0, Next index: 1, Last known committed idx: 0, Time since last communication: 0.000s
I20260630 12:31:32.631367 31102 consensus_queue.cc:1048] T 952ab3ee0aba4cb6b154e198dc4bf39e P e3d6bde7bd044165951f21b74f40c484 [LEADER]: Connected to new peer: Peer: permanent_uuid: "4c21a499b5d549a5ae651bf411285875" member_type: VOTER last_known_addr { host: "127.27.23.3" port: 42827 }, Status: LMP_MISMATCH, Last received: 0.0, Next index: 1, Last known committed idx: 0, Time since last communication: 0.001s
I20260630 12:31:32.640522 30629 auto_leader_rebalancer.cc:141] leader rebalance for table range_aware_rebalance_new_range
I20260630 12:31:32.648279 31036 consensus_queue.cc:1048] T 952ab3ee0aba4cb6b154e198dc4bf39e P e3d6bde7bd044165951f21b74f40c484 [LEADER]: Connected to new peer: Peer: permanent_uuid: "4a6ba4ab2cb246dab19035a10dfe3772" member_type: VOTER last_known_addr { host: "127.27.23.4" port: 34557 }, Status: LMP_MISMATCH, Last received: 0.0, Next index: 1, Last known committed idx: 0, Time since last communication: 0.001s
I20260630 12:31:32.697220 30753 tablet_service.cc:2072] Received LeaderStepDown RPC: tablet_id: "39201311603e42209dbfdbc3b28d5fc9"
dest_uuid: "1caaaa6c437749538008bd7c997f1751"
mode: GRACEFUL
new_leader_uuid: "e3d6bde7bd044165951f21b74f40c484"
 from {username='slave'} at 127.0.0.1:51428
I20260630 12:31:32.697909 30753 raft_consensus.cc:606] T 39201311603e42209dbfdbc3b28d5fc9 P 1caaaa6c437749538008bd7c997f1751 [term 1 LEADER]: Received request to transfer leadership to TS e3d6bde7bd044165951f21b74f40c484
I20260630 12:31:32.710558 30753 consensus_queue.cc:237] T b22005cf5190418cb385cbfbeda51167 P 1caaaa6c437749538008bd7c997f1751 [LEADER]: Queue going to LEADER mode. State: All replicated index: 0, Majority replicated index: 1, Committed index: 1, Last appended: 2.1, Last appended by leader: 0, Current term: 2, Majority size: 2, State: 0, Mode: LEADER, active raft config: opid_index: 2 OBSOLETE_local: false peers { permanent_uuid: "1caaaa6c437749538008bd7c997f1751" member_type: VOTER last_known_addr { host: "127.27.23.2" port: 44075 } } peers { permanent_uuid: "e3d6bde7bd044165951f21b74f40c484" member_type: VOTER last_known_addr { host: "127.27.23.1" port: 44111 } attrs { replace: true } } peers { permanent_uuid: "4c21a499b5d549a5ae651bf411285875" member_type: VOTER last_known_addr { host: "127.27.23.3" port: 42827 } } peers { permanent_uuid: "4a6ba4ab2cb246dab19035a10dfe3772" member_type: NON_VOTER last_known_addr { host: "127.27.23.4" port: 34557 } attrs { promote: true } }
I20260630 12:31:32.712917 30827 tablet_service.cc:2072] Received LeaderStepDown RPC: tablet_id: "d65d42135b3d45329f01a7236380622d"
dest_uuid: "4c21a499b5d549a5ae651bf411285875"
mode: GRACEFUL
new_leader_uuid: "1caaaa6c437749538008bd7c997f1751"
 from {username='slave'} at 127.0.0.1:60252
I20260630 12:31:32.713506 30827 raft_consensus.cc:606] T d65d42135b3d45329f01a7236380622d P 4c21a499b5d549a5ae651bf411285875 [term 1 LEADER]: Received request to transfer leadership to TS 1caaaa6c437749538008bd7c997f1751
I20260630 12:31:32.716838 30752 tablet_service.cc:2072] Received LeaderStepDown RPC: tablet_id: "e145422605a74664bd1392b1ed0138e7"
dest_uuid: "1caaaa6c437749538008bd7c997f1751"
mode: GRACEFUL
new_leader_uuid: "e3d6bde7bd044165951f21b74f40c484"
 from {username='slave'} at 127.0.0.1:51428
I20260630 12:31:32.717399 30752 raft_consensus.cc:606] T e145422605a74664bd1392b1ed0138e7 P 1caaaa6c437749538008bd7c997f1751 [term 1 LEADER]: Received request to transfer leadership to TS e3d6bde7bd044165951f21b74f40c484
I20260630 12:31:32.718842 30629 auto_leader_rebalancer.cc:440] table: range_aware_rebalance_new_range, leader rebalance finish, leader transfer count: 3
I20260630 12:31:32.719750 30629 auto_leader_rebalancer.cc:515] All tables' leader rebalancing finished this round
I20260630 12:31:32.721922 31028 raft_consensus.cc:993] T 39201311603e42209dbfdbc3b28d5fc9 P 1caaaa6c437749538008bd7c997f1751: : Instructing follower e3d6bde7bd044165951f21b74f40c484 to start an election
I20260630 12:31:32.722090 30827 raft_consensus.cc:1275] T b22005cf5190418cb385cbfbeda51167 P 4c21a499b5d549a5ae651bf411285875 [term 2 FOLLOWER]: Refusing update from remote peer 1caaaa6c437749538008bd7c997f1751: Log matching property violated. Preceding OpId in replica: term: 2 index: 1. Preceding OpId from leader: term: 2 index: 2. (index mismatch)
I20260630 12:31:32.722388 31028 raft_consensus.cc:1081] T 39201311603e42209dbfdbc3b28d5fc9 P 1caaaa6c437749538008bd7c997f1751 [term 1 LEADER]: Signalling peer e3d6bde7bd044165951f21b74f40c484 to start an election
W20260630 12:31:32.722934 30718 consensus_peers.cc:597] T b22005cf5190418cb385cbfbeda51167 P 1caaaa6c437749538008bd7c997f1751 -> Peer 4a6ba4ab2cb246dab19035a10dfe3772 (127.27.23.4:34557): Couldn't send request to peer 4a6ba4ab2cb246dab19035a10dfe3772. Error code: TABLET_NOT_FOUND (6). Status: Not found: Tablet not found: b22005cf5190418cb385cbfbeda51167. This is attempt 1: this message will repeat every 5th retry.
I20260630 12:31:32.723520 31028 consensus_queue.cc:1048] T b22005cf5190418cb385cbfbeda51167 P 1caaaa6c437749538008bd7c997f1751 [LEADER]: Connected to new peer: Peer: permanent_uuid: "4c21a499b5d549a5ae651bf411285875" member_type: VOTER last_known_addr { host: "127.27.23.3" port: 42827 }, Status: LMP_MISMATCH, Last received: 0.0, Next index: 2, Last known committed idx: 1, Time since last communication: 0.000s
I20260630 12:31:32.725001 30677 tablet_service.cc:2044] Received Run Leader Election RPC: tablet_id: "39201311603e42209dbfdbc3b28d5fc9"
dest_uuid: "e3d6bde7bd044165951f21b74f40c484"
 from {username='slave'} at 127.0.0.1:33080
I20260630 12:31:32.725704 30677 raft_consensus.cc:493] T 39201311603e42209dbfdbc3b28d5fc9 P e3d6bde7bd044165951f21b74f40c484 [term 1 FOLLOWER]: Starting forced leader election (received explicit request)
I20260630 12:31:32.726120 30677 raft_consensus.cc:3060] T 39201311603e42209dbfdbc3b28d5fc9 P e3d6bde7bd044165951f21b74f40c484 [term 1 FOLLOWER]: Advancing to term 2
I20260630 12:31:32.731580 30678 raft_consensus.cc:1275] T b22005cf5190418cb385cbfbeda51167 P e3d6bde7bd044165951f21b74f40c484 [term 2 FOLLOWER]: Refusing update from remote peer 1caaaa6c437749538008bd7c997f1751: Log matching property violated. Preceding OpId in replica: term: 2 index: 1. Preceding OpId from leader: term: 2 index: 2. (index mismatch)
I20260630 12:31:32.732340 31097 raft_consensus.cc:2955] T b22005cf5190418cb385cbfbeda51167 P 1caaaa6c437749538008bd7c997f1751 [term 2 LEADER]: Committing config change with OpId 2.2: config changed from index -1 to 2, NON_VOTER 4a6ba4ab2cb246dab19035a10dfe3772 (127.27.23.4) added. New config: { opid_index: 2 OBSOLETE_local: false peers { permanent_uuid: "1caaaa6c437749538008bd7c997f1751" member_type: VOTER last_known_addr { host: "127.27.23.2" port: 44075 } } peers { permanent_uuid: "e3d6bde7bd044165951f21b74f40c484" member_type: VOTER last_known_addr { host: "127.27.23.1" port: 44111 } attrs { replace: true } } peers { permanent_uuid: "4c21a499b5d549a5ae651bf411285875" member_type: VOTER last_known_addr { host: "127.27.23.3" port: 42827 } } peers { permanent_uuid: "4a6ba4ab2cb246dab19035a10dfe3772" member_type: NON_VOTER last_known_addr { host: "127.27.23.4" port: 34557 } attrs { promote: true } } }
I20260630 12:31:32.733435 31028 consensus_queue.cc:1048] T b22005cf5190418cb385cbfbeda51167 P 1caaaa6c437749538008bd7c997f1751 [LEADER]: Connected to new peer: Peer: permanent_uuid: "e3d6bde7bd044165951f21b74f40c484" member_type: VOTER last_known_addr { host: "127.27.23.1" port: 44111 } attrs { replace: true }, Status: LMP_MISMATCH, Last received: 0.0, Next index: 2, Last known committed idx: 1, Time since last communication: 0.000s
I20260630 12:31:32.734297 30677 raft_consensus.cc:515] T 39201311603e42209dbfdbc3b28d5fc9 P e3d6bde7bd044165951f21b74f40c484 [term 2 FOLLOWER]: Starting forced leader election with config: opid_index: -1 OBSOLETE_local: false peers { permanent_uuid: "e3d6bde7bd044165951f21b74f40c484" member_type: VOTER last_known_addr { host: "127.27.23.1" port: 44111 } } peers { permanent_uuid: "1caaaa6c437749538008bd7c997f1751" member_type: VOTER last_known_addr { host: "127.27.23.2" port: 44075 } } peers { permanent_uuid: "4c21a499b5d549a5ae651bf411285875" member_type: VOTER last_known_addr { host: "127.27.23.3" port: 42827 } }
I20260630 12:31:32.736650 30677 leader_election.cc:290] T 39201311603e42209dbfdbc3b28d5fc9 P e3d6bde7bd044165951f21b74f40c484 [CANDIDATE]: Term 2 election: Requested vote from peers 1caaaa6c437749538008bd7c997f1751 (127.27.23.2:44075), 4c21a499b5d549a5ae651bf411285875 (127.27.23.3:42827)
I20260630 12:31:32.737753 30827 tablet_service.cc:1917] Received RequestConsensusVote() RPC: tablet_id: "39201311603e42209dbfdbc3b28d5fc9" candidate_uuid: "e3d6bde7bd044165951f21b74f40c484" candidate_term: 2 candidate_status { last_received { term: 1 index: 1 } } ignore_live_leader: true dest_uuid: "4c21a499b5d549a5ae651bf411285875"
I20260630 12:31:32.738376 30827 raft_consensus.cc:3060] T 39201311603e42209dbfdbc3b28d5fc9 P 4c21a499b5d549a5ae651bf411285875 [term 1 FOLLOWER]: Advancing to term 2
I20260630 12:31:32.738955 30826 raft_consensus.cc:2955] T b22005cf5190418cb385cbfbeda51167 P 4c21a499b5d549a5ae651bf411285875 [term 2 FOLLOWER]: Committing config change with OpId 2.2: config changed from index -1 to 2, NON_VOTER 4a6ba4ab2cb246dab19035a10dfe3772 (127.27.23.4) added. New config: { opid_index: 2 OBSOLETE_local: false peers { permanent_uuid: "1caaaa6c437749538008bd7c997f1751" member_type: VOTER last_known_addr { host: "127.27.23.2" port: 44075 } } peers { permanent_uuid: "e3d6bde7bd044165951f21b74f40c484" member_type: VOTER last_known_addr { host: "127.27.23.1" port: 44111 } attrs { replace: true } } peers { permanent_uuid: "4c21a499b5d549a5ae651bf411285875" member_type: VOTER last_known_addr { host: "127.27.23.3" port: 42827 } } peers { permanent_uuid: "4a6ba4ab2cb246dab19035a10dfe3772" member_type: NON_VOTER last_known_addr { host: "127.27.23.4" port: 34557 } attrs { promote: true } } }
I20260630 12:31:32.747948 30753 tablet_service.cc:1917] Received RequestConsensusVote() RPC: tablet_id: "39201311603e42209dbfdbc3b28d5fc9" candidate_uuid: "e3d6bde7bd044165951f21b74f40c484" candidate_term: 2 candidate_status { last_received { term: 1 index: 1 } } ignore_live_leader: true dest_uuid: "1caaaa6c437749538008bd7c997f1751"
I20260630 12:31:32.748761 30753 raft_consensus.cc:3055] T 39201311603e42209dbfdbc3b28d5fc9 P 1caaaa6c437749538008bd7c997f1751 [term 1 LEADER]: Stepping down as leader of term 1
I20260630 12:31:32.747601 30827 raft_consensus.cc:2468] T 39201311603e42209dbfdbc3b28d5fc9 P 4c21a499b5d549a5ae651bf411285875 [term 2 FOLLOWER]: Leader election vote request: Granting yes vote for candidate e3d6bde7bd044165951f21b74f40c484 in term 2.
I20260630 12:31:32.754467 30575 catalog_manager.cc:5697] T b22005cf5190418cb385cbfbeda51167 P 1caaaa6c437749538008bd7c997f1751 reported cstate change: config changed from index -1 to 2, NON_VOTER 4a6ba4ab2cb246dab19035a10dfe3772 (127.27.23.4) added. New cstate: current_term: 2 leader_uuid: "1caaaa6c437749538008bd7c997f1751" committed_config { opid_index: 2 OBSOLETE_local: false peers { permanent_uuid: "1caaaa6c437749538008bd7c997f1751" member_type: VOTER last_known_addr { host: "127.27.23.2" port: 44075 } health_report { overall_health: HEALTHY } } peers { permanent_uuid: "e3d6bde7bd044165951f21b74f40c484" member_type: VOTER last_known_addr { host: "127.27.23.1" port: 44111 } attrs { replace: true } health_report { overall_health: UNKNOWN } } peers { permanent_uuid: "4c21a499b5d549a5ae651bf411285875" member_type: VOTER last_known_addr { host: "127.27.23.3" port: 42827 } health_report { overall_health: HEALTHY } } peers { permanent_uuid: "4a6ba4ab2cb246dab19035a10dfe3772" member_type: NON_VOTER last_known_addr { host: "127.27.23.4" port: 34557 } attrs { promote: true } health_report { overall_health: UNKNOWN } } }
I20260630 12:31:32.756198 30642 leader_election.cc:304] T 39201311603e42209dbfdbc3b28d5fc9 P e3d6bde7bd044165951f21b74f40c484 [CANDIDATE]: Term 2 election: Election decided. Result: candidate won. Election summary: received 2 responses out of 3 voters: 2 yes votes; 0 no votes. yes voters: 4c21a499b5d549a5ae651bf411285875, e3d6bde7bd044165951f21b74f40c484; no voters: 
I20260630 12:31:32.757335 30923 raft_consensus.cc:2804] T 39201311603e42209dbfdbc3b28d5fc9 P e3d6bde7bd044165951f21b74f40c484 [term 2 FOLLOWER]: Leader election won for term 2
I20260630 12:31:32.758219 30923 raft_consensus.cc:697] T 39201311603e42209dbfdbc3b28d5fc9 P e3d6bde7bd044165951f21b74f40c484 [term 2 LEADER]: Becoming Leader. State: Replica: e3d6bde7bd044165951f21b74f40c484, State: Running, Role: LEADER
W20260630 12:31:32.757560 30624 auto_rebalancer.cc:639] Failed to schedule move for tablet e145422605a74664bd1392b1ed0138e7: Remote error: Service unavailable: leader transfer in progress
I20260630 12:31:32.759029 30923 consensus_queue.cc:237] T 39201311603e42209dbfdbc3b28d5fc9 P e3d6bde7bd044165951f21b74f40c484 [LEADER]: Queue going to LEADER mode. State: All replicated index: 0, Majority replicated index: 1, Committed index: 1, Last appended: 1.1, Last appended by leader: 1, Current term: 2, Majority size: 2, State: 0, Mode: LEADER, active raft config: opid_index: -1 OBSOLETE_local: false peers { permanent_uuid: "e3d6bde7bd044165951f21b74f40c484" member_type: VOTER last_known_addr { host: "127.27.23.1" port: 44111 } } peers { permanent_uuid: "1caaaa6c437749538008bd7c997f1751" member_type: VOTER last_known_addr { host: "127.27.23.2" port: 44075 } } peers { permanent_uuid: "4c21a499b5d549a5ae651bf411285875" member_type: VOTER last_known_addr { host: "127.27.23.3" port: 42827 } }
I20260630 12:31:32.757870 30753 raft_consensus.cc:740] T 39201311603e42209dbfdbc3b28d5fc9 P 1caaaa6c437749538008bd7c997f1751 [term 1 LEADER]: Becoming Follower/Learner. State: Replica: 1caaaa6c437749538008bd7c997f1751, State: Running, Role: LEADER
I20260630 12:31:32.767802 30753 consensus_queue.cc:260] T 39201311603e42209dbfdbc3b28d5fc9 P 1caaaa6c437749538008bd7c997f1751 [NON_LEADER]: Queue going to NON_LEADER mode. State: All replicated index: 0, Majority replicated index: 1, Committed index: 1, Last appended: 1.1, Last appended by leader: 1, Current term: 1, Majority size: -1, State: 0, Mode: NON_LEADER, active raft config: opid_index: -1 OBSOLETE_local: false peers { permanent_uuid: "e3d6bde7bd044165951f21b74f40c484" member_type: VOTER last_known_addr { host: "127.27.23.1" port: 44111 } } peers { permanent_uuid: "1caaaa6c437749538008bd7c997f1751" member_type: VOTER last_known_addr { host: "127.27.23.2" port: 44075 } } peers { permanent_uuid: "4c21a499b5d549a5ae651bf411285875" member_type: VOTER last_known_addr { host: "127.27.23.3" port: 42827 } }
I20260630 12:31:32.771636 30753 raft_consensus.cc:3060] T 39201311603e42209dbfdbc3b28d5fc9 P 1caaaa6c437749538008bd7c997f1751 [term 1 FOLLOWER]: Advancing to term 2
I20260630 12:31:32.760994 30678 raft_consensus.cc:2955] T b22005cf5190418cb385cbfbeda51167 P e3d6bde7bd044165951f21b74f40c484 [term 2 FOLLOWER]: Committing config change with OpId 2.2: config changed from index -1 to 2, NON_VOTER 4a6ba4ab2cb246dab19035a10dfe3772 (127.27.23.4) added. New config: { opid_index: 2 OBSOLETE_local: false peers { permanent_uuid: "1caaaa6c437749538008bd7c997f1751" member_type: VOTER last_known_addr { host: "127.27.23.2" port: 44075 } } peers { permanent_uuid: "e3d6bde7bd044165951f21b74f40c484" member_type: VOTER last_known_addr { host: "127.27.23.1" port: 44111 } attrs { replace: true } } peers { permanent_uuid: "4c21a499b5d549a5ae651bf411285875" member_type: VOTER last_known_addr { host: "127.27.23.3" port: 42827 } } peers { permanent_uuid: "4a6ba4ab2cb246dab19035a10dfe3772" member_type: NON_VOTER last_known_addr { host: "127.27.23.4" port: 34557 } attrs { promote: true } } }
I20260630 12:31:32.790185 30753 raft_consensus.cc:2468] T 39201311603e42209dbfdbc3b28d5fc9 P 1caaaa6c437749538008bd7c997f1751 [term 2 FOLLOWER]: Leader election vote request: Granting yes vote for candidate e3d6bde7bd044165951f21b74f40c484 in term 2.
I20260630 12:31:32.790897 30826 consensus_queue.cc:237] T fc73424b18244b0bbf931c01f8c98bda P 4c21a499b5d549a5ae651bf411285875 [LEADER]: Queue going to LEADER mode. State: All replicated index: 0, Majority replicated index: 1, Committed index: 1, Last appended: 1.1, Last appended by leader: 0, Current term: 1, Majority size: 2, State: 0, Mode: LEADER, active raft config: opid_index: 2 OBSOLETE_local: false peers { permanent_uuid: "e3d6bde7bd044165951f21b74f40c484" member_type: VOTER last_known_addr { host: "127.27.23.1" port: 44111 } } peers { permanent_uuid: "1caaaa6c437749538008bd7c997f1751" member_type: VOTER last_known_addr { host: "127.27.23.2" port: 44075 } attrs { replace: true } } peers { permanent_uuid: "4c21a499b5d549a5ae651bf411285875" member_type: VOTER last_known_addr { host: "127.27.23.3" port: 42827 } } peers { permanent_uuid: "4a6ba4ab2cb246dab19035a10dfe3772" member_type: NON_VOTER last_known_addr { host: "127.27.23.4" port: 34557 } attrs { promote: true } }
I20260630 12:31:32.797066 30576 catalog_manager.cc:5697] T 39201311603e42209dbfdbc3b28d5fc9 P e3d6bde7bd044165951f21b74f40c484 reported cstate change: term changed from 1 to 2, leader changed from 1caaaa6c437749538008bd7c997f1751 (127.27.23.2) to e3d6bde7bd044165951f21b74f40c484 (127.27.23.1). New cstate: current_term: 2 leader_uuid: "e3d6bde7bd044165951f21b74f40c484" committed_config { opid_index: -1 OBSOLETE_local: false peers { permanent_uuid: "e3d6bde7bd044165951f21b74f40c484" member_type: VOTER last_known_addr { host: "127.27.23.1" port: 44111 } health_report { overall_health: HEALTHY } } peers { permanent_uuid: "1caaaa6c437749538008bd7c997f1751" member_type: VOTER last_known_addr { host: "127.27.23.2" port: 44075 } health_report { overall_health: UNKNOWN } } peers { permanent_uuid: "4c21a499b5d549a5ae651bf411285875" member_type: VOTER last_known_addr { host: "127.27.23.3" port: 42827 } health_report { overall_health: UNKNOWN } } }
I20260630 12:31:32.802945 30753 raft_consensus.cc:1275] T fc73424b18244b0bbf931c01f8c98bda P 1caaaa6c437749538008bd7c997f1751 [term 1 FOLLOWER]: Refusing update from remote peer 4c21a499b5d549a5ae651bf411285875: Log matching property violated. Preceding OpId in replica: term: 1 index: 1. Preceding OpId from leader: term: 1 index: 2. (index mismatch)
I20260630 12:31:32.804638 30678 raft_consensus.cc:1275] T fc73424b18244b0bbf931c01f8c98bda P e3d6bde7bd044165951f21b74f40c484 [term 1 FOLLOWER]: Refusing update from remote peer 4c21a499b5d549a5ae651bf411285875: Log matching property violated. Preceding OpId in replica: term: 1 index: 1. Preceding OpId from leader: term: 1 index: 2. (index mismatch)
I20260630 12:31:32.804638 31094 consensus_queue.cc:1048] T fc73424b18244b0bbf931c01f8c98bda P 4c21a499b5d549a5ae651bf411285875 [LEADER]: Connected to new peer: Peer: permanent_uuid: "1caaaa6c437749538008bd7c997f1751" member_type: VOTER last_known_addr { host: "127.27.23.2" port: 44075 } attrs { replace: true }, Status: LMP_MISMATCH, Last received: 0.0, Next index: 2, Last known committed idx: 1, Time since last communication: 0.001s
I20260630 12:31:32.806344 31054 consensus_queue.cc:1048] T fc73424b18244b0bbf931c01f8c98bda P 4c21a499b5d549a5ae651bf411285875 [LEADER]: Connected to new peer: Peer: permanent_uuid: "e3d6bde7bd044165951f21b74f40c484" member_type: VOTER last_known_addr { host: "127.27.23.1" port: 44111 }, Status: LMP_MISMATCH, Last received: 0.0, Next index: 2, Last known committed idx: 1, Time since last communication: 0.000s
W20260630 12:31:32.807369 30792 consensus_peers.cc:597] T fc73424b18244b0bbf931c01f8c98bda P 4c21a499b5d549a5ae651bf411285875 -> Peer 4a6ba4ab2cb246dab19035a10dfe3772 (127.27.23.4:34557): Couldn't send request to peer 4a6ba4ab2cb246dab19035a10dfe3772. Error code: TABLET_NOT_FOUND (6). Status: Not found: Tablet not found: fc73424b18244b0bbf931c01f8c98bda. This is attempt 1: this message will repeat every 5th retry.
I20260630 12:31:32.817036 31054 raft_consensus.cc:2955] T fc73424b18244b0bbf931c01f8c98bda P 4c21a499b5d549a5ae651bf411285875 [term 1 LEADER]: Committing config change with OpId 1.2: config changed from index -1 to 2, NON_VOTER 4a6ba4ab2cb246dab19035a10dfe3772 (127.27.23.4) added. New config: { opid_index: 2 OBSOLETE_local: false peers { permanent_uuid: "e3d6bde7bd044165951f21b74f40c484" member_type: VOTER last_known_addr { host: "127.27.23.1" port: 44111 } } peers { permanent_uuid: "1caaaa6c437749538008bd7c997f1751" member_type: VOTER last_known_addr { host: "127.27.23.2" port: 44075 } attrs { replace: true } } peers { permanent_uuid: "4c21a499b5d549a5ae651bf411285875" member_type: VOTER last_known_addr { host: "127.27.23.3" port: 42827 } } peers { permanent_uuid: "4a6ba4ab2cb246dab19035a10dfe3772" member_type: NON_VOTER last_known_addr { host: "127.27.23.4" port: 34557 } attrs { promote: true } } }
I20260630 12:31:32.820045 30753 raft_consensus.cc:2955] T fc73424b18244b0bbf931c01f8c98bda P 1caaaa6c437749538008bd7c997f1751 [term 1 FOLLOWER]: Committing config change with OpId 1.2: config changed from index -1 to 2, NON_VOTER 4a6ba4ab2cb246dab19035a10dfe3772 (127.27.23.4) added. New config: { opid_index: 2 OBSOLETE_local: false peers { permanent_uuid: "e3d6bde7bd044165951f21b74f40c484" member_type: VOTER last_known_addr { host: "127.27.23.1" port: 44111 } } peers { permanent_uuid: "1caaaa6c437749538008bd7c997f1751" member_type: VOTER last_known_addr { host: "127.27.23.2" port: 44075 } attrs { replace: true } } peers { permanent_uuid: "4c21a499b5d549a5ae651bf411285875" member_type: VOTER last_known_addr { host: "127.27.23.3" port: 42827 } } peers { permanent_uuid: "4a6ba4ab2cb246dab19035a10dfe3772" member_type: NON_VOTER last_known_addr { host: "127.27.23.4" port: 34557 } attrs { promote: true } } }
I20260630 12:31:32.820048 30678 raft_consensus.cc:2955] T fc73424b18244b0bbf931c01f8c98bda P e3d6bde7bd044165951f21b74f40c484 [term 1 FOLLOWER]: Committing config change with OpId 1.2: config changed from index -1 to 2, NON_VOTER 4a6ba4ab2cb246dab19035a10dfe3772 (127.27.23.4) added. New config: { opid_index: 2 OBSOLETE_local: false peers { permanent_uuid: "e3d6bde7bd044165951f21b74f40c484" member_type: VOTER last_known_addr { host: "127.27.23.1" port: 44111 } } peers { permanent_uuid: "1caaaa6c437749538008bd7c997f1751" member_type: VOTER last_known_addr { host: "127.27.23.2" port: 44075 } attrs { replace: true } } peers { permanent_uuid: "4c21a499b5d549a5ae651bf411285875" member_type: VOTER last_known_addr { host: "127.27.23.3" port: 42827 } } peers { permanent_uuid: "4a6ba4ab2cb246dab19035a10dfe3772" member_type: NON_VOTER last_known_addr { host: "127.27.23.4" port: 34557 } attrs { promote: true } } }
I20260630 12:31:32.831285 30574 catalog_manager.cc:5697] T fc73424b18244b0bbf931c01f8c98bda P 4c21a499b5d549a5ae651bf411285875 reported cstate change: config changed from index -1 to 2, NON_VOTER 4a6ba4ab2cb246dab19035a10dfe3772 (127.27.23.4) added. New cstate: current_term: 1 leader_uuid: "4c21a499b5d549a5ae651bf411285875" committed_config { opid_index: 2 OBSOLETE_local: false peers { permanent_uuid: "e3d6bde7bd044165951f21b74f40c484" member_type: VOTER last_known_addr { host: "127.27.23.1" port: 44111 } health_report { overall_health: HEALTHY } } peers { permanent_uuid: "1caaaa6c437749538008bd7c997f1751" member_type: VOTER last_known_addr { host: "127.27.23.2" port: 44075 } attrs { replace: true } health_report { overall_health: HEALTHY } } peers { permanent_uuid: "4c21a499b5d549a5ae651bf411285875" member_type: VOTER last_known_addr { host: "127.27.23.3" port: 42827 } health_report { overall_health: HEALTHY } } peers { permanent_uuid: "4a6ba4ab2cb246dab19035a10dfe3772" member_type: NON_VOTER last_known_addr { host: "127.27.23.4" port: 34557 } attrs { promote: true } health_report { overall_health: UNKNOWN } } }
I20260630 12:31:32.834060 30826 consensus_queue.cc:237] T 2dacf6d9746348cd8d8654e2f49da834 P 4c21a499b5d549a5ae651bf411285875 [LEADER]: Queue going to LEADER mode. State: All replicated index: 0, Majority replicated index: 1, Committed index: 1, Last appended: 1.1, Last appended by leader: 0, Current term: 1, Majority size: 2, State: 0, Mode: LEADER, active raft config: opid_index: 2 OBSOLETE_local: false peers { permanent_uuid: "e3d6bde7bd044165951f21b74f40c484" member_type: VOTER last_known_addr { host: "127.27.23.1" port: 44111 } attrs { replace: true } } peers { permanent_uuid: "1caaaa6c437749538008bd7c997f1751" member_type: VOTER last_known_addr { host: "127.27.23.2" port: 44075 } } peers { permanent_uuid: "4c21a499b5d549a5ae651bf411285875" member_type: VOTER last_known_addr { host: "127.27.23.3" port: 42827 } } peers { permanent_uuid: "4a6ba4ab2cb246dab19035a10dfe3772" member_type: NON_VOTER last_known_addr { host: "127.27.23.4" port: 34557 } attrs { promote: true } }
I20260630 12:31:32.854440 30753 raft_consensus.cc:1275] T 2dacf6d9746348cd8d8654e2f49da834 P 1caaaa6c437749538008bd7c997f1751 [term 1 FOLLOWER]: Refusing update from remote peer 4c21a499b5d549a5ae651bf411285875: Log matching property violated. Preceding OpId in replica: term: 1 index: 1. Preceding OpId from leader: term: 1 index: 2. (index mismatch)
I20260630 12:31:32.856213 31094 consensus_queue.cc:1048] T 2dacf6d9746348cd8d8654e2f49da834 P 4c21a499b5d549a5ae651bf411285875 [LEADER]: Connected to new peer: Peer: permanent_uuid: "1caaaa6c437749538008bd7c997f1751" member_type: VOTER last_known_addr { host: "127.27.23.2" port: 44075 }, Status: LMP_MISMATCH, Last received: 0.0, Next index: 2, Last known committed idx: 1, Time since last communication: 0.000s
W20260630 12:31:32.857110 30792 consensus_peers.cc:597] T 2dacf6d9746348cd8d8654e2f49da834 P 4c21a499b5d549a5ae651bf411285875 -> Peer 4a6ba4ab2cb246dab19035a10dfe3772 (127.27.23.4:34557): Couldn't send request to peer 4a6ba4ab2cb246dab19035a10dfe3772. Error code: TABLET_NOT_FOUND (6). Status: Not found: Tablet not found: 2dacf6d9746348cd8d8654e2f49da834. This is attempt 1: this message will repeat every 5th retry.
I20260630 12:31:32.858647 30678 raft_consensus.cc:1275] T 2dacf6d9746348cd8d8654e2f49da834 P e3d6bde7bd044165951f21b74f40c484 [term 1 FOLLOWER]: Refusing update from remote peer 4c21a499b5d549a5ae651bf411285875: Log matching property violated. Preceding OpId in replica: term: 1 index: 1. Preceding OpId from leader: term: 1 index: 2. (index mismatch)
I20260630 12:31:32.859936 31094 consensus_queue.cc:1048] T 2dacf6d9746348cd8d8654e2f49da834 P 4c21a499b5d549a5ae651bf411285875 [LEADER]: Connected to new peer: Peer: permanent_uuid: "e3d6bde7bd044165951f21b74f40c484" member_type: VOTER last_known_addr { host: "127.27.23.1" port: 44111 } attrs { replace: true }, Status: LMP_MISMATCH, Last received: 0.0, Next index: 2, Last known committed idx: 1, Time since last communication: 0.000s
I20260630 12:31:32.865420 31054 raft_consensus.cc:2955] T 2dacf6d9746348cd8d8654e2f49da834 P 4c21a499b5d549a5ae651bf411285875 [term 1 LEADER]: Committing config change with OpId 1.2: config changed from index -1 to 2, NON_VOTER 4a6ba4ab2cb246dab19035a10dfe3772 (127.27.23.4) added. New config: { opid_index: 2 OBSOLETE_local: false peers { permanent_uuid: "e3d6bde7bd044165951f21b74f40c484" member_type: VOTER last_known_addr { host: "127.27.23.1" port: 44111 } attrs { replace: true } } peers { permanent_uuid: "1caaaa6c437749538008bd7c997f1751" member_type: VOTER last_known_addr { host: "127.27.23.2" port: 44075 } } peers { permanent_uuid: "4c21a499b5d549a5ae651bf411285875" member_type: VOTER last_known_addr { host: "127.27.23.3" port: 42827 } } peers { permanent_uuid: "4a6ba4ab2cb246dab19035a10dfe3772" member_type: NON_VOTER last_known_addr { host: "127.27.23.4" port: 34557 } attrs { promote: true } } }
I20260630 12:31:32.867377 30753 raft_consensus.cc:2955] T 2dacf6d9746348cd8d8654e2f49da834 P 1caaaa6c437749538008bd7c997f1751 [term 1 FOLLOWER]: Committing config change with OpId 1.2: config changed from index -1 to 2, NON_VOTER 4a6ba4ab2cb246dab19035a10dfe3772 (127.27.23.4) added. New config: { opid_index: 2 OBSOLETE_local: false peers { permanent_uuid: "e3d6bde7bd044165951f21b74f40c484" member_type: VOTER last_known_addr { host: "127.27.23.1" port: 44111 } attrs { replace: true } } peers { permanent_uuid: "1caaaa6c437749538008bd7c997f1751" member_type: VOTER last_known_addr { host: "127.27.23.2" port: 44075 } } peers { permanent_uuid: "4c21a499b5d549a5ae651bf411285875" member_type: VOTER last_known_addr { host: "127.27.23.3" port: 42827 } } peers { permanent_uuid: "4a6ba4ab2cb246dab19035a10dfe3772" member_type: NON_VOTER last_known_addr { host: "127.27.23.4" port: 34557 } attrs { promote: true } } }
I20260630 12:31:32.871368 30678 raft_consensus.cc:2955] T 2dacf6d9746348cd8d8654e2f49da834 P e3d6bde7bd044165951f21b74f40c484 [term 1 FOLLOWER]: Committing config change with OpId 1.2: config changed from index -1 to 2, NON_VOTER 4a6ba4ab2cb246dab19035a10dfe3772 (127.27.23.4) added. New config: { opid_index: 2 OBSOLETE_local: false peers { permanent_uuid: "e3d6bde7bd044165951f21b74f40c484" member_type: VOTER last_known_addr { host: "127.27.23.1" port: 44111 } attrs { replace: true } } peers { permanent_uuid: "1caaaa6c437749538008bd7c997f1751" member_type: VOTER last_known_addr { host: "127.27.23.2" port: 44075 } } peers { permanent_uuid: "4c21a499b5d549a5ae651bf411285875" member_type: VOTER last_known_addr { host: "127.27.23.3" port: 42827 } } peers { permanent_uuid: "4a6ba4ab2cb246dab19035a10dfe3772" member_type: NON_VOTER last_known_addr { host: "127.27.23.4" port: 34557 } attrs { promote: true } } }
I20260630 12:31:32.879267 30575 catalog_manager.cc:5697] T 2dacf6d9746348cd8d8654e2f49da834 P 4c21a499b5d549a5ae651bf411285875 reported cstate change: config changed from index -1 to 2, NON_VOTER 4a6ba4ab2cb246dab19035a10dfe3772 (127.27.23.4) added. New cstate: current_term: 1 leader_uuid: "4c21a499b5d549a5ae651bf411285875" committed_config { opid_index: 2 OBSOLETE_local: false peers { permanent_uuid: "e3d6bde7bd044165951f21b74f40c484" member_type: VOTER last_known_addr { host: "127.27.23.1" port: 44111 } attrs { replace: true } health_report { overall_health: HEALTHY } } peers { permanent_uuid: "1caaaa6c437749538008bd7c997f1751" member_type: VOTER last_known_addr { host: "127.27.23.2" port: 44075 } health_report { overall_health: HEALTHY } } peers { permanent_uuid: "4c21a499b5d549a5ae651bf411285875" member_type: VOTER last_known_addr { host: "127.27.23.3" port: 42827 } health_report { overall_health: HEALTHY } } peers { permanent_uuid: "4a6ba4ab2cb246dab19035a10dfe3772" member_type: NON_VOTER last_known_addr { host: "127.27.23.4" port: 34557 } attrs { promote: true } health_report { overall_health: UNKNOWN } } }
I20260630 12:31:32.958851 31094 raft_consensus.cc:993] T d65d42135b3d45329f01a7236380622d P 4c21a499b5d549a5ae651bf411285875: : Instructing follower 1caaaa6c437749538008bd7c997f1751 to start an election
I20260630 12:31:32.959318 30910 raft_consensus.cc:1081] T d65d42135b3d45329f01a7236380622d P 4c21a499b5d549a5ae651bf411285875 [term 1 LEADER]: Signalling peer 1caaaa6c437749538008bd7c997f1751 to start an election
I20260630 12:31:32.961167 30753 tablet_service.cc:2044] Received Run Leader Election RPC: tablet_id: "d65d42135b3d45329f01a7236380622d"
dest_uuid: "1caaaa6c437749538008bd7c997f1751"
 from {username='slave'} at 127.0.0.1:35884
I20260630 12:31:32.961877 30753 raft_consensus.cc:493] T d65d42135b3d45329f01a7236380622d P 1caaaa6c437749538008bd7c997f1751 [term 1 FOLLOWER]: Starting forced leader election (received explicit request)
I20260630 12:31:32.962244 30753 raft_consensus.cc:3060] T d65d42135b3d45329f01a7236380622d P 1caaaa6c437749538008bd7c997f1751 [term 1 FOLLOWER]: Advancing to term 2
I20260630 12:31:32.967031 30753 raft_consensus.cc:515] T d65d42135b3d45329f01a7236380622d P 1caaaa6c437749538008bd7c997f1751 [term 2 FOLLOWER]: Starting forced leader election with config: opid_index: -1 OBSOLETE_local: false peers { permanent_uuid: "e3d6bde7bd044165951f21b74f40c484" member_type: VOTER last_known_addr { host: "127.27.23.1" port: 44111 } } peers { permanent_uuid: "1caaaa6c437749538008bd7c997f1751" member_type: VOTER last_known_addr { host: "127.27.23.2" port: 44075 } } peers { permanent_uuid: "4c21a499b5d549a5ae651bf411285875" member_type: VOTER last_known_addr { host: "127.27.23.3" port: 42827 } }
I20260630 12:31:32.968753 30753 leader_election.cc:290] T d65d42135b3d45329f01a7236380622d P 1caaaa6c437749538008bd7c997f1751 [CANDIDATE]: Term 2 election: Requested vote from peers e3d6bde7bd044165951f21b74f40c484 (127.27.23.1:44111), 4c21a499b5d549a5ae651bf411285875 (127.27.23.3:42827)
I20260630 12:31:32.969878 30826 tablet_service.cc:1917] Received RequestConsensusVote() RPC: tablet_id: "d65d42135b3d45329f01a7236380622d" candidate_uuid: "1caaaa6c437749538008bd7c997f1751" candidate_term: 2 candidate_status { last_received { term: 1 index: 1 } } ignore_live_leader: true dest_uuid: "4c21a499b5d549a5ae651bf411285875"
I20260630 12:31:32.970048 30678 tablet_service.cc:1917] Received RequestConsensusVote() RPC: tablet_id: "d65d42135b3d45329f01a7236380622d" candidate_uuid: "1caaaa6c437749538008bd7c997f1751" candidate_term: 2 candidate_status { last_received { term: 1 index: 1 } } ignore_live_leader: true dest_uuid: "e3d6bde7bd044165951f21b74f40c484"
I20260630 12:31:32.970407 30826 raft_consensus.cc:3055] T d65d42135b3d45329f01a7236380622d P 4c21a499b5d549a5ae651bf411285875 [term 1 LEADER]: Stepping down as leader of term 1
