I20260630 12:31:43.128302 24249 master_service.cc:502] Signed X509 certificate for tserver {username='slave'} at 127.0.0.1:55646
I20260630 12:31:43.130510 20603 fs_manager.cc:1068] Generated new instance metadata in path /tmp/dist-test-task43lcf1/test-tmp/auto_rebalancer-test.0.AutoRebalancerTest.NoReplicaMovesIfLocationLoadSkewedByOne.1782822602419181-20603-0/minicluster-data/ts-2-root/instance:
uuid: "4a1890d5ddc14e63b66d0804e81e29a1"
format_stamp: "Formatted at 2026-06-30 12:31:43 on dist-test-slave-hh3b"
I20260630 12:31:43.134869 20603 fs_manager.cc:696] Time spent creating directory manager: real 0.004s	user 0.004s	sys 0.000s
I20260630 12:31:43.138444 24462 log_block_manager.cc:4031] Time spent loading block containers with low live blocks: real 0.000s	user 0.000s	sys 0.000s
I20260630 12:31:43.139437 20603 fs_manager.cc:730] Time spent opening block manager: real 0.002s	user 0.003s	sys 0.000s
I20260630 12:31:43.139763 20603 fs_manager.cc:647] Opened local filesystem: /tmp/dist-test-task43lcf1/test-tmp/auto_rebalancer-test.0.AutoRebalancerTest.NoReplicaMovesIfLocationLoadSkewedByOne.1782822602419181-20603-0/minicluster-data/ts-2-root
uuid: "4a1890d5ddc14e63b66d0804e81e29a1"
format_stamp: "Formatted at 2026-06-30 12:31:43 on dist-test-slave-hh3b"
I20260630 12:31:43.140051 20603 fs_report.cc:389] FS layout report
--------------------
wal directory: /tmp/dist-test-task43lcf1/test-tmp/auto_rebalancer-test.0.AutoRebalancerTest.NoReplicaMovesIfLocationLoadSkewedByOne.1782822602419181-20603-0/minicluster-data/ts-2-root
metadata directory: /tmp/dist-test-task43lcf1/test-tmp/auto_rebalancer-test.0.AutoRebalancerTest.NoReplicaMovesIfLocationLoadSkewedByOne.1782822602419181-20603-0/minicluster-data/ts-2-root
1 data directories: /tmp/dist-test-task43lcf1/test-tmp/auto_rebalancer-test.0.AutoRebalancerTest.NoReplicaMovesIfLocationLoadSkewedByOne.1782822602419181-20603-0/minicluster-data/ts-2-root/data
Total live blocks: 0
Total live bytes: 0
Total live bytes (after alignment): 0
Total number of LBM containers: 0 (0 full)
Did not check for missing blocks
Did not check for orphaned blocks
Total full LBM containers with extra space: 0 (0 repaired)
Total full LBM container extra space in bytes: 0 (0 repaired)
Total incomplete LBM containers: 0 (0 repaired)
Total LBM partial records: 0 (0 repaired)
Total corrupted LBM metadata records in RocksDB: 0 (0 repaired)
I20260630 12:31:43.157021 20603 rpc_server.cc:225] running with OpenSSL 1.1.1  11 Sep 2018
I20260630 12:31:43.158093 20603 kserver.cc:163] Server-wide thread pool size limit: 3276
I20260630 12:31:43.159528 20603 txn_system_client.cc:432] TxnSystemClient initialization is disabled...
I20260630 12:31:43.161769 20603 ts_tablet_manager.cc:585] Loaded tablet metadata (0 total tablets, 0 live tablets)
I20260630 12:31:43.162004 20603 ts_tablet_manager.cc:531] Time spent load tablet metadata: real 0.000s	user 0.000s	sys 0.000s
I20260630 12:31:43.162240 20603 ts_tablet_manager.cc:616] Registered 0 tablets
I20260630 12:31:43.162410 20603 ts_tablet_manager.cc:595] Time spent register tablets: real 0.000s	user 0.000s	sys 0.000s
I20260630 12:31:43.202400 20603 rpc_server.cc:307] RPC server started. Bound to: 127.20.30.195:39995
I20260630 12:31:43.202504 24524 acceptor_pool.cc:272] collecting diagnostics on the listening RPC socket 127.20.30.195:39995 every 8 connection(s)
I20260630 12:31:43.207293 20603 file_cache.cc:492] Constructed file cache file cache with capacity 419430
W20260630 12:31:43.213559 24528 instance_detector.cc:116] could not retrieve AWS instance metadata: Network error: curl error: HTTP response code said error: The requested URL returned error: 404
W20260630 12:31:43.216528 24529 instance_detector.cc:116] could not retrieve Azure instance metadata: Network error: curl error: HTTP response code said error: The requested URL returned error: 404
W20260630 12:31:43.218884 24531 instance_detector.cc:116] could not retrieve OpenStack instance metadata: Network error: curl error: HTTP response code said error: The requested URL returned error: 404
I20260630 12:31:43.219944 24525 heartbeater.cc:344] Connected to a master server at 127.20.30.254:40907
I20260630 12:31:43.220515 24525 heartbeater.cc:461] Registering TS with master...
I20260630 12:31:43.221678 24525 heartbeater.cc:507] Master 127.20.30.254:40907 requested a full tablet report, sending...
I20260630 12:31:43.224547 24249 ts_manager.cc:194] Registered new tserver with Master: 4a1890d5ddc14e63b66d0804e81e29a1 (127.20.30.195:39995)
I20260630 12:31:43.224638 20603 server_base.cc:1061] running on GCE node
I20260630 12:31:43.225868 20603 hybrid_clock.cc:584] initializing the hybrid clock with 'system_unsync' time source
W20260630 12:31:43.226171 20603 system_unsync_time.cc:38] NTP support is disabled. Clock error bounds will not be accurate. This configuration is not suitable for distributed clusters.
I20260630 12:31:43.226450 20603 hybrid_clock.cc:648] HybridClock initialized: now 1782822703226408 us; error 0 us; skew 500 ppm
I20260630 12:31:43.226792 24249 master_service.cc:502] Signed X509 certificate for tserver {username='slave'} at 127.0.0.1:55654
I20260630 12:31:43.227202 20603 server_base.cc:861] Flag tcmalloc_max_total_thread_cache_bytes is not working since tcmalloc is not enabled.
I20260630 12:31:43.232681 20603 webserver.cc:533] Webserver started at http://127.20.30.196:38139/ using document root <none> and password file <none>
I20260630 12:31:43.233404 20603 fs_manager.cc:362] Metadata directory not provided
I20260630 12:31:43.233628 20603 fs_manager.cc:368] Using write-ahead log directory (fs_wal_dir) as metadata directory
I20260630 12:31:43.233989 20603 server_base.cc:909] This appears to be a new deployment of Kudu; creating new FS layout
I20260630 12:31:43.235216 20603 fs_manager.cc:1068] Generated new instance metadata in path /tmp/dist-test-task43lcf1/test-tmp/auto_rebalancer-test.0.AutoRebalancerTest.NoReplicaMovesIfLocationLoadSkewedByOne.1782822602419181-20603-0/minicluster-data/ts-3-root/instance:
uuid: "9dadbd70c58e4b278a757ccb0af9010f"
format_stamp: "Formatted at 2026-06-30 12:31:43 on dist-test-slave-hh3b"
I20260630 12:31:43.240059 20603 fs_manager.cc:696] Time spent creating directory manager: real 0.004s	user 0.004s	sys 0.000s
I20260630 12:31:43.243799 24536 log_block_manager.cc:4031] Time spent loading block containers with low live blocks: real 0.000s	user 0.000s	sys 0.000s
I20260630 12:31:43.244626 20603 fs_manager.cc:730] Time spent opening block manager: real 0.002s	user 0.002s	sys 0.001s
I20260630 12:31:43.244961 20603 fs_manager.cc:647] Opened local filesystem: /tmp/dist-test-task43lcf1/test-tmp/auto_rebalancer-test.0.AutoRebalancerTest.NoReplicaMovesIfLocationLoadSkewedByOne.1782822602419181-20603-0/minicluster-data/ts-3-root
uuid: "9dadbd70c58e4b278a757ccb0af9010f"
format_stamp: "Formatted at 2026-06-30 12:31:43 on dist-test-slave-hh3b"
I20260630 12:31:43.245225 20603 fs_report.cc:389] FS layout report
--------------------
wal directory: /tmp/dist-test-task43lcf1/test-tmp/auto_rebalancer-test.0.AutoRebalancerTest.NoReplicaMovesIfLocationLoadSkewedByOne.1782822602419181-20603-0/minicluster-data/ts-3-root
metadata directory: /tmp/dist-test-task43lcf1/test-tmp/auto_rebalancer-test.0.AutoRebalancerTest.NoReplicaMovesIfLocationLoadSkewedByOne.1782822602419181-20603-0/minicluster-data/ts-3-root
1 data directories: /tmp/dist-test-task43lcf1/test-tmp/auto_rebalancer-test.0.AutoRebalancerTest.NoReplicaMovesIfLocationLoadSkewedByOne.1782822602419181-20603-0/minicluster-data/ts-3-root/data
Total live blocks: 0
Total live bytes: 0
Total live bytes (after alignment): 0
Total number of LBM containers: 0 (0 full)
Did not check for missing blocks
Did not check for orphaned blocks
Total full LBM containers with extra space: 0 (0 repaired)
Total full LBM container extra space in bytes: 0 (0 repaired)
Total incomplete LBM containers: 0 (0 repaired)
Total LBM partial records: 0 (0 repaired)
Total corrupted LBM metadata records in RocksDB: 0 (0 repaired)
I20260630 12:31:43.267926 20603 rpc_server.cc:225] running with OpenSSL 1.1.1  11 Sep 2018
I20260630 12:31:43.269013 20603 kserver.cc:163] Server-wide thread pool size limit: 3276
I20260630 12:31:43.270543 20603 txn_system_client.cc:432] TxnSystemClient initialization is disabled...
I20260630 12:31:43.272861 20603 ts_tablet_manager.cc:585] Loaded tablet metadata (0 total tablets, 0 live tablets)
I20260630 12:31:43.273090 20603 ts_tablet_manager.cc:531] Time spent load tablet metadata: real 0.000s	user 0.000s	sys 0.000s
I20260630 12:31:43.273326 20603 ts_tablet_manager.cc:616] Registered 0 tablets
I20260630 12:31:43.273494 20603 ts_tablet_manager.cc:595] Time spent register tablets: real 0.000s	user 0.000s	sys 0.000s
I20260630 12:31:43.312752 20603 rpc_server.cc:307] RPC server started. Bound to: 127.20.30.196:38043
I20260630 12:31:43.312829 24598 acceptor_pool.cc:272] collecting diagnostics on the listening RPC socket 127.20.30.196:38043 every 8 connection(s)
I20260630 12:31:43.327677 24599 heartbeater.cc:344] Connected to a master server at 127.20.30.254:40907
I20260630 12:31:43.328028 24599 heartbeater.cc:461] Registering TS with master...
I20260630 12:31:43.328795 24599 heartbeater.cc:507] Master 127.20.30.254:40907 requested a full tablet report, sending...
I20260630 12:31:43.330963 24249 ts_manager.cc:194] Registered new tserver with Master: 9dadbd70c58e4b278a757ccb0af9010f (127.20.30.196:38043)
I20260630 12:31:43.331243 20603 internal_mini_cluster.cc:371] 4 TS(s) registered with all masters after 0.015369443s
I20260630 12:31:43.333446 24249 master_service.cc:502] Signed X509 certificate for tserver {username='slave'} at 127.0.0.1:55660
I20260630 12:31:43.891717 24249 catalog_manager.cc:2283] Servicing CreateTable request from {username='slave'} at 127.0.0.1:55676:
name: "test-workload"
schema {
  columns {
    name: "key"
    type: INT32
    is_key: true
    is_nullable: false
    encoding: AUTO_ENCODING
    compression: DEFAULT_COMPRESSION
    cfile_block_size: 0
    immutable: false
  }
  columns {
    name: "int_val"
    type: INT32
    is_key: false
    is_nullable: false
    encoding: AUTO_ENCODING
    compression: DEFAULT_COMPRESSION
    cfile_block_size: 0
    immutable: false
  }
  columns {
    name: "string_val"
    type: STRING
    is_key: false
    is_nullable: true
    encoding: AUTO_ENCODING
    compression: DEFAULT_COMPRESSION
    cfile_block_size: 0
    immutable: false
  }
}
num_replicas: 3
split_rows_range_bounds {
}
partition_schema {
  range_schema {
    columns {
      name: "key"
    }
  }
}
I20260630 12:31:43.951385 24341 tablet_service.cc:1511] Processing CreateTablet for tablet 368dcce42642490f9ce512b87cb0fa77 (DEFAULT_TABLE table=test-workload [id=5d52886d53914b769cc6c7ac87c28404]), partition=RANGE (key) PARTITION UNBOUNDED
I20260630 12:31:43.953258 24341 data_dirs.cc:400] Could only allocate 1 dirs of requested 3 for tablet 368dcce42642490f9ce512b87cb0fa77. 1 dirs total, 0 dirs full, 0 dirs failed
I20260630 12:31:43.958431 24490 tablet_service.cc:1511] Processing CreateTablet for tablet 368dcce42642490f9ce512b87cb0fa77 (DEFAULT_TABLE table=test-workload [id=5d52886d53914b769cc6c7ac87c28404]), partition=RANGE (key) PARTITION UNBOUNDED
I20260630 12:31:43.959887 24490 data_dirs.cc:400] Could only allocate 1 dirs of requested 3 for tablet 368dcce42642490f9ce512b87cb0fa77. 1 dirs total, 0 dirs full, 0 dirs failed
I20260630 12:31:43.962116 24564 tablet_service.cc:1511] Processing CreateTablet for tablet 368dcce42642490f9ce512b87cb0fa77 (DEFAULT_TABLE table=test-workload [id=5d52886d53914b769cc6c7ac87c28404]), partition=RANGE (key) PARTITION UNBOUNDED
I20260630 12:31:43.963795 24564 data_dirs.cc:400] Could only allocate 1 dirs of requested 3 for tablet 368dcce42642490f9ce512b87cb0fa77. 1 dirs total, 0 dirs full, 0 dirs failed
I20260630 12:31:43.970688 24621 tablet_bootstrap.cc:492] T 368dcce42642490f9ce512b87cb0fa77 P b442bf3732544d0ead01103e8ed7fbee: Bootstrap starting.
I20260630 12:31:43.977267 24621 tablet_bootstrap.cc:654] T 368dcce42642490f9ce512b87cb0fa77 P b442bf3732544d0ead01103e8ed7fbee: Neither blocks nor log segments found. Creating new log.
I20260630 12:31:43.980858 24622 tablet_bootstrap.cc:492] T 368dcce42642490f9ce512b87cb0fa77 P 4a1890d5ddc14e63b66d0804e81e29a1: Bootstrap starting.
I20260630 12:31:43.985543 24621 tablet_bootstrap.cc:492] T 368dcce42642490f9ce512b87cb0fa77 P b442bf3732544d0ead01103e8ed7fbee: No bootstrap required, opened a new log
I20260630 12:31:43.986129 24621 ts_tablet_manager.cc:1403] T 368dcce42642490f9ce512b87cb0fa77 P b442bf3732544d0ead01103e8ed7fbee: Time spent bootstrapping tablet: real 0.016s	user 0.015s	sys 0.000s
I20260630 12:31:43.986708 24624 tablet_bootstrap.cc:492] T 368dcce42642490f9ce512b87cb0fa77 P 9dadbd70c58e4b278a757ccb0af9010f: Bootstrap starting.
I20260630 12:31:43.989435 24622 tablet_bootstrap.cc:654] T 368dcce42642490f9ce512b87cb0fa77 P 4a1890d5ddc14e63b66d0804e81e29a1: Neither blocks nor log segments found. Creating new log.
I20260630 12:31:43.989370 24621 raft_consensus.cc:359] T 368dcce42642490f9ce512b87cb0fa77 P b442bf3732544d0ead01103e8ed7fbee [term 0 FOLLOWER]: Replica starting. Triggering 0 pending ops. Active config: opid_index: -1 OBSOLETE_local: false peers { permanent_uuid: "b442bf3732544d0ead01103e8ed7fbee" member_type: VOTER last_known_addr { host: "127.20.30.193" port: 39691 } } peers { permanent_uuid: "4a1890d5ddc14e63b66d0804e81e29a1" member_type: VOTER last_known_addr { host: "127.20.30.195" port: 39995 } } peers { permanent_uuid: "9dadbd70c58e4b278a757ccb0af9010f" member_type: VOTER last_known_addr { host: "127.20.30.196" port: 38043 } }
I20260630 12:31:43.990512 24621 raft_consensus.cc:385] T 368dcce42642490f9ce512b87cb0fa77 P b442bf3732544d0ead01103e8ed7fbee [term 0 FOLLOWER]: Consensus starting up: Expiring failure detector timer to make a prompt election more likely
I20260630 12:31:43.990860 24621 raft_consensus.cc:740] T 368dcce42642490f9ce512b87cb0fa77 P b442bf3732544d0ead01103e8ed7fbee [term 0 FOLLOWER]: Becoming Follower/Learner. State: Replica: b442bf3732544d0ead01103e8ed7fbee, State: Initialized, Role: FOLLOWER
I20260630 12:31:43.991955 24624 tablet_bootstrap.cc:654] T 368dcce42642490f9ce512b87cb0fa77 P 9dadbd70c58e4b278a757ccb0af9010f: Neither blocks nor log segments found. Creating new log.
I20260630 12:31:43.991746 24621 consensus_queue.cc:260] T 368dcce42642490f9ce512b87cb0fa77 P b442bf3732544d0ead01103e8ed7fbee [NON_LEADER]: Queue going to NON_LEADER mode. State: All replicated index: 0, Majority replicated index: 0, Committed index: 0, Last appended: 0.0, Last appended by leader: 0, Current term: 0, Majority size: -1, State: 0, Mode: NON_LEADER, active raft config: opid_index: -1 OBSOLETE_local: false peers { permanent_uuid: "b442bf3732544d0ead01103e8ed7fbee" member_type: VOTER last_known_addr { host: "127.20.30.193" port: 39691 } } peers { permanent_uuid: "4a1890d5ddc14e63b66d0804e81e29a1" member_type: VOTER last_known_addr { host: "127.20.30.195" port: 39995 } } peers { permanent_uuid: "9dadbd70c58e4b278a757ccb0af9010f" member_type: VOTER last_known_addr { host: "127.20.30.196" port: 38043 } }
I20260630 12:31:43.995831 24622 tablet_bootstrap.cc:492] T 368dcce42642490f9ce512b87cb0fa77 P 4a1890d5ddc14e63b66d0804e81e29a1: No bootstrap required, opened a new log
I20260630 12:31:43.995831 24376 heartbeater.cc:499] Master 127.20.30.254:40907 was elected leader, sending a full tablet report...
I20260630 12:31:43.996502 24622 ts_tablet_manager.cc:1403] T 368dcce42642490f9ce512b87cb0fa77 P 4a1890d5ddc14e63b66d0804e81e29a1: Time spent bootstrapping tablet: real 0.016s	user 0.008s	sys 0.006s
I20260630 12:31:43.997560 24621 ts_tablet_manager.cc:1434] T 368dcce42642490f9ce512b87cb0fa77 P b442bf3732544d0ead01103e8ed7fbee: Time spent starting tablet: real 0.011s	user 0.009s	sys 0.000s
I20260630 12:31:43.998389 24624 tablet_bootstrap.cc:492] T 368dcce42642490f9ce512b87cb0fa77 P 9dadbd70c58e4b278a757ccb0af9010f: No bootstrap required, opened a new log
I20260630 12:31:43.998986 24624 ts_tablet_manager.cc:1403] T 368dcce42642490f9ce512b87cb0fa77 P 9dadbd70c58e4b278a757ccb0af9010f: Time spent bootstrapping tablet: real 0.015s	user 0.007s	sys 0.004s
I20260630 12:31:44.000252 24622 raft_consensus.cc:359] T 368dcce42642490f9ce512b87cb0fa77 P 4a1890d5ddc14e63b66d0804e81e29a1 [term 0 FOLLOWER]: Replica starting. Triggering 0 pending ops. Active config: opid_index: -1 OBSOLETE_local: false peers { permanent_uuid: "b442bf3732544d0ead01103e8ed7fbee" member_type: VOTER last_known_addr { host: "127.20.30.193" port: 39691 } } peers { permanent_uuid: "4a1890d5ddc14e63b66d0804e81e29a1" member_type: VOTER last_known_addr { host: "127.20.30.195" port: 39995 } } peers { permanent_uuid: "9dadbd70c58e4b278a757ccb0af9010f" member_type: VOTER last_known_addr { host: "127.20.30.196" port: 38043 } }
I20260630 12:31:44.001055 24622 raft_consensus.cc:385] T 368dcce42642490f9ce512b87cb0fa77 P 4a1890d5ddc14e63b66d0804e81e29a1 [term 0 FOLLOWER]: Consensus starting up: Expiring failure detector timer to make a prompt election more likely
I20260630 12:31:44.001359 24622 raft_consensus.cc:740] T 368dcce42642490f9ce512b87cb0fa77 P 4a1890d5ddc14e63b66d0804e81e29a1 [term 0 FOLLOWER]: Becoming Follower/Learner. State: Replica: 4a1890d5ddc14e63b66d0804e81e29a1, State: Initialized, Role: FOLLOWER
I20260630 12:31:44.001932 24624 raft_consensus.cc:359] T 368dcce42642490f9ce512b87cb0fa77 P 9dadbd70c58e4b278a757ccb0af9010f [term 0 FOLLOWER]: Replica starting. Triggering 0 pending ops. Active config: opid_index: -1 OBSOLETE_local: false peers { permanent_uuid: "b442bf3732544d0ead01103e8ed7fbee" member_type: VOTER last_known_addr { host: "127.20.30.193" port: 39691 } } peers { permanent_uuid: "4a1890d5ddc14e63b66d0804e81e29a1" member_type: VOTER last_known_addr { host: "127.20.30.195" port: 39995 } } peers { permanent_uuid: "9dadbd70c58e4b278a757ccb0af9010f" member_type: VOTER last_known_addr { host: "127.20.30.196" port: 38043 } }
I20260630 12:31:44.002650 24624 raft_consensus.cc:385] T 368dcce42642490f9ce512b87cb0fa77 P 9dadbd70c58e4b278a757ccb0af9010f [term 0 FOLLOWER]: Consensus starting up: Expiring failure detector timer to make a prompt election more likely
I20260630 12:31:44.002344 24622 consensus_queue.cc:260] T 368dcce42642490f9ce512b87cb0fa77 P 4a1890d5ddc14e63b66d0804e81e29a1 [NON_LEADER]: Queue going to NON_LEADER mode. State: All replicated index: 0, Majority replicated index: 0, Committed index: 0, Last appended: 0.0, Last appended by leader: 0, Current term: 0, Majority size: -1, State: 0, Mode: NON_LEADER, active raft config: opid_index: -1 OBSOLETE_local: false peers { permanent_uuid: "b442bf3732544d0ead01103e8ed7fbee" member_type: VOTER last_known_addr { host: "127.20.30.193" port: 39691 } } peers { permanent_uuid: "4a1890d5ddc14e63b66d0804e81e29a1" member_type: VOTER last_known_addr { host: "127.20.30.195" port: 39995 } } peers { permanent_uuid: "9dadbd70c58e4b278a757ccb0af9010f" member_type: VOTER last_known_addr { host: "127.20.30.196" port: 38043 } }
I20260630 12:31:44.003014 24624 raft_consensus.cc:740] T 368dcce42642490f9ce512b87cb0fa77 P 9dadbd70c58e4b278a757ccb0af9010f [term 0 FOLLOWER]: Becoming Follower/Learner. State: Replica: 9dadbd70c58e4b278a757ccb0af9010f, State: Initialized, Role: FOLLOWER
I20260630 12:31:44.004060 24624 consensus_queue.cc:260] T 368dcce42642490f9ce512b87cb0fa77 P 9dadbd70c58e4b278a757ccb0af9010f [NON_LEADER]: Queue going to NON_LEADER mode. State: All replicated index: 0, Majority replicated index: 0, Committed index: 0, Last appended: 0.0, Last appended by leader: 0, Current term: 0, Majority size: -1, State: 0, Mode: NON_LEADER, active raft config: opid_index: -1 OBSOLETE_local: false peers { permanent_uuid: "b442bf3732544d0ead01103e8ed7fbee" member_type: VOTER last_known_addr { host: "127.20.30.193" port: 39691 } } peers { permanent_uuid: "4a1890d5ddc14e63b66d0804e81e29a1" member_type: VOTER last_known_addr { host: "127.20.30.195" port: 39995 } } peers { permanent_uuid: "9dadbd70c58e4b278a757ccb0af9010f" member_type: VOTER last_known_addr { host: "127.20.30.196" port: 38043 } }
I20260630 12:31:44.005340 24525 heartbeater.cc:499] Master 127.20.30.254:40907 was elected leader, sending a full tablet report...
I20260630 12:31:44.005719 24622 ts_tablet_manager.cc:1434] T 368dcce42642490f9ce512b87cb0fa77 P 4a1890d5ddc14e63b66d0804e81e29a1: Time spent starting tablet: real 0.009s	user 0.008s	sys 0.000s
I20260630 12:31:44.008380 24599 heartbeater.cc:499] Master 127.20.30.254:40907 was elected leader, sending a full tablet report...
I20260630 12:31:44.008641 24624 ts_tablet_manager.cc:1434] T 368dcce42642490f9ce512b87cb0fa77 P 9dadbd70c58e4b278a757ccb0af9010f: Time spent starting tablet: real 0.009s	user 0.005s	sys 0.001s
I20260630 12:31:44.028247 24626 raft_consensus.cc:493] T 368dcce42642490f9ce512b87cb0fa77 P b442bf3732544d0ead01103e8ed7fbee [term 0 FOLLOWER]: Starting pre-election (no leader contacted us within the election timeout)
I20260630 12:31:44.028858 24626 raft_consensus.cc:515] T 368dcce42642490f9ce512b87cb0fa77 P b442bf3732544d0ead01103e8ed7fbee [term 0 FOLLOWER]: Starting pre-election with config: opid_index: -1 OBSOLETE_local: false peers { permanent_uuid: "b442bf3732544d0ead01103e8ed7fbee" member_type: VOTER last_known_addr { host: "127.20.30.193" port: 39691 } } peers { permanent_uuid: "4a1890d5ddc14e63b66d0804e81e29a1" member_type: VOTER last_known_addr { host: "127.20.30.195" port: 39995 } } peers { permanent_uuid: "9dadbd70c58e4b278a757ccb0af9010f" member_type: VOTER last_known_addr { host: "127.20.30.196" port: 38043 } }
I20260630 12:31:44.031582 24626 leader_election.cc:290] T 368dcce42642490f9ce512b87cb0fa77 P b442bf3732544d0ead01103e8ed7fbee [CANDIDATE]: Term 1 pre-election: Requested pre-vote from peers 4a1890d5ddc14e63b66d0804e81e29a1 (127.20.30.195:39995), 9dadbd70c58e4b278a757ccb0af9010f (127.20.30.196:38043)
I20260630 12:31:44.043358 24500 tablet_service.cc:1917] Received RequestConsensusVote() RPC: tablet_id: "368dcce42642490f9ce512b87cb0fa77" candidate_uuid: "b442bf3732544d0ead01103e8ed7fbee" candidate_term: 1 candidate_status { last_received { term: 0 index: 0 } } ignore_live_leader: false dest_uuid: "4a1890d5ddc14e63b66d0804e81e29a1" is_pre_election: true
I20260630 12:31:44.044243 24500 raft_consensus.cc:2468] T 368dcce42642490f9ce512b87cb0fa77 P 4a1890d5ddc14e63b66d0804e81e29a1 [term 0 FOLLOWER]: Leader pre-election vote request: Granting yes vote for candidate b442bf3732544d0ead01103e8ed7fbee in term 0.
I20260630 12:31:44.044294 24574 tablet_service.cc:1917] Received RequestConsensusVote() RPC: tablet_id: "368dcce42642490f9ce512b87cb0fa77" candidate_uuid: "b442bf3732544d0ead01103e8ed7fbee" candidate_term: 1 candidate_status { last_received { term: 0 index: 0 } } ignore_live_leader: false dest_uuid: "9dadbd70c58e4b278a757ccb0af9010f" is_pre_election: true
I20260630 12:31:44.044924 24574 raft_consensus.cc:2468] T 368dcce42642490f9ce512b87cb0fa77 P 9dadbd70c58e4b278a757ccb0af9010f [term 0 FOLLOWER]: Leader pre-election vote request: Granting yes vote for candidate b442bf3732544d0ead01103e8ed7fbee in term 0.
I20260630 12:31:44.045523 24315 leader_election.cc:304] T 368dcce42642490f9ce512b87cb0fa77 P b442bf3732544d0ead01103e8ed7fbee [CANDIDATE]: Term 1 pre-election: Election decided. Result: candidate won. Election summary: received 2 responses out of 3 voters: 2 yes votes; 0 no votes. yes voters: 4a1890d5ddc14e63b66d0804e81e29a1, b442bf3732544d0ead01103e8ed7fbee; no voters: 
I20260630 12:31:44.046334 24626 raft_consensus.cc:2804] T 368dcce42642490f9ce512b87cb0fa77 P b442bf3732544d0ead01103e8ed7fbee [term 0 FOLLOWER]: Leader pre-election won for term 1
I20260630 12:31:44.046713 24626 raft_consensus.cc:493] T 368dcce42642490f9ce512b87cb0fa77 P b442bf3732544d0ead01103e8ed7fbee [term 0 FOLLOWER]: Starting leader election (no leader contacted us within the election timeout)
I20260630 12:31:44.046973 24626 raft_consensus.cc:3060] T 368dcce42642490f9ce512b87cb0fa77 P b442bf3732544d0ead01103e8ed7fbee [term 0 FOLLOWER]: Advancing to term 1
I20260630 12:31:44.052229 24626 raft_consensus.cc:515] T 368dcce42642490f9ce512b87cb0fa77 P b442bf3732544d0ead01103e8ed7fbee [term 1 FOLLOWER]: Starting leader election with config: opid_index: -1 OBSOLETE_local: false peers { permanent_uuid: "b442bf3732544d0ead01103e8ed7fbee" member_type: VOTER last_known_addr { host: "127.20.30.193" port: 39691 } } peers { permanent_uuid: "4a1890d5ddc14e63b66d0804e81e29a1" member_type: VOTER last_known_addr { host: "127.20.30.195" port: 39995 } } peers { permanent_uuid: "9dadbd70c58e4b278a757ccb0af9010f" member_type: VOTER last_known_addr { host: "127.20.30.196" port: 38043 } }
I20260630 12:31:44.053859 24626 leader_election.cc:290] T 368dcce42642490f9ce512b87cb0fa77 P b442bf3732544d0ead01103e8ed7fbee [CANDIDATE]: Term 1 election: Requested vote from peers 4a1890d5ddc14e63b66d0804e81e29a1 (127.20.30.195:39995), 9dadbd70c58e4b278a757ccb0af9010f (127.20.30.196:38043)
I20260630 12:31:44.054654 24500 tablet_service.cc:1917] Received RequestConsensusVote() RPC: tablet_id: "368dcce42642490f9ce512b87cb0fa77" candidate_uuid: "b442bf3732544d0ead01103e8ed7fbee" candidate_term: 1 candidate_status { last_received { term: 0 index: 0 } } ignore_live_leader: false dest_uuid: "4a1890d5ddc14e63b66d0804e81e29a1"
I20260630 12:31:44.054858 24574 tablet_service.cc:1917] Received RequestConsensusVote() RPC: tablet_id: "368dcce42642490f9ce512b87cb0fa77" candidate_uuid: "b442bf3732544d0ead01103e8ed7fbee" candidate_term: 1 candidate_status { last_received { term: 0 index: 0 } } ignore_live_leader: false dest_uuid: "9dadbd70c58e4b278a757ccb0af9010f"
I20260630 12:31:44.055181 24500 raft_consensus.cc:3060] T 368dcce42642490f9ce512b87cb0fa77 P 4a1890d5ddc14e63b66d0804e81e29a1 [term 0 FOLLOWER]: Advancing to term 1
I20260630 12:31:44.055433 24574 raft_consensus.cc:3060] T 368dcce42642490f9ce512b87cb0fa77 P 9dadbd70c58e4b278a757ccb0af9010f [term 0 FOLLOWER]: Advancing to term 1
I20260630 12:31:44.060650 24500 raft_consensus.cc:2468] T 368dcce42642490f9ce512b87cb0fa77 P 4a1890d5ddc14e63b66d0804e81e29a1 [term 1 FOLLOWER]: Leader election vote request: Granting yes vote for candidate b442bf3732544d0ead01103e8ed7fbee in term 1.
I20260630 12:31:44.060756 24574 raft_consensus.cc:2468] T 368dcce42642490f9ce512b87cb0fa77 P 9dadbd70c58e4b278a757ccb0af9010f [term 1 FOLLOWER]: Leader election vote request: Granting yes vote for candidate b442bf3732544d0ead01103e8ed7fbee in term 1.
I20260630 12:31:44.061728 24315 leader_election.cc:304] T 368dcce42642490f9ce512b87cb0fa77 P b442bf3732544d0ead01103e8ed7fbee [CANDIDATE]: Term 1 election: Election decided. Result: candidate won. Election summary: received 2 responses out of 3 voters: 2 yes votes; 0 no votes. yes voters: 4a1890d5ddc14e63b66d0804e81e29a1, b442bf3732544d0ead01103e8ed7fbee; no voters: 
I20260630 12:31:44.062458 24626 raft_consensus.cc:2804] T 368dcce42642490f9ce512b87cb0fa77 P b442bf3732544d0ead01103e8ed7fbee [term 1 FOLLOWER]: Leader election won for term 1
I20260630 12:31:44.063628 24626 raft_consensus.cc:697] T 368dcce42642490f9ce512b87cb0fa77 P b442bf3732544d0ead01103e8ed7fbee [term 1 LEADER]: Becoming Leader. State: Replica: b442bf3732544d0ead01103e8ed7fbee, State: Running, Role: LEADER
I20260630 12:31:44.064355 24626 consensus_queue.cc:237] T 368dcce42642490f9ce512b87cb0fa77 P b442bf3732544d0ead01103e8ed7fbee [LEADER]: Queue going to LEADER mode. State: All replicated index: 0, Majority replicated index: 0, Committed index: 0, Last appended: 0.0, Last appended by leader: 0, Current term: 1, Majority size: 2, State: 0, Mode: LEADER, active raft config: opid_index: -1 OBSOLETE_local: false peers { permanent_uuid: "b442bf3732544d0ead01103e8ed7fbee" member_type: VOTER last_known_addr { host: "127.20.30.193" port: 39691 } } peers { permanent_uuid: "4a1890d5ddc14e63b66d0804e81e29a1" member_type: VOTER last_known_addr { host: "127.20.30.195" port: 39995 } } peers { permanent_uuid: "9dadbd70c58e4b278a757ccb0af9010f" member_type: VOTER last_known_addr { host: "127.20.30.196" port: 38043 } }
I20260630 12:31:44.071659 24247 catalog_manager.cc:5697] T 368dcce42642490f9ce512b87cb0fa77 P b442bf3732544d0ead01103e8ed7fbee reported cstate change: term changed from 0 to 1, leader changed from <none> to b442bf3732544d0ead01103e8ed7fbee (127.20.30.193). New cstate: current_term: 1 leader_uuid: "b442bf3732544d0ead01103e8ed7fbee" committed_config { opid_index: -1 OBSOLETE_local: false peers { permanent_uuid: "b442bf3732544d0ead01103e8ed7fbee" member_type: VOTER last_known_addr { host: "127.20.30.193" port: 39691 } health_report { overall_health: HEALTHY } } peers { permanent_uuid: "4a1890d5ddc14e63b66d0804e81e29a1" member_type: VOTER last_known_addr { host: "127.20.30.195" port: 39995 } health_report { overall_health: UNKNOWN } } peers { permanent_uuid: "9dadbd70c58e4b278a757ccb0af9010f" member_type: VOTER last_known_addr { host: "127.20.30.196" port: 38043 } health_report { overall_health: UNKNOWN } } }
I20260630 12:31:44.131278 24451 heartbeater.cc:499] Master 127.20.30.254:40907 was elected leader, sending a full tablet report...
I20260630 12:31:44.523324 24626 consensus_queue.cc:1048] T 368dcce42642490f9ce512b87cb0fa77 P b442bf3732544d0ead01103e8ed7fbee [LEADER]: Connected to new peer: Peer: permanent_uuid: "4a1890d5ddc14e63b66d0804e81e29a1" member_type: VOTER last_known_addr { host: "127.20.30.195" port: 39995 }, Status: LMP_MISMATCH, Last received: 0.0, Next index: 1, Last known committed idx: 0, Time since last communication: 0.000s
I20260630 12:31:44.537751 24626 consensus_queue.cc:1048] T 368dcce42642490f9ce512b87cb0fa77 P b442bf3732544d0ead01103e8ed7fbee [LEADER]: Connected to new peer: Peer: permanent_uuid: "9dadbd70c58e4b278a757ccb0af9010f" member_type: VOTER last_known_addr { host: "127.20.30.196" port: 38043 }, Status: LMP_MISMATCH, Last received: 0.0, Next index: 1, Last known committed idx: 0, Time since last communication: 0.001s
I20260630 12:31:44.841837 24302 auto_leader_rebalancer.cc:141] leader rebalance for table test-workload
I20260630 12:31:44.843415 24302 auto_leader_rebalancer.cc:440] table: test-workload, leader rebalance finish, leader transfer count: 0
I20260630 12:31:44.843775 24302 auto_leader_rebalancer.cc:515] All tables' leader rebalancing finished this round
I20260630 12:31:46.844691 24302 auto_leader_rebalancer.cc:141] leader rebalance for table test-workload
I20260630 12:31:46.845970 24302 auto_leader_rebalancer.cc:440] table: test-workload, leader rebalance finish, leader transfer count: 0
I20260630 12:31:46.846313 24302 auto_leader_rebalancer.cc:515] All tables' leader rebalancing finished this round
I20260630 12:31:48.847385 24302 auto_leader_rebalancer.cc:141] leader rebalance for table test-workload
I20260630 12:31:48.848892 24302 auto_leader_rebalancer.cc:440] table: test-workload, leader rebalance finish, leader transfer count: 0
I20260630 12:31:48.849264 24302 auto_leader_rebalancer.cc:515] All tables' leader rebalancing finished this round
I20260630 12:31:50.850426 24302 auto_leader_rebalancer.cc:141] leader rebalance for table test-workload
I20260630 12:31:50.852159 24302 auto_leader_rebalancer.cc:440] table: test-workload, leader rebalance finish, leader transfer count: 0
I20260630 12:31:50.852536 24302 auto_leader_rebalancer.cc:515] All tables' leader rebalancing finished this round
I20260630 12:31:52.853549 24302 auto_leader_rebalancer.cc:141] leader rebalance for table test-workload
I20260630 12:31:52.854928 24302 auto_leader_rebalancer.cc:440] table: test-workload, leader rebalance finish, leader transfer count: 0
I20260630 12:31:52.855314 24302 auto_leader_rebalancer.cc:515] All tables' leader rebalancing finished this round
I20260630 12:31:54.633143 24643 raft_consensus.cc:493] T 368dcce42642490f9ce512b87cb0fa77 P 4a1890d5ddc14e63b66d0804e81e29a1 [term 1 FOLLOWER]: Starting pre-election (detected failure of leader b442bf3732544d0ead01103e8ed7fbee)
I20260630 12:31:54.634919 24643 raft_consensus.cc:515] T 368dcce42642490f9ce512b87cb0fa77 P 4a1890d5ddc14e63b66d0804e81e29a1 [term 1 FOLLOWER]: Starting pre-election with config: opid_index: -1 OBSOLETE_local: false peers { permanent_uuid: "b442bf3732544d0ead01103e8ed7fbee" member_type: VOTER last_known_addr { host: "127.20.30.193" port: 39691 } } peers { permanent_uuid: "4a1890d5ddc14e63b66d0804e81e29a1" member_type: VOTER last_known_addr { host: "127.20.30.195" port: 39995 } } peers { permanent_uuid: "9dadbd70c58e4b278a757ccb0af9010f" member_type: VOTER last_known_addr { host: "127.20.30.196" port: 38043 } }
I20260630 12:31:54.887738 24643 leader_election.cc:290] T 368dcce42642490f9ce512b87cb0fa77 P 4a1890d5ddc14e63b66d0804e81e29a1 [CANDIDATE]: Term 2 pre-election: Requested pre-vote from peers b442bf3732544d0ead01103e8ed7fbee (127.20.30.193:39691), 9dadbd70c58e4b278a757ccb0af9010f (127.20.30.196:38043)
I20260630 12:31:55.853694 24302 auto_leader_rebalancer.cc:141] leader rebalance for table test-workload
I20260630 12:31:55.889751 24302 auto_leader_rebalancer.cc:440] table: test-workload, leader rebalance finish, leader transfer count: 0
I20260630 12:31:55.890354 24302 auto_leader_rebalancer.cc:515] All tables' leader rebalancing finished this round
I20260630 12:31:55.891456 24650 raft_consensus.cc:493] T 368dcce42642490f9ce512b87cb0fa77 P 9dadbd70c58e4b278a757ccb0af9010f [term 1 FOLLOWER]: Starting pre-election (detected failure of leader b442bf3732544d0ead01103e8ed7fbee)
I20260630 12:31:55.892118 24650 raft_consensus.cc:515] T 368dcce42642490f9ce512b87cb0fa77 P 9dadbd70c58e4b278a757ccb0af9010f [term 1 FOLLOWER]: Starting pre-election with config: opid_index: -1 OBSOLETE_local: false peers { permanent_uuid: "b442bf3732544d0ead01103e8ed7fbee" member_type: VOTER last_known_addr { host: "127.20.30.193" port: 39691 } } peers { permanent_uuid: "4a1890d5ddc14e63b66d0804e81e29a1" member_type: VOTER last_known_addr { host: "127.20.30.195" port: 39995 } } peers { permanent_uuid: "9dadbd70c58e4b278a757ccb0af9010f" member_type: VOTER last_known_addr { host: "127.20.30.196" port: 38043 } }
I20260630 12:31:55.896677 24351 tablet_service.cc:1917] Received RequestConsensusVote() RPC: tablet_id: "368dcce42642490f9ce512b87cb0fa77" candidate_uuid: "4a1890d5ddc14e63b66d0804e81e29a1" candidate_term: 2 candidate_status { last_received { term: 1 index: 1 } } ignore_live_leader: false dest_uuid: "b442bf3732544d0ead01103e8ed7fbee" is_pre_election: true
I20260630 12:31:55.896395 24650 leader_election.cc:290] T 368dcce42642490f9ce512b87cb0fa77 P 9dadbd70c58e4b278a757ccb0af9010f [CANDIDATE]: Term 2 pre-election: Requested pre-vote from peers b442bf3732544d0ead01103e8ed7fbee (127.20.30.193:39691), 4a1890d5ddc14e63b66d0804e81e29a1 (127.20.30.195:39995)
I20260630 12:31:55.909794 24574 tablet_service.cc:1917] Received RequestConsensusVote() RPC: tablet_id: "368dcce42642490f9ce512b87cb0fa77" candidate_uuid: "4a1890d5ddc14e63b66d0804e81e29a1" candidate_term: 2 candidate_status { last_received { term: 1 index: 1 } } ignore_live_leader: false dest_uuid: "9dadbd70c58e4b278a757ccb0af9010f" is_pre_election: true
I20260630 12:31:55.911610 24465 leader_election.cc:304] T 368dcce42642490f9ce512b87cb0fa77 P 4a1890d5ddc14e63b66d0804e81e29a1 [CANDIDATE]: Term 2 pre-election: Election decided. Result: candidate lost. Election summary: received 3 responses out of 3 voters: 1 yes votes; 2 no votes. yes voters: 4a1890d5ddc14e63b66d0804e81e29a1; no voters: 9dadbd70c58e4b278a757ccb0af9010f, b442bf3732544d0ead01103e8ed7fbee
I20260630 12:31:55.913713 24654 raft_consensus.cc:2749] T 368dcce42642490f9ce512b87cb0fa77 P 4a1890d5ddc14e63b66d0804e81e29a1 [term 1 FOLLOWER]: Leader pre-election lost for term 2. Reason: could not achieve majority
I20260630 12:31:55.914503 24500 tablet_service.cc:1917] Received RequestConsensusVote() RPC: tablet_id: "368dcce42642490f9ce512b87cb0fa77" candidate_uuid: "9dadbd70c58e4b278a757ccb0af9010f" candidate_term: 2 candidate_status { last_received { term: 1 index: 1 } } ignore_live_leader: false dest_uuid: "4a1890d5ddc14e63b66d0804e81e29a1" is_pre_election: true
W20260630 12:31:55.916170 24447 debug-util.cc:398] Leaking SignalData structure 0x7b0800109e40 after lost signal to thread 20606
W20260630 12:31:55.917166 24447 debug-util.cc:398] Leaking SignalData structure 0x7b080007e3c0 after lost signal to thread 24283
W20260630 12:31:55.918720 24447 debug-util.cc:398] Leaking SignalData structure 0x7b0800031d60 after lost signal to thread 24450
W20260630 12:31:55.920238 24447 debug-util.cc:398] Leaking SignalData structure 0x7b08001a15c0 after lost signal to thread 24598
I20260630 12:31:55.922752 24351 tablet_service.cc:1917] Received RequestConsensusVote() RPC: tablet_id: "368dcce42642490f9ce512b87cb0fa77" candidate_uuid: "9dadbd70c58e4b278a757ccb0af9010f" candidate_term: 2 candidate_status { last_received { term: 1 index: 1 } } ignore_live_leader: false dest_uuid: "b442bf3732544d0ead01103e8ed7fbee" is_pre_election: true
I20260630 12:31:55.924226 24537 leader_election.cc:304] T 368dcce42642490f9ce512b87cb0fa77 P 9dadbd70c58e4b278a757ccb0af9010f [CANDIDATE]: Term 2 pre-election: Election decided. Result: candidate lost. Election summary: received 3 responses out of 3 voters: 1 yes votes; 2 no votes. yes voters: 9dadbd70c58e4b278a757ccb0af9010f; no voters: 4a1890d5ddc14e63b66d0804e81e29a1, b442bf3732544d0ead01103e8ed7fbee
I20260630 12:31:55.925000 24650 raft_consensus.cc:2749] T 368dcce42642490f9ce512b87cb0fa77 P 9dadbd70c58e4b278a757ccb0af9010f [term 1 FOLLOWER]: Leader pre-election lost for term 2. Reason: could not achieve majority
I20260630 12:31:56.418864 20603 tablet_server.cc:179] TabletServer@127.20.30.193:0 shutting down...
I20260630 12:31:56.452203 20603 ts_tablet_manager.cc:1507] Shutting down tablet manager...
I20260630 12:31:56.453171 20603 tablet_replica.cc:333] T 368dcce42642490f9ce512b87cb0fa77 P b442bf3732544d0ead01103e8ed7fbee: stopping tablet replica
I20260630 12:31:56.453982 20603 raft_consensus.cc:2243] T 368dcce42642490f9ce512b87cb0fa77 P b442bf3732544d0ead01103e8ed7fbee [term 1 LEADER]: Raft consensus shutting down.
I20260630 12:31:56.455340 20603 raft_consensus.cc:2272] T 368dcce42642490f9ce512b87cb0fa77 P b442bf3732544d0ead01103e8ed7fbee [term 1 FOLLOWER]: Raft consensus is shut down!
I20260630 12:31:56.469830 20603 tablet_server.cc:196] TabletServer@127.20.30.193:0 shutdown complete.
I20260630 12:31:56.488627 20603 tablet_server.cc:179] TabletServer@127.20.30.194:0 shutting down...
I20260630 12:31:56.526363 20603 ts_tablet_manager.cc:1507] Shutting down tablet manager...
W20260630 12:31:57.541491 20603 thread.cc:527] Waited for 1000ms trying to join with diag-logger (tid 24447)
I20260630 12:31:57.777501 24655 raft_consensus.cc:493] T 368dcce42642490f9ce512b87cb0fa77 P 4a1890d5ddc14e63b66d0804e81e29a1 [term 1 FOLLOWER]: Starting pre-election (detected failure of leader b442bf3732544d0ead01103e8ed7fbee)
I20260630 12:31:57.778079 24655 raft_consensus.cc:515] T 368dcce42642490f9ce512b87cb0fa77 P 4a1890d5ddc14e63b66d0804e81e29a1 [term 1 FOLLOWER]: Starting pre-election with config: opid_index: -1 OBSOLETE_local: false peers { permanent_uuid: "b442bf3732544d0ead01103e8ed7fbee" member_type: VOTER last_known_addr { host: "127.20.30.193" port: 39691 } } peers { permanent_uuid: "4a1890d5ddc14e63b66d0804e81e29a1" member_type: VOTER last_known_addr { host: "127.20.30.195" port: 39995 } } peers { permanent_uuid: "9dadbd70c58e4b278a757ccb0af9010f" member_type: VOTER last_known_addr { host: "127.20.30.196" port: 38043 } }
I20260630 12:31:57.780086 24655 leader_election.cc:290] T 368dcce42642490f9ce512b87cb0fa77 P 4a1890d5ddc14e63b66d0804e81e29a1 [CANDIDATE]: Term 2 pre-election: Requested pre-vote from peers b442bf3732544d0ead01103e8ed7fbee (127.20.30.193:39691), 9dadbd70c58e4b278a757ccb0af9010f (127.20.30.196:38043)
I20260630 12:31:57.781522 24574 tablet_service.cc:1917] Received RequestConsensusVote() RPC: tablet_id: "368dcce42642490f9ce512b87cb0fa77" candidate_uuid: "4a1890d5ddc14e63b66d0804e81e29a1" candidate_term: 2 candidate_status { last_received { term: 1 index: 1 } } ignore_live_leader: false dest_uuid: "9dadbd70c58e4b278a757ccb0af9010f" is_pre_election: true
W20260630 12:31:57.782733 24463 proxy.cc:239] Call had error, refreshing address and retrying: Network error: Client connection negotiation failed: client connection to 127.20.30.193:39691: connect: Connection refused (error 111) [suppressed 43 similar messages]
W20260630 12:31:57.785974 24463 leader_election.cc:336] T 368dcce42642490f9ce512b87cb0fa77 P 4a1890d5ddc14e63b66d0804e81e29a1 [CANDIDATE]: Term 2 pre-election: RPC error from VoteRequest() call to peer b442bf3732544d0ead01103e8ed7fbee (127.20.30.193:39691): Network error: Client connection negotiation failed: client connection to 127.20.30.193:39691: connect: Connection refused (error 111)
I20260630 12:31:57.786453 24463 leader_election.cc:304] T 368dcce42642490f9ce512b87cb0fa77 P 4a1890d5ddc14e63b66d0804e81e29a1 [CANDIDATE]: Term 2 pre-election: Election decided. Result: candidate lost. Election summary: received 3 responses out of 3 voters: 1 yes votes; 2 no votes. yes voters: 4a1890d5ddc14e63b66d0804e81e29a1; no voters: 9dadbd70c58e4b278a757ccb0af9010f, b442bf3732544d0ead01103e8ed7fbee
I20260630 12:31:57.787276 24655 raft_consensus.cc:2749] T 368dcce42642490f9ce512b87cb0fa77 P 4a1890d5ddc14e63b66d0804e81e29a1 [term 1 FOLLOWER]: Leader pre-election lost for term 2. Reason: could not achieve majority
I20260630 12:31:57.848026 24658 raft_consensus.cc:493] T 368dcce42642490f9ce512b87cb0fa77 P 9dadbd70c58e4b278a757ccb0af9010f [term 1 FOLLOWER]: Starting pre-election (detected failure of leader b442bf3732544d0ead01103e8ed7fbee)
I20260630 12:31:57.848522 24658 raft_consensus.cc:515] T 368dcce42642490f9ce512b87cb0fa77 P 9dadbd70c58e4b278a757ccb0af9010f [term 1 FOLLOWER]: Starting pre-election with config: opid_index: -1 OBSOLETE_local: false peers { permanent_uuid: "b442bf3732544d0ead01103e8ed7fbee" member_type: VOTER last_known_addr { host: "127.20.30.193" port: 39691 } } peers { permanent_uuid: "4a1890d5ddc14e63b66d0804e81e29a1" member_type: VOTER last_known_addr { host: "127.20.30.195" port: 39995 } } peers { permanent_uuid: "9dadbd70c58e4b278a757ccb0af9010f" member_type: VOTER last_known_addr { host: "127.20.30.196" port: 38043 } }
I20260630 12:31:57.850268 24658 leader_election.cc:290] T 368dcce42642490f9ce512b87cb0fa77 P 9dadbd70c58e4b278a757ccb0af9010f [CANDIDATE]: Term 2 pre-election: Requested pre-vote from peers b442bf3732544d0ead01103e8ed7fbee (127.20.30.193:39691), 4a1890d5ddc14e63b66d0804e81e29a1 (127.20.30.195:39995)
I20260630 12:31:57.851514 24500 tablet_service.cc:1917] Received RequestConsensusVote() RPC: tablet_id: "368dcce42642490f9ce512b87cb0fa77" candidate_uuid: "9dadbd70c58e4b278a757ccb0af9010f" candidate_term: 2 candidate_status { last_received { term: 1 index: 1 } } ignore_live_leader: false dest_uuid: "4a1890d5ddc14e63b66d0804e81e29a1" is_pre_election: true
I20260630 12:31:57.852229 24500 raft_consensus.cc:2468] T 368dcce42642490f9ce512b87cb0fa77 P 4a1890d5ddc14e63b66d0804e81e29a1 [term 1 FOLLOWER]: Leader pre-election vote request: Granting yes vote for candidate 9dadbd70c58e4b278a757ccb0af9010f in term 1.
I20260630 12:31:57.853579 24538 leader_election.cc:304] T 368dcce42642490f9ce512b87cb0fa77 P 9dadbd70c58e4b278a757ccb0af9010f [CANDIDATE]: Term 2 pre-election: Election decided. Result: candidate won. Election summary: received 2 responses out of 3 voters: 2 yes votes; 0 no votes. yes voters: 4a1890d5ddc14e63b66d0804e81e29a1, 9dadbd70c58e4b278a757ccb0af9010f; no voters: 
I20260630 12:31:57.854290 24658 raft_consensus.cc:2804] T 368dcce42642490f9ce512b87cb0fa77 P 9dadbd70c58e4b278a757ccb0af9010f [term 1 FOLLOWER]: Leader pre-election won for term 2
I20260630 12:31:57.854641 24658 raft_consensus.cc:493] T 368dcce42642490f9ce512b87cb0fa77 P 9dadbd70c58e4b278a757ccb0af9010f [term 1 FOLLOWER]: Starting leader election (detected failure of leader b442bf3732544d0ead01103e8ed7fbee)
I20260630 12:31:57.854971 24658 raft_consensus.cc:3060] T 368dcce42642490f9ce512b87cb0fa77 P 9dadbd70c58e4b278a757ccb0af9010f [term 1 FOLLOWER]: Advancing to term 2
W20260630 12:31:57.858129 24537 leader_election.cc:336] T 368dcce42642490f9ce512b87cb0fa77 P 9dadbd70c58e4b278a757ccb0af9010f [CANDIDATE]: Term 2 pre-election: RPC error from VoteRequest() call to peer b442bf3732544d0ead01103e8ed7fbee (127.20.30.193:39691): Network error: Client connection negotiation failed: client connection to 127.20.30.193:39691: connect: Connection refused (error 111)
I20260630 12:31:57.862079 24658 raft_consensus.cc:515] T 368dcce42642490f9ce512b87cb0fa77 P 9dadbd70c58e4b278a757ccb0af9010f [term 2 FOLLOWER]: Starting leader election with config: opid_index: -1 OBSOLETE_local: false peers { permanent_uuid: "b442bf3732544d0ead01103e8ed7fbee" member_type: VOTER last_known_addr { host: "127.20.30.193" port: 39691 } } peers { permanent_uuid: "4a1890d5ddc14e63b66d0804e81e29a1" member_type: VOTER last_known_addr { host: "127.20.30.195" port: 39995 } } peers { permanent_uuid: "9dadbd70c58e4b278a757ccb0af9010f" member_type: VOTER last_known_addr { host: "127.20.30.196" port: 38043 } }
I20260630 12:31:57.863982 24658 leader_election.cc:290] T 368dcce42642490f9ce512b87cb0fa77 P 9dadbd70c58e4b278a757ccb0af9010f [CANDIDATE]: Term 2 election: Requested vote from peers b442bf3732544d0ead01103e8ed7fbee (127.20.30.193:39691), 4a1890d5ddc14e63b66d0804e81e29a1 (127.20.30.195:39995)
I20260630 12:31:57.865207 24500 tablet_service.cc:1917] Received RequestConsensusVote() RPC: tablet_id: "368dcce42642490f9ce512b87cb0fa77" candidate_uuid: "9dadbd70c58e4b278a757ccb0af9010f" candidate_term: 2 candidate_status { last_received { term: 1 index: 1 } } ignore_live_leader: false dest_uuid: "4a1890d5ddc14e63b66d0804e81e29a1"
I20260630 12:31:57.865813 24500 raft_consensus.cc:3060] T 368dcce42642490f9ce512b87cb0fa77 P 4a1890d5ddc14e63b66d0804e81e29a1 [term 1 FOLLOWER]: Advancing to term 2
W20260630 12:31:57.868012 24537 leader_election.cc:336] T 368dcce42642490f9ce512b87cb0fa77 P 9dadbd70c58e4b278a757ccb0af9010f [CANDIDATE]: Term 2 election: RPC error from VoteRequest() call to peer b442bf3732544d0ead01103e8ed7fbee (127.20.30.193:39691): Network error: Client connection negotiation failed: client connection to 127.20.30.193:39691: connect: Connection refused (error 111)
I20260630 12:31:57.874616 24500 raft_consensus.cc:2468] T 368dcce42642490f9ce512b87cb0fa77 P 4a1890d5ddc14e63b66d0804e81e29a1 [term 2 FOLLOWER]: Leader election vote request: Granting yes vote for candidate 9dadbd70c58e4b278a757ccb0af9010f in term 2.
I20260630 12:31:57.875985 24538 leader_election.cc:304] T 368dcce42642490f9ce512b87cb0fa77 P 9dadbd70c58e4b278a757ccb0af9010f [CANDIDATE]: Term 2 election: Election decided. Result: candidate won. Election summary: received 3 responses out of 3 voters: 2 yes votes; 1 no votes. yes voters: 4a1890d5ddc14e63b66d0804e81e29a1, 9dadbd70c58e4b278a757ccb0af9010f; no voters: b442bf3732544d0ead01103e8ed7fbee
I20260630 12:31:57.876716 24658 raft_consensus.cc:2804] T 368dcce42642490f9ce512b87cb0fa77 P 9dadbd70c58e4b278a757ccb0af9010f [term 2 FOLLOWER]: Leader election won for term 2
I20260630 12:31:57.878114 24658 raft_consensus.cc:697] T 368dcce42642490f9ce512b87cb0fa77 P 9dadbd70c58e4b278a757ccb0af9010f [term 2 LEADER]: Becoming Leader. State: Replica: 9dadbd70c58e4b278a757ccb0af9010f, State: Running, Role: LEADER
I20260630 12:31:57.879351 24658 consensus_queue.cc:237] T 368dcce42642490f9ce512b87cb0fa77 P 9dadbd70c58e4b278a757ccb0af9010f [LEADER]: Queue going to LEADER mode. State: All replicated index: 0, Majority replicated index: 1, Committed index: 1, Last appended: 1.1, Last appended by leader: 1, Current term: 2, Majority size: 2, State: 0, Mode: LEADER, active raft config: opid_index: -1 OBSOLETE_local: false peers { permanent_uuid: "b442bf3732544d0ead01103e8ed7fbee" member_type: VOTER last_known_addr { host: "127.20.30.193" port: 39691 } } peers { permanent_uuid: "4a1890d5ddc14e63b66d0804e81e29a1" member_type: VOTER last_known_addr { host: "127.20.30.195" port: 39995 } } peers { permanent_uuid: "9dadbd70c58e4b278a757ccb0af9010f" member_type: VOTER last_known_addr { host: "127.20.30.196" port: 38043 } }
I20260630 12:31:57.891605 24302 auto_leader_rebalancer.cc:141] leader rebalance for table test-workload
I20260630 12:31:57.891685 24247 catalog_manager.cc:5697] T 368dcce42642490f9ce512b87cb0fa77 P 9dadbd70c58e4b278a757ccb0af9010f reported cstate change: term changed from 1 to 2, leader changed from b442bf3732544d0ead01103e8ed7fbee (127.20.30.193) to 9dadbd70c58e4b278a757ccb0af9010f (127.20.30.196). New cstate: current_term: 2 leader_uuid: "9dadbd70c58e4b278a757ccb0af9010f" committed_config { opid_index: -1 OBSOLETE_local: false peers { permanent_uuid: "b442bf3732544d0ead01103e8ed7fbee" member_type: VOTER last_known_addr { host: "127.20.30.193" port: 39691 } health_report { overall_health: UNKNOWN } } peers { permanent_uuid: "4a1890d5ddc14e63b66d0804e81e29a1" member_type: VOTER last_known_addr { host: "127.20.30.195" port: 39995 } health_report { overall_health: UNKNOWN } } peers { permanent_uuid: "9dadbd70c58e4b278a757ccb0af9010f" member_type: VOTER last_known_addr { host: "127.20.30.196" port: 38043 } health_report { overall_health: HEALTHY } } }
I20260630 12:31:57.893447 24302 auto_leader_rebalancer.cc:440] table: test-workload, leader rebalance finish, leader transfer count: 0
I20260630 12:31:57.893863 24302 auto_leader_rebalancer.cc:515] All tables' leader rebalancing finished this round
I20260630 12:31:58.269071 24500 raft_consensus.cc:1275] T 368dcce42642490f9ce512b87cb0fa77 P 4a1890d5ddc14e63b66d0804e81e29a1 [term 2 FOLLOWER]: Refusing update from remote peer 9dadbd70c58e4b278a757ccb0af9010f: Log matching property violated. Preceding OpId in replica: term: 1 index: 1. Preceding OpId from leader: term: 2 index: 2. (index mismatch)
