I20260630 12:31:25.221174 30569 consensus_queue.cc:237] T 76604d47716d4106a6ac80460638271b P 76290ba8c4774b9f9a00e8bac6621b69 [LEADER]: Queue going to LEADER mode. State: All replicated index: 0, Majority replicated index: 1, Committed index: 1, Last appended: 1.1, Last appended by leader: 1, Current term: 2, Majority size: 2, State: 0, Mode: LEADER, active raft config: opid_index: -1 OBSOLETE_local: false peers { permanent_uuid: "76290ba8c4774b9f9a00e8bac6621b69" member_type: VOTER last_known_addr { host: "127.26.184.131" port: 39805 } } peers { permanent_uuid: "7de377586dbd460981a7b2d14bac747c" member_type: VOTER last_known_addr { host: "127.26.184.130" port: 41017 } } peers { permanent_uuid: "076bc230ad2240c0874802506e2959bc" member_type: VOTER last_known_addr { host: "127.26.184.129" port: 33377 } }
I20260630 12:31:25.229117 30607 consensus_queue.cc:1048] T 12a460d4e5b94f65b27fb168703481eb P 076bc230ad2240c0874802506e2959bc [LEADER]: Connected to new peer: Peer: permanent_uuid: "76290ba8c4774b9f9a00e8bac6621b69" member_type: VOTER last_known_addr { host: "127.26.184.131" port: 39805 }, Status: LMP_MISMATCH, Last received: 0.0, Next index: 1, Last known committed idx: 0, Time since last communication: 0.000s
I20260630 12:31:25.236649 30608 raft_consensus.cc:993] T c5d35cc32ccf4ed7b004287e9be75a6b P 076bc230ad2240c0874802506e2959bc: : Instructing follower 76290ba8c4774b9f9a00e8bac6621b69 to start an election
I20260630 12:31:25.237133 30608 raft_consensus.cc:1081] T c5d35cc32ccf4ed7b004287e9be75a6b P 076bc230ad2240c0874802506e2959bc [term 1 LEADER]: Signalling peer 76290ba8c4774b9f9a00e8bac6621b69 to start an election
I20260630 12:31:25.239521 30514 tablet_service.cc:2044] Received Run Leader Election RPC: tablet_id: "c5d35cc32ccf4ed7b004287e9be75a6b"
dest_uuid: "76290ba8c4774b9f9a00e8bac6621b69"
 from {username='slave'} at 127.0.0.1:40986
I20260630 12:31:25.240101 30514 raft_consensus.cc:493] T c5d35cc32ccf4ed7b004287e9be75a6b P 76290ba8c4774b9f9a00e8bac6621b69 [term 1 FOLLOWER]: Starting forced leader election (received explicit request)
I20260630 12:31:25.240474 30514 raft_consensus.cc:3060] T c5d35cc32ccf4ed7b004287e9be75a6b P 76290ba8c4774b9f9a00e8bac6621b69 [term 1 FOLLOWER]: Advancing to term 2
I20260630 12:31:25.242280 30264 catalog_manager.cc:5697] T 6885f055239e410799ed633e8e4728d9 P 76290ba8c4774b9f9a00e8bac6621b69 reported cstate change: term changed from 1 to 2, leader changed from 076bc230ad2240c0874802506e2959bc (127.26.184.129) to 76290ba8c4774b9f9a00e8bac6621b69 (127.26.184.131). New cstate: current_term: 2 leader_uuid: "76290ba8c4774b9f9a00e8bac6621b69" committed_config { opid_index: -1 OBSOLETE_local: false peers { permanent_uuid: "7de377586dbd460981a7b2d14bac747c" member_type: VOTER last_known_addr { host: "127.26.184.130" port: 41017 } health_report { overall_health: UNKNOWN } } peers { permanent_uuid: "076bc230ad2240c0874802506e2959bc" member_type: VOTER last_known_addr { host: "127.26.184.129" port: 33377 } health_report { overall_health: UNKNOWN } } peers { permanent_uuid: "76290ba8c4774b9f9a00e8bac6621b69" member_type: VOTER last_known_addr { host: "127.26.184.131" port: 39805 } health_report { overall_health: HEALTHY } } }
I20260630 12:31:25.244820 30264 catalog_manager.cc:5697] T 76604d47716d4106a6ac80460638271b P 76290ba8c4774b9f9a00e8bac6621b69 reported cstate change: term changed from 1 to 2, leader changed from 076bc230ad2240c0874802506e2959bc (127.26.184.129) to 76290ba8c4774b9f9a00e8bac6621b69 (127.26.184.131). New cstate: current_term: 2 leader_uuid: "76290ba8c4774b9f9a00e8bac6621b69" committed_config { opid_index: -1 OBSOLETE_local: false peers { permanent_uuid: "76290ba8c4774b9f9a00e8bac6621b69" member_type: VOTER last_known_addr { host: "127.26.184.131" port: 39805 } health_report { overall_health: HEALTHY } } peers { permanent_uuid: "7de377586dbd460981a7b2d14bac747c" member_type: VOTER last_known_addr { host: "127.26.184.130" port: 41017 } health_report { overall_health: UNKNOWN } } peers { permanent_uuid: "076bc230ad2240c0874802506e2959bc" member_type: VOTER last_known_addr { host: "127.26.184.129" port: 33377 } health_report { overall_health: UNKNOWN } } }
I20260630 12:31:25.249019 30514 raft_consensus.cc:515] T c5d35cc32ccf4ed7b004287e9be75a6b P 76290ba8c4774b9f9a00e8bac6621b69 [term 2 FOLLOWER]: Starting forced leader election with config: opid_index: -1 OBSOLETE_local: false peers { permanent_uuid: "076bc230ad2240c0874802506e2959bc" member_type: VOTER last_known_addr { host: "127.26.184.129" port: 33377 } } peers { permanent_uuid: "7de377586dbd460981a7b2d14bac747c" member_type: VOTER last_known_addr { host: "127.26.184.130" port: 41017 } } peers { permanent_uuid: "76290ba8c4774b9f9a00e8bac6621b69" member_type: VOTER last_known_addr { host: "127.26.184.131" port: 39805 } }
I20260630 12:31:25.252434 30368 tablet_service.cc:1917] Received RequestConsensusVote() RPC: tablet_id: "c5d35cc32ccf4ed7b004287e9be75a6b" candidate_uuid: "76290ba8c4774b9f9a00e8bac6621b69" candidate_term: 2 candidate_status { last_received { term: 1 index: 1 } } ignore_live_leader: true dest_uuid: "076bc230ad2240c0874802506e2959bc"
I20260630 12:31:25.253094 30368 raft_consensus.cc:3055] T c5d35cc32ccf4ed7b004287e9be75a6b P 076bc230ad2240c0874802506e2959bc [term 1 LEADER]: Stepping down as leader of term 1
I20260630 12:31:25.253415 30368 raft_consensus.cc:740] T c5d35cc32ccf4ed7b004287e9be75a6b P 076bc230ad2240c0874802506e2959bc [term 1 LEADER]: Becoming Follower/Learner. State: Replica: 076bc230ad2240c0874802506e2959bc, State: Running, Role: LEADER
I20260630 12:31:25.254227 30368 consensus_queue.cc:260] T c5d35cc32ccf4ed7b004287e9be75a6b P 076bc230ad2240c0874802506e2959bc [NON_LEADER]: Queue going to NON_LEADER mode. State: All replicated index: 0, Majority replicated index: 1, Committed index: 1, Last appended: 1.1, Last appended by leader: 1, Current term: 1, Majority size: -1, State: 0, Mode: NON_LEADER, active raft config: opid_index: -1 OBSOLETE_local: false peers { permanent_uuid: "076bc230ad2240c0874802506e2959bc" member_type: VOTER last_known_addr { host: "127.26.184.129" port: 33377 } } peers { permanent_uuid: "7de377586dbd460981a7b2d14bac747c" member_type: VOTER last_known_addr { host: "127.26.184.130" port: 41017 } } peers { permanent_uuid: "76290ba8c4774b9f9a00e8bac6621b69" member_type: VOTER last_known_addr { host: "127.26.184.131" port: 39805 } }
I20260630 12:31:25.255362 30368 raft_consensus.cc:3060] T c5d35cc32ccf4ed7b004287e9be75a6b P 076bc230ad2240c0874802506e2959bc [term 1 FOLLOWER]: Advancing to term 2
I20260630 12:31:25.258148 30443 tablet_service.cc:1917] Received RequestConsensusVote() RPC: tablet_id: "c5d35cc32ccf4ed7b004287e9be75a6b" candidate_uuid: "76290ba8c4774b9f9a00e8bac6621b69" candidate_term: 2 candidate_status { last_received { term: 1 index: 1 } } ignore_live_leader: true dest_uuid: "7de377586dbd460981a7b2d14bac747c"
I20260630 12:31:25.258746 30443 raft_consensus.cc:3060] T c5d35cc32ccf4ed7b004287e9be75a6b P 7de377586dbd460981a7b2d14bac747c [term 1 FOLLOWER]: Advancing to term 2
I20260630 12:31:25.271504 30607 consensus_queue.cc:1048] T 12a460d4e5b94f65b27fb168703481eb P 076bc230ad2240c0874802506e2959bc [LEADER]: Connected to new peer: Peer: permanent_uuid: "63aee832695445d5adfa1060ff20e6f4" member_type: VOTER last_known_addr { host: "127.26.184.132" port: 37939 }, Status: LMP_MISMATCH, Last received: 0.0, Next index: 1, Last known committed idx: 0, Time since last communication: 0.000s
I20260630 12:31:25.272476 30584 raft_consensus.cc:993] T 7281c0e83f514fd2bd53c488342b4b17 P 7de377586dbd460981a7b2d14bac747c: : Instructing follower 076bc230ad2240c0874802506e2959bc to start an election
I20260630 12:31:25.272964 30584 raft_consensus.cc:1081] T 7281c0e83f514fd2bd53c488342b4b17 P 7de377586dbd460981a7b2d14bac747c [term 1 LEADER]: Signalling peer 076bc230ad2240c0874802506e2959bc to start an election
I20260630 12:31:25.274793 30367 tablet_service.cc:2044] Received Run Leader Election RPC: tablet_id: "7281c0e83f514fd2bd53c488342b4b17"
dest_uuid: "076bc230ad2240c0874802506e2959bc"
 from {username='slave'} at 127.0.0.1:56820
I20260630 12:31:25.275323 30367 raft_consensus.cc:493] T 7281c0e83f514fd2bd53c488342b4b17 P 076bc230ad2240c0874802506e2959bc [term 1 FOLLOWER]: Starting forced leader election (received explicit request)
I20260630 12:31:25.275892 30367 raft_consensus.cc:3060] T 7281c0e83f514fd2bd53c488342b4b17 P 076bc230ad2240c0874802506e2959bc [term 1 FOLLOWER]: Advancing to term 2
I20260630 12:31:25.278311 30443 raft_consensus.cc:2468] T c5d35cc32ccf4ed7b004287e9be75a6b P 7de377586dbd460981a7b2d14bac747c [term 2 FOLLOWER]: Leader election vote request: Granting yes vote for candidate 76290ba8c4774b9f9a00e8bac6621b69 in term 2.
I20260630 12:31:25.280064 30484 leader_election.cc:304] T c5d35cc32ccf4ed7b004287e9be75a6b P 76290ba8c4774b9f9a00e8bac6621b69 [CANDIDATE]: Term 2 election: Election decided. Result: candidate won. Election summary: received 2 responses out of 3 voters: 2 yes votes; 0 no votes. yes voters: 76290ba8c4774b9f9a00e8bac6621b69, 7de377586dbd460981a7b2d14bac747c; no voters: 
I20260630 12:31:25.281047 30569 raft_consensus.cc:2804] T c5d35cc32ccf4ed7b004287e9be75a6b P 76290ba8c4774b9f9a00e8bac6621b69 [term 2 FOLLOWER]: Leader election won for term 2
I20260630 12:31:25.286387 30569 raft_consensus.cc:697] T c5d35cc32ccf4ed7b004287e9be75a6b P 76290ba8c4774b9f9a00e8bac6621b69 [term 2 LEADER]: Becoming Leader. State: Replica: 76290ba8c4774b9f9a00e8bac6621b69, State: Running, Role: LEADER
I20260630 12:31:25.286303 30367 raft_consensus.cc:515] T 7281c0e83f514fd2bd53c488342b4b17 P 076bc230ad2240c0874802506e2959bc [term 2 FOLLOWER]: Starting forced leader election with config: opid_index: -1 OBSOLETE_local: false peers { permanent_uuid: "7de377586dbd460981a7b2d14bac747c" member_type: VOTER last_known_addr { host: "127.26.184.130" port: 41017 } } peers { permanent_uuid: "076bc230ad2240c0874802506e2959bc" member_type: VOTER last_known_addr { host: "127.26.184.129" port: 33377 } } peers { permanent_uuid: "76290ba8c4774b9f9a00e8bac6621b69" member_type: VOTER last_known_addr { host: "127.26.184.131" port: 39805 } }
I20260630 12:31:25.275560 30514 leader_election.cc:290] T c5d35cc32ccf4ed7b004287e9be75a6b P 76290ba8c4774b9f9a00e8bac6621b69 [CANDIDATE]: Term 2 election: Requested vote from peers 076bc230ad2240c0874802506e2959bc (127.26.184.129:33377), 7de377586dbd460981a7b2d14bac747c (127.26.184.130:41017)
I20260630 12:31:25.287577 30569 consensus_queue.cc:237] T c5d35cc32ccf4ed7b004287e9be75a6b P 76290ba8c4774b9f9a00e8bac6621b69 [LEADER]: Queue going to LEADER mode. State: All replicated index: 0, Majority replicated index: 1, Committed index: 1, Last appended: 1.1, Last appended by leader: 1, Current term: 2, Majority size: 2, State: 0, Mode: LEADER, active raft config: opid_index: -1 OBSOLETE_local: false peers { permanent_uuid: "076bc230ad2240c0874802506e2959bc" member_type: VOTER last_known_addr { host: "127.26.184.129" port: 33377 } } peers { permanent_uuid: "7de377586dbd460981a7b2d14bac747c" member_type: VOTER last_known_addr { host: "127.26.184.130" port: 41017 } } peers { permanent_uuid: "76290ba8c4774b9f9a00e8bac6621b69" member_type: VOTER last_known_addr { host: "127.26.184.131" port: 39805 } }
I20260630 12:31:25.282117 30368 raft_consensus.cc:2468] T c5d35cc32ccf4ed7b004287e9be75a6b P 076bc230ad2240c0874802506e2959bc [term 2 FOLLOWER]: Leader election vote request: Granting yes vote for candidate 76290ba8c4774b9f9a00e8bac6621b69 in term 2.
I20260630 12:31:25.290650 30443 tablet_service.cc:1917] Received RequestConsensusVote() RPC: tablet_id: "7281c0e83f514fd2bd53c488342b4b17" candidate_uuid: "076bc230ad2240c0874802506e2959bc" candidate_term: 2 candidate_status { last_received { term: 1 index: 1 } } ignore_live_leader: true dest_uuid: "7de377586dbd460981a7b2d14bac747c"
I20260630 12:31:25.293481 30443 raft_consensus.cc:3055] T 7281c0e83f514fd2bd53c488342b4b17 P 7de377586dbd460981a7b2d14bac747c [term 1 LEADER]: Stepping down as leader of term 1
I20260630 12:31:25.293924 30443 raft_consensus.cc:740] T 7281c0e83f514fd2bd53c488342b4b17 P 7de377586dbd460981a7b2d14bac747c [term 1 LEADER]: Becoming Follower/Learner. State: Replica: 7de377586dbd460981a7b2d14bac747c, State: Running, Role: LEADER
I20260630 12:31:25.295070 30443 consensus_queue.cc:260] T 7281c0e83f514fd2bd53c488342b4b17 P 7de377586dbd460981a7b2d14bac747c [NON_LEADER]: Queue going to NON_LEADER mode. State: All replicated index: 0, Majority replicated index: 1, Committed index: 1, Last appended: 1.1, Last appended by leader: 1, Current term: 1, Majority size: -1, State: 0, Mode: NON_LEADER, active raft config: opid_index: -1 OBSOLETE_local: false peers { permanent_uuid: "7de377586dbd460981a7b2d14bac747c" member_type: VOTER last_known_addr { host: "127.26.184.130" port: 41017 } } peers { permanent_uuid: "076bc230ad2240c0874802506e2959bc" member_type: VOTER last_known_addr { host: "127.26.184.129" port: 33377 } } peers { permanent_uuid: "76290ba8c4774b9f9a00e8bac6621b69" member_type: VOTER last_known_addr { host: "127.26.184.131" port: 39805 } }
I20260630 12:31:25.297565 30443 raft_consensus.cc:3060] T 7281c0e83f514fd2bd53c488342b4b17 P 7de377586dbd460981a7b2d14bac747c [term 1 FOLLOWER]: Advancing to term 2
I20260630 12:31:25.303709 30514 tablet_service.cc:1917] Received RequestConsensusVote() RPC: tablet_id: "7281c0e83f514fd2bd53c488342b4b17" candidate_uuid: "076bc230ad2240c0874802506e2959bc" candidate_term: 2 candidate_status { last_received { term: 1 index: 1 } } ignore_live_leader: true dest_uuid: "76290ba8c4774b9f9a00e8bac6621b69"
I20260630 12:31:25.304381 30514 raft_consensus.cc:3060] T 7281c0e83f514fd2bd53c488342b4b17 P 76290ba8c4774b9f9a00e8bac6621b69 [term 1 FOLLOWER]: Advancing to term 2
I20260630 12:31:25.308786 30443 raft_consensus.cc:2468] T 7281c0e83f514fd2bd53c488342b4b17 P 7de377586dbd460981a7b2d14bac747c [term 2 FOLLOWER]: Leader election vote request: Granting yes vote for candidate 076bc230ad2240c0874802506e2959bc in term 2.
I20260630 12:31:25.310736 30335 leader_election.cc:304] T 7281c0e83f514fd2bd53c488342b4b17 P 076bc230ad2240c0874802506e2959bc [CANDIDATE]: Term 2 election: Election decided. Result: candidate won. Election summary: received 2 responses out of 3 voters: 2 yes votes; 0 no votes. yes voters: 076bc230ad2240c0874802506e2959bc, 7de377586dbd460981a7b2d14bac747c; no voters: 
I20260630 12:31:25.311580 30514 raft_consensus.cc:2468] T 7281c0e83f514fd2bd53c488342b4b17 P 76290ba8c4774b9f9a00e8bac6621b69 [term 2 FOLLOWER]: Leader election vote request: Granting yes vote for candidate 076bc230ad2240c0874802506e2959bc in term 2.
I20260630 12:31:25.312103 30607 raft_consensus.cc:2804] T 7281c0e83f514fd2bd53c488342b4b17 P 076bc230ad2240c0874802506e2959bc [term 2 FOLLOWER]: Leader election won for term 2
I20260630 12:31:25.312819 30607 raft_consensus.cc:697] T 7281c0e83f514fd2bd53c488342b4b17 P 076bc230ad2240c0874802506e2959bc [term 2 LEADER]: Becoming Leader. State: Replica: 076bc230ad2240c0874802506e2959bc, State: Running, Role: LEADER
I20260630 12:31:25.313090 30367 leader_election.cc:290] T 7281c0e83f514fd2bd53c488342b4b17 P 076bc230ad2240c0874802506e2959bc [CANDIDATE]: Term 2 election: Requested vote from peers 7de377586dbd460981a7b2d14bac747c (127.26.184.130:41017), 76290ba8c4774b9f9a00e8bac6621b69 (127.26.184.131:39805)
I20260630 12:31:25.315541 30607 consensus_queue.cc:237] T 7281c0e83f514fd2bd53c488342b4b17 P 076bc230ad2240c0874802506e2959bc [LEADER]: Queue going to LEADER mode. State: All replicated index: 0, Majority replicated index: 1, Committed index: 1, Last appended: 1.1, Last appended by leader: 1, Current term: 2, Majority size: 2, State: 0, Mode: LEADER, active raft config: opid_index: -1 OBSOLETE_local: false peers { permanent_uuid: "7de377586dbd460981a7b2d14bac747c" member_type: VOTER last_known_addr { host: "127.26.184.130" port: 41017 } } peers { permanent_uuid: "076bc230ad2240c0874802506e2959bc" member_type: VOTER last_known_addr { host: "127.26.184.129" port: 33377 } } peers { permanent_uuid: "76290ba8c4774b9f9a00e8bac6621b69" member_type: VOTER last_known_addr { host: "127.26.184.131" port: 39805 } }
I20260630 12:31:25.321394 30264 catalog_manager.cc:5697] T c5d35cc32ccf4ed7b004287e9be75a6b P 76290ba8c4774b9f9a00e8bac6621b69 reported cstate change: term changed from 1 to 2, leader changed from 076bc230ad2240c0874802506e2959bc (127.26.184.129) to 76290ba8c4774b9f9a00e8bac6621b69 (127.26.184.131). New cstate: current_term: 2 leader_uuid: "76290ba8c4774b9f9a00e8bac6621b69" committed_config { opid_index: -1 OBSOLETE_local: false peers { permanent_uuid: "076bc230ad2240c0874802506e2959bc" member_type: VOTER last_known_addr { host: "127.26.184.129" port: 33377 } health_report { overall_health: UNKNOWN } } peers { permanent_uuid: "7de377586dbd460981a7b2d14bac747c" member_type: VOTER last_known_addr { host: "127.26.184.130" port: 41017 } health_report { overall_health: UNKNOWN } } peers { permanent_uuid: "76290ba8c4774b9f9a00e8bac6621b69" member_type: VOTER last_known_addr { host: "127.26.184.131" port: 39805 } health_report { overall_health: HEALTHY } } }
I20260630 12:31:25.326313 30265 catalog_manager.cc:5697] T 7281c0e83f514fd2bd53c488342b4b17 P 076bc230ad2240c0874802506e2959bc reported cstate change: term changed from 1 to 2, leader changed from 7de377586dbd460981a7b2d14bac747c (127.26.184.130) to 076bc230ad2240c0874802506e2959bc (127.26.184.129). New cstate: current_term: 2 leader_uuid: "076bc230ad2240c0874802506e2959bc" committed_config { opid_index: -1 OBSOLETE_local: false peers { permanent_uuid: "7de377586dbd460981a7b2d14bac747c" member_type: VOTER last_known_addr { host: "127.26.184.130" port: 41017 } health_report { overall_health: UNKNOWN } } peers { permanent_uuid: "076bc230ad2240c0874802506e2959bc" member_type: VOTER last_known_addr { host: "127.26.184.129" port: 33377 } health_report { overall_health: HEALTHY } } peers { permanent_uuid: "76290ba8c4774b9f9a00e8bac6621b69" member_type: VOTER last_known_addr { host: "127.26.184.131" port: 39805 } health_report { overall_health: UNKNOWN } } }
I20260630 12:31:25.461625 30795 ts_tablet_manager.cc:933] T e28ede8d2727497db31f0d3db93afb71 P 63aee832695445d5adfa1060ff20e6f4: Initiating tablet copy from peer 7de377586dbd460981a7b2d14bac747c (127.26.184.130:41017)
I20260630 12:31:25.463610 30795 tablet_copy_client.cc:323] T e28ede8d2727497db31f0d3db93afb71 P 63aee832695445d5adfa1060ff20e6f4: tablet copy: Beginning tablet copy session from remote peer at address 127.26.184.130:41017
I20260630 12:31:25.465346 30454 tablet_copy_service.cc:140] P 7de377586dbd460981a7b2d14bac747c: Received BeginTabletCopySession request for tablet e28ede8d2727497db31f0d3db93afb71 from peer 63aee832695445d5adfa1060ff20e6f4 ({username='slave'} at 127.0.0.1:59772)
I20260630 12:31:25.465945 30454 tablet_copy_service.cc:161] P 7de377586dbd460981a7b2d14bac747c: Beginning new tablet copy session on tablet e28ede8d2727497db31f0d3db93afb71 from peer 63aee832695445d5adfa1060ff20e6f4 at {username='slave'} at 127.0.0.1:59772: session id = 63aee832695445d5adfa1060ff20e6f4-e28ede8d2727497db31f0d3db93afb71
I20260630 12:31:25.473855 30454 tablet_copy_source_session.cc:215] T e28ede8d2727497db31f0d3db93afb71 P 7de377586dbd460981a7b2d14bac747c: Tablet Copy: opened 0 blocks and 1 log segments
I20260630 12:31:25.477216 30795 data_dirs.cc:400] Could only allocate 1 dirs of requested 3 for tablet e28ede8d2727497db31f0d3db93afb71. 1 dirs total, 0 dirs full, 0 dirs failed
I20260630 12:31:25.483698 30761 raft_consensus.cc:993] T 8863bab354274c6e83e72ca49d44e183 P 7de377586dbd460981a7b2d14bac747c: : Instructing follower 63aee832695445d5adfa1060ff20e6f4 to start an election
I20260630 12:31:25.484229 30761 raft_consensus.cc:1081] T 8863bab354274c6e83e72ca49d44e183 P 7de377586dbd460981a7b2d14bac747c [term 1 LEADER]: Signalling peer 63aee832695445d5adfa1060ff20e6f4 to start an election
I20260630 12:31:25.485975 30668 tablet_service.cc:2044] Received Run Leader Election RPC: tablet_id: "8863bab354274c6e83e72ca49d44e183"
dest_uuid: "63aee832695445d5adfa1060ff20e6f4"
 from {username='slave'} at 127.0.0.1:38502
I20260630 12:31:25.486552 30668 raft_consensus.cc:493] T 8863bab354274c6e83e72ca49d44e183 P 63aee832695445d5adfa1060ff20e6f4 [term 1 FOLLOWER]: Starting forced leader election (received explicit request)
I20260630 12:31:25.486923 30668 raft_consensus.cc:3060] T 8863bab354274c6e83e72ca49d44e183 P 63aee832695445d5adfa1060ff20e6f4 [term 1 FOLLOWER]: Advancing to term 2
I20260630 12:31:25.492714 30795 tablet_copy_client.cc:806] T e28ede8d2727497db31f0d3db93afb71 P 63aee832695445d5adfa1060ff20e6f4: tablet copy: Starting download of 0 data blocks...
I20260630 12:31:25.493481 30795 tablet_copy_client.cc:670] T e28ede8d2727497db31f0d3db93afb71 P 63aee832695445d5adfa1060ff20e6f4: tablet copy: Starting download of 1 WAL segments...
I20260630 12:31:25.493841 30668 raft_consensus.cc:515] T 8863bab354274c6e83e72ca49d44e183 P 63aee832695445d5adfa1060ff20e6f4 [term 2 FOLLOWER]: Starting forced leader election with config: opid_index: -1 OBSOLETE_local: false peers { permanent_uuid: "7de377586dbd460981a7b2d14bac747c" member_type: VOTER last_known_addr { host: "127.26.184.130" port: 41017 } } peers { permanent_uuid: "76290ba8c4774b9f9a00e8bac6621b69" member_type: VOTER last_known_addr { host: "127.26.184.131" port: 39805 } } peers { permanent_uuid: "63aee832695445d5adfa1060ff20e6f4" member_type: VOTER last_known_addr { host: "127.26.184.132" port: 37939 } }
I20260630 12:31:25.496869 30443 tablet_service.cc:1917] Received RequestConsensusVote() RPC: tablet_id: "8863bab354274c6e83e72ca49d44e183" candidate_uuid: "63aee832695445d5adfa1060ff20e6f4" candidate_term: 2 candidate_status { last_received { term: 1 index: 1 } } ignore_live_leader: true dest_uuid: "7de377586dbd460981a7b2d14bac747c"
I20260630 12:31:25.497146 30668 leader_election.cc:290] T 8863bab354274c6e83e72ca49d44e183 P 63aee832695445d5adfa1060ff20e6f4 [CANDIDATE]: Term 2 election: Requested vote from peers 7de377586dbd460981a7b2d14bac747c (127.26.184.130:41017), 76290ba8c4774b9f9a00e8bac6621b69 (127.26.184.131:39805)
I20260630 12:31:25.497226 30514 tablet_service.cc:1917] Received RequestConsensusVote() RPC: tablet_id: "8863bab354274c6e83e72ca49d44e183" candidate_uuid: "63aee832695445d5adfa1060ff20e6f4" candidate_term: 2 candidate_status { last_received { term: 1 index: 1 } } ignore_live_leader: true dest_uuid: "76290ba8c4774b9f9a00e8bac6621b69"
I20260630 12:31:25.497968 30514 raft_consensus.cc:3060] T 8863bab354274c6e83e72ca49d44e183 P 76290ba8c4774b9f9a00e8bac6621b69 [term 1 FOLLOWER]: Advancing to term 2
I20260630 12:31:25.497581 30443 raft_consensus.cc:3055] T 8863bab354274c6e83e72ca49d44e183 P 7de377586dbd460981a7b2d14bac747c [term 1 LEADER]: Stepping down as leader of term 1
I20260630 12:31:25.498339 30443 raft_consensus.cc:740] T 8863bab354274c6e83e72ca49d44e183 P 7de377586dbd460981a7b2d14bac747c [term 1 LEADER]: Becoming Follower/Learner. State: Replica: 7de377586dbd460981a7b2d14bac747c, State: Running, Role: LEADER
I20260630 12:31:25.499155 30443 consensus_queue.cc:260] T 8863bab354274c6e83e72ca49d44e183 P 7de377586dbd460981a7b2d14bac747c [NON_LEADER]: Queue going to NON_LEADER mode. State: All replicated index: 0, Majority replicated index: 1, Committed index: 1, Last appended: 1.1, Last appended by leader: 1, Current term: 1, Majority size: -1, State: 0, Mode: NON_LEADER, active raft config: opid_index: -1 OBSOLETE_local: false peers { permanent_uuid: "7de377586dbd460981a7b2d14bac747c" member_type: VOTER last_known_addr { host: "127.26.184.130" port: 41017 } } peers { permanent_uuid: "76290ba8c4774b9f9a00e8bac6621b69" member_type: VOTER last_known_addr { host: "127.26.184.131" port: 39805 } } peers { permanent_uuid: "63aee832695445d5adfa1060ff20e6f4" member_type: VOTER last_known_addr { host: "127.26.184.132" port: 37939 } }
I20260630 12:31:25.500375 30443 raft_consensus.cc:3060] T 8863bab354274c6e83e72ca49d44e183 P 7de377586dbd460981a7b2d14bac747c [term 1 FOLLOWER]: Advancing to term 2
I20260630 12:31:25.502455 30795 tablet_copy_client.cc:538] T e28ede8d2727497db31f0d3db93afb71 P 63aee832695445d5adfa1060ff20e6f4: tablet copy: Tablet Copy complete. Replacing tablet superblock.
I20260630 12:31:25.504889 30514 raft_consensus.cc:2468] T 8863bab354274c6e83e72ca49d44e183 P 76290ba8c4774b9f9a00e8bac6621b69 [term 2 FOLLOWER]: Leader election vote request: Granting yes vote for candidate 63aee832695445d5adfa1060ff20e6f4 in term 2.
I20260630 12:31:25.506613 30634 leader_election.cc:304] T 8863bab354274c6e83e72ca49d44e183 P 63aee832695445d5adfa1060ff20e6f4 [CANDIDATE]: Term 2 election: Election decided. Result: candidate won. Election summary: received 2 responses out of 3 voters: 2 yes votes; 0 no votes. yes voters: 63aee832695445d5adfa1060ff20e6f4, 76290ba8c4774b9f9a00e8bac6621b69; no voters: 
I20260630 12:31:25.510238 30770 raft_consensus.cc:2804] T 8863bab354274c6e83e72ca49d44e183 P 63aee832695445d5adfa1060ff20e6f4 [term 2 FOLLOWER]: Leader election won for term 2
I20260630 12:31:25.510759 30770 raft_consensus.cc:697] T 8863bab354274c6e83e72ca49d44e183 P 63aee832695445d5adfa1060ff20e6f4 [term 2 LEADER]: Becoming Leader. State: Replica: 63aee832695445d5adfa1060ff20e6f4, State: Running, Role: LEADER
I20260630 12:31:25.511243 30795 tablet_bootstrap.cc:492] T e28ede8d2727497db31f0d3db93afb71 P 63aee832695445d5adfa1060ff20e6f4: Bootstrap starting.
I20260630 12:31:25.511550 30770 consensus_queue.cc:237] T 8863bab354274c6e83e72ca49d44e183 P 63aee832695445d5adfa1060ff20e6f4 [LEADER]: Queue going to LEADER mode. State: All replicated index: 0, Majority replicated index: 1, Committed index: 1, Last appended: 1.1, Last appended by leader: 1, Current term: 2, Majority size: 2, State: 0, Mode: LEADER, active raft config: opid_index: -1 OBSOLETE_local: false peers { permanent_uuid: "7de377586dbd460981a7b2d14bac747c" member_type: VOTER last_known_addr { host: "127.26.184.130" port: 41017 } } peers { permanent_uuid: "76290ba8c4774b9f9a00e8bac6621b69" member_type: VOTER last_known_addr { host: "127.26.184.131" port: 39805 } } peers { permanent_uuid: "63aee832695445d5adfa1060ff20e6f4" member_type: VOTER last_known_addr { host: "127.26.184.132" port: 37939 } }
I20260630 12:31:25.521032 30443 raft_consensus.cc:2468] T 8863bab354274c6e83e72ca49d44e183 P 7de377586dbd460981a7b2d14bac747c [term 2 FOLLOWER]: Leader election vote request: Granting yes vote for candidate 63aee832695445d5adfa1060ff20e6f4 in term 2.
I20260630 12:31:25.526881 30264 catalog_manager.cc:5697] T 8863bab354274c6e83e72ca49d44e183 P 63aee832695445d5adfa1060ff20e6f4 reported cstate change: term changed from 1 to 2, leader changed from 7de377586dbd460981a7b2d14bac747c (127.26.184.130) to 63aee832695445d5adfa1060ff20e6f4 (127.26.184.132). New cstate: current_term: 2 leader_uuid: "63aee832695445d5adfa1060ff20e6f4" committed_config { opid_index: -1 OBSOLETE_local: false peers { permanent_uuid: "7de377586dbd460981a7b2d14bac747c" member_type: VOTER last_known_addr { host: "127.26.184.130" port: 41017 } health_report { overall_health: UNKNOWN } } peers { permanent_uuid: "76290ba8c4774b9f9a00e8bac6621b69" member_type: VOTER last_known_addr { host: "127.26.184.131" port: 39805 } health_report { overall_health: UNKNOWN } } peers { permanent_uuid: "63aee832695445d5adfa1060ff20e6f4" member_type: VOTER last_known_addr { host: "127.26.184.132" port: 37939 } health_report { overall_health: HEALTHY } } }
I20260630 12:31:25.536899 30795 tablet_bootstrap.cc:492] T e28ede8d2727497db31f0d3db93afb71 P 63aee832695445d5adfa1060ff20e6f4: Bootstrap replayed 1/1 log segments. Stats: ops{read=2 overwritten=0 applied=2 ignored=0} inserts{seen=0 ignored=0} mutations{seen=0 ignored=0} orphaned_commits=0. Pending: 0 replicates
I20260630 12:31:25.538018 30795 tablet_bootstrap.cc:492] T e28ede8d2727497db31f0d3db93afb71 P 63aee832695445d5adfa1060ff20e6f4: Bootstrap complete.
I20260630 12:31:25.538904 30795 ts_tablet_manager.cc:1403] T e28ede8d2727497db31f0d3db93afb71 P 63aee832695445d5adfa1060ff20e6f4: Time spent bootstrapping tablet: real 0.028s	user 0.007s	sys 0.018s
I20260630 12:31:25.542371 30795 raft_consensus.cc:359] T e28ede8d2727497db31f0d3db93afb71 P 63aee832695445d5adfa1060ff20e6f4 [term 1 LEARNER]: Replica starting. Triggering 0 pending ops. Active config: opid_index: 2 OBSOLETE_local: false peers { permanent_uuid: "076bc230ad2240c0874802506e2959bc" member_type: VOTER last_known_addr { host: "127.26.184.129" port: 33377 } attrs { replace: true } } peers { permanent_uuid: "7de377586dbd460981a7b2d14bac747c" member_type: VOTER last_known_addr { host: "127.26.184.130" port: 41017 } } peers { permanent_uuid: "76290ba8c4774b9f9a00e8bac6621b69" member_type: VOTER last_known_addr { host: "127.26.184.131" port: 39805 } } peers { permanent_uuid: "63aee832695445d5adfa1060ff20e6f4" member_type: NON_VOTER last_known_addr { host: "127.26.184.132" port: 37939 } attrs { promote: true } }
I20260630 12:31:25.543844 30795 raft_consensus.cc:740] T e28ede8d2727497db31f0d3db93afb71 P 63aee832695445d5adfa1060ff20e6f4 [term 1 LEARNER]: Becoming Follower/Learner. State: Replica: 63aee832695445d5adfa1060ff20e6f4, State: Initialized, Role: LEARNER
I20260630 12:31:25.544690 30795 consensus_queue.cc:260] T e28ede8d2727497db31f0d3db93afb71 P 63aee832695445d5adfa1060ff20e6f4 [NON_LEADER]: Queue going to NON_LEADER mode. State: All replicated index: 0, Majority replicated index: 0, Committed index: 2, Last appended: 1.2, Last appended by leader: 2, Current term: 0, Majority size: -1, State: 0, Mode: NON_LEADER, active raft config: opid_index: 2 OBSOLETE_local: false peers { permanent_uuid: "076bc230ad2240c0874802506e2959bc" member_type: VOTER last_known_addr { host: "127.26.184.129" port: 33377 } attrs { replace: true } } peers { permanent_uuid: "7de377586dbd460981a7b2d14bac747c" member_type: VOTER last_known_addr { host: "127.26.184.130" port: 41017 } } peers { permanent_uuid: "76290ba8c4774b9f9a00e8bac6621b69" member_type: VOTER last_known_addr { host: "127.26.184.131" port: 39805 } } peers { permanent_uuid: "63aee832695445d5adfa1060ff20e6f4" member_type: NON_VOTER last_known_addr { host: "127.26.184.132" port: 37939 } attrs { promote: true } }
I20260630 12:31:25.547741 30795 ts_tablet_manager.cc:1434] T e28ede8d2727497db31f0d3db93afb71 P 63aee832695445d5adfa1060ff20e6f4: Time spent starting tablet: real 0.008s	user 0.002s	sys 0.004s
I20260630 12:31:25.549611 30454 tablet_copy_service.cc:342] P 7de377586dbd460981a7b2d14bac747c: Request end of tablet copy session 63aee832695445d5adfa1060ff20e6f4-e28ede8d2727497db31f0d3db93afb71 received from {username='slave'} at 127.0.0.1:59772
I20260630 12:31:25.550107 30454 tablet_copy_service.cc:434] P 7de377586dbd460981a7b2d14bac747c: ending tablet copy session 63aee832695445d5adfa1060ff20e6f4-e28ede8d2727497db31f0d3db93afb71 on tablet e28ede8d2727497db31f0d3db93afb71 with peer 63aee832695445d5adfa1060ff20e6f4
I20260630 12:31:25.582552 30795 ts_tablet_manager.cc:933] T 03e0d2a9f7dd4527ab9f3e0cb1020384 P 63aee832695445d5adfa1060ff20e6f4: Initiating tablet copy from peer 7de377586dbd460981a7b2d14bac747c (127.26.184.130:41017)
I20260630 12:31:25.584282 30795 tablet_copy_client.cc:323] T 03e0d2a9f7dd4527ab9f3e0cb1020384 P 63aee832695445d5adfa1060ff20e6f4: tablet copy: Beginning tablet copy session from remote peer at address 127.26.184.130:41017
I20260630 12:31:25.585955 30454 tablet_copy_service.cc:140] P 7de377586dbd460981a7b2d14bac747c: Received BeginTabletCopySession request for tablet 03e0d2a9f7dd4527ab9f3e0cb1020384 from peer 63aee832695445d5adfa1060ff20e6f4 ({username='slave'} at 127.0.0.1:59772)
I20260630 12:31:25.586493 30454 tablet_copy_service.cc:161] P 7de377586dbd460981a7b2d14bac747c: Beginning new tablet copy session on tablet 03e0d2a9f7dd4527ab9f3e0cb1020384 from peer 63aee832695445d5adfa1060ff20e6f4 at {username='slave'} at 127.0.0.1:59772: session id = 63aee832695445d5adfa1060ff20e6f4-03e0d2a9f7dd4527ab9f3e0cb1020384
I20260630 12:31:25.594575 30454 tablet_copy_source_session.cc:215] T 03e0d2a9f7dd4527ab9f3e0cb1020384 P 7de377586dbd460981a7b2d14bac747c: Tablet Copy: opened 0 blocks and 1 log segments
I20260630 12:31:25.600040 30795 data_dirs.cc:400] Could only allocate 1 dirs of requested 3 for tablet 03e0d2a9f7dd4527ab9f3e0cb1020384. 1 dirs total, 0 dirs full, 0 dirs failed
I20260630 12:31:25.600780 30590 raft_consensus.cc:993] T e28ede8d2727497db31f0d3db93afb71 P 7de377586dbd460981a7b2d14bac747c: : Instructing follower 076bc230ad2240c0874802506e2959bc to start an election
I20260630 12:31:25.601311 30761 raft_consensus.cc:1081] T e28ede8d2727497db31f0d3db93afb71 P 7de377586dbd460981a7b2d14bac747c [term 1 LEADER]: Signalling peer 076bc230ad2240c0874802506e2959bc to start an election
I20260630 12:31:25.603085 30367 tablet_service.cc:2044] Received Run Leader Election RPC: tablet_id: "e28ede8d2727497db31f0d3db93afb71"
dest_uuid: "076bc230ad2240c0874802506e2959bc"
 from {username='slave'} at 127.0.0.1:56820
I20260630 12:31:25.603575 30367 raft_consensus.cc:493] T e28ede8d2727497db31f0d3db93afb71 P 076bc230ad2240c0874802506e2959bc [term 1 FOLLOWER]: Starting forced leader election (received explicit request)
I20260630 12:31:25.603945 30367 raft_consensus.cc:3060] T e28ede8d2727497db31f0d3db93afb71 P 076bc230ad2240c0874802506e2959bc [term 1 FOLLOWER]: Advancing to term 2
I20260630 12:31:25.609419 30367 raft_consensus.cc:515] T e28ede8d2727497db31f0d3db93afb71 P 076bc230ad2240c0874802506e2959bc [term 2 FOLLOWER]: Starting forced leader election with config: opid_index: 2 OBSOLETE_local: false peers { permanent_uuid: "076bc230ad2240c0874802506e2959bc" member_type: VOTER last_known_addr { host: "127.26.184.129" port: 33377 } attrs { replace: true } } peers { permanent_uuid: "7de377586dbd460981a7b2d14bac747c" member_type: VOTER last_known_addr { host: "127.26.184.130" port: 41017 } } peers { permanent_uuid: "76290ba8c4774b9f9a00e8bac6621b69" member_type: VOTER last_known_addr { host: "127.26.184.131" port: 39805 } } peers { permanent_uuid: "63aee832695445d5adfa1060ff20e6f4" member_type: NON_VOTER last_known_addr { host: "127.26.184.132" port: 37939 } attrs { promote: true } }
I20260630 12:31:25.611290 30367 leader_election.cc:290] T e28ede8d2727497db31f0d3db93afb71 P 076bc230ad2240c0874802506e2959bc [CANDIDATE]: Term 2 election: Requested vote from peers 7de377586dbd460981a7b2d14bac747c (127.26.184.130:41017), 76290ba8c4774b9f9a00e8bac6621b69 (127.26.184.131:39805)
I20260630 12:31:25.612386 30514 tablet_service.cc:1917] Received RequestConsensusVote() RPC: tablet_id: "e28ede8d2727497db31f0d3db93afb71" candidate_uuid: "076bc230ad2240c0874802506e2959bc" candidate_term: 2 candidate_status { last_received { term: 1 index: 2 } } ignore_live_leader: true dest_uuid: "76290ba8c4774b9f9a00e8bac6621b69"
I20260630 12:31:25.613039 30514 raft_consensus.cc:3060] T e28ede8d2727497db31f0d3db93afb71 P 76290ba8c4774b9f9a00e8bac6621b69 [term 1 FOLLOWER]: Advancing to term 2
I20260630 12:31:25.612412 30443 tablet_service.cc:1917] Received RequestConsensusVote() RPC: tablet_id: "e28ede8d2727497db31f0d3db93afb71" candidate_uuid: "076bc230ad2240c0874802506e2959bc" candidate_term: 2 candidate_status { last_received { term: 1 index: 2 } } ignore_live_leader: true dest_uuid: "7de377586dbd460981a7b2d14bac747c"
I20260630 12:31:25.614464 30443 raft_consensus.cc:3055] T e28ede8d2727497db31f0d3db93afb71 P 7de377586dbd460981a7b2d14bac747c [term 1 LEADER]: Stepping down as leader of term 1
I20260630 12:31:25.614796 30443 raft_consensus.cc:740] T e28ede8d2727497db31f0d3db93afb71 P 7de377586dbd460981a7b2d14bac747c [term 1 LEADER]: Becoming Follower/Learner. State: Replica: 7de377586dbd460981a7b2d14bac747c, State: Running, Role: LEADER
I20260630 12:31:25.615612 30443 consensus_queue.cc:260] T e28ede8d2727497db31f0d3db93afb71 P 7de377586dbd460981a7b2d14bac747c [NON_LEADER]: Queue going to NON_LEADER mode. State: All replicated index: 0, Majority replicated index: 2, Committed index: 2, Last appended: 1.2, Last appended by leader: 2, Current term: 1, Majority size: -1, State: 0, Mode: NON_LEADER, active raft config: opid_index: 2 OBSOLETE_local: false peers { permanent_uuid: "076bc230ad2240c0874802506e2959bc" member_type: VOTER last_known_addr { host: "127.26.184.129" port: 33377 } attrs { replace: true } } peers { permanent_uuid: "7de377586dbd460981a7b2d14bac747c" member_type: VOTER last_known_addr { host: "127.26.184.130" port: 41017 } } peers { permanent_uuid: "76290ba8c4774b9f9a00e8bac6621b69" member_type: VOTER last_known_addr { host: "127.26.184.131" port: 39805 } } peers { permanent_uuid: "63aee832695445d5adfa1060ff20e6f4" member_type: NON_VOTER last_known_addr { host: "127.26.184.132" port: 37939 } attrs { promote: true } }
I20260630 12:31:25.617161 30443 raft_consensus.cc:3060] T e28ede8d2727497db31f0d3db93afb71 P 7de377586dbd460981a7b2d14bac747c [term 1 FOLLOWER]: Advancing to term 2
I20260630 12:31:25.623430 30795 tablet_copy_client.cc:806] T 03e0d2a9f7dd4527ab9f3e0cb1020384 P 63aee832695445d5adfa1060ff20e6f4: tablet copy: Starting download of 0 data blocks...
I20260630 12:31:25.624347 30514 raft_consensus.cc:2468] T e28ede8d2727497db31f0d3db93afb71 P 76290ba8c4774b9f9a00e8bac6621b69 [term 2 FOLLOWER]: Leader election vote request: Granting yes vote for candidate 076bc230ad2240c0874802506e2959bc in term 2.
I20260630 12:31:25.624310 30795 tablet_copy_client.cc:670] T 03e0d2a9f7dd4527ab9f3e0cb1020384 P 63aee832695445d5adfa1060ff20e6f4: tablet copy: Starting download of 1 WAL segments...
I20260630 12:31:25.624783 30443 raft_consensus.cc:2468] T e28ede8d2727497db31f0d3db93afb71 P 7de377586dbd460981a7b2d14bac747c [term 2 FOLLOWER]: Leader election vote request: Granting yes vote for candidate 076bc230ad2240c0874802506e2959bc in term 2.
I20260630 12:31:25.625958 30335 leader_election.cc:304] T e28ede8d2727497db31f0d3db93afb71 P 076bc230ad2240c0874802506e2959bc [CANDIDATE]: Term 2 election: Election decided. Result: candidate won. Election summary: received 2 responses out of 3 voters: 2 yes votes; 0 no votes. yes voters: 076bc230ad2240c0874802506e2959bc, 76290ba8c4774b9f9a00e8bac6621b69; no voters: 
I20260630 12:31:25.627065 30737 raft_consensus.cc:2804] T e28ede8d2727497db31f0d3db93afb71 P 076bc230ad2240c0874802506e2959bc [term 2 FOLLOWER]: Leader election won for term 2
I20260630 12:31:25.627559 30737 raft_consensus.cc:697] T e28ede8d2727497db31f0d3db93afb71 P 076bc230ad2240c0874802506e2959bc [term 2 LEADER]: Becoming Leader. State: Replica: 076bc230ad2240c0874802506e2959bc, State: Running, Role: LEADER
I20260630 12:31:25.628402 30737 consensus_queue.cc:237] T e28ede8d2727497db31f0d3db93afb71 P 076bc230ad2240c0874802506e2959bc [LEADER]: Queue going to LEADER mode. State: All replicated index: 0, Majority replicated index: 2, Committed index: 2, Last appended: 1.2, Last appended by leader: 2, Current term: 2, Majority size: 2, State: 0, Mode: LEADER, active raft config: opid_index: 2 OBSOLETE_local: false peers { permanent_uuid: "076bc230ad2240c0874802506e2959bc" member_type: VOTER last_known_addr { host: "127.26.184.129" port: 33377 } attrs { replace: true } } peers { permanent_uuid: "7de377586dbd460981a7b2d14bac747c" member_type: VOTER last_known_addr { host: "127.26.184.130" port: 41017 } } peers { permanent_uuid: "76290ba8c4774b9f9a00e8bac6621b69" member_type: VOTER last_known_addr { host: "127.26.184.131" port: 39805 } } peers { permanent_uuid: "63aee832695445d5adfa1060ff20e6f4" member_type: NON_VOTER last_known_addr { host: "127.26.184.132" port: 37939 } attrs { promote: true } }
I20260630 12:31:25.629906 30795 tablet_copy_client.cc:538] T 03e0d2a9f7dd4527ab9f3e0cb1020384 P 63aee832695445d5adfa1060ff20e6f4: tablet copy: Tablet Copy complete. Replacing tablet superblock.
I20260630 12:31:25.639708 30795 tablet_bootstrap.cc:492] T 03e0d2a9f7dd4527ab9f3e0cb1020384 P 63aee832695445d5adfa1060ff20e6f4: Bootstrap starting.
I20260630 12:31:25.639035 30264 catalog_manager.cc:5697] T e28ede8d2727497db31f0d3db93afb71 P 076bc230ad2240c0874802506e2959bc reported cstate change: term changed from 1 to 2, leader changed from 7de377586dbd460981a7b2d14bac747c (127.26.184.130) to 076bc230ad2240c0874802506e2959bc (127.26.184.129). New cstate: current_term: 2 leader_uuid: "076bc230ad2240c0874802506e2959bc" committed_config { opid_index: 2 OBSOLETE_local: false peers { permanent_uuid: "076bc230ad2240c0874802506e2959bc" member_type: VOTER last_known_addr { host: "127.26.184.129" port: 33377 } attrs { replace: true } health_report { overall_health: HEALTHY } } peers { permanent_uuid: "7de377586dbd460981a7b2d14bac747c" member_type: VOTER last_known_addr { host: "127.26.184.130" port: 41017 } health_report { overall_health: UNKNOWN } } peers { permanent_uuid: "76290ba8c4774b9f9a00e8bac6621b69" member_type: VOTER last_known_addr { host: "127.26.184.131" port: 39805 } health_report { overall_health: UNKNOWN } } peers { permanent_uuid: "63aee832695445d5adfa1060ff20e6f4" member_type: NON_VOTER last_known_addr { host: "127.26.184.132" port: 37939 } attrs { promote: true } health_report { overall_health: UNKNOWN } } }
I20260630 12:31:25.652168 30367 tablet_service.cc:2072] Received LeaderStepDown RPC: tablet_id: "e28ede8d2727497db31f0d3db93afb71"
dest_uuid: "076bc230ad2240c0874802506e2959bc"
mode: GRACEFUL
 from {username='slave'} at 127.0.0.1:56804
I20260630 12:31:25.652688 30367 raft_consensus.cc:606] T e28ede8d2727497db31f0d3db93afb71 P 076bc230ad2240c0874802506e2959bc [term 2 LEADER]: Received request to transfer leadership
I20260630 12:31:25.655835 30367 tablet_service.cc:2072] Received LeaderStepDown RPC: tablet_id: "e28ede8d2727497db31f0d3db93afb71"
dest_uuid: "076bc230ad2240c0874802506e2959bc"
mode: GRACEFUL
 from {username='slave'} at 127.0.0.1:56804
I20260630 12:31:25.656411 30367 raft_consensus.cc:606] T e28ede8d2727497db31f0d3db93afb71 P 076bc230ad2240c0874802506e2959bc [term 2 LEADER]: Received request to transfer leadership
W20260630 12:31:25.657421 30253 proxy.cc:239] Call had error, refreshing address and retrying: Remote error: Service unavailable: leadership transfer for e28ede8d2727497db31f0d3db93afb71 already in progress
I20260630 12:31:25.660250 30367 tablet_service.cc:2072] Received LeaderStepDown RPC: tablet_id: "e28ede8d2727497db31f0d3db93afb71"
dest_uuid: "076bc230ad2240c0874802506e2959bc"
mode: GRACEFUL
 from {username='slave'} at 127.0.0.1:56804
I20260630 12:31:25.660720 30367 raft_consensus.cc:606] T e28ede8d2727497db31f0d3db93afb71 P 076bc230ad2240c0874802506e2959bc [term 2 LEADER]: Received request to transfer leadership
I20260630 12:31:25.663025 30795 tablet_bootstrap.cc:492] T 03e0d2a9f7dd4527ab9f3e0cb1020384 P 63aee832695445d5adfa1060ff20e6f4: Bootstrap replayed 1/1 log segments. Stats: ops{read=2 overwritten=0 applied=2 ignored=0} inserts{seen=0 ignored=0} mutations{seen=0 ignored=0} orphaned_commits=0. Pending: 0 replicates
I20260630 12:31:25.664003 30795 tablet_bootstrap.cc:492] T 03e0d2a9f7dd4527ab9f3e0cb1020384 P 63aee832695445d5adfa1060ff20e6f4: Bootstrap complete.
I20260630 12:31:25.664634 30795 ts_tablet_manager.cc:1403] T 03e0d2a9f7dd4527ab9f3e0cb1020384 P 63aee832695445d5adfa1060ff20e6f4: Time spent bootstrapping tablet: real 0.025s	user 0.019s	sys 0.000s
I20260630 12:31:25.667517 30795 raft_consensus.cc:359] T 03e0d2a9f7dd4527ab9f3e0cb1020384 P 63aee832695445d5adfa1060ff20e6f4 [term 1 LEARNER]: Replica starting. Triggering 0 pending ops. Active config: opid_index: 2 OBSOLETE_local: false peers { permanent_uuid: "076bc230ad2240c0874802506e2959bc" member_type: VOTER last_known_addr { host: "127.26.184.129" port: 33377 } attrs { replace: true } } peers { permanent_uuid: "7de377586dbd460981a7b2d14bac747c" member_type: VOTER last_known_addr { host: "127.26.184.130" port: 41017 } } peers { permanent_uuid: "76290ba8c4774b9f9a00e8bac6621b69" member_type: VOTER last_known_addr { host: "127.26.184.131" port: 39805 } } peers { permanent_uuid: "63aee832695445d5adfa1060ff20e6f4" member_type: NON_VOTER last_known_addr { host: "127.26.184.132" port: 37939 } attrs { promote: true } }
I20260630 12:31:25.668345 30795 raft_consensus.cc:740] T 03e0d2a9f7dd4527ab9f3e0cb1020384 P 63aee832695445d5adfa1060ff20e6f4 [term 1 LEARNER]: Becoming Follower/Learner. State: Replica: 63aee832695445d5adfa1060ff20e6f4, State: Initialized, Role: LEARNER
I20260630 12:31:25.668996 30795 consensus_queue.cc:260] T 03e0d2a9f7dd4527ab9f3e0cb1020384 P 63aee832695445d5adfa1060ff20e6f4 [NON_LEADER]: Queue going to NON_LEADER mode. State: All replicated index: 0, Majority replicated index: 0, Committed index: 2, Last appended: 1.2, Last appended by leader: 2, Current term: 0, Majority size: -1, State: 0, Mode: NON_LEADER, active raft config: opid_index: 2 OBSOLETE_local: false peers { permanent_uuid: "076bc230ad2240c0874802506e2959bc" member_type: VOTER last_known_addr { host: "127.26.184.129" port: 33377 } attrs { replace: true } } peers { permanent_uuid: "7de377586dbd460981a7b2d14bac747c" member_type: VOTER last_known_addr { host: "127.26.184.130" port: 41017 } } peers { permanent_uuid: "76290ba8c4774b9f9a00e8bac6621b69" member_type: VOTER last_known_addr { host: "127.26.184.131" port: 39805 } } peers { permanent_uuid: "63aee832695445d5adfa1060ff20e6f4" member_type: NON_VOTER last_known_addr { host: "127.26.184.132" port: 37939 } attrs { promote: true } }
I20260630 12:31:25.671221 30795 ts_tablet_manager.cc:1434] T 03e0d2a9f7dd4527ab9f3e0cb1020384 P 63aee832695445d5adfa1060ff20e6f4: Time spent starting tablet: real 0.006s	user 0.009s	sys 0.000s
I20260630 12:31:25.672932 30454 tablet_copy_service.cc:342] P 7de377586dbd460981a7b2d14bac747c: Request end of tablet copy session 63aee832695445d5adfa1060ff20e6f4-03e0d2a9f7dd4527ab9f3e0cb1020384 received from {username='slave'} at 127.0.0.1:59772
I20260630 12:31:25.673317 30454 tablet_copy_service.cc:434] P 7de377586dbd460981a7b2d14bac747c: ending tablet copy session 63aee832695445d5adfa1060ff20e6f4-03e0d2a9f7dd4527ab9f3e0cb1020384 on tablet 03e0d2a9f7dd4527ab9f3e0cb1020384 with peer 63aee832695445d5adfa1060ff20e6f4
I20260630 12:31:25.704224 30443 raft_consensus.cc:1275] T 6885f055239e410799ed633e8e4728d9 P 7de377586dbd460981a7b2d14bac747c [term 2 FOLLOWER]: Refusing update from remote peer 76290ba8c4774b9f9a00e8bac6621b69: Log matching property violated. Preceding OpId in replica: term: 1 index: 1. Preceding OpId from leader: term: 2 index: 2. (index mismatch)
I20260630 12:31:25.706568 30569 consensus_queue.cc:1048] T 6885f055239e410799ed633e8e4728d9 P 76290ba8c4774b9f9a00e8bac6621b69 [LEADER]: Connected to new peer: Peer: permanent_uuid: "7de377586dbd460981a7b2d14bac747c" member_type: VOTER last_known_addr { host: "127.26.184.130" port: 41017 }, Status: LMP_MISMATCH, Last received: 0.0, Next index: 2, Last known committed idx: 1, Time since last communication: 0.000s
I20260630 12:31:25.714690 30367 raft_consensus.cc:1275] T 76604d47716d4106a6ac80460638271b P 076bc230ad2240c0874802506e2959bc [term 2 FOLLOWER]: Refusing update from remote peer 76290ba8c4774b9f9a00e8bac6621b69: Log matching property violated. Preceding OpId in replica: term: 1 index: 1. Preceding OpId from leader: term: 2 index: 2. (index mismatch)
I20260630 12:31:25.717092 30786 consensus_queue.cc:1048] T 76604d47716d4106a6ac80460638271b P 76290ba8c4774b9f9a00e8bac6621b69 [LEADER]: Connected to new peer: Peer: permanent_uuid: "076bc230ad2240c0874802506e2959bc" member_type: VOTER last_known_addr { host: "127.26.184.129" port: 33377 }, Status: LMP_MISMATCH, Last received: 0.0, Next index: 2, Last known committed idx: 1, Time since last communication: 0.001s
I20260630 12:31:25.717866 30367 raft_consensus.cc:1275] T 6885f055239e410799ed633e8e4728d9 P 076bc230ad2240c0874802506e2959bc [term 2 FOLLOWER]: Refusing update from remote peer 76290ba8c4774b9f9a00e8bac6621b69: Log matching property violated. Preceding OpId in replica: term: 1 index: 1. Preceding OpId from leader: term: 2 index: 2. (index mismatch)
I20260630 12:31:25.720419 30569 consensus_queue.cc:1048] T 6885f055239e410799ed633e8e4728d9 P 76290ba8c4774b9f9a00e8bac6621b69 [LEADER]: Connected to new peer: Peer: permanent_uuid: "076bc230ad2240c0874802506e2959bc" member_type: VOTER last_known_addr { host: "127.26.184.129" port: 33377 }, Status: LMP_MISMATCH, Last received: 0.0, Next index: 2, Last known committed idx: 1, Time since last communication: 0.001s
I20260630 12:31:25.736917 30443 raft_consensus.cc:1275] T 76604d47716d4106a6ac80460638271b P 7de377586dbd460981a7b2d14bac747c [term 2 FOLLOWER]: Refusing update from remote peer 76290ba8c4774b9f9a00e8bac6621b69: Log matching property violated. Preceding OpId in replica: term: 1 index: 1. Preceding OpId from leader: term: 2 index: 2. (index mismatch)
I20260630 12:31:25.738739 30586 consensus_queue.cc:1048] T 76604d47716d4106a6ac80460638271b P 76290ba8c4774b9f9a00e8bac6621b69 [LEADER]: Connected to new peer: Peer: permanent_uuid: "7de377586dbd460981a7b2d14bac747c" member_type: VOTER last_known_addr { host: "127.26.184.130" port: 41017 }, Status: LMP_MISMATCH, Last received: 0.0, Next index: 2, Last known committed idx: 1, Time since last communication: 0.000s
I20260630 12:31:25.819083 30514 raft_consensus.cc:1275] T 7281c0e83f514fd2bd53c488342b4b17 P 76290ba8c4774b9f9a00e8bac6621b69 [term 2 FOLLOWER]: Refusing update from remote peer 076bc230ad2240c0874802506e2959bc: Log matching property violated. Preceding OpId in replica: term: 1 index: 1. Preceding OpId from leader: term: 2 index: 2. (index mismatch)
I20260630 12:31:25.820346 30737 consensus_queue.cc:1048] T 7281c0e83f514fd2bd53c488342b4b17 P 076bc230ad2240c0874802506e2959bc [LEADER]: Connected to new peer: Peer: permanent_uuid: "76290ba8c4774b9f9a00e8bac6621b69" member_type: VOTER last_known_addr { host: "127.26.184.131" port: 39805 }, Status: LMP_MISMATCH, Last received: 0.0, Next index: 2, Last known committed idx: 1, Time since last communication: 0.000s
