I20260630 12:31:24.601824 23633 tablet_bootstrap.cc:492] T 6b51a0a8b7fc46a6a504b403734ffd0f P 0353abcdd6bb4d3380f95ab93de2dccc: Bootstrap starting.
I20260630 12:31:24.605875 23596 tablet_service.cc:1917] Received RequestConsensusVote() RPC: tablet_id: "a7966ad9d8b948ddb806fb7645cd3c76" candidate_uuid: "2354740d8d55410e87c8ac29cb505e9a" candidate_term: 1 candidate_status { last_received { term: 0 index: 0 } } ignore_live_leader: false dest_uuid: "bea6301d1ff14fe090eb5ea4834eb480"
I20260630 12:31:24.606068 23547 raft_consensus.cc:493] T 118ae224914c430dbc06e338b1f958ba P 2354740d8d55410e87c8ac29cb505e9a [term 0 FOLLOWER]: Starting pre-election (no leader contacted us within the election timeout)
I20260630 12:31:24.606660 23547 raft_consensus.cc:515] T 118ae224914c430dbc06e338b1f958ba P 2354740d8d55410e87c8ac29cb505e9a [term 0 FOLLOWER]: Starting pre-election with config: opid_index: -1 OBSOLETE_local: false peers { permanent_uuid: "bea6301d1ff14fe090eb5ea4834eb480" member_type: VOTER last_known_addr { host: "127.19.207.4" port: 42789 } } peers { permanent_uuid: "2354740d8d55410e87c8ac29cb505e9a" member_type: VOTER last_known_addr { host: "127.19.207.3" port: 42409 } } peers { permanent_uuid: "0353abcdd6bb4d3380f95ab93de2dccc" member_type: VOTER last_known_addr { host: "127.19.207.1" port: 42717 } }
I20260630 12:31:24.606630 23596 raft_consensus.cc:3060] T a7966ad9d8b948ddb806fb7645cd3c76 P bea6301d1ff14fe090eb5ea4834eb480 [term 0 FOLLOWER]: Advancing to term 1
I20260630 12:31:24.608804 23633 tablet_bootstrap.cc:654] T 6b51a0a8b7fc46a6a504b403734ffd0f P 0353abcdd6bb4d3380f95ab93de2dccc: Neither blocks nor log segments found. Creating new log.
I20260630 12:31:24.612850 23547 leader_election.cc:290] T 118ae224914c430dbc06e338b1f958ba P 2354740d8d55410e87c8ac29cb505e9a [CANDIDATE]: Term 1 pre-election: Requested pre-vote from peers bea6301d1ff14fe090eb5ea4834eb480 (127.19.207.4:42789), 0353abcdd6bb4d3380f95ab93de2dccc (127.19.207.1:42717)
I20260630 12:31:24.614957 23635 tablet_bootstrap.cc:654] T 34005811cda648409a3256eb33a64e2e P bea6301d1ff14fe090eb5ea4834eb480: Neither blocks nor log segments found. Creating new log.
I20260630 12:31:24.615471 23271 raft_consensus.cc:2468] T a7966ad9d8b948ddb806fb7645cd3c76 P 0353abcdd6bb4d3380f95ab93de2dccc [term 1 FOLLOWER]: Leader election vote request: Granting yes vote for candidate 2354740d8d55410e87c8ac29cb505e9a in term 1.
I20260630 12:31:24.616191 23595 tablet_service.cc:1917] Received RequestConsensusVote() RPC: tablet_id: "118ae224914c430dbc06e338b1f958ba" candidate_uuid: "2354740d8d55410e87c8ac29cb505e9a" candidate_term: 1 candidate_status { last_received { term: 0 index: 0 } } ignore_live_leader: false dest_uuid: "bea6301d1ff14fe090eb5ea4834eb480" is_pre_election: true
I20260630 12:31:24.614813 23270 tablet_service.cc:1917] Received RequestConsensusVote() RPC: tablet_id: "118ae224914c430dbc06e338b1f958ba" candidate_uuid: "2354740d8d55410e87c8ac29cb505e9a" candidate_term: 1 candidate_status { last_received { term: 0 index: 0 } } ignore_live_leader: false dest_uuid: "0353abcdd6bb4d3380f95ab93de2dccc" is_pre_election: true
I20260630 12:31:24.619669 23270 raft_consensus.cc:2468] T 118ae224914c430dbc06e338b1f958ba P 0353abcdd6bb4d3380f95ab93de2dccc [term 0 FOLLOWER]: Leader pre-election vote request: Granting yes vote for candidate 2354740d8d55410e87c8ac29cb505e9a in term 0.
I20260630 12:31:24.619812 23596 raft_consensus.cc:2468] T a7966ad9d8b948ddb806fb7645cd3c76 P bea6301d1ff14fe090eb5ea4834eb480 [term 1 FOLLOWER]: Leader election vote request: Granting yes vote for candidate 2354740d8d55410e87c8ac29cb505e9a in term 1.
I20260630 12:31:24.620968 23386 leader_election.cc:304] T 118ae224914c430dbc06e338b1f958ba P 2354740d8d55410e87c8ac29cb505e9a [CANDIDATE]: Term 1 pre-election: Election decided. Result: candidate won. Election summary: received 2 responses out of 3 voters: 2 yes votes; 0 no votes. yes voters: 0353abcdd6bb4d3380f95ab93de2dccc, 2354740d8d55410e87c8ac29cb505e9a; no voters: 
I20260630 12:31:24.621806 23547 raft_consensus.cc:2804] T 118ae224914c430dbc06e338b1f958ba P 2354740d8d55410e87c8ac29cb505e9a [term 0 FOLLOWER]: Leader pre-election won for term 1
I20260630 12:31:24.622247 23547 raft_consensus.cc:493] T 118ae224914c430dbc06e338b1f958ba P 2354740d8d55410e87c8ac29cb505e9a [term 0 FOLLOWER]: Starting leader election (no leader contacted us within the election timeout)
W20260630 12:31:24.622454 23387 leader_election.cc:343] T 118ae224914c430dbc06e338b1f958ba P 2354740d8d55410e87c8ac29cb505e9a [CANDIDATE]: Term 1 pre-election: Tablet error from VoteRequest() call to peer bea6301d1ff14fe090eb5ea4834eb480 (127.19.207.4:42789): Illegal state: must be running to vote when last-logged opid is not known
I20260630 12:31:24.622726 23547 raft_consensus.cc:3060] T 118ae224914c430dbc06e338b1f958ba P 2354740d8d55410e87c8ac29cb505e9a [term 0 FOLLOWER]: Advancing to term 1
I20260630 12:31:24.623435 23387 leader_election.cc:304] T a7966ad9d8b948ddb806fb7645cd3c76 P 2354740d8d55410e87c8ac29cb505e9a [CANDIDATE]: Term 1 election: Election decided. Result: candidate won. Election summary: received 2 responses out of 3 voters: 2 yes votes; 0 no votes. yes voters: 2354740d8d55410e87c8ac29cb505e9a, bea6301d1ff14fe090eb5ea4834eb480; no voters: 
I20260630 12:31:24.624818 23503 raft_consensus.cc:2804] T a7966ad9d8b948ddb806fb7645cd3c76 P 2354740d8d55410e87c8ac29cb505e9a [term 1 FOLLOWER]: Leader election won for term 1
I20260630 12:31:24.624264 23167 catalog_manager.cc:5697] T eace492b407e4dc2aa777c973e39bcef P 0353abcdd6bb4d3380f95ab93de2dccc reported cstate change: term changed from 0 to 1, leader changed from <none> to 0353abcdd6bb4d3380f95ab93de2dccc (127.19.207.1). New cstate: current_term: 1 leader_uuid: "0353abcdd6bb4d3380f95ab93de2dccc" committed_config { opid_index: -1 OBSOLETE_local: false peers { permanent_uuid: "0353abcdd6bb4d3380f95ab93de2dccc" member_type: VOTER last_known_addr { host: "127.19.207.1" port: 42717 } health_report { overall_health: HEALTHY } } peers { permanent_uuid: "2a29c618363f4bfbb35e7a9d9c40fdc1" member_type: VOTER last_known_addr { host: "127.19.207.2" port: 45575 } health_report { overall_health: UNKNOWN } } peers { permanent_uuid: "bea6301d1ff14fe090eb5ea4834eb480" member_type: VOTER last_known_addr { host: "127.19.207.4" port: 42789 } health_report { overall_health: UNKNOWN } } }
I20260630 12:31:24.626292 23503 raft_consensus.cc:697] T a7966ad9d8b948ddb806fb7645cd3c76 P 2354740d8d55410e87c8ac29cb505e9a [term 1 LEADER]: Becoming Leader. State: Replica: 2354740d8d55410e87c8ac29cb505e9a, State: Running, Role: LEADER
I20260630 12:31:24.627108 23503 consensus_queue.cc:237] T a7966ad9d8b948ddb806fb7645cd3c76 P 2354740d8d55410e87c8ac29cb505e9a [LEADER]: Queue going to LEADER mode. State: All replicated index: 0, Majority replicated index: 0, Committed index: 0, Last appended: 0.0, Last appended by leader: 0, Current term: 1, Majority size: 2, State: 0, Mode: LEADER, active raft config: opid_index: -1 OBSOLETE_local: false peers { permanent_uuid: "bea6301d1ff14fe090eb5ea4834eb480" member_type: VOTER last_known_addr { host: "127.19.207.4" port: 42789 } } peers { permanent_uuid: "2354740d8d55410e87c8ac29cb505e9a" member_type: VOTER last_known_addr { host: "127.19.207.3" port: 42409 } } peers { permanent_uuid: "0353abcdd6bb4d3380f95ab93de2dccc" member_type: VOTER last_known_addr { host: "127.19.207.1" port: 42717 } }
I20260630 12:31:24.632658 23547 raft_consensus.cc:515] T 118ae224914c430dbc06e338b1f958ba P 2354740d8d55410e87c8ac29cb505e9a [term 1 FOLLOWER]: Starting leader election with config: opid_index: -1 OBSOLETE_local: false peers { permanent_uuid: "bea6301d1ff14fe090eb5ea4834eb480" member_type: VOTER last_known_addr { host: "127.19.207.4" port: 42789 } } peers { permanent_uuid: "2354740d8d55410e87c8ac29cb505e9a" member_type: VOTER last_known_addr { host: "127.19.207.3" port: 42409 } } peers { permanent_uuid: "0353abcdd6bb4d3380f95ab93de2dccc" member_type: VOTER last_known_addr { host: "127.19.207.1" port: 42717 } }
I20260630 12:31:24.635780 23596 tablet_service.cc:1917] Received RequestConsensusVote() RPC: tablet_id: "118ae224914c430dbc06e338b1f958ba" candidate_uuid: "2354740d8d55410e87c8ac29cb505e9a" candidate_term: 1 candidate_status { last_received { term: 0 index: 0 } } ignore_live_leader: false dest_uuid: "bea6301d1ff14fe090eb5ea4834eb480"
W20260630 12:31:24.637420 23387 leader_election.cc:343] T 118ae224914c430dbc06e338b1f958ba P 2354740d8d55410e87c8ac29cb505e9a [CANDIDATE]: Term 1 election: Tablet error from VoteRequest() call to peer bea6301d1ff14fe090eb5ea4834eb480 (127.19.207.4:42789): Illegal state: must be running to vote when last-logged opid is not known
I20260630 12:31:24.642675 23635 tablet_bootstrap.cc:492] T 34005811cda648409a3256eb33a64e2e P bea6301d1ff14fe090eb5ea4834eb480: No bootstrap required, opened a new log
I20260630 12:31:24.643205 23635 ts_tablet_manager.cc:1403] T 34005811cda648409a3256eb33a64e2e P bea6301d1ff14fe090eb5ea4834eb480: Time spent bootstrapping tablet: real 0.050s	user 0.008s	sys 0.010s
I20260630 12:31:24.643561 23168 catalog_manager.cc:5697] T a7966ad9d8b948ddb806fb7645cd3c76 P 2354740d8d55410e87c8ac29cb505e9a reported cstate change: term changed from 0 to 1, leader changed from <none> to 2354740d8d55410e87c8ac29cb505e9a (127.19.207.3). New cstate: current_term: 1 leader_uuid: "2354740d8d55410e87c8ac29cb505e9a" committed_config { opid_index: -1 OBSOLETE_local: false peers { permanent_uuid: "bea6301d1ff14fe090eb5ea4834eb480" member_type: VOTER last_known_addr { host: "127.19.207.4" port: 42789 } health_report { overall_health: UNKNOWN } } peers { permanent_uuid: "2354740d8d55410e87c8ac29cb505e9a" member_type: VOTER last_known_addr { host: "127.19.207.3" port: 42409 } health_report { overall_health: HEALTHY } } peers { permanent_uuid: "0353abcdd6bb4d3380f95ab93de2dccc" member_type: VOTER last_known_addr { host: "127.19.207.1" port: 42717 } health_report { overall_health: UNKNOWN } } }
I20260630 12:31:24.646986 23270 tablet_service.cc:1917] Received RequestConsensusVote() RPC: tablet_id: "118ae224914c430dbc06e338b1f958ba" candidate_uuid: "2354740d8d55410e87c8ac29cb505e9a" candidate_term: 1 candidate_status { last_received { term: 0 index: 0 } } ignore_live_leader: false dest_uuid: "0353abcdd6bb4d3380f95ab93de2dccc"
I20260630 12:31:24.646849 23635 raft_consensus.cc:359] T 34005811cda648409a3256eb33a64e2e P bea6301d1ff14fe090eb5ea4834eb480 [term 0 FOLLOWER]: Replica starting. Triggering 0 pending ops. Active config: opid_index: -1 OBSOLETE_local: false peers { permanent_uuid: "0353abcdd6bb4d3380f95ab93de2dccc" member_type: VOTER last_known_addr { host: "127.19.207.1" port: 42717 } } peers { permanent_uuid: "2a29c618363f4bfbb35e7a9d9c40fdc1" member_type: VOTER last_known_addr { host: "127.19.207.2" port: 45575 } } peers { permanent_uuid: "bea6301d1ff14fe090eb5ea4834eb480" member_type: VOTER last_known_addr { host: "127.19.207.4" port: 42789 } }
I20260630 12:31:24.647691 23270 raft_consensus.cc:3060] T 118ae224914c430dbc06e338b1f958ba P 0353abcdd6bb4d3380f95ab93de2dccc [term 0 FOLLOWER]: Advancing to term 1
I20260630 12:31:24.647897 23635 raft_consensus.cc:385] T 34005811cda648409a3256eb33a64e2e P bea6301d1ff14fe090eb5ea4834eb480 [term 0 FOLLOWER]: Consensus starting up: Expiring failure detector timer to make a prompt election more likely
I20260630 12:31:24.648365 23635 raft_consensus.cc:740] T 34005811cda648409a3256eb33a64e2e P bea6301d1ff14fe090eb5ea4834eb480 [term 0 FOLLOWER]: Becoming Follower/Learner. State: Replica: bea6301d1ff14fe090eb5ea4834eb480, State: Initialized, Role: FOLLOWER
I20260630 12:31:24.649281 23635 consensus_queue.cc:260] T 34005811cda648409a3256eb33a64e2e P bea6301d1ff14fe090eb5ea4834eb480 [NON_LEADER]: Queue going to NON_LEADER mode. State: All replicated index: 0, Majority replicated index: 0, Committed index: 0, Last appended: 0.0, Last appended by leader: 0, Current term: 0, Majority size: -1, State: 0, Mode: NON_LEADER, active raft config: opid_index: -1 OBSOLETE_local: false peers { permanent_uuid: "0353abcdd6bb4d3380f95ab93de2dccc" member_type: VOTER last_known_addr { host: "127.19.207.1" port: 42717 } } peers { permanent_uuid: "2a29c618363f4bfbb35e7a9d9c40fdc1" member_type: VOTER last_known_addr { host: "127.19.207.2" port: 45575 } } peers { permanent_uuid: "bea6301d1ff14fe090eb5ea4834eb480" member_type: VOTER last_known_addr { host: "127.19.207.4" port: 42789 } }
I20260630 12:31:24.652997 23633 tablet_bootstrap.cc:492] T 6b51a0a8b7fc46a6a504b403734ffd0f P 0353abcdd6bb4d3380f95ab93de2dccc: No bootstrap required, opened a new log
I20260630 12:31:24.653623 23633 ts_tablet_manager.cc:1403] T 6b51a0a8b7fc46a6a504b403734ffd0f P 0353abcdd6bb4d3380f95ab93de2dccc: Time spent bootstrapping tablet: real 0.052s	user 0.006s	sys 0.014s
I20260630 12:31:24.618002 23632 ts_tablet_manager.cc:1434] T e698e9b37dc6499eb30454c255a33044 P 2354740d8d55410e87c8ac29cb505e9a: Time spent starting tablet: real 0.037s	user 0.004s	sys 0.003s
I20260630 12:31:24.661072 23270 raft_consensus.cc:2468] T 118ae224914c430dbc06e338b1f958ba P 0353abcdd6bb4d3380f95ab93de2dccc [term 1 FOLLOWER]: Leader election vote request: Granting yes vote for candidate 2354740d8d55410e87c8ac29cb505e9a in term 1.
I20260630 12:31:24.660697 23633 raft_consensus.cc:359] T 6b51a0a8b7fc46a6a504b403734ffd0f P 0353abcdd6bb4d3380f95ab93de2dccc [term 0 FOLLOWER]: Replica starting. Triggering 0 pending ops. Active config: opid_index: -1 OBSOLETE_local: false peers { permanent_uuid: "0353abcdd6bb4d3380f95ab93de2dccc" member_type: VOTER last_known_addr { host: "127.19.207.1" port: 42717 } } peers { permanent_uuid: "bea6301d1ff14fe090eb5ea4834eb480" member_type: VOTER last_known_addr { host: "127.19.207.4" port: 42789 } } peers { permanent_uuid: "2a29c618363f4bfbb35e7a9d9c40fdc1" member_type: VOTER last_known_addr { host: "127.19.207.2" port: 45575 } }
I20260630 12:31:24.661693 23633 raft_consensus.cc:385] T 6b51a0a8b7fc46a6a504b403734ffd0f P 0353abcdd6bb4d3380f95ab93de2dccc [term 0 FOLLOWER]: Consensus starting up: Expiring failure detector timer to make a prompt election more likely
I20260630 12:31:24.662098 23633 raft_consensus.cc:740] T 6b51a0a8b7fc46a6a504b403734ffd0f P 0353abcdd6bb4d3380f95ab93de2dccc [term 0 FOLLOWER]: Becoming Follower/Learner. State: Replica: 0353abcdd6bb4d3380f95ab93de2dccc, State: Initialized, Role: FOLLOWER
I20260630 12:31:24.662967 23633 consensus_queue.cc:260] T 6b51a0a8b7fc46a6a504b403734ffd0f P 0353abcdd6bb4d3380f95ab93de2dccc [NON_LEADER]: Queue going to NON_LEADER mode. State: All replicated index: 0, Majority replicated index: 0, Committed index: 0, Last appended: 0.0, Last appended by leader: 0, Current term: 0, Majority size: -1, State: 0, Mode: NON_LEADER, active raft config: opid_index: -1 OBSOLETE_local: false peers { permanent_uuid: "0353abcdd6bb4d3380f95ab93de2dccc" member_type: VOTER last_known_addr { host: "127.19.207.1" port: 42717 } } peers { permanent_uuid: "bea6301d1ff14fe090eb5ea4834eb480" member_type: VOTER last_known_addr { host: "127.19.207.4" port: 42789 } } peers { permanent_uuid: "2a29c618363f4bfbb35e7a9d9c40fdc1" member_type: VOTER last_known_addr { host: "127.19.207.2" port: 45575 } }
I20260630 12:31:24.664085 23635 ts_tablet_manager.cc:1434] T 34005811cda648409a3256eb33a64e2e P bea6301d1ff14fe090eb5ea4834eb480: Time spent starting tablet: real 0.016s	user 0.009s	sys 0.001s
I20260630 12:31:24.664217 23386 leader_election.cc:304] T 118ae224914c430dbc06e338b1f958ba P 2354740d8d55410e87c8ac29cb505e9a [CANDIDATE]: Term 1 election: Election decided. Result: candidate won. Election summary: received 3 responses out of 3 voters: 2 yes votes; 1 no votes. yes voters: 0353abcdd6bb4d3380f95ab93de2dccc, 2354740d8d55410e87c8ac29cb505e9a; no voters: bea6301d1ff14fe090eb5ea4834eb480
I20260630 12:31:24.665148 23635 tablet_bootstrap.cc:492] T 6b51a0a8b7fc46a6a504b403734ffd0f P bea6301d1ff14fe090eb5ea4834eb480: Bootstrap starting.
I20260630 12:31:24.667251 23674 raft_consensus.cc:2804] T 118ae224914c430dbc06e338b1f958ba P 2354740d8d55410e87c8ac29cb505e9a [term 1 FOLLOWER]: Leader election won for term 1
I20260630 12:31:24.667783 23674 raft_consensus.cc:697] T 118ae224914c430dbc06e338b1f958ba P 2354740d8d55410e87c8ac29cb505e9a [term 1 LEADER]: Becoming Leader. State: Replica: 2354740d8d55410e87c8ac29cb505e9a, State: Running, Role: LEADER
I20260630 12:31:24.668565 23632 tablet_bootstrap.cc:492] T a65cbe54dd334791bed7b05ba390893c P 2354740d8d55410e87c8ac29cb505e9a: Bootstrap starting.
I20260630 12:31:24.669310 23674 consensus_queue.cc:237] T 118ae224914c430dbc06e338b1f958ba P 2354740d8d55410e87c8ac29cb505e9a [LEADER]: Queue going to LEADER mode. State: All replicated index: 0, Majority replicated index: 0, Committed index: 0, Last appended: 0.0, Last appended by leader: 0, Current term: 1, Majority size: 2, State: 0, Mode: LEADER, active raft config: opid_index: -1 OBSOLETE_local: false peers { permanent_uuid: "bea6301d1ff14fe090eb5ea4834eb480" member_type: VOTER last_known_addr { host: "127.19.207.4" port: 42789 } } peers { permanent_uuid: "2354740d8d55410e87c8ac29cb505e9a" member_type: VOTER last_known_addr { host: "127.19.207.3" port: 42409 } } peers { permanent_uuid: "0353abcdd6bb4d3380f95ab93de2dccc" member_type: VOTER last_known_addr { host: "127.19.207.1" port: 42717 } }
I20260630 12:31:24.674855 23635 tablet_bootstrap.cc:654] T 6b51a0a8b7fc46a6a504b403734ffd0f P bea6301d1ff14fe090eb5ea4834eb480: Neither blocks nor log segments found. Creating new log.
I20260630 12:31:24.644239 23547 leader_election.cc:290] T 118ae224914c430dbc06e338b1f958ba P 2354740d8d55410e87c8ac29cb505e9a [CANDIDATE]: Term 1 election: Requested vote from peers bea6301d1ff14fe090eb5ea4834eb480 (127.19.207.4:42789), 0353abcdd6bb4d3380f95ab93de2dccc (127.19.207.1:42717)
I20260630 12:31:24.677953 23633 ts_tablet_manager.cc:1434] T 6b51a0a8b7fc46a6a504b403734ffd0f P 0353abcdd6bb4d3380f95ab93de2dccc: Time spent starting tablet: real 0.024s	user 0.006s	sys 0.003s
I20260630 12:31:24.681779 23168 catalog_manager.cc:5697] T fa932d50df0044a489e00d93bdf446a7 P bea6301d1ff14fe090eb5ea4834eb480 reported cstate change: term changed from 0 to 1, leader changed from <none> to bea6301d1ff14fe090eb5ea4834eb480 (127.19.207.4). New cstate: current_term: 1 leader_uuid: "bea6301d1ff14fe090eb5ea4834eb480" committed_config { opid_index: -1 OBSOLETE_local: false peers { permanent_uuid: "bea6301d1ff14fe090eb5ea4834eb480" member_type: VOTER last_known_addr { host: "127.19.207.4" port: 42789 } health_report { overall_health: HEALTHY } } peers { permanent_uuid: "2a29c618363f4bfbb35e7a9d9c40fdc1" member_type: VOTER last_known_addr { host: "127.19.207.2" port: 45575 } health_report { overall_health: UNKNOWN } } peers { permanent_uuid: "2354740d8d55410e87c8ac29cb505e9a" member_type: VOTER last_known_addr { host: "127.19.207.3" port: 42409 } health_report { overall_health: UNKNOWN } } }
I20260630 12:31:24.683290 23632 tablet_bootstrap.cc:654] T a65cbe54dd334791bed7b05ba390893c P 2354740d8d55410e87c8ac29cb505e9a: Neither blocks nor log segments found. Creating new log.
I20260630 12:31:24.683987 23638 raft_consensus.cc:493] T e698e9b37dc6499eb30454c255a33044 P bea6301d1ff14fe090eb5ea4834eb480 [term 0 FOLLOWER]: Starting pre-election (no leader contacted us within the election timeout)
I20260630 12:31:24.684443 23638 raft_consensus.cc:515] T e698e9b37dc6499eb30454c255a33044 P bea6301d1ff14fe090eb5ea4834eb480 [term 0 FOLLOWER]: Starting pre-election with config: opid_index: -1 OBSOLETE_local: false peers { permanent_uuid: "2354740d8d55410e87c8ac29cb505e9a" member_type: VOTER last_known_addr { host: "127.19.207.3" port: 42409 } } peers { permanent_uuid: "2a29c618363f4bfbb35e7a9d9c40fdc1" member_type: VOTER last_known_addr { host: "127.19.207.2" port: 45575 } } peers { permanent_uuid: "bea6301d1ff14fe090eb5ea4834eb480" member_type: VOTER last_known_addr { host: "127.19.207.4" port: 42789 } }
I20260630 12:31:24.689731 23635 tablet_bootstrap.cc:492] T 6b51a0a8b7fc46a6a504b403734ffd0f P bea6301d1ff14fe090eb5ea4834eb480: No bootstrap required, opened a new log
I20260630 12:31:24.690237 23635 ts_tablet_manager.cc:1403] T 6b51a0a8b7fc46a6a504b403734ffd0f P bea6301d1ff14fe090eb5ea4834eb480: Time spent bootstrapping tablet: real 0.025s	user 0.015s	sys 0.006s
I20260630 12:31:24.690591 23346 tablet_service.cc:1917] Received RequestConsensusVote() RPC: tablet_id: "e698e9b37dc6499eb30454c255a33044" candidate_uuid: "bea6301d1ff14fe090eb5ea4834eb480" candidate_term: 1 candidate_status { last_received { term: 0 index: 0 } } ignore_live_leader: false dest_uuid: "2a29c618363f4bfbb35e7a9d9c40fdc1" is_pre_election: true
I20260630 12:31:24.691316 23346 raft_consensus.cc:2468] T e698e9b37dc6499eb30454c255a33044 P 2a29c618363f4bfbb35e7a9d9c40fdc1 [term 0 FOLLOWER]: Leader pre-election vote request: Granting yes vote for candidate bea6301d1ff14fe090eb5ea4834eb480 in term 0.
I20260630 12:31:24.692625 23560 leader_election.cc:304] T e698e9b37dc6499eb30454c255a33044 P bea6301d1ff14fe090eb5ea4834eb480 [CANDIDATE]: Term 1 pre-election: Election decided. Result: candidate won. Election summary: received 2 responses out of 3 voters: 2 yes votes; 0 no votes. yes voters: 2a29c618363f4bfbb35e7a9d9c40fdc1, bea6301d1ff14fe090eb5ea4834eb480; no voters: 
I20260630 12:31:24.693513 23655 raft_consensus.cc:2804] T e698e9b37dc6499eb30454c255a33044 P bea6301d1ff14fe090eb5ea4834eb480 [term 0 FOLLOWER]: Leader pre-election won for term 1
I20260630 12:31:24.693941 23655 raft_consensus.cc:493] T e698e9b37dc6499eb30454c255a33044 P bea6301d1ff14fe090eb5ea4834eb480 [term 0 FOLLOWER]: Starting leader election (no leader contacted us within the election timeout)
I20260630 12:31:24.693670 23635 raft_consensus.cc:359] T 6b51a0a8b7fc46a6a504b403734ffd0f P bea6301d1ff14fe090eb5ea4834eb480 [term 0 FOLLOWER]: Replica starting. Triggering 0 pending ops. Active config: opid_index: -1 OBSOLETE_local: false peers { permanent_uuid: "0353abcdd6bb4d3380f95ab93de2dccc" member_type: VOTER last_known_addr { host: "127.19.207.1" port: 42717 } } peers { permanent_uuid: "bea6301d1ff14fe090eb5ea4834eb480" member_type: VOTER last_known_addr { host: "127.19.207.4" port: 42789 } } peers { permanent_uuid: "2a29c618363f4bfbb35e7a9d9c40fdc1" member_type: VOTER last_known_addr { host: "127.19.207.2" port: 45575 } }
I20260630 12:31:24.694324 23655 raft_consensus.cc:3060] T e698e9b37dc6499eb30454c255a33044 P bea6301d1ff14fe090eb5ea4834eb480 [term 0 FOLLOWER]: Advancing to term 1
I20260630 12:31:24.694519 23635 raft_consensus.cc:385] T 6b51a0a8b7fc46a6a504b403734ffd0f P bea6301d1ff14fe090eb5ea4834eb480 [term 0 FOLLOWER]: Consensus starting up: Expiring failure detector timer to make a prompt election more likely
I20260630 12:31:24.694864 23635 raft_consensus.cc:740] T 6b51a0a8b7fc46a6a504b403734ffd0f P bea6301d1ff14fe090eb5ea4834eb480 [term 0 FOLLOWER]: Becoming Follower/Learner. State: Replica: bea6301d1ff14fe090eb5ea4834eb480, State: Initialized, Role: FOLLOWER
I20260630 12:31:24.694824 23167 catalog_manager.cc:5697] T 118ae224914c430dbc06e338b1f958ba P 2354740d8d55410e87c8ac29cb505e9a reported cstate change: term changed from 0 to 1, leader changed from <none> to 2354740d8d55410e87c8ac29cb505e9a (127.19.207.3). New cstate: current_term: 1 leader_uuid: "2354740d8d55410e87c8ac29cb505e9a" committed_config { opid_index: -1 OBSOLETE_local: false peers { permanent_uuid: "bea6301d1ff14fe090eb5ea4834eb480" member_type: VOTER last_known_addr { host: "127.19.207.4" port: 42789 } health_report { overall_health: UNKNOWN } } peers { permanent_uuid: "2354740d8d55410e87c8ac29cb505e9a" member_type: VOTER last_known_addr { host: "127.19.207.3" port: 42409 } health_report { overall_health: HEALTHY } } peers { permanent_uuid: "0353abcdd6bb4d3380f95ab93de2dccc" member_type: VOTER last_known_addr { host: "127.19.207.1" port: 42717 } health_report { overall_health: UNKNOWN } } }
I20260630 12:31:24.695736 23635 consensus_queue.cc:260] T 6b51a0a8b7fc46a6a504b403734ffd0f P bea6301d1ff14fe090eb5ea4834eb480 [NON_LEADER]: Queue going to NON_LEADER mode. State: All replicated index: 0, Majority replicated index: 0, Committed index: 0, Last appended: 0.0, Last appended by leader: 0, Current term: 0, Majority size: -1, State: 0, Mode: NON_LEADER, active raft config: opid_index: -1 OBSOLETE_local: false peers { permanent_uuid: "0353abcdd6bb4d3380f95ab93de2dccc" member_type: VOTER last_known_addr { host: "127.19.207.1" port: 42717 } } peers { permanent_uuid: "bea6301d1ff14fe090eb5ea4834eb480" member_type: VOTER last_known_addr { host: "127.19.207.4" port: 42789 } } peers { permanent_uuid: "2a29c618363f4bfbb35e7a9d9c40fdc1" member_type: VOTER last_known_addr { host: "127.19.207.2" port: 45575 } }
I20260630 12:31:24.699829 23420 tablet_service.cc:1917] Received RequestConsensusVote() RPC: tablet_id: "e698e9b37dc6499eb30454c255a33044" candidate_uuid: "bea6301d1ff14fe090eb5ea4834eb480" candidate_term: 1 candidate_status { last_received { term: 0 index: 0 } } ignore_live_leader: false dest_uuid: "2354740d8d55410e87c8ac29cb505e9a" is_pre_election: true
I20260630 12:31:24.700450 23420 raft_consensus.cc:2468] T e698e9b37dc6499eb30454c255a33044 P 2354740d8d55410e87c8ac29cb505e9a [term 0 FOLLOWER]: Leader pre-election vote request: Granting yes vote for candidate bea6301d1ff14fe090eb5ea4834eb480 in term 0.
I20260630 12:31:24.686689 23638 leader_election.cc:290] T e698e9b37dc6499eb30454c255a33044 P bea6301d1ff14fe090eb5ea4834eb480 [CANDIDATE]: Term 1 pre-election: Requested pre-vote from peers 2354740d8d55410e87c8ac29cb505e9a (127.19.207.3:42409), 2a29c618363f4bfbb35e7a9d9c40fdc1 (127.19.207.2:45575)
I20260630 12:31:24.702689 23638 raft_consensus.cc:493] T 6b51a0a8b7fc46a6a504b403734ffd0f P bea6301d1ff14fe090eb5ea4834eb480 [term 0 FOLLOWER]: Starting pre-election (no leader contacted us within the election timeout)
I20260630 12:31:24.703088 23638 raft_consensus.cc:515] T 6b51a0a8b7fc46a6a504b403734ffd0f P bea6301d1ff14fe090eb5ea4834eb480 [term 0 FOLLOWER]: Starting pre-election with config: opid_index: -1 OBSOLETE_local: false peers { permanent_uuid: "0353abcdd6bb4d3380f95ab93de2dccc" member_type: VOTER last_known_addr { host: "127.19.207.1" port: 42717 } } peers { permanent_uuid: "bea6301d1ff14fe090eb5ea4834eb480" member_type: VOTER last_known_addr { host: "127.19.207.4" port: 42789 } } peers { permanent_uuid: "2a29c618363f4bfbb35e7a9d9c40fdc1" member_type: VOTER last_known_addr { host: "127.19.207.2" port: 45575 } }
I20260630 12:31:24.705161 23635 ts_tablet_manager.cc:1434] T 6b51a0a8b7fc46a6a504b403734ffd0f P bea6301d1ff14fe090eb5ea4834eb480: Time spent starting tablet: real 0.015s	user 0.010s	sys 0.005s
I20260630 12:31:24.706135 23635 tablet_bootstrap.cc:492] T 118ae224914c430dbc06e338b1f958ba P bea6301d1ff14fe090eb5ea4834eb480: Bootstrap starting.
I20260630 12:31:24.711930 23638 leader_election.cc:290] T 6b51a0a8b7fc46a6a504b403734ffd0f P bea6301d1ff14fe090eb5ea4834eb480 [CANDIDATE]: Term 1 pre-election: Requested pre-vote from peers 0353abcdd6bb4d3380f95ab93de2dccc (127.19.207.1:42717), 2a29c618363f4bfbb35e7a9d9c40fdc1 (127.19.207.2:45575)
I20260630 12:31:24.713074 23346 tablet_service.cc:1917] Received RequestConsensusVote() RPC: tablet_id: "6b51a0a8b7fc46a6a504b403734ffd0f" candidate_uuid: "bea6301d1ff14fe090eb5ea4834eb480" candidate_term: 1 candidate_status { last_received { term: 0 index: 0 } } ignore_live_leader: false dest_uuid: "2a29c618363f4bfbb35e7a9d9c40fdc1" is_pre_election: true
I20260630 12:31:24.716809 23346 raft_consensus.cc:2468] T 6b51a0a8b7fc46a6a504b403734ffd0f P 2a29c618363f4bfbb35e7a9d9c40fdc1 [term 0 FOLLOWER]: Leader pre-election vote request: Granting yes vote for candidate bea6301d1ff14fe090eb5ea4834eb480 in term 0.
I20260630 12:31:24.722831 23635 tablet_bootstrap.cc:654] T 118ae224914c430dbc06e338b1f958ba P bea6301d1ff14fe090eb5ea4834eb480: Neither blocks nor log segments found. Creating new log.
I20260630 12:31:24.726540 23560 leader_election.cc:304] T 6b51a0a8b7fc46a6a504b403734ffd0f P bea6301d1ff14fe090eb5ea4834eb480 [CANDIDATE]: Term 1 pre-election: Election decided. Result: candidate won. Election summary: received 2 responses out of 3 voters: 2 yes votes; 0 no votes. yes voters: 2a29c618363f4bfbb35e7a9d9c40fdc1, bea6301d1ff14fe090eb5ea4834eb480; no voters: 
I20260630 12:31:24.736320 23679 raft_consensus.cc:2804] T 6b51a0a8b7fc46a6a504b403734ffd0f P bea6301d1ff14fe090eb5ea4834eb480 [term 0 FOLLOWER]: Leader pre-election won for term 1
I20260630 12:31:24.736855 23679 raft_consensus.cc:493] T 6b51a0a8b7fc46a6a504b403734ffd0f P bea6301d1ff14fe090eb5ea4834eb480 [term 0 FOLLOWER]: Starting leader election (no leader contacted us within the election timeout)
I20260630 12:31:24.737269 23679 raft_consensus.cc:3060] T 6b51a0a8b7fc46a6a504b403734ffd0f P bea6301d1ff14fe090eb5ea4834eb480 [term 0 FOLLOWER]: Advancing to term 1
I20260630 12:31:24.743096 23632 tablet_bootstrap.cc:492] T a65cbe54dd334791bed7b05ba390893c P 2354740d8d55410e87c8ac29cb505e9a: No bootstrap required, opened a new log
I20260630 12:31:24.743607 23632 ts_tablet_manager.cc:1403] T a65cbe54dd334791bed7b05ba390893c P 2354740d8d55410e87c8ac29cb505e9a: Time spent bootstrapping tablet: real 0.075s	user 0.008s	sys 0.008s
I20260630 12:31:24.744025 23655 raft_consensus.cc:515] T e698e9b37dc6499eb30454c255a33044 P bea6301d1ff14fe090eb5ea4834eb480 [term 1 FOLLOWER]: Starting leader election with config: opid_index: -1 OBSOLETE_local: false peers { permanent_uuid: "2354740d8d55410e87c8ac29cb505e9a" member_type: VOTER last_known_addr { host: "127.19.207.3" port: 42409 } } peers { permanent_uuid: "2a29c618363f4bfbb35e7a9d9c40fdc1" member_type: VOTER last_known_addr { host: "127.19.207.2" port: 45575 } } peers { permanent_uuid: "bea6301d1ff14fe090eb5ea4834eb480" member_type: VOTER last_known_addr { host: "127.19.207.4" port: 42789 } }
I20260630 12:31:24.746877 23635 tablet_bootstrap.cc:492] T 118ae224914c430dbc06e338b1f958ba P bea6301d1ff14fe090eb5ea4834eb480: No bootstrap required, opened a new log
I20260630 12:31:24.747397 23635 ts_tablet_manager.cc:1403] T 118ae224914c430dbc06e338b1f958ba P bea6301d1ff14fe090eb5ea4834eb480: Time spent bootstrapping tablet: real 0.041s	user 0.015s	sys 0.002s
I20260630 12:31:24.746788 23632 raft_consensus.cc:359] T a65cbe54dd334791bed7b05ba390893c P 2354740d8d55410e87c8ac29cb505e9a [term 0 FOLLOWER]: Replica starting. Triggering 0 pending ops. Active config: opid_index: -1 OBSOLETE_local: false peers { permanent_uuid: "bea6301d1ff14fe090eb5ea4834eb480" member_type: VOTER last_known_addr { host: "127.19.207.4" port: 42789 } } peers { permanent_uuid: "2354740d8d55410e87c8ac29cb505e9a" member_type: VOTER last_known_addr { host: "127.19.207.3" port: 42409 } } peers { permanent_uuid: "0353abcdd6bb4d3380f95ab93de2dccc" member_type: VOTER last_known_addr { host: "127.19.207.1" port: 42717 } }
I20260630 12:31:24.748703 23632 raft_consensus.cc:385] T a65cbe54dd334791bed7b05ba390893c P 2354740d8d55410e87c8ac29cb505e9a [term 0 FOLLOWER]: Consensus starting up: Expiring failure detector timer to make a prompt election more likely
I20260630 12:31:24.748986 23632 raft_consensus.cc:740] T a65cbe54dd334791bed7b05ba390893c P 2354740d8d55410e87c8ac29cb505e9a [term 0 FOLLOWER]: Becoming Follower/Learner. State: Replica: 2354740d8d55410e87c8ac29cb505e9a, State: Initialized, Role: FOLLOWER
I20260630 12:31:24.748906 23420 tablet_service.cc:1917] Received RequestConsensusVote() RPC: tablet_id: "e698e9b37dc6499eb30454c255a33044" candidate_uuid: "bea6301d1ff14fe090eb5ea4834eb480" candidate_term: 1 candidate_status { last_received { term: 0 index: 0 } } ignore_live_leader: false dest_uuid: "2354740d8d55410e87c8ac29cb505e9a"
I20260630 12:31:24.749783 23420 raft_consensus.cc:3060] T e698e9b37dc6499eb30454c255a33044 P 2354740d8d55410e87c8ac29cb505e9a [term 0 FOLLOWER]: Advancing to term 1
I20260630 12:31:24.750066 23632 consensus_queue.cc:260] T a65cbe54dd334791bed7b05ba390893c P 2354740d8d55410e87c8ac29cb505e9a [NON_LEADER]: Queue going to NON_LEADER mode. State: All replicated index: 0, Majority replicated index: 0, Committed index: 0, Last appended: 0.0, Last appended by leader: 0, Current term: 0, Majority size: -1, State: 0, Mode: NON_LEADER, active raft config: opid_index: -1 OBSOLETE_local: false peers { permanent_uuid: "bea6301d1ff14fe090eb5ea4834eb480" member_type: VOTER last_known_addr { host: "127.19.207.4" port: 42789 } } peers { permanent_uuid: "2354740d8d55410e87c8ac29cb505e9a" member_type: VOTER last_known_addr { host: "127.19.207.3" port: 42409 } } peers { permanent_uuid: "0353abcdd6bb4d3380f95ab93de2dccc" member_type: VOTER last_known_addr { host: "127.19.207.1" port: 42717 } }
I20260630 12:31:24.751598 23679 raft_consensus.cc:515] T 6b51a0a8b7fc46a6a504b403734ffd0f P bea6301d1ff14fe090eb5ea4834eb480 [term 1 FOLLOWER]: Starting leader election with config: opid_index: -1 OBSOLETE_local: false peers { permanent_uuid: "0353abcdd6bb4d3380f95ab93de2dccc" member_type: VOTER last_known_addr { host: "127.19.207.1" port: 42717 } } peers { permanent_uuid: "bea6301d1ff14fe090eb5ea4834eb480" member_type: VOTER last_known_addr { host: "127.19.207.4" port: 42789 } } peers { permanent_uuid: "2a29c618363f4bfbb35e7a9d9c40fdc1" member_type: VOTER last_known_addr { host: "127.19.207.2" port: 45575 } }
I20260630 12:31:24.755563 23679 leader_election.cc:290] T 6b51a0a8b7fc46a6a504b403734ffd0f P bea6301d1ff14fe090eb5ea4834eb480 [CANDIDATE]: Term 1 election: Requested vote from peers 0353abcdd6bb4d3380f95ab93de2dccc (127.19.207.1:42717), 2a29c618363f4bfbb35e7a9d9c40fdc1 (127.19.207.2:45575)
I20260630 12:31:24.757702 23346 tablet_service.cc:1917] Received RequestConsensusVote() RPC: tablet_id: "6b51a0a8b7fc46a6a504b403734ffd0f" candidate_uuid: "bea6301d1ff14fe090eb5ea4834eb480" candidate_term: 1 candidate_status { last_received { term: 0 index: 0 } } ignore_live_leader: false dest_uuid: "2a29c618363f4bfbb35e7a9d9c40fdc1"
I20260630 12:31:24.758255 23346 raft_consensus.cc:3060] T 6b51a0a8b7fc46a6a504b403734ffd0f P 2a29c618363f4bfbb35e7a9d9c40fdc1 [term 0 FOLLOWER]: Advancing to term 1
I20260630 12:31:24.758579 23420 raft_consensus.cc:2468] T e698e9b37dc6499eb30454c255a33044 P 2354740d8d55410e87c8ac29cb505e9a [term 1 FOLLOWER]: Leader election vote request: Granting yes vote for candidate bea6301d1ff14fe090eb5ea4834eb480 in term 1.
I20260630 12:31:24.760200 23271 tablet_service.cc:1917] Received RequestConsensusVote() RPC: tablet_id: "6b51a0a8b7fc46a6a504b403734ffd0f" candidate_uuid: "bea6301d1ff14fe090eb5ea4834eb480" candidate_term: 1 candidate_status { last_received { term: 0 index: 0 } } ignore_live_leader: false dest_uuid: "0353abcdd6bb4d3380f95ab93de2dccc" is_pre_election: true
I20260630 12:31:24.760640 23559 leader_election.cc:304] T e698e9b37dc6499eb30454c255a33044 P bea6301d1ff14fe090eb5ea4834eb480 [CANDIDATE]: Term 1 election: Election decided. Result: candidate won. Election summary: received 2 responses out of 3 voters: 2 yes votes; 0 no votes. yes voters: 2354740d8d55410e87c8ac29cb505e9a, bea6301d1ff14fe090eb5ea4834eb480; no voters: 
I20260630 12:31:24.760861 23271 raft_consensus.cc:2468] T 6b51a0a8b7fc46a6a504b403734ffd0f P 0353abcdd6bb4d3380f95ab93de2dccc [term 0 FOLLOWER]: Leader pre-election vote request: Granting yes vote for candidate bea6301d1ff14fe090eb5ea4834eb480 in term 0.
I20260630 12:31:24.761437 23679 raft_consensus.cc:2804] T e698e9b37dc6499eb30454c255a33044 P bea6301d1ff14fe090eb5ea4834eb480 [term 1 FOLLOWER]: Leader election won for term 1
I20260630 12:31:24.761977 23679 raft_consensus.cc:697] T e698e9b37dc6499eb30454c255a33044 P bea6301d1ff14fe090eb5ea4834eb480 [term 1 LEADER]: Becoming Leader. State: Replica: bea6301d1ff14fe090eb5ea4834eb480, State: Running, Role: LEADER
I20260630 12:31:24.762722 23679 consensus_queue.cc:237] T e698e9b37dc6499eb30454c255a33044 P bea6301d1ff14fe090eb5ea4834eb480 [LEADER]: Queue going to LEADER mode. State: All replicated index: 0, Majority replicated index: 0, Committed index: 0, Last appended: 0.0, Last appended by leader: 0, Current term: 1, Majority size: 2, State: 0, Mode: LEADER, active raft config: opid_index: -1 OBSOLETE_local: false peers { permanent_uuid: "2354740d8d55410e87c8ac29cb505e9a" member_type: VOTER last_known_addr { host: "127.19.207.3" port: 42409 } } peers { permanent_uuid: "2a29c618363f4bfbb35e7a9d9c40fdc1" member_type: VOTER last_known_addr { host: "127.19.207.2" port: 45575 } } peers { permanent_uuid: "bea6301d1ff14fe090eb5ea4834eb480" member_type: VOTER last_known_addr { host: "127.19.207.4" port: 42789 } }
I20260630 12:31:24.749691 23655 leader_election.cc:290] T e698e9b37dc6499eb30454c255a33044 P bea6301d1ff14fe090eb5ea4834eb480 [CANDIDATE]: Term 1 election: Requested vote from peers 2354740d8d55410e87c8ac29cb505e9a (127.19.207.3:42409), 2a29c618363f4bfbb35e7a9d9c40fdc1 (127.19.207.2:45575)
I20260630 12:31:24.748914 23345 tablet_service.cc:1917] Received RequestConsensusVote() RPC: tablet_id: "e698e9b37dc6499eb30454c255a33044" candidate_uuid: "bea6301d1ff14fe090eb5ea4834eb480" candidate_term: 1 candidate_status { last_received { term: 0 index: 0 } } ignore_live_leader: false dest_uuid: "2a29c618363f4bfbb35e7a9d9c40fdc1"
I20260630 12:31:24.764020 23345 raft_consensus.cc:3060] T e698e9b37dc6499eb30454c255a33044 P 2a29c618363f4bfbb35e7a9d9c40fdc1 [term 0 FOLLOWER]: Advancing to term 1
I20260630 12:31:24.753535 23635 raft_consensus.cc:359] T 118ae224914c430dbc06e338b1f958ba P bea6301d1ff14fe090eb5ea4834eb480 [term 0 FOLLOWER]: Replica starting. Triggering 0 pending ops. Active config: opid_index: -1 OBSOLETE_local: false peers { permanent_uuid: "bea6301d1ff14fe090eb5ea4834eb480" member_type: VOTER last_known_addr { host: "127.19.207.4" port: 42789 } } peers { permanent_uuid: "2354740d8d55410e87c8ac29cb505e9a" member_type: VOTER last_known_addr { host: "127.19.207.3" port: 42409 } } peers { permanent_uuid: "0353abcdd6bb4d3380f95ab93de2dccc" member_type: VOTER last_known_addr { host: "127.19.207.1" port: 42717 } }
I20260630 12:31:24.764914 23635 raft_consensus.cc:385] T 118ae224914c430dbc06e338b1f958ba P bea6301d1ff14fe090eb5ea4834eb480 [term 0 FOLLOWER]: Consensus starting up: Expiring failure detector timer to make a prompt election more likely
I20260630 12:31:24.752365 23632 ts_tablet_manager.cc:1434] T a65cbe54dd334791bed7b05ba390893c P 2354740d8d55410e87c8ac29cb505e9a: Time spent starting tablet: real 0.008s	user 0.008s	sys 0.001s
I20260630 12:31:24.765300 23346 raft_consensus.cc:2468] T 6b51a0a8b7fc46a6a504b403734ffd0f P 2a29c618363f4bfbb35e7a9d9c40fdc1 [term 1 FOLLOWER]: Leader election vote request: Granting yes vote for candidate bea6301d1ff14fe090eb5ea4834eb480 in term 1.
I20260630 12:31:24.765290 23635 raft_consensus.cc:740] T 118ae224914c430dbc06e338b1f958ba P bea6301d1ff14fe090eb5ea4834eb480 [term 0 FOLLOWER]: Becoming Follower/Learner. State: Replica: bea6301d1ff14fe090eb5ea4834eb480, State: Initialized, Role: FOLLOWER
I20260630 12:31:24.767060 23560 leader_election.cc:304] T 6b51a0a8b7fc46a6a504b403734ffd0f P bea6301d1ff14fe090eb5ea4834eb480 [CANDIDATE]: Term 1 election: Election decided. Result: candidate won. Election summary: received 2 responses out of 3 voters: 2 yes votes; 0 no votes. yes voters: 2a29c618363f4bfbb35e7a9d9c40fdc1, bea6301d1ff14fe090eb5ea4834eb480; no voters: 
I20260630 12:31:24.767292 23635 consensus_queue.cc:260] T 118ae224914c430dbc06e338b1f958ba P bea6301d1ff14fe090eb5ea4834eb480 [NON_LEADER]: Queue going to NON_LEADER mode. State: All replicated index: 0, Majority replicated index: 0, Committed index: 0, Last appended: 0.0, Last appended by leader: 0, Current term: 0, Majority size: -1, State: 0, Mode: NON_LEADER, active raft config: opid_index: -1 OBSOLETE_local: false peers { permanent_uuid: "bea6301d1ff14fe090eb5ea4834eb480" member_type: VOTER last_known_addr { host: "127.19.207.4" port: 42789 } } peers { permanent_uuid: "2354740d8d55410e87c8ac29cb505e9a" member_type: VOTER last_known_addr { host: "127.19.207.3" port: 42409 } } peers { permanent_uuid: "0353abcdd6bb4d3380f95ab93de2dccc" member_type: VOTER last_known_addr { host: "127.19.207.1" port: 42717 } }
I20260630 12:31:24.768539 23678 raft_consensus.cc:2804] T 6b51a0a8b7fc46a6a504b403734ffd0f P bea6301d1ff14fe090eb5ea4834eb480 [term 1 FOLLOWER]: Leader election won for term 1
I20260630 12:31:24.763111 23271 tablet_service.cc:1917] Received RequestConsensusVote() RPC: tablet_id: "6b51a0a8b7fc46a6a504b403734ffd0f" candidate_uuid: "bea6301d1ff14fe090eb5ea4834eb480" candidate_term: 1 candidate_status { last_received { term: 0 index: 0 } } ignore_live_leader: false dest_uuid: "0353abcdd6bb4d3380f95ab93de2dccc"
I20260630 12:31:24.769160 23271 raft_consensus.cc:3060] T 6b51a0a8b7fc46a6a504b403734ffd0f P 0353abcdd6bb4d3380f95ab93de2dccc [term 0 FOLLOWER]: Advancing to term 1
I20260630 12:31:24.775641 23635 ts_tablet_manager.cc:1434] T 118ae224914c430dbc06e338b1f958ba P bea6301d1ff14fe090eb5ea4834eb480: Time spent starting tablet: real 0.028s	user 0.007s	sys 0.000s
I20260630 12:31:24.778574 23345 raft_consensus.cc:2468] T e698e9b37dc6499eb30454c255a33044 P 2a29c618363f4bfbb35e7a9d9c40fdc1 [term 1 FOLLOWER]: Leader election vote request: Granting yes vote for candidate bea6301d1ff14fe090eb5ea4834eb480 in term 1.
I20260630 12:31:24.781589 23271 raft_consensus.cc:2468] T 6b51a0a8b7fc46a6a504b403734ffd0f P 0353abcdd6bb4d3380f95ab93de2dccc [term 1 FOLLOWER]: Leader election vote request: Granting yes vote for candidate bea6301d1ff14fe090eb5ea4834eb480 in term 1.
I20260630 12:31:24.783306 23678 raft_consensus.cc:697] T 6b51a0a8b7fc46a6a504b403734ffd0f P bea6301d1ff14fe090eb5ea4834eb480 [term 1 LEADER]: Becoming Leader. State: Replica: bea6301d1ff14fe090eb5ea4834eb480, State: Running, Role: LEADER
I20260630 12:31:24.783748 23167 catalog_manager.cc:5697] T e698e9b37dc6499eb30454c255a33044 P bea6301d1ff14fe090eb5ea4834eb480 reported cstate change: term changed from 0 to 1, leader changed from <none> to bea6301d1ff14fe090eb5ea4834eb480 (127.19.207.4). New cstate: current_term: 1 leader_uuid: "bea6301d1ff14fe090eb5ea4834eb480" committed_config { opid_index: -1 OBSOLETE_local: false peers { permanent_uuid: "2354740d8d55410e87c8ac29cb505e9a" member_type: VOTER last_known_addr { host: "127.19.207.3" port: 42409 } health_report { overall_health: UNKNOWN } } peers { permanent_uuid: "2a29c618363f4bfbb35e7a9d9c40fdc1" member_type: VOTER last_known_addr { host: "127.19.207.2" port: 45575 } health_report { overall_health: UNKNOWN } } peers { permanent_uuid: "bea6301d1ff14fe090eb5ea4834eb480" member_type: VOTER last_known_addr { host: "127.19.207.4" port: 42789 } health_report { overall_health: HEALTHY } } }
I20260630 12:31:24.784147 23678 consensus_queue.cc:237] T 6b51a0a8b7fc46a6a504b403734ffd0f P bea6301d1ff14fe090eb5ea4834eb480 [LEADER]: Queue going to LEADER mode. State: All replicated index: 0, Majority replicated index: 0, Committed index: 0, Last appended: 0.0, Last appended by leader: 0, Current term: 1, Majority size: 2, State: 0, Mode: LEADER, active raft config: opid_index: -1 OBSOLETE_local: false peers { permanent_uuid: "0353abcdd6bb4d3380f95ab93de2dccc" member_type: VOTER last_known_addr { host: "127.19.207.1" port: 42717 } } peers { permanent_uuid: "bea6301d1ff14fe090eb5ea4834eb480" member_type: VOTER last_known_addr { host: "127.19.207.4" port: 42789 } } peers { permanent_uuid: "2a29c618363f4bfbb35e7a9d9c40fdc1" member_type: VOTER last_known_addr { host: "127.19.207.2" port: 45575 } }
I20260630 12:31:24.786490 23538 raft_consensus.cc:493] T 34005811cda648409a3256eb33a64e2e P 2a29c618363f4bfbb35e7a9d9c40fdc1 [term 0 FOLLOWER]: Starting pre-election (no leader contacted us within the election timeout)
I20260630 12:31:24.786985 23538 raft_consensus.cc:515] T 34005811cda648409a3256eb33a64e2e P 2a29c618363f4bfbb35e7a9d9c40fdc1 [term 0 FOLLOWER]: Starting pre-election with config: opid_index: -1 OBSOLETE_local: false peers { permanent_uuid: "0353abcdd6bb4d3380f95ab93de2dccc" member_type: VOTER last_known_addr { host: "127.19.207.1" port: 42717 } } peers { permanent_uuid: "2a29c618363f4bfbb35e7a9d9c40fdc1" member_type: VOTER last_known_addr { host: "127.19.207.2" port: 45575 } } peers { permanent_uuid: "bea6301d1ff14fe090eb5ea4834eb480" member_type: VOTER last_known_addr { host: "127.19.207.4" port: 42789 } }
I20260630 12:31:24.789204 23538 leader_election.cc:290] T 34005811cda648409a3256eb33a64e2e P 2a29c618363f4bfbb35e7a9d9c40fdc1 [CANDIDATE]: Term 1 pre-election: Requested pre-vote from peers 0353abcdd6bb4d3380f95ab93de2dccc (127.19.207.1:42717), bea6301d1ff14fe090eb5ea4834eb480 (127.19.207.4:42789)
I20260630 12:31:24.789768 23271 tablet_service.cc:1917] Received RequestConsensusVote() RPC: tablet_id: "34005811cda648409a3256eb33a64e2e" candidate_uuid: "2a29c618363f4bfbb35e7a9d9c40fdc1" candidate_term: 1 candidate_status { last_received { term: 0 index: 0 } } ignore_live_leader: false dest_uuid: "0353abcdd6bb4d3380f95ab93de2dccc" is_pre_election: true
I20260630 12:31:24.790282 23596 tablet_service.cc:1917] Received RequestConsensusVote() RPC: tablet_id: "34005811cda648409a3256eb33a64e2e" candidate_uuid: "2a29c618363f4bfbb35e7a9d9c40fdc1" candidate_term: 1 candidate_status { last_received { term: 0 index: 0 } } ignore_live_leader: false dest_uuid: "bea6301d1ff14fe090eb5ea4834eb480" is_pre_election: true
I20260630 12:31:24.790371 23271 raft_consensus.cc:2468] T 34005811cda648409a3256eb33a64e2e P 0353abcdd6bb4d3380f95ab93de2dccc [term 0 FOLLOWER]: Leader pre-election vote request: Granting yes vote for candidate 2a29c618363f4bfbb35e7a9d9c40fdc1 in term 0.
I20260630 12:31:24.790995 23596 raft_consensus.cc:2468] T 34005811cda648409a3256eb33a64e2e P bea6301d1ff14fe090eb5ea4834eb480 [term 0 FOLLOWER]: Leader pre-election vote request: Granting yes vote for candidate 2a29c618363f4bfbb35e7a9d9c40fdc1 in term 0.
I20260630 12:31:24.792014 23311 leader_election.cc:304] T 34005811cda648409a3256eb33a64e2e P 2a29c618363f4bfbb35e7a9d9c40fdc1 [CANDIDATE]: Term 1 pre-election: Election decided. Result: candidate won. Election summary: received 2 responses out of 3 voters: 2 yes votes; 0 no votes. yes voters: 0353abcdd6bb4d3380f95ab93de2dccc, 2a29c618363f4bfbb35e7a9d9c40fdc1; no voters: 
I20260630 12:31:24.796151 23538 raft_consensus.cc:2804] T 34005811cda648409a3256eb33a64e2e P 2a29c618363f4bfbb35e7a9d9c40fdc1 [term 0 FOLLOWER]: Leader pre-election won for term 1
I20260630 12:31:24.796540 23538 raft_consensus.cc:493] T 34005811cda648409a3256eb33a64e2e P 2a29c618363f4bfbb35e7a9d9c40fdc1 [term 0 FOLLOWER]: Starting leader election (no leader contacted us within the election timeout)
I20260630 12:31:24.796967 23538 raft_consensus.cc:3060] T 34005811cda648409a3256eb33a64e2e P 2a29c618363f4bfbb35e7a9d9c40fdc1 [term 0 FOLLOWER]: Advancing to term 1
I20260630 12:31:24.799433 23678 raft_consensus.cc:493] T 118ae224914c430dbc06e338b1f958ba P bea6301d1ff14fe090eb5ea4834eb480 [term 0 FOLLOWER]: Starting pre-election (no leader contacted us within the election timeout)
I20260630 12:31:24.799896 23678 raft_consensus.cc:515] T 118ae224914c430dbc06e338b1f958ba P bea6301d1ff14fe090eb5ea4834eb480 [term 0 FOLLOWER]: Starting pre-election with config: opid_index: -1 OBSOLETE_local: false peers { permanent_uuid: "bea6301d1ff14fe090eb5ea4834eb480" member_type: VOTER last_known_addr { host: "127.19.207.4" port: 42789 } } peers { permanent_uuid: "2354740d8d55410e87c8ac29cb505e9a" member_type: VOTER last_known_addr { host: "127.19.207.3" port: 42409 } } peers { permanent_uuid: "0353abcdd6bb4d3380f95ab93de2dccc" member_type: VOTER last_known_addr { host: "127.19.207.1" port: 42717 } }
I20260630 12:31:24.804046 23271 tablet_service.cc:1917] Received RequestConsensusVote() RPC: tablet_id: "118ae224914c430dbc06e338b1f958ba" candidate_uuid: "bea6301d1ff14fe090eb5ea4834eb480" candidate_term: 1 candidate_status { last_received { term: 0 index: 0 } } ignore_live_leader: false dest_uuid: "0353abcdd6bb4d3380f95ab93de2dccc" is_pre_election: true
I20260630 12:31:24.804320 23420 tablet_service.cc:1917] Received RequestConsensusVote() RPC: tablet_id: "118ae224914c430dbc06e338b1f958ba" candidate_uuid: "bea6301d1ff14fe090eb5ea4834eb480" candidate_term: 1 candidate_status { last_received { term: 0 index: 0 } } ignore_live_leader: false dest_uuid: "2354740d8d55410e87c8ac29cb505e9a" is_pre_election: true
I20260630 12:31:24.804255 23538 raft_consensus.cc:515] T 34005811cda648409a3256eb33a64e2e P 2a29c618363f4bfbb35e7a9d9c40fdc1 [term 1 FOLLOWER]: Starting leader election with config: opid_index: -1 OBSOLETE_local: false peers { permanent_uuid: "0353abcdd6bb4d3380f95ab93de2dccc" member_type: VOTER last_known_addr { host: "127.19.207.1" port: 42717 } } peers { permanent_uuid: "2a29c618363f4bfbb35e7a9d9c40fdc1" member_type: VOTER last_known_addr { host: "127.19.207.2" port: 45575 } } peers { permanent_uuid: "bea6301d1ff14fe090eb5ea4834eb480" member_type: VOTER last_known_addr { host: "127.19.207.4" port: 42789 } }
I20260630 12:31:24.804785 23271 raft_consensus.cc:2393] T 118ae224914c430dbc06e338b1f958ba P 0353abcdd6bb4d3380f95ab93de2dccc [term 1 FOLLOWER]: Leader pre-election vote request: Denying vote to candidate bea6301d1ff14fe090eb5ea4834eb480 in current term 1: Already voted for candidate 2354740d8d55410e87c8ac29cb505e9a in this term.
I20260630 12:31:24.805953 23559 leader_election.cc:304] T 118ae224914c430dbc06e338b1f958ba P bea6301d1ff14fe090eb5ea4834eb480 [CANDIDATE]: Term 1 pre-election: Election decided. Result: candidate lost. Election summary: received 3 responses out of 3 voters: 1 yes votes; 2 no votes. yes voters: bea6301d1ff14fe090eb5ea4834eb480; no voters: 0353abcdd6bb4d3380f95ab93de2dccc, 2354740d8d55410e87c8ac29cb505e9a
I20260630 12:31:24.805970 23678 leader_election.cc:290] T 118ae224914c430dbc06e338b1f958ba P bea6301d1ff14fe090eb5ea4834eb480 [CANDIDATE]: Term 1 pre-election: Requested pre-vote from peers 2354740d8d55410e87c8ac29cb505e9a (127.19.207.3:42409), 0353abcdd6bb4d3380f95ab93de2dccc (127.19.207.1:42717)
