I20260630 12:31:20.962308 27205 leader_election.cc:290] T f1abb481920f4980a4a8a7834ef79ffe P 5ee68d1d28734fe888a44d126d435683 [CANDIDATE]: Term 1 pre-election: Requested pre-vote from peers dadb492101394b2b9dd9226a820a189d (127.23.118.67:33993), 896c637fc2a64f89a687d59d608af347 (127.23.118.66:39357)
I20260630 12:31:20.963097 27152 tablet_service.cc:1917] Received RequestConsensusVote() RPC: tablet_id: "f1abb481920f4980a4a8a7834ef79ffe" candidate_uuid: "5ee68d1d28734fe888a44d126d435683" candidate_term: 1 candidate_status { last_received { term: 0 index: 0 } } ignore_live_leader: false dest_uuid: "dadb492101394b2b9dd9226a820a189d" is_pre_election: true
I20260630 12:31:20.963316 27078 tablet_service.cc:1917] Received RequestConsensusVote() RPC: tablet_id: "f1abb481920f4980a4a8a7834ef79ffe" candidate_uuid: "5ee68d1d28734fe888a44d126d435683" candidate_term: 1 candidate_status { last_received { term: 0 index: 0 } } ignore_live_leader: false dest_uuid: "896c637fc2a64f89a687d59d608af347" is_pre_election: true
I20260630 12:31:20.964066 27078 raft_consensus.cc:2393] T f1abb481920f4980a4a8a7834ef79ffe P 896c637fc2a64f89a687d59d608af347 [term 1 FOLLOWER]: Leader pre-election vote request: Denying vote to candidate 5ee68d1d28734fe888a44d126d435683 in current term 1: Already voted for candidate dadb492101394b2b9dd9226a820a189d in this term.
I20260630 12:31:20.965018 26968 leader_election.cc:304] T f1abb481920f4980a4a8a7834ef79ffe P 5ee68d1d28734fe888a44d126d435683 [CANDIDATE]: Term 1 pre-election: Election decided. Result: candidate lost. Election summary: received 3 responses out of 3 voters: 1 yes votes; 2 no votes. yes voters: 5ee68d1d28734fe888a44d126d435683; no voters: 896c637fc2a64f89a687d59d608af347, dadb492101394b2b9dd9226a820a189d
I20260630 12:31:20.965749 27205 raft_consensus.cc:3060] T f1abb481920f4980a4a8a7834ef79ffe P 5ee68d1d28734fe888a44d126d435683 [term 0 FOLLOWER]: Advancing to term 1
I20260630 12:31:20.970520 27205 raft_consensus.cc:2749] T f1abb481920f4980a4a8a7834ef79ffe P 5ee68d1d28734fe888a44d126d435683 [term 1 FOLLOWER]: Leader pre-election lost for term 1. Reason: could not achieve majority
I20260630 12:31:21.004827 27211 raft_consensus.cc:493] T 5a81839a71a547e7a22a8d9f03fdfef1 P dadb492101394b2b9dd9226a820a189d [term 0 FOLLOWER]: Starting pre-election (no leader contacted us within the election timeout)
I20260630 12:31:21.005357 27211 raft_consensus.cc:515] T 5a81839a71a547e7a22a8d9f03fdfef1 P dadb492101394b2b9dd9226a820a189d [term 0 FOLLOWER]: Starting pre-election with config: opid_index: -1 OBSOLETE_local: false peers { permanent_uuid: "5ee68d1d28734fe888a44d126d435683" member_type: VOTER last_known_addr { host: "127.23.118.65" port: 44125 } } peers { permanent_uuid: "896c637fc2a64f89a687d59d608af347" member_type: VOTER last_known_addr { host: "127.23.118.66" port: 39357 } } peers { permanent_uuid: "dadb492101394b2b9dd9226a820a189d" member_type: VOTER last_known_addr { host: "127.23.118.67" port: 33993 } }
I20260630 12:31:21.007078 27211 leader_election.cc:290] T 5a81839a71a547e7a22a8d9f03fdfef1 P dadb492101394b2b9dd9226a820a189d [CANDIDATE]: Term 1 pre-election: Requested pre-vote from peers 5ee68d1d28734fe888a44d126d435683 (127.23.118.65:44125), 896c637fc2a64f89a687d59d608af347 (127.23.118.66:39357)
I20260630 12:31:21.008136 27002 tablet_service.cc:1917] Received RequestConsensusVote() RPC: tablet_id: "5a81839a71a547e7a22a8d9f03fdfef1" candidate_uuid: "dadb492101394b2b9dd9226a820a189d" candidate_term: 1 candidate_status { last_received { term: 0 index: 0 } } ignore_live_leader: false dest_uuid: "5ee68d1d28734fe888a44d126d435683" is_pre_election: true
I20260630 12:31:21.008175 27078 tablet_service.cc:1917] Received RequestConsensusVote() RPC: tablet_id: "5a81839a71a547e7a22a8d9f03fdfef1" candidate_uuid: "dadb492101394b2b9dd9226a820a189d" candidate_term: 1 candidate_status { last_received { term: 0 index: 0 } } ignore_live_leader: false dest_uuid: "896c637fc2a64f89a687d59d608af347" is_pre_election: true
I20260630 12:31:21.008831 27002 raft_consensus.cc:2468] T 5a81839a71a547e7a22a8d9f03fdfef1 P 5ee68d1d28734fe888a44d126d435683 [term 0 FOLLOWER]: Leader pre-election vote request: Granting yes vote for candidate dadb492101394b2b9dd9226a820a189d in term 0.
I20260630 12:31:21.008932 27078 raft_consensus.cc:2468] T 5a81839a71a547e7a22a8d9f03fdfef1 P 896c637fc2a64f89a687d59d608af347 [term 0 FOLLOWER]: Leader pre-election vote request: Granting yes vote for candidate dadb492101394b2b9dd9226a820a189d in term 0.
I20260630 12:31:21.009936 27115 leader_election.cc:304] T 5a81839a71a547e7a22a8d9f03fdfef1 P dadb492101394b2b9dd9226a820a189d [CANDIDATE]: Term 1 pre-election: Election decided. Result: candidate won. Election summary: received 2 responses out of 3 voters: 2 yes votes; 0 no votes. yes voters: 5ee68d1d28734fe888a44d126d435683, dadb492101394b2b9dd9226a820a189d; no voters: 
I20260630 12:31:21.010637 27211 raft_consensus.cc:2804] T 5a81839a71a547e7a22a8d9f03fdfef1 P dadb492101394b2b9dd9226a820a189d [term 0 FOLLOWER]: Leader pre-election won for term 1
I20260630 12:31:21.010998 27211 raft_consensus.cc:493] T 5a81839a71a547e7a22a8d9f03fdfef1 P dadb492101394b2b9dd9226a820a189d [term 0 FOLLOWER]: Starting leader election (no leader contacted us within the election timeout)
I20260630 12:31:21.011277 27211 raft_consensus.cc:3060] T 5a81839a71a547e7a22a8d9f03fdfef1 P dadb492101394b2b9dd9226a820a189d [term 0 FOLLOWER]: Advancing to term 1
I20260630 12:31:21.015928 27211 raft_consensus.cc:515] T 5a81839a71a547e7a22a8d9f03fdfef1 P dadb492101394b2b9dd9226a820a189d [term 1 FOLLOWER]: Starting leader election with config: opid_index: -1 OBSOLETE_local: false peers { permanent_uuid: "5ee68d1d28734fe888a44d126d435683" member_type: VOTER last_known_addr { host: "127.23.118.65" port: 44125 } } peers { permanent_uuid: "896c637fc2a64f89a687d59d608af347" member_type: VOTER last_known_addr { host: "127.23.118.66" port: 39357 } } peers { permanent_uuid: "dadb492101394b2b9dd9226a820a189d" member_type: VOTER last_known_addr { host: "127.23.118.67" port: 33993 } }
I20260630 12:31:21.017495 27211 leader_election.cc:290] T 5a81839a71a547e7a22a8d9f03fdfef1 P dadb492101394b2b9dd9226a820a189d [CANDIDATE]: Term 1 election: Requested vote from peers 5ee68d1d28734fe888a44d126d435683 (127.23.118.65:44125), 896c637fc2a64f89a687d59d608af347 (127.23.118.66:39357)
I20260630 12:31:21.018365 27002 tablet_service.cc:1917] Received RequestConsensusVote() RPC: tablet_id: "5a81839a71a547e7a22a8d9f03fdfef1" candidate_uuid: "dadb492101394b2b9dd9226a820a189d" candidate_term: 1 candidate_status { last_received { term: 0 index: 0 } } ignore_live_leader: false dest_uuid: "5ee68d1d28734fe888a44d126d435683"
I20260630 12:31:21.018469 27078 tablet_service.cc:1917] Received RequestConsensusVote() RPC: tablet_id: "5a81839a71a547e7a22a8d9f03fdfef1" candidate_uuid: "dadb492101394b2b9dd9226a820a189d" candidate_term: 1 candidate_status { last_received { term: 0 index: 0 } } ignore_live_leader: false dest_uuid: "896c637fc2a64f89a687d59d608af347"
I20260630 12:31:21.018930 27002 raft_consensus.cc:3060] T 5a81839a71a547e7a22a8d9f03fdfef1 P 5ee68d1d28734fe888a44d126d435683 [term 0 FOLLOWER]: Advancing to term 1
I20260630 12:31:21.018985 27078 raft_consensus.cc:3060] T 5a81839a71a547e7a22a8d9f03fdfef1 P 896c637fc2a64f89a687d59d608af347 [term 0 FOLLOWER]: Advancing to term 1
I20260630 12:31:21.023401 27078 raft_consensus.cc:2468] T 5a81839a71a547e7a22a8d9f03fdfef1 P 896c637fc2a64f89a687d59d608af347 [term 1 FOLLOWER]: Leader election vote request: Granting yes vote for candidate dadb492101394b2b9dd9226a820a189d in term 1.
I20260630 12:31:21.023402 27002 raft_consensus.cc:2468] T 5a81839a71a547e7a22a8d9f03fdfef1 P 5ee68d1d28734fe888a44d126d435683 [term 1 FOLLOWER]: Leader election vote request: Granting yes vote for candidate dadb492101394b2b9dd9226a820a189d in term 1.
I20260630 12:31:21.024560 27117 leader_election.cc:304] T 5a81839a71a547e7a22a8d9f03fdfef1 P dadb492101394b2b9dd9226a820a189d [CANDIDATE]: Term 1 election: Election decided. Result: candidate won. Election summary: received 2 responses out of 3 voters: 2 yes votes; 0 no votes. yes voters: 896c637fc2a64f89a687d59d608af347, dadb492101394b2b9dd9226a820a189d; no voters: 
I20260630 12:31:21.025233 27211 raft_consensus.cc:2804] T 5a81839a71a547e7a22a8d9f03fdfef1 P dadb492101394b2b9dd9226a820a189d [term 1 FOLLOWER]: Leader election won for term 1
I20260630 12:31:21.025722 27211 raft_consensus.cc:697] T 5a81839a71a547e7a22a8d9f03fdfef1 P dadb492101394b2b9dd9226a820a189d [term 1 LEADER]: Becoming Leader. State: Replica: dadb492101394b2b9dd9226a820a189d, State: Running, Role: LEADER
I20260630 12:31:21.026497 27230 raft_consensus.cc:493] T 0831dcf0ad9642c4a21975bc4d570fce P dadb492101394b2b9dd9226a820a189d [term 0 FOLLOWER]: Starting pre-election (no leader contacted us within the election timeout)
I20260630 12:31:21.026461 27211 consensus_queue.cc:237] T 5a81839a71a547e7a22a8d9f03fdfef1 P dadb492101394b2b9dd9226a820a189d [LEADER]: Queue going to LEADER mode. State: All replicated index: 0, Majority replicated index: 0, Committed index: 0, Last appended: 0.0, Last appended by leader: 0, Current term: 1, Majority size: 2, State: 0, Mode: LEADER, active raft config: opid_index: -1 OBSOLETE_local: false peers { permanent_uuid: "5ee68d1d28734fe888a44d126d435683" member_type: VOTER last_known_addr { host: "127.23.118.65" port: 44125 } } peers { permanent_uuid: "896c637fc2a64f89a687d59d608af347" member_type: VOTER last_known_addr { host: "127.23.118.66" port: 39357 } } peers { permanent_uuid: "dadb492101394b2b9dd9226a820a189d" member_type: VOTER last_known_addr { host: "127.23.118.67" port: 33993 } }
I20260630 12:31:21.027034 27230 raft_consensus.cc:515] T 0831dcf0ad9642c4a21975bc4d570fce P dadb492101394b2b9dd9226a820a189d [term 0 FOLLOWER]: Starting pre-election with config: opid_index: -1 OBSOLETE_local: false peers { permanent_uuid: "5ee68d1d28734fe888a44d126d435683" member_type: VOTER last_known_addr { host: "127.23.118.65" port: 44125 } } peers { permanent_uuid: "896c637fc2a64f89a687d59d608af347" member_type: VOTER last_known_addr { host: "127.23.118.66" port: 39357 } } peers { permanent_uuid: "dadb492101394b2b9dd9226a820a189d" member_type: VOTER last_known_addr { host: "127.23.118.67" port: 33993 } }
I20260630 12:31:21.028841 27230 leader_election.cc:290] T 0831dcf0ad9642c4a21975bc4d570fce P dadb492101394b2b9dd9226a820a189d [CANDIDATE]: Term 1 pre-election: Requested pre-vote from peers 5ee68d1d28734fe888a44d126d435683 (127.23.118.65:44125), 896c637fc2a64f89a687d59d608af347 (127.23.118.66:39357)
I20260630 12:31:21.029588 27002 tablet_service.cc:1917] Received RequestConsensusVote() RPC: tablet_id: "0831dcf0ad9642c4a21975bc4d570fce" candidate_uuid: "dadb492101394b2b9dd9226a820a189d" candidate_term: 1 candidate_status { last_received { term: 0 index: 0 } } ignore_live_leader: false dest_uuid: "5ee68d1d28734fe888a44d126d435683" is_pre_election: true
I20260630 12:31:21.030244 27002 raft_consensus.cc:2468] T 0831dcf0ad9642c4a21975bc4d570fce P 5ee68d1d28734fe888a44d126d435683 [term 0 FOLLOWER]: Leader pre-election vote request: Granting yes vote for candidate dadb492101394b2b9dd9226a820a189d in term 0.
I20260630 12:31:21.030435 27078 tablet_service.cc:1917] Received RequestConsensusVote() RPC: tablet_id: "0831dcf0ad9642c4a21975bc4d570fce" candidate_uuid: "dadb492101394b2b9dd9226a820a189d" candidate_term: 1 candidate_status { last_received { term: 0 index: 0 } } ignore_live_leader: false dest_uuid: "896c637fc2a64f89a687d59d608af347" is_pre_election: true
I20260630 12:31:21.031078 27078 raft_consensus.cc:2468] T 0831dcf0ad9642c4a21975bc4d570fce P 896c637fc2a64f89a687d59d608af347 [term 0 FOLLOWER]: Leader pre-election vote request: Granting yes vote for candidate dadb492101394b2b9dd9226a820a189d in term 0.
I20260630 12:31:21.031359 27115 leader_election.cc:304] T 0831dcf0ad9642c4a21975bc4d570fce P dadb492101394b2b9dd9226a820a189d [CANDIDATE]: Term 1 pre-election: Election decided. Result: candidate won. Election summary: received 2 responses out of 3 voters: 2 yes votes; 0 no votes. yes voters: 5ee68d1d28734fe888a44d126d435683, dadb492101394b2b9dd9226a820a189d; no voters: 
I20260630 12:31:21.032137 27211 raft_consensus.cc:2804] T 0831dcf0ad9642c4a21975bc4d570fce P dadb492101394b2b9dd9226a820a189d [term 0 FOLLOWER]: Leader pre-election won for term 1
I20260630 12:31:21.032465 27211 raft_consensus.cc:493] T 0831dcf0ad9642c4a21975bc4d570fce P dadb492101394b2b9dd9226a820a189d [term 0 FOLLOWER]: Starting leader election (no leader contacted us within the election timeout)
I20260630 12:31:21.032836 27211 raft_consensus.cc:3060] T 0831dcf0ad9642c4a21975bc4d570fce P dadb492101394b2b9dd9226a820a189d [term 0 FOLLOWER]: Advancing to term 1
I20260630 12:31:21.034277 26901 catalog_manager.cc:5697] T 5a81839a71a547e7a22a8d9f03fdfef1 P dadb492101394b2b9dd9226a820a189d reported cstate change: term changed from 0 to 1, leader changed from <none> to dadb492101394b2b9dd9226a820a189d (127.23.118.67). New cstate: current_term: 1 leader_uuid: "dadb492101394b2b9dd9226a820a189d" committed_config { opid_index: -1 OBSOLETE_local: false peers { permanent_uuid: "5ee68d1d28734fe888a44d126d435683" member_type: VOTER last_known_addr { host: "127.23.118.65" port: 44125 } health_report { overall_health: UNKNOWN } } peers { permanent_uuid: "896c637fc2a64f89a687d59d608af347" member_type: VOTER last_known_addr { host: "127.23.118.66" port: 39357 } health_report { overall_health: UNKNOWN } } peers { permanent_uuid: "dadb492101394b2b9dd9226a820a189d" member_type: VOTER last_known_addr { host: "127.23.118.67" port: 33993 } health_report { overall_health: HEALTHY } } }
I20260630 12:31:21.037834 27211 raft_consensus.cc:515] T 0831dcf0ad9642c4a21975bc4d570fce P dadb492101394b2b9dd9226a820a189d [term 1 FOLLOWER]: Starting leader election with config: opid_index: -1 OBSOLETE_local: false peers { permanent_uuid: "5ee68d1d28734fe888a44d126d435683" member_type: VOTER last_known_addr { host: "127.23.118.65" port: 44125 } } peers { permanent_uuid: "896c637fc2a64f89a687d59d608af347" member_type: VOTER last_known_addr { host: "127.23.118.66" port: 39357 } } peers { permanent_uuid: "dadb492101394b2b9dd9226a820a189d" member_type: VOTER last_known_addr { host: "127.23.118.67" port: 33993 } }
I20260630 12:31:21.039644 27211 leader_election.cc:290] T 0831dcf0ad9642c4a21975bc4d570fce P dadb492101394b2b9dd9226a820a189d [CANDIDATE]: Term 1 election: Requested vote from peers 5ee68d1d28734fe888a44d126d435683 (127.23.118.65:44125), 896c637fc2a64f89a687d59d608af347 (127.23.118.66:39357)
I20260630 12:31:21.040521 27002 tablet_service.cc:1917] Received RequestConsensusVote() RPC: tablet_id: "0831dcf0ad9642c4a21975bc4d570fce" candidate_uuid: "dadb492101394b2b9dd9226a820a189d" candidate_term: 1 candidate_status { last_received { term: 0 index: 0 } } ignore_live_leader: false dest_uuid: "5ee68d1d28734fe888a44d126d435683"
I20260630 12:31:21.041185 27002 raft_consensus.cc:3060] T 0831dcf0ad9642c4a21975bc4d570fce P 5ee68d1d28734fe888a44d126d435683 [term 0 FOLLOWER]: Advancing to term 1
I20260630 12:31:21.041381 27078 tablet_service.cc:1917] Received RequestConsensusVote() RPC: tablet_id: "0831dcf0ad9642c4a21975bc4d570fce" candidate_uuid: "dadb492101394b2b9dd9226a820a189d" candidate_term: 1 candidate_status { last_received { term: 0 index: 0 } } ignore_live_leader: false dest_uuid: "896c637fc2a64f89a687d59d608af347"
I20260630 12:31:21.041992 27078 raft_consensus.cc:3060] T 0831dcf0ad9642c4a21975bc4d570fce P 896c637fc2a64f89a687d59d608af347 [term 0 FOLLOWER]: Advancing to term 1
I20260630 12:31:21.046677 27002 raft_consensus.cc:2468] T 0831dcf0ad9642c4a21975bc4d570fce P 5ee68d1d28734fe888a44d126d435683 [term 1 FOLLOWER]: Leader election vote request: Granting yes vote for candidate dadb492101394b2b9dd9226a820a189d in term 1.
I20260630 12:31:21.047149 27078 raft_consensus.cc:2468] T 0831dcf0ad9642c4a21975bc4d570fce P 896c637fc2a64f89a687d59d608af347 [term 1 FOLLOWER]: Leader election vote request: Granting yes vote for candidate dadb492101394b2b9dd9226a820a189d in term 1.
I20260630 12:31:21.047672 27115 leader_election.cc:304] T 0831dcf0ad9642c4a21975bc4d570fce P dadb492101394b2b9dd9226a820a189d [CANDIDATE]: Term 1 election: Election decided. Result: candidate won. Election summary: received 2 responses out of 3 voters: 2 yes votes; 0 no votes. yes voters: 5ee68d1d28734fe888a44d126d435683, dadb492101394b2b9dd9226a820a189d; no voters: 
I20260630 12:31:21.048573 27211 raft_consensus.cc:2804] T 0831dcf0ad9642c4a21975bc4d570fce P dadb492101394b2b9dd9226a820a189d [term 1 FOLLOWER]: Leader election won for term 1
I20260630 12:31:21.049078 27211 raft_consensus.cc:697] T 0831dcf0ad9642c4a21975bc4d570fce P dadb492101394b2b9dd9226a820a189d [term 1 LEADER]: Becoming Leader. State: Replica: dadb492101394b2b9dd9226a820a189d, State: Running, Role: LEADER
I20260630 12:31:21.049796 27211 consensus_queue.cc:237] T 0831dcf0ad9642c4a21975bc4d570fce P dadb492101394b2b9dd9226a820a189d [LEADER]: Queue going to LEADER mode. State: All replicated index: 0, Majority replicated index: 0, Committed index: 0, Last appended: 0.0, Last appended by leader: 0, Current term: 1, Majority size: 2, State: 0, Mode: LEADER, active raft config: opid_index: -1 OBSOLETE_local: false peers { permanent_uuid: "5ee68d1d28734fe888a44d126d435683" member_type: VOTER last_known_addr { host: "127.23.118.65" port: 44125 } } peers { permanent_uuid: "896c637fc2a64f89a687d59d608af347" member_type: VOTER last_known_addr { host: "127.23.118.66" port: 39357 } } peers { permanent_uuid: "dadb492101394b2b9dd9226a820a189d" member_type: VOTER last_known_addr { host: "127.23.118.67" port: 33993 } }
I20260630 12:31:21.052138 27205 consensus_queue.cc:1048] T d4382ecee67d4d71a14faf70f8a0062d P 5ee68d1d28734fe888a44d126d435683 [LEADER]: Connected to new peer: Peer: permanent_uuid: "896c637fc2a64f89a687d59d608af347" member_type: VOTER last_known_addr { host: "127.23.118.66" port: 39357 }, Status: LMP_MISMATCH, Last received: 0.0, Next index: 1, Last known committed idx: 0, Time since last communication: 0.001s
I20260630 12:31:21.057276 26901 catalog_manager.cc:5697] T 0831dcf0ad9642c4a21975bc4d570fce P dadb492101394b2b9dd9226a820a189d reported cstate change: term changed from 0 to 1, leader changed from <none> to dadb492101394b2b9dd9226a820a189d (127.23.118.67). New cstate: current_term: 1 leader_uuid: "dadb492101394b2b9dd9226a820a189d" committed_config { opid_index: -1 OBSOLETE_local: false peers { permanent_uuid: "5ee68d1d28734fe888a44d126d435683" member_type: VOTER last_known_addr { host: "127.23.118.65" port: 44125 } health_report { overall_health: UNKNOWN } } peers { permanent_uuid: "896c637fc2a64f89a687d59d608af347" member_type: VOTER last_known_addr { host: "127.23.118.66" port: 39357 } health_report { overall_health: UNKNOWN } } peers { permanent_uuid: "dadb492101394b2b9dd9226a820a189d" member_type: VOTER last_known_addr { host: "127.23.118.67" port: 33993 } health_report { overall_health: HEALTHY } } }
I20260630 12:31:21.066077 27205 consensus_queue.cc:1048] T d4382ecee67d4d71a14faf70f8a0062d P 5ee68d1d28734fe888a44d126d435683 [LEADER]: Connected to new peer: Peer: permanent_uuid: "dadb492101394b2b9dd9226a820a189d" member_type: VOTER last_known_addr { host: "127.23.118.67" port: 33993 }, Status: LMP_MISMATCH, Last received: 0.0, Next index: 1, Last known committed idx: 0, Time since last communication: 0.000s
I20260630 12:31:21.076381 24025 file_cache.cc:492] Constructed file cache file cache with capacity 419430
W20260630 12:31:21.083812 27251 instance_detector.cc:116] could not retrieve AWS instance metadata: Network error: curl error: HTTP response code said error: The requested URL returned error: 404
W20260630 12:31:21.084547 27252 instance_detector.cc:116] could not retrieve Azure instance metadata: Network error: curl error: HTTP response code said error: The requested URL returned error: 404
W20260630 12:31:21.087458 27254 instance_detector.cc:116] could not retrieve OpenStack instance metadata: Network error: curl error: HTTP response code said error: The requested URL returned error: 404
I20260630 12:31:21.088129 24025 server_base.cc:1061] running on GCE node
I20260630 12:31:21.088852 24025 hybrid_clock.cc:584] initializing the hybrid clock with 'system_unsync' time source
W20260630 12:31:21.089037 24025 system_unsync_time.cc:38] NTP support is disabled. Clock error bounds will not be accurate. This configuration is not suitable for distributed clusters.
I20260630 12:31:21.089169 24025 hybrid_clock.cc:648] HybridClock initialized: now 1782822681089157 us; error 0 us; skew 500 ppm
I20260630 12:31:21.089612 24025 server_base.cc:861] Flag tcmalloc_max_total_thread_cache_bytes is not working since tcmalloc is not enabled.
I20260630 12:31:21.092303 24025 webserver.cc:533] Webserver started at http://127.23.118.68:42379/ using document root <none> and password file <none>
I20260630 12:31:21.092941 24025 fs_manager.cc:362] Metadata directory not provided
I20260630 12:31:21.093194 24025 fs_manager.cc:368] Using write-ahead log directory (fs_wal_dir) as metadata directory
I20260630 12:31:21.093528 24025 server_base.cc:909] This appears to be a new deployment of Kudu; creating new FS layout
I20260630 12:31:21.094630 24025 fs_manager.cc:1068] Generated new instance metadata in path /tmp/dist-test-taskSGlUPX/test-tmp/auto_rebalancer-test.0.AutoRebalancerTest.RangeAwareRebalancesNewRangeReplicas.1782822596657256-24025-0/minicluster-data/ts-3-root/instance:
uuid: "7fdbe17edd6141adb577b7c9c75ef148"
format_stamp: "Formatted at 2026-06-30 12:31:21 on dist-test-slave-1s83"
I20260630 12:31:21.098912 24025 fs_manager.cc:696] Time spent creating directory manager: real 0.004s	user 0.006s	sys 0.000s
I20260630 12:31:21.102277 27259 log_block_manager.cc:4031] Time spent loading block containers with low live blocks: real 0.000s	user 0.000s	sys 0.000s
I20260630 12:31:21.103157 24025 fs_manager.cc:730] Time spent opening block manager: real 0.002s	user 0.002s	sys 0.000s
I20260630 12:31:21.103452 24025 fs_manager.cc:647] Opened local filesystem: /tmp/dist-test-taskSGlUPX/test-tmp/auto_rebalancer-test.0.AutoRebalancerTest.RangeAwareRebalancesNewRangeReplicas.1782822596657256-24025-0/minicluster-data/ts-3-root
uuid: "7fdbe17edd6141adb577b7c9c75ef148"
format_stamp: "Formatted at 2026-06-30 12:31:21 on dist-test-slave-1s83"
I20260630 12:31:21.103752 24025 fs_report.cc:389] FS layout report
--------------------
wal directory: /tmp/dist-test-taskSGlUPX/test-tmp/auto_rebalancer-test.0.AutoRebalancerTest.RangeAwareRebalancesNewRangeReplicas.1782822596657256-24025-0/minicluster-data/ts-3-root
metadata directory: /tmp/dist-test-taskSGlUPX/test-tmp/auto_rebalancer-test.0.AutoRebalancerTest.RangeAwareRebalancesNewRangeReplicas.1782822596657256-24025-0/minicluster-data/ts-3-root
1 data directories: /tmp/dist-test-taskSGlUPX/test-tmp/auto_rebalancer-test.0.AutoRebalancerTest.RangeAwareRebalancesNewRangeReplicas.1782822596657256-24025-0/minicluster-data/ts-3-root/data
Total live blocks: 0
Total live bytes: 0
Total live bytes (after alignment): 0
Total number of LBM containers: 0 (0 full)
Did not check for missing blocks
Did not check for orphaned blocks
Total full LBM containers with extra space: 0 (0 repaired)
Total full LBM container extra space in bytes: 0 (0 repaired)
Total incomplete LBM containers: 0 (0 repaired)
Total LBM partial records: 0 (0 repaired)
Total corrupted LBM metadata records in RocksDB: 0 (0 repaired)
I20260630 12:31:21.109074 27205 consensus_queue.cc:1048] T 1b8b19200f5647d1bdf0de413d84e6c2 P 5ee68d1d28734fe888a44d126d435683 [LEADER]: Connected to new peer: Peer: permanent_uuid: "dadb492101394b2b9dd9226a820a189d" member_type: VOTER last_known_addr { host: "127.23.118.67" port: 33993 }, Status: LMP_MISMATCH, Last received: 0.0, Next index: 1, Last known committed idx: 0, Time since last communication: 0.001s
I20260630 12:31:21.115665 24025 rpc_server.cc:225] running with OpenSSL 1.1.1  11 Sep 2018
I20260630 12:31:21.117409 24025 kserver.cc:163] Server-wide thread pool size limit: 3276
I20260630 12:31:21.120476 27218 consensus_queue.cc:1048] T 1b8b19200f5647d1bdf0de413d84e6c2 P 5ee68d1d28734fe888a44d126d435683 [LEADER]: Connected to new peer: Peer: permanent_uuid: "896c637fc2a64f89a687d59d608af347" member_type: VOTER last_known_addr { host: "127.23.118.66" port: 39357 }, Status: LMP_MISMATCH, Last received: 0.0, Next index: 1, Last known committed idx: 0, Time since last communication: 0.000s
I20260630 12:31:21.127180 24025 txn_system_client.cc:432] TxnSystemClient initialization is disabled...
I20260630 12:31:21.131604 24025 ts_tablet_manager.cc:585] Loaded tablet metadata (0 total tablets, 0 live tablets)
I20260630 12:31:21.131889 24025 ts_tablet_manager.cc:531] Time spent load tablet metadata: real 0.000s	user 0.001s	sys 0.000s
I20260630 12:31:21.132194 24025 ts_tablet_manager.cc:616] Registered 0 tablets
I20260630 12:31:21.132434 24025 ts_tablet_manager.cc:595] Time spent register tablets: real 0.000s	user 0.000s	sys 0.000s
I20260630 12:31:21.165069 27152 raft_consensus.cc:3060] T 20a37a6b169449baa4e013aa89afb673 P dadb492101394b2b9dd9226a820a189d [term 0 FOLLOWER]: Advancing to term 1
I20260630 12:31:21.171096 27218 consensus_queue.cc:1048] T 20a37a6b169449baa4e013aa89afb673 P 5ee68d1d28734fe888a44d126d435683 [LEADER]: Connected to new peer: Peer: permanent_uuid: "896c637fc2a64f89a687d59d608af347" member_type: VOTER last_known_addr { host: "127.23.118.66" port: 39357 }, Status: LMP_MISMATCH, Last received: 0.0, Next index: 1, Last known committed idx: 0, Time since last communication: 0.000s
I20260630 12:31:21.176930 27218 consensus_queue.cc:1048] T 20a37a6b169449baa4e013aa89afb673 P 5ee68d1d28734fe888a44d126d435683 [LEADER]: Connected to new peer: Peer: permanent_uuid: "dadb492101394b2b9dd9226a820a189d" member_type: VOTER last_known_addr { host: "127.23.118.67" port: 33993 }, Status: LMP_MISMATCH, Last received: 0.0, Next index: 1, Last known committed idx: 0, Time since last communication: 0.001s
I20260630 12:31:21.180095 27218 raft_consensus.cc:493] T b915481475de426cadf35f672015ed93 P 5ee68d1d28734fe888a44d126d435683 [term 0 FOLLOWER]: Starting pre-election (no leader contacted us within the election timeout)
I20260630 12:31:21.180557 27218 raft_consensus.cc:515] T b915481475de426cadf35f672015ed93 P 5ee68d1d28734fe888a44d126d435683 [term 0 FOLLOWER]: Starting pre-election with config: opid_index: -1 OBSOLETE_local: false peers { permanent_uuid: "5ee68d1d28734fe888a44d126d435683" member_type: VOTER last_known_addr { host: "127.23.118.65" port: 44125 } } peers { permanent_uuid: "896c637fc2a64f89a687d59d608af347" member_type: VOTER last_known_addr { host: "127.23.118.66" port: 39357 } } peers { permanent_uuid: "dadb492101394b2b9dd9226a820a189d" member_type: VOTER last_known_addr { host: "127.23.118.67" port: 33993 } }
I20260630 12:31:21.182613 27218 leader_election.cc:290] T b915481475de426cadf35f672015ed93 P 5ee68d1d28734fe888a44d126d435683 [CANDIDATE]: Term 1 pre-election: Requested pre-vote from peers 896c637fc2a64f89a687d59d608af347 (127.23.118.66:39357), dadb492101394b2b9dd9226a820a189d (127.23.118.67:33993)
I20260630 12:31:21.187371 27076 tablet_service.cc:1917] Received RequestConsensusVote() RPC: tablet_id: "b915481475de426cadf35f672015ed93" candidate_uuid: "5ee68d1d28734fe888a44d126d435683" candidate_term: 1 candidate_status { last_received { term: 0 index: 0 } } ignore_live_leader: false dest_uuid: "896c637fc2a64f89a687d59d608af347" is_pre_election: true
I20260630 12:31:21.187489 27150 tablet_service.cc:1917] Received RequestConsensusVote() RPC: tablet_id: "b915481475de426cadf35f672015ed93" candidate_uuid: "5ee68d1d28734fe888a44d126d435683" candidate_term: 1 candidate_status { last_received { term: 0 index: 0 } } ignore_live_leader: false dest_uuid: "dadb492101394b2b9dd9226a820a189d" is_pre_election: true
I20260630 12:31:21.188593 27150 raft_consensus.cc:2393] T b915481475de426cadf35f672015ed93 P dadb492101394b2b9dd9226a820a189d [term 1 FOLLOWER]: Leader pre-election vote request: Denying vote to candidate 5ee68d1d28734fe888a44d126d435683 in current term 1: Already voted for candidate 896c637fc2a64f89a687d59d608af347 in this term.
I20260630 12:31:21.190038 27211 consensus_queue.cc:1048] T f1abb481920f4980a4a8a7834ef79ffe P dadb492101394b2b9dd9226a820a189d [LEADER]: Connected to new peer: Peer: permanent_uuid: "5ee68d1d28734fe888a44d126d435683" member_type: VOTER last_known_addr { host: "127.23.118.65" port: 44125 }, Status: LMP_MISMATCH, Last received: 0.0, Next index: 1, Last known committed idx: 0, Time since last communication: 0.001s
I20260630 12:31:21.194808 26966 leader_election.cc:304] T b915481475de426cadf35f672015ed93 P 5ee68d1d28734fe888a44d126d435683 [CANDIDATE]: Term 1 pre-election: Election decided. Result: candidate lost. Election summary: received 3 responses out of 3 voters: 1 yes votes; 2 no votes. yes voters: 5ee68d1d28734fe888a44d126d435683; no voters: 896c637fc2a64f89a687d59d608af347, dadb492101394b2b9dd9226a820a189d
I20260630 12:31:21.196588 27205 raft_consensus.cc:3060] T b915481475de426cadf35f672015ed93 P 5ee68d1d28734fe888a44d126d435683 [term 0 FOLLOWER]: Advancing to term 1
I20260630 12:31:21.203549 27211 consensus_queue.cc:1048] T f1abb481920f4980a4a8a7834ef79ffe P dadb492101394b2b9dd9226a820a189d [LEADER]: Connected to new peer: Peer: permanent_uuid: "896c637fc2a64f89a687d59d608af347" member_type: VOTER last_known_addr { host: "127.23.118.66" port: 39357 }, Status: LMP_MISMATCH, Last received: 0.0, Next index: 1, Last known committed idx: 0, Time since last communication: 0.000s
I20260630 12:31:21.207865 27205 raft_consensus.cc:2749] T b915481475de426cadf35f672015ed93 P 5ee68d1d28734fe888a44d126d435683 [term 1 FOLLOWER]: Leader pre-election lost for term 1. Reason: could not achieve majority
I20260630 12:31:21.234309 24025 rpc_server.cc:307] RPC server started. Bound to: 127.23.118.68:39247
I20260630 12:31:21.234537 27327 acceptor_pool.cc:272] collecting diagnostics on the listening RPC socket 127.23.118.68:39247 every 8 connection(s)
I20260630 12:31:21.247915 26900 catalog_manager.cc:3570] Servicing AlterTable request from {username='slave'} at 127.0.0.1:60812:
table { table_name: "range_aware_rebalance_new_range" } alter_schema_steps { type: ADD_RANGE_PARTITION add_range_partition { range_bounds { rows: "\006\001\n\000\000\000\007\001\024\000\000\000""\006\001\n\000\000\000\007\001\024\000\000\000" indirect_data: """" } } } schema { columns { name: "key" type: INT32 is_key: true is_nullable: false encoding: AUTO_ENCODING compression: DEFAULT_COMPRESSION cfile_block_size: 0 immutable: false } } modify_external_catalogs: true
I20260630 12:31:21.260224 27328 heartbeater.cc:344] Connected to a master server at 127.23.118.126:40477
I20260630 12:31:21.260613 27328 heartbeater.cc:461] Registering TS with master...
I20260630 12:31:21.261351 27328 heartbeater.cc:507] Master 127.23.118.126:40477 requested a full tablet report, sending...
I20260630 12:31:21.263374 26901 ts_manager.cc:194] Registered new tserver with Master: 7fdbe17edd6141adb577b7c9c75ef148 (127.23.118.68:39247)
I20260630 12:31:21.265024 26901 master_service.cc:502] Signed X509 certificate for tserver {username='slave'} at 127.0.0.1:60820
W20260630 12:31:21.269565 26900 catalog_manager.cc:5957] Failed to send alter table request: Not found: failed to reset TS proxy: No leader found: Tablet 1301b641c97649c7b734ae73634d1480 has no consensus state
W20260630 12:31:21.270783 26900 catalog_manager.cc:5957] Failed to send alter table request: Not found: failed to reset TS proxy: No leader found: Tablet bf76d2225ee54d179753cfb415ca1ee4 has no consensus state
W20260630 12:31:21.272293 26900 catalog_manager.cc:5957] Failed to send alter table request: Not found: failed to reset TS proxy: No leader found: Tablet ecfc586a2d8b42ab8824e9a01c041395 has no consensus state
I20260630 12:31:21.273607 27229 raft_consensus.cc:493] T 24f24bd6375047108f509098e6f43df9 P dadb492101394b2b9dd9226a820a189d [term 0 FOLLOWER]: Starting pre-election (no leader contacted us within the election timeout)
I20260630 12:31:21.274096 27229 raft_consensus.cc:515] T 24f24bd6375047108f509098e6f43df9 P dadb492101394b2b9dd9226a820a189d [term 0 FOLLOWER]: Starting pre-election with config: opid_index: -1 OBSOLETE_local: false peers { permanent_uuid: "5ee68d1d28734fe888a44d126d435683" member_type: VOTER last_known_addr { host: "127.23.118.65" port: 44125 } } peers { permanent_uuid: "896c637fc2a64f89a687d59d608af347" member_type: VOTER last_known_addr { host: "127.23.118.66" port: 39357 } } peers { permanent_uuid: "dadb492101394b2b9dd9226a820a189d" member_type: VOTER last_known_addr { host: "127.23.118.67" port: 33993 } }
I20260630 12:31:21.275844 27229 leader_election.cc:290] T 24f24bd6375047108f509098e6f43df9 P dadb492101394b2b9dd9226a820a189d [CANDIDATE]: Term 1 pre-election: Requested pre-vote from peers 5ee68d1d28734fe888a44d126d435683 (127.23.118.65:44125), 896c637fc2a64f89a687d59d608af347 (127.23.118.66:39357)
W20260630 12:31:21.276191 26900 catalog_manager.cc:5957] Failed to send alter table request: Not found: failed to reset TS proxy: No leader found: Tablet fd3000c559f44250be78d37c67581914 has no consensus state
I20260630 12:31:21.276383 27002 tablet_service.cc:1917] Received RequestConsensusVote() RPC: tablet_id: "24f24bd6375047108f509098e6f43df9" candidate_uuid: "dadb492101394b2b9dd9226a820a189d" candidate_term: 1 candidate_status { last_received { term: 0 index: 0 } } ignore_live_leader: false dest_uuid: "5ee68d1d28734fe888a44d126d435683" is_pre_election: true
I20260630 12:31:21.276933 27076 tablet_service.cc:1917] Received RequestConsensusVote() RPC: tablet_id: "24f24bd6375047108f509098e6f43df9" candidate_uuid: "dadb492101394b2b9dd9226a820a189d" candidate_term: 1 candidate_status { last_received { term: 0 index: 0 } } ignore_live_leader: false dest_uuid: "896c637fc2a64f89a687d59d608af347" is_pre_election: true
I20260630 12:31:21.277166 27002 raft_consensus.cc:2393] T 24f24bd6375047108f509098e6f43df9 P 5ee68d1d28734fe888a44d126d435683 [term 1 FOLLOWER]: Leader pre-election vote request: Denying vote to candidate dadb492101394b2b9dd9226a820a189d in current term 1: Already voted for candidate 896c637fc2a64f89a687d59d608af347 in this term.
I20260630 12:31:21.278416 27115 leader_election.cc:304] T 24f24bd6375047108f509098e6f43df9 P dadb492101394b2b9dd9226a820a189d [CANDIDATE]: Term 1 pre-election: Election decided. Result: candidate lost. Election summary: received 3 responses out of 3 voters: 1 yes votes; 2 no votes. yes voters: dadb492101394b2b9dd9226a820a189d; no voters: 5ee68d1d28734fe888a44d126d435683, 896c637fc2a64f89a687d59d608af347
I20260630 12:31:21.279187 27229 raft_consensus.cc:3060] T 24f24bd6375047108f509098e6f43df9 P dadb492101394b2b9dd9226a820a189d [term 0 FOLLOWER]: Advancing to term 1
W20260630 12:31:21.280587 26900 catalog_manager.cc:5957] Failed to send alter table request: Not found: failed to reset TS proxy: No leader found: Tablet 025ae1a3f00347beaaf8bb53644a45eb has no consensus state
W20260630 12:31:21.282102 26900 catalog_manager.cc:5957] Failed to send alter table request: Not found: failed to reset TS proxy: No leader found: Tablet e99f6f222c994b968ecf4f117852619b has no consensus state
W20260630 12:31:21.283420 26900 catalog_manager.cc:5957] Failed to send alter table request: Not found: failed to reset TS proxy: No leader found: Tablet d17b6001a1004818ad5acd382c6c6602 has no consensus state
W20260630 12:31:21.285023 26900 catalog_manager.cc:5957] Failed to send alter table request: Not found: failed to reset TS proxy: No leader found: Tablet 903dc9d36453474d8b2d09fe67ea0b24 has no consensus state
I20260630 12:31:21.285881 27229 raft_consensus.cc:2749] T 24f24bd6375047108f509098e6f43df9 P dadb492101394b2b9dd9226a820a189d [term 1 FOLLOWER]: Leader pre-election lost for term 1. Reason: could not achieve majority
W20260630 12:31:21.291379 26885 catalog_manager.cc:4810] Async tablet task AlterTable RPC for tablet bf76d2225ee54d179753cfb415ca1ee4 (table range_aware_rebalance_new_range [id=2ca9797dcda849fea0c1a701dea3bce6], current schema version=0) failed: Not found: failed to reset TS proxy: No leader found: Tablet bf76d2225ee54d179753cfb415ca1ee4 has no consensus state
I20260630 12:31:21.308880 26988 tablet_service.cc:1511] Processing CreateTablet for tablet 1301b641c97649c7b734ae73634d1480 (DEFAULT_TABLE table=range_aware_rebalance_new_range [id=2ca9797dcda849fea0c1a701dea3bce6]), partition=HASH (key) PARTITION 0, RANGE (key) PARTITION 10 <= VALUES < 20
I20260630 12:31:21.310416 26988 data_dirs.cc:400] Could only allocate 1 dirs of requested 3 for tablet 1301b641c97649c7b734ae73634d1480. 1 dirs total, 0 dirs full, 0 dirs failed
I20260630 12:31:21.310361 27061 tablet_service.cc:1511] Processing CreateTablet for tablet 1301b641c97649c7b734ae73634d1480 (DEFAULT_TABLE table=range_aware_rebalance_new_range [id=2ca9797dcda849fea0c1a701dea3bce6]), partition=HASH (key) PARTITION 0, RANGE (key) PARTITION 10 <= VALUES < 20
I20260630 12:31:21.311892 27061 data_dirs.cc:400] Could only allocate 1 dirs of requested 3 for tablet 1301b641c97649c7b734ae73634d1480. 1 dirs total, 0 dirs full, 0 dirs failed
I20260630 12:31:21.322569 27231 consensus_queue.cc:1048] T 24f24bd6375047108f509098e6f43df9 P 896c637fc2a64f89a687d59d608af347 [LEADER]: Connected to new peer: Peer: permanent_uuid: "dadb492101394b2b9dd9226a820a189d" member_type: VOTER last_known_addr { host: "127.23.118.67" port: 33993 }, Status: LMP_MISMATCH, Last received: 0.0, Next index: 1, Last known committed idx: 0, Time since last communication: 0.001s
I20260630 12:31:21.327244 27139 tablet_service.cc:1511] Processing CreateTablet for tablet bf76d2225ee54d179753cfb415ca1ee4 (DEFAULT_TABLE table=range_aware_rebalance_new_range [id=2ca9797dcda849fea0c1a701dea3bce6]), partition=HASH (key) PARTITION 1, RANGE (key) PARTITION 10 <= VALUES < 20
I20260630 12:31:21.329046 27197 tablet_bootstrap.cc:492] T 1301b641c97649c7b734ae73634d1480 P 896c637fc2a64f89a687d59d608af347: Bootstrap starting.
I20260630 12:31:21.328663 27139 data_dirs.cc:400] Could only allocate 1 dirs of requested 3 for tablet bf76d2225ee54d179753cfb415ca1ee4. 1 dirs total, 0 dirs full, 0 dirs failed
I20260630 12:31:21.336084 27065 tablet_service.cc:1511] Processing CreateTablet for tablet ecfc586a2d8b42ab8824e9a01c041395 (DEFAULT_TABLE table=range_aware_rebalance_new_range [id=2ca9797dcda849fea0c1a701dea3bce6]), partition=HASH (key) PARTITION 2, RANGE (key) PARTITION 10 <= VALUES < 20
I20260630 12:31:21.339248 27065 data_dirs.cc:400] Could only allocate 1 dirs of requested 3 for tablet ecfc586a2d8b42ab8824e9a01c041395. 1 dirs total, 0 dirs full, 0 dirs failed
I20260630 12:31:21.340847 27231 consensus_queue.cc:1048] T b915481475de426cadf35f672015ed93 P 896c637fc2a64f89a687d59d608af347 [LEADER]: Connected to new peer: Peer: permanent_uuid: "dadb492101394b2b9dd9226a820a189d" member_type: VOTER last_known_addr { host: "127.23.118.67" port: 33993 }, Status: LMP_MISMATCH, Last received: 0.0, Next index: 1, Last known committed idx: 0, Time since last communication: 0.000s
I20260630 12:31:21.345206 27197 tablet_bootstrap.cc:654] T 1301b641c97649c7b734ae73634d1480 P 896c637fc2a64f89a687d59d608af347: Neither blocks nor log segments found. Creating new log.
I20260630 12:31:21.349886 27198 tablet_bootstrap.cc:492] T 1301b641c97649c7b734ae73634d1480 P 5ee68d1d28734fe888a44d126d435683: Bootstrap starting.
I20260630 12:31:21.353757 26993 tablet_service.cc:1511] Processing CreateTablet for tablet bf76d2225ee54d179753cfb415ca1ee4 (DEFAULT_TABLE table=range_aware_rebalance_new_range [id=2ca9797dcda849fea0c1a701dea3bce6]), partition=HASH (key) PARTITION 1, RANGE (key) PARTITION 10 <= VALUES < 20
I20260630 12:31:21.355067 26993 data_dirs.cc:400] Could only allocate 1 dirs of requested 3 for tablet bf76d2225ee54d179753cfb415ca1ee4. 1 dirs total, 0 dirs full, 0 dirs failed
I20260630 12:31:21.355458 27063 tablet_service.cc:1511] Processing CreateTablet for tablet e99f6f222c994b968ecf4f117852619b (DEFAULT_TABLE table=range_aware_rebalance_new_range [id=2ca9797dcda849fea0c1a701dea3bce6]), partition=HASH (key) PARTITION 5, RANGE (key) PARTITION 10 <= VALUES < 20
I20260630 12:31:21.356767 27063 data_dirs.cc:400] Could only allocate 1 dirs of requested 3 for tablet e99f6f222c994b968ecf4f117852619b. 1 dirs total, 0 dirs full, 0 dirs failed
I20260630 12:31:21.359870 27231 consensus_queue.cc:1048] T b915481475de426cadf35f672015ed93 P 896c637fc2a64f89a687d59d608af347 [LEADER]: Connected to new peer: Peer: permanent_uuid: "5ee68d1d28734fe888a44d126d435683" member_type: VOTER last_known_addr { host: "127.23.118.65" port: 44125 }, Status: LMP_MISMATCH, Last received: 0.0, Next index: 1, Last known committed idx: 0, Time since last communication: 0.000s
I20260630 12:31:21.377704 27135 tablet_service.cc:1511] Processing CreateTablet for tablet ecfc586a2d8b42ab8824e9a01c041395 (DEFAULT_TABLE table=range_aware_rebalance_new_range [id=2ca9797dcda849fea0c1a701dea3bce6]), partition=HASH (key) PARTITION 2, RANGE (key) PARTITION 10 <= VALUES < 20
I20260630 12:31:21.379241 27135 data_dirs.cc:400] Could only allocate 1 dirs of requested 3 for tablet ecfc586a2d8b42ab8824e9a01c041395. 1 dirs total, 0 dirs full, 0 dirs failed
I20260630 12:31:21.386351 27198 tablet_bootstrap.cc:654] T 1301b641c97649c7b734ae73634d1480 P 5ee68d1d28734fe888a44d126d435683: Neither blocks nor log segments found. Creating new log.
I20260630 12:31:21.398195 27231 consensus_queue.cc:1048] T 24f24bd6375047108f509098e6f43df9 P 896c637fc2a64f89a687d59d608af347 [LEADER]: Connected to new peer: Peer: permanent_uuid: "5ee68d1d28734fe888a44d126d435683" member_type: VOTER last_known_addr { host: "127.23.118.65" port: 44125 }, Status: LMP_MISMATCH, Last received: 0.0, Next index: 1, Last known committed idx: 0, Time since last communication: 0.001s
I20260630 12:31:21.392364 27061 tablet_service.cc:1511] Processing CreateTablet for tablet fd3000c559f44250be78d37c67581914 (DEFAULT_TABLE table=range_aware_rebalance_new_range [id=2ca9797dcda849fea0c1a701dea3bce6]), partition=HASH (key) PARTITION 3, RANGE (key) PARTITION 10 <= VALUES < 20
I20260630 12:31:21.399749 27061 data_dirs.cc:400] Could only allocate 1 dirs of requested 3 for tablet fd3000c559f44250be78d37c67581914. 1 dirs total, 0 dirs full, 0 dirs failed
I20260630 12:31:21.410837 26988 tablet_service.cc:1511] Processing CreateTablet for tablet fd3000c559f44250be78d37c67581914 (DEFAULT_TABLE table=range_aware_rebalance_new_range [id=2ca9797dcda849fea0c1a701dea3bce6]), partition=HASH (key) PARTITION 3, RANGE (key) PARTITION 10 <= VALUES < 20
I20260630 12:31:21.412652 26988 data_dirs.cc:400] Could only allocate 1 dirs of requested 3 for tablet fd3000c559f44250be78d37c67581914. 1 dirs total, 0 dirs full, 0 dirs failed
I20260630 12:31:21.434554 26992 tablet_service.cc:1511] Processing CreateTablet for tablet 025ae1a3f00347beaaf8bb53644a45eb (DEFAULT_TABLE table=range_aware_rebalance_new_range [id=2ca9797dcda849fea0c1a701dea3bce6]), partition=HASH (key) PARTITION 4, RANGE (key) PARTITION 10 <= VALUES < 20
I20260630 12:31:21.434849 27140 tablet_service.cc:1511] Processing CreateTablet for tablet 025ae1a3f00347beaaf8bb53644a45eb (DEFAULT_TABLE table=range_aware_rebalance_new_range [id=2ca9797dcda849fea0c1a701dea3bce6]), partition=HASH (key) PARTITION 4, RANGE (key) PARTITION 10 <= VALUES < 20
I20260630 12:31:21.436028 27140 data_dirs.cc:400] Could only allocate 1 dirs of requested 3 for tablet 025ae1a3f00347beaaf8bb53644a45eb. 1 dirs total, 0 dirs full, 0 dirs failed
I20260630 12:31:21.435796 27141 tablet_service.cc:1511] Processing CreateTablet for tablet e99f6f222c994b968ecf4f117852619b (DEFAULT_TABLE table=range_aware_rebalance_new_range [id=2ca9797dcda849fea0c1a701dea3bce6]), partition=HASH (key) PARTITION 5, RANGE (key) PARTITION 10 <= VALUES < 20
I20260630 12:31:21.437115 27141 data_dirs.cc:400] Could only allocate 1 dirs of requested 3 for tablet e99f6f222c994b968ecf4f117852619b. 1 dirs total, 0 dirs full, 0 dirs failed
I20260630 12:31:21.438341 26991 tablet_service.cc:1511] Processing CreateTablet for tablet d17b6001a1004818ad5acd382c6c6602 (DEFAULT_TABLE table=range_aware_rebalance_new_range [id=2ca9797dcda849fea0c1a701dea3bce6]), partition=HASH (key) PARTITION 6, RANGE (key) PARTITION 10 <= VALUES < 20
I20260630 12:31:21.436030 26992 data_dirs.cc:400] Could only allocate 1 dirs of requested 3 for tablet 025ae1a3f00347beaaf8bb53644a45eb. 1 dirs total, 0 dirs full, 0 dirs failed
I20260630 12:31:21.444166 26991 data_dirs.cc:400] Could only allocate 1 dirs of requested 3 for tablet d17b6001a1004818ad5acd382c6c6602. 1 dirs total, 0 dirs full, 0 dirs failed
I20260630 12:31:21.462417 27065 tablet_service.cc:1511] Processing CreateTablet for tablet d17b6001a1004818ad5acd382c6c6602 (DEFAULT_TABLE table=range_aware_rebalance_new_range [id=2ca9797dcda849fea0c1a701dea3bce6]), partition=HASH (key) PARTITION 6, RANGE (key) PARTITION 10 <= VALUES < 20
I20260630 12:31:21.462535 27136 tablet_service.cc:1511] Processing CreateTablet for tablet 903dc9d36453474d8b2d09fe67ea0b24 (DEFAULT_TABLE table=range_aware_rebalance_new_range [id=2ca9797dcda849fea0c1a701dea3bce6]), partition=HASH (key) PARTITION 7, RANGE (key) PARTITION 10 <= VALUES < 20
I20260630 12:31:21.465801 27065 data_dirs.cc:400] Could only allocate 1 dirs of requested 3 for tablet d17b6001a1004818ad5acd382c6c6602. 1 dirs total, 0 dirs full, 0 dirs failed
I20260630 12:31:21.465888 27136 data_dirs.cc:400] Could only allocate 1 dirs of requested 3 for tablet 903dc9d36453474d8b2d09fe67ea0b24. 1 dirs total, 0 dirs full, 0 dirs failed
I20260630 12:31:21.474812 27197 tablet_bootstrap.cc:492] T 1301b641c97649c7b734ae73634d1480 P 896c637fc2a64f89a687d59d608af347: No bootstrap required, opened a new log
I20260630 12:31:21.475314 27197 ts_tablet_manager.cc:1403] T 1301b641c97649c7b734ae73634d1480 P 896c637fc2a64f89a687d59d608af347: Time spent bootstrapping tablet: real 0.146s	user 0.013s	sys 0.014s
I20260630 12:31:21.477871 27197 raft_consensus.cc:359] T 1301b641c97649c7b734ae73634d1480 P 896c637fc2a64f89a687d59d608af347 [term 0 FOLLOWER]: Replica starting. Triggering 0 pending ops. Active config: opid_index: -1 OBSOLETE_local: false peers { permanent_uuid: "5ee68d1d28734fe888a44d126d435683" member_type: VOTER last_known_addr { host: "127.23.118.65" port: 44125 } } peers { permanent_uuid: "896c637fc2a64f89a687d59d608af347" member_type: VOTER last_known_addr { host: "127.23.118.66" port: 39357 } } peers { permanent_uuid: "7fdbe17edd6141adb577b7c9c75ef148" member_type: VOTER last_known_addr { host: "127.23.118.68" port: 39247 } }
I20260630 12:31:21.478564 27197 raft_consensus.cc:385] T 1301b641c97649c7b734ae73634d1480 P 896c637fc2a64f89a687d59d608af347 [term 0 FOLLOWER]: Consensus starting up: Expiring failure detector timer to make a prompt election more likely
I20260630 12:31:21.478837 27197 raft_consensus.cc:740] T 1301b641c97649c7b734ae73634d1480 P 896c637fc2a64f89a687d59d608af347 [term 0 FOLLOWER]: Becoming Follower/Learner. State: Replica: 896c637fc2a64f89a687d59d608af347, State: Initialized, Role: FOLLOWER
I20260630 12:31:21.479619 27197 consensus_queue.cc:260] T 1301b641c97649c7b734ae73634d1480 P 896c637fc2a64f89a687d59d608af347 [NON_LEADER]: Queue going to NON_LEADER mode. State: All replicated index: 0, Majority replicated index: 0, Committed index: 0, Last appended: 0.0, Last appended by leader: 0, Current term: 0, Majority size: -1, State: 0, Mode: NON_LEADER, active raft config: opid_index: -1 OBSOLETE_local: false peers { permanent_uuid: "5ee68d1d28734fe888a44d126d435683" member_type: VOTER last_known_addr { host: "127.23.118.65" port: 44125 } } peers { permanent_uuid: "896c637fc2a64f89a687d59d608af347" member_type: VOTER last_known_addr { host: "127.23.118.66" port: 39357 } } peers { permanent_uuid: "7fdbe17edd6141adb577b7c9c75ef148" member_type: VOTER last_known_addr { host: "127.23.118.68" port: 39247 } }
I20260630 12:31:21.485105 27198 tablet_bootstrap.cc:492] T 1301b641c97649c7b734ae73634d1480 P 5ee68d1d28734fe888a44d126d435683: No bootstrap required, opened a new log
I20260630 12:31:21.485585 27198 ts_tablet_manager.cc:1403] T 1301b641c97649c7b734ae73634d1480 P 5ee68d1d28734fe888a44d126d435683: Time spent bootstrapping tablet: real 0.136s	user 0.006s	sys 0.003s
I20260630 12:31:21.487129 27197 ts_tablet_manager.cc:1434] T 1301b641c97649c7b734ae73634d1480 P 896c637fc2a64f89a687d59d608af347: Time spent starting tablet: real 0.012s	user 0.008s	sys 0.000s
I20260630 12:31:21.503376 26993 tablet_service.cc:1511] Processing CreateTablet for tablet 903dc9d36453474d8b2d09fe67ea0b24 (DEFAULT_TABLE table=range_aware_rebalance_new_range [id=2ca9797dcda849fea0c1a701dea3bce6]), partition=HASH (key) PARTITION 7, RANGE (key) PARTITION 10 <= VALUES < 20
I20260630 12:31:21.506160 27197 tablet_bootstrap.cc:492] T ecfc586a2d8b42ab8824e9a01c041395 P 896c637fc2a64f89a687d59d608af347: Bootstrap starting.
I20260630 12:31:21.506541 26993 data_dirs.cc:400] Could only allocate 1 dirs of requested 3 for tablet 903dc9d36453474d8b2d09fe67ea0b24. 1 dirs total, 0 dirs full, 0 dirs failed
I20260630 12:31:21.507866 27287 tablet_service.cc:1511] Processing CreateTablet for tablet ecfc586a2d8b42ab8824e9a01c041395 (DEFAULT_TABLE table=range_aware_rebalance_new_range [id=2ca9797dcda849fea0c1a701dea3bce6]), partition=HASH (key) PARTITION 2, RANGE (key) PARTITION 10 <= VALUES < 20
I20260630 12:31:21.509321 27287 data_dirs.cc:400] Could only allocate 1 dirs of requested 3 for tablet ecfc586a2d8b42ab8824e9a01c041395. 1 dirs total, 0 dirs full, 0 dirs failed
I20260630 12:31:21.510819 27286 tablet_service.cc:1511] Processing CreateTablet for tablet fd3000c559f44250be78d37c67581914 (DEFAULT_TABLE table=range_aware_rebalance_new_range [id=2ca9797dcda849fea0c1a701dea3bce6]), partition=HASH (key) PARTITION 3, RANGE (key) PARTITION 10 <= VALUES < 20
