I20260630 12:31:26.335893 23207 raft_consensus.cc:2955] T 28a784f644df4517a4d7f06439f872aa P 6791dd6de1994c03a0a6a0189bf6b2bb [term 1 FOLLOWER]: Committing config change with OpId 1.2: config changed from index -1 to 2, NON_VOTER 09ef3c4ad85b454297358a9d3311126b (127.19.167.196) added. New config: { opid_index: 2 OBSOLETE_local: false peers { permanent_uuid: "2dcdf8b1fb6a418b85c807f6c3c23dbc" member_type: VOTER last_known_addr { host: "127.19.167.193" port: 42125 } } peers { permanent_uuid: "6791dd6de1994c03a0a6a0189bf6b2bb" member_type: VOTER last_known_addr { host: "127.19.167.194" port: 36521 } attrs { replace: true } } peers { permanent_uuid: "dd9b4699b8ec47b1a2712833c4605765" member_type: VOTER last_known_addr { host: "127.19.167.195" port: 41825 } } peers { permanent_uuid: "09ef3c4ad85b454297358a9d3311126b" member_type: NON_VOTER last_known_addr { host: "127.19.167.196" port: 36819 } attrs { promote: true } } }
I20260630 12:31:26.337208 23281 raft_consensus.cc:2955] T 28a784f644df4517a4d7f06439f872aa P dd9b4699b8ec47b1a2712833c4605765 [term 1 FOLLOWER]: Committing config change with OpId 1.2: config changed from index -1 to 2, NON_VOTER 09ef3c4ad85b454297358a9d3311126b (127.19.167.196) added. New config: { opid_index: 2 OBSOLETE_local: false peers { permanent_uuid: "2dcdf8b1fb6a418b85c807f6c3c23dbc" member_type: VOTER last_known_addr { host: "127.19.167.193" port: 42125 } } peers { permanent_uuid: "6791dd6de1994c03a0a6a0189bf6b2bb" member_type: VOTER last_known_addr { host: "127.19.167.194" port: 36521 } attrs { replace: true } } peers { permanent_uuid: "dd9b4699b8ec47b1a2712833c4605765" member_type: VOTER last_known_addr { host: "127.19.167.195" port: 41825 } } peers { permanent_uuid: "09ef3c4ad85b454297358a9d3311126b" member_type: NON_VOTER last_known_addr { host: "127.19.167.196" port: 36819 } attrs { promote: true } } }
I20260630 12:31:26.351439 23134 consensus_queue.cc:237] T f3b96c5181b24356a909564b9962b43b P 2dcdf8b1fb6a418b85c807f6c3c23dbc [LEADER]: Queue going to LEADER mode. State: All replicated index: 0, Majority replicated index: 1, Committed index: 1, Last appended: 1.1, Last appended by leader: 0, Current term: 1, Majority size: 2, State: 0, Mode: LEADER, active raft config: opid_index: 2 OBSOLETE_local: false peers { permanent_uuid: "6791dd6de1994c03a0a6a0189bf6b2bb" member_type: VOTER last_known_addr { host: "127.19.167.194" port: 36521 } } peers { permanent_uuid: "09ef3c4ad85b454297358a9d3311126b" member_type: VOTER last_known_addr { host: "127.19.167.196" port: 36819 } attrs { replace: true } } peers { permanent_uuid: "2dcdf8b1fb6a418b85c807f6c3c23dbc" member_type: VOTER last_known_addr { host: "127.19.167.193" port: 42125 } } peers { permanent_uuid: "dd9b4699b8ec47b1a2712833c4605765" member_type: NON_VOTER last_known_addr { host: "127.19.167.195" port: 41825 } attrs { promote: true } }
I20260630 12:31:26.351681 23032 catalog_manager.cc:5697] T 28a784f644df4517a4d7f06439f872aa P 2dcdf8b1fb6a418b85c807f6c3c23dbc reported cstate change: config changed from index -1 to 2, NON_VOTER 09ef3c4ad85b454297358a9d3311126b (127.19.167.196) added. New cstate: current_term: 1 leader_uuid: "2dcdf8b1fb6a418b85c807f6c3c23dbc" committed_config { opid_index: 2 OBSOLETE_local: false peers { permanent_uuid: "2dcdf8b1fb6a418b85c807f6c3c23dbc" member_type: VOTER last_known_addr { host: "127.19.167.193" port: 42125 } health_report { overall_health: HEALTHY } } peers { permanent_uuid: "6791dd6de1994c03a0a6a0189bf6b2bb" member_type: VOTER last_known_addr { host: "127.19.167.194" port: 36521 } attrs { replace: true } health_report { overall_health: HEALTHY } } peers { permanent_uuid: "dd9b4699b8ec47b1a2712833c4605765" member_type: VOTER last_known_addr { host: "127.19.167.195" port: 41825 } health_report { overall_health: HEALTHY } } peers { permanent_uuid: "09ef3c4ad85b454297358a9d3311126b" member_type: NON_VOTER last_known_addr { host: "127.19.167.196" port: 36819 } attrs { promote: true } health_report { overall_health: UNKNOWN } } }
I20260630 12:31:26.368559 23440 raft_consensus.cc:1275] T f3b96c5181b24356a909564b9962b43b P 09ef3c4ad85b454297358a9d3311126b [term 1 FOLLOWER]: Refusing update from remote peer 2dcdf8b1fb6a418b85c807f6c3c23dbc: Log matching property violated. Preceding OpId in replica: term: 1 index: 1. Preceding OpId from leader: term: 1 index: 2. (index mismatch)
I20260630 12:31:26.371174 23640 consensus_queue.cc:1048] T f3b96c5181b24356a909564b9962b43b P 2dcdf8b1fb6a418b85c807f6c3c23dbc [LEADER]: Connected to new peer: Peer: permanent_uuid: "09ef3c4ad85b454297358a9d3311126b" member_type: VOTER last_known_addr { host: "127.19.167.196" port: 36819 } attrs { replace: true }, Status: LMP_MISMATCH, Last received: 0.0, Next index: 2, Last known committed idx: 1, Time since last communication: 0.001s
I20260630 12:31:26.372844 23208 raft_consensus.cc:1275] T f3b96c5181b24356a909564b9962b43b P 6791dd6de1994c03a0a6a0189bf6b2bb [term 1 FOLLOWER]: Refusing update from remote peer 2dcdf8b1fb6a418b85c807f6c3c23dbc: Log matching property violated. Preceding OpId in replica: term: 1 index: 1. Preceding OpId from leader: term: 1 index: 2. (index mismatch)
I20260630 12:31:26.374354 23640 consensus_queue.cc:1048] T f3b96c5181b24356a909564b9962b43b P 2dcdf8b1fb6a418b85c807f6c3c23dbc [LEADER]: Connected to new peer: Peer: permanent_uuid: "6791dd6de1994c03a0a6a0189bf6b2bb" member_type: VOTER last_known_addr { host: "127.19.167.194" port: 36521 }, Status: LMP_MISMATCH, Last received: 0.0, Next index: 2, Last known committed idx: 1, Time since last communication: 0.000s
W20260630 12:31:26.375327 23100 consensus_peers.cc:597] T f3b96c5181b24356a909564b9962b43b P 2dcdf8b1fb6a418b85c807f6c3c23dbc -> Peer dd9b4699b8ec47b1a2712833c4605765 (127.19.167.195:41825): Couldn't send request to peer dd9b4699b8ec47b1a2712833c4605765. Error code: TABLET_NOT_FOUND (6). Status: Not found: Tablet not found: f3b96c5181b24356a909564b9962b43b. This is attempt 1: this message will repeat every 5th retry.
I20260630 12:31:26.379889 23359 raft_consensus.cc:2955] T f3b96c5181b24356a909564b9962b43b P 2dcdf8b1fb6a418b85c807f6c3c23dbc [term 1 LEADER]: Committing config change with OpId 1.2: config changed from index -1 to 2, NON_VOTER dd9b4699b8ec47b1a2712833c4605765 (127.19.167.195) added. New config: { opid_index: 2 OBSOLETE_local: false peers { permanent_uuid: "6791dd6de1994c03a0a6a0189bf6b2bb" member_type: VOTER last_known_addr { host: "127.19.167.194" port: 36521 } } peers { permanent_uuid: "09ef3c4ad85b454297358a9d3311126b" member_type: VOTER last_known_addr { host: "127.19.167.196" port: 36819 } attrs { replace: true } } peers { permanent_uuid: "2dcdf8b1fb6a418b85c807f6c3c23dbc" member_type: VOTER last_known_addr { host: "127.19.167.193" port: 42125 } } peers { permanent_uuid: "dd9b4699b8ec47b1a2712833c4605765" member_type: NON_VOTER last_known_addr { host: "127.19.167.195" port: 41825 } attrs { promote: true } } }
I20260630 12:31:26.382022 23441 raft_consensus.cc:2955] T f3b96c5181b24356a909564b9962b43b P 09ef3c4ad85b454297358a9d3311126b [term 1 FOLLOWER]: Committing config change with OpId 1.2: config changed from index -1 to 2, NON_VOTER dd9b4699b8ec47b1a2712833c4605765 (127.19.167.195) added. New config: { opid_index: 2 OBSOLETE_local: false peers { permanent_uuid: "6791dd6de1994c03a0a6a0189bf6b2bb" member_type: VOTER last_known_addr { host: "127.19.167.194" port: 36521 } } peers { permanent_uuid: "09ef3c4ad85b454297358a9d3311126b" member_type: VOTER last_known_addr { host: "127.19.167.196" port: 36819 } attrs { replace: true } } peers { permanent_uuid: "2dcdf8b1fb6a418b85c807f6c3c23dbc" member_type: VOTER last_known_addr { host: "127.19.167.193" port: 42125 } } peers { permanent_uuid: "dd9b4699b8ec47b1a2712833c4605765" member_type: NON_VOTER last_known_addr { host: "127.19.167.195" port: 41825 } attrs { promote: true } } }
I20260630 12:31:26.384562 23208 raft_consensus.cc:2955] T f3b96c5181b24356a909564b9962b43b P 6791dd6de1994c03a0a6a0189bf6b2bb [term 1 FOLLOWER]: Committing config change with OpId 1.2: config changed from index -1 to 2, NON_VOTER dd9b4699b8ec47b1a2712833c4605765 (127.19.167.195) added. New config: { opid_index: 2 OBSOLETE_local: false peers { permanent_uuid: "6791dd6de1994c03a0a6a0189bf6b2bb" member_type: VOTER last_known_addr { host: "127.19.167.194" port: 36521 } } peers { permanent_uuid: "09ef3c4ad85b454297358a9d3311126b" member_type: VOTER last_known_addr { host: "127.19.167.196" port: 36819 } attrs { replace: true } } peers { permanent_uuid: "2dcdf8b1fb6a418b85c807f6c3c23dbc" member_type: VOTER last_known_addr { host: "127.19.167.193" port: 42125 } } peers { permanent_uuid: "dd9b4699b8ec47b1a2712833c4605765" member_type: NON_VOTER last_known_addr { host: "127.19.167.195" port: 41825 } attrs { promote: true } } }
I20260630 12:31:26.395342 23207 consensus_queue.cc:237] T d0a4275bcc6f41c6a4c3ff42e1e39a22 P 6791dd6de1994c03a0a6a0189bf6b2bb [LEADER]: Queue going to LEADER mode. State: All replicated index: 0, Majority replicated index: 1, Committed index: 1, Last appended: 1.1, Last appended by leader: 0, Current term: 1, Majority size: 2, State: 0, Mode: LEADER, active raft config: opid_index: 2 OBSOLETE_local: false peers { permanent_uuid: "2dcdf8b1fb6a418b85c807f6c3c23dbc" member_type: VOTER last_known_addr { host: "127.19.167.193" port: 42125 } } peers { permanent_uuid: "6791dd6de1994c03a0a6a0189bf6b2bb" member_type: VOTER last_known_addr { host: "127.19.167.194" port: 36521 } } peers { permanent_uuid: "dd9b4699b8ec47b1a2712833c4605765" member_type: VOTER last_known_addr { host: "127.19.167.195" port: 41825 } attrs { replace: true } } peers { permanent_uuid: "09ef3c4ad85b454297358a9d3311126b" member_type: NON_VOTER last_known_addr { host: "127.19.167.196" port: 36819 } attrs { promote: true } }
I20260630 12:31:26.395689 23032 catalog_manager.cc:5697] T f3b96c5181b24356a909564b9962b43b P 2dcdf8b1fb6a418b85c807f6c3c23dbc reported cstate change: config changed from index -1 to 2, NON_VOTER dd9b4699b8ec47b1a2712833c4605765 (127.19.167.195) added. New cstate: current_term: 1 leader_uuid: "2dcdf8b1fb6a418b85c807f6c3c23dbc" committed_config { opid_index: 2 OBSOLETE_local: false peers { permanent_uuid: "6791dd6de1994c03a0a6a0189bf6b2bb" member_type: VOTER last_known_addr { host: "127.19.167.194" port: 36521 } health_report { overall_health: HEALTHY } } peers { permanent_uuid: "09ef3c4ad85b454297358a9d3311126b" member_type: VOTER last_known_addr { host: "127.19.167.196" port: 36819 } attrs { replace: true } health_report { overall_health: HEALTHY } } peers { permanent_uuid: "2dcdf8b1fb6a418b85c807f6c3c23dbc" member_type: VOTER last_known_addr { host: "127.19.167.193" port: 42125 } health_report { overall_health: HEALTHY } } peers { permanent_uuid: "dd9b4699b8ec47b1a2712833c4605765" member_type: NON_VOTER last_known_addr { host: "127.19.167.195" port: 41825 } attrs { promote: true } health_report { overall_health: UNKNOWN } } }
W20260630 12:31:26.403061 23175 consensus_peers.cc:597] T d0a4275bcc6f41c6a4c3ff42e1e39a22 P 6791dd6de1994c03a0a6a0189bf6b2bb -> Peer 09ef3c4ad85b454297358a9d3311126b (127.19.167.196:36819): Couldn't send request to peer 09ef3c4ad85b454297358a9d3311126b. Error code: TABLET_NOT_FOUND (6). Status: Not found: Tablet not found: d0a4275bcc6f41c6a4c3ff42e1e39a22. This is attempt 1: this message will repeat every 5th retry.
I20260630 12:31:26.403950 23281 raft_consensus.cc:1275] T d0a4275bcc6f41c6a4c3ff42e1e39a22 P dd9b4699b8ec47b1a2712833c4605765 [term 1 FOLLOWER]: Refusing update from remote peer 6791dd6de1994c03a0a6a0189bf6b2bb: Log matching property violated. Preceding OpId in replica: term: 1 index: 1. Preceding OpId from leader: term: 1 index: 2. (index mismatch)
I20260630 12:31:26.404711 23134 raft_consensus.cc:1275] T d0a4275bcc6f41c6a4c3ff42e1e39a22 P 2dcdf8b1fb6a418b85c807f6c3c23dbc [term 1 FOLLOWER]: Refusing update from remote peer 6791dd6de1994c03a0a6a0189bf6b2bb: Log matching property violated. Preceding OpId in replica: term: 1 index: 1. Preceding OpId from leader: term: 1 index: 2. (index mismatch)
I20260630 12:31:26.405913 23393 consensus_queue.cc:1048] T d0a4275bcc6f41c6a4c3ff42e1e39a22 P 6791dd6de1994c03a0a6a0189bf6b2bb [LEADER]: Connected to new peer: Peer: permanent_uuid: "dd9b4699b8ec47b1a2712833c4605765" member_type: VOTER last_known_addr { host: "127.19.167.195" port: 41825 } attrs { replace: true }, Status: LMP_MISMATCH, Last received: 0.0, Next index: 2, Last known committed idx: 1, Time since last communication: 0.000s
I20260630 12:31:26.408677 23393 consensus_queue.cc:1048] T d0a4275bcc6f41c6a4c3ff42e1e39a22 P 6791dd6de1994c03a0a6a0189bf6b2bb [LEADER]: Connected to new peer: Peer: permanent_uuid: "2dcdf8b1fb6a418b85c807f6c3c23dbc" member_type: VOTER last_known_addr { host: "127.19.167.193" port: 42125 }, Status: LMP_MISMATCH, Last received: 0.0, Next index: 2, Last known committed idx: 1, Time since last communication: 0.000s
I20260630 12:31:26.417943 23652 raft_consensus.cc:2955] T d0a4275bcc6f41c6a4c3ff42e1e39a22 P 6791dd6de1994c03a0a6a0189bf6b2bb [term 1 LEADER]: Committing config change with OpId 1.2: config changed from index -1 to 2, NON_VOTER 09ef3c4ad85b454297358a9d3311126b (127.19.167.196) added. New config: { opid_index: 2 OBSOLETE_local: false peers { permanent_uuid: "2dcdf8b1fb6a418b85c807f6c3c23dbc" member_type: VOTER last_known_addr { host: "127.19.167.193" port: 42125 } } peers { permanent_uuid: "6791dd6de1994c03a0a6a0189bf6b2bb" member_type: VOTER last_known_addr { host: "127.19.167.194" port: 36521 } } peers { permanent_uuid: "dd9b4699b8ec47b1a2712833c4605765" member_type: VOTER last_known_addr { host: "127.19.167.195" port: 41825 } attrs { replace: true } } peers { permanent_uuid: "09ef3c4ad85b454297358a9d3311126b" member_type: NON_VOTER last_known_addr { host: "127.19.167.196" port: 36819 } attrs { promote: true } } }
I20260630 12:31:26.419808 23281 raft_consensus.cc:2955] T d0a4275bcc6f41c6a4c3ff42e1e39a22 P dd9b4699b8ec47b1a2712833c4605765 [term 1 FOLLOWER]: Committing config change with OpId 1.2: config changed from index -1 to 2, NON_VOTER 09ef3c4ad85b454297358a9d3311126b (127.19.167.196) added. New config: { opid_index: 2 OBSOLETE_local: false peers { permanent_uuid: "2dcdf8b1fb6a418b85c807f6c3c23dbc" member_type: VOTER last_known_addr { host: "127.19.167.193" port: 42125 } } peers { permanent_uuid: "6791dd6de1994c03a0a6a0189bf6b2bb" member_type: VOTER last_known_addr { host: "127.19.167.194" port: 36521 } } peers { permanent_uuid: "dd9b4699b8ec47b1a2712833c4605765" member_type: VOTER last_known_addr { host: "127.19.167.195" port: 41825 } attrs { replace: true } } peers { permanent_uuid: "09ef3c4ad85b454297358a9d3311126b" member_type: NON_VOTER last_known_addr { host: "127.19.167.196" port: 36819 } attrs { promote: true } } }
I20260630 12:31:26.421212 23134 raft_consensus.cc:2955] T d0a4275bcc6f41c6a4c3ff42e1e39a22 P 2dcdf8b1fb6a418b85c807f6c3c23dbc [term 1 FOLLOWER]: Committing config change with OpId 1.2: config changed from index -1 to 2, NON_VOTER 09ef3c4ad85b454297358a9d3311126b (127.19.167.196) added. New config: { opid_index: 2 OBSOLETE_local: false peers { permanent_uuid: "2dcdf8b1fb6a418b85c807f6c3c23dbc" member_type: VOTER last_known_addr { host: "127.19.167.193" port: 42125 } } peers { permanent_uuid: "6791dd6de1994c03a0a6a0189bf6b2bb" member_type: VOTER last_known_addr { host: "127.19.167.194" port: 36521 } } peers { permanent_uuid: "dd9b4699b8ec47b1a2712833c4605765" member_type: VOTER last_known_addr { host: "127.19.167.195" port: 41825 } attrs { replace: true } } peers { permanent_uuid: "09ef3c4ad85b454297358a9d3311126b" member_type: NON_VOTER last_known_addr { host: "127.19.167.196" port: 36819 } attrs { promote: true } } }
I20260630 12:31:26.431742 23032 catalog_manager.cc:5697] T d0a4275bcc6f41c6a4c3ff42e1e39a22 P 6791dd6de1994c03a0a6a0189bf6b2bb reported cstate change: config changed from index -1 to 2, NON_VOTER 09ef3c4ad85b454297358a9d3311126b (127.19.167.196) added. New cstate: current_term: 1 leader_uuid: "6791dd6de1994c03a0a6a0189bf6b2bb" committed_config { opid_index: 2 OBSOLETE_local: false peers { permanent_uuid: "2dcdf8b1fb6a418b85c807f6c3c23dbc" member_type: VOTER last_known_addr { host: "127.19.167.193" port: 42125 } health_report { overall_health: HEALTHY } } peers { permanent_uuid: "6791dd6de1994c03a0a6a0189bf6b2bb" member_type: VOTER last_known_addr { host: "127.19.167.194" port: 36521 } health_report { overall_health: HEALTHY } } peers { permanent_uuid: "dd9b4699b8ec47b1a2712833c4605765" member_type: VOTER last_known_addr { host: "127.19.167.195" port: 41825 } attrs { replace: true } health_report { overall_health: HEALTHY } } peers { permanent_uuid: "09ef3c4ad85b454297358a9d3311126b" member_type: NON_VOTER last_known_addr { host: "127.19.167.196" port: 36819 } attrs { promote: true } health_report { overall_health: UNKNOWN } } }
I20260630 12:31:26.696461 23656 ts_tablet_manager.cc:933] T c096edc119d34d60bf6b9a87d2982ecb P 6791dd6de1994c03a0a6a0189bf6b2bb: Initiating tablet copy from peer dd9b4699b8ec47b1a2712833c4605765 (127.19.167.195:41825)
I20260630 12:31:26.698899 23656 tablet_copy_client.cc:323] T c096edc119d34d60bf6b9a87d2982ecb P 6791dd6de1994c03a0a6a0189bf6b2bb: tablet copy: Beginning tablet copy session from remote peer at address 127.19.167.195:41825
I20260630 12:31:26.700733 23293 tablet_copy_service.cc:140] P dd9b4699b8ec47b1a2712833c4605765: Received BeginTabletCopySession request for tablet c096edc119d34d60bf6b9a87d2982ecb from peer 6791dd6de1994c03a0a6a0189bf6b2bb ({username='slave'} at 127.0.0.1:47854)
I20260630 12:31:26.701267 23293 tablet_copy_service.cc:161] P dd9b4699b8ec47b1a2712833c4605765: Beginning new tablet copy session on tablet c096edc119d34d60bf6b9a87d2982ecb from peer 6791dd6de1994c03a0a6a0189bf6b2bb at {username='slave'} at 127.0.0.1:47854: session id = 6791dd6de1994c03a0a6a0189bf6b2bb-c096edc119d34d60bf6b9a87d2982ecb
I20260630 12:31:26.709437 23293 tablet_copy_source_session.cc:215] T c096edc119d34d60bf6b9a87d2982ecb P dd9b4699b8ec47b1a2712833c4605765: Tablet Copy: opened 0 blocks and 1 log segments
I20260630 12:31:26.712941 23656 data_dirs.cc:400] Could only allocate 1 dirs of requested 3 for tablet c096edc119d34d60bf6b9a87d2982ecb. 1 dirs total, 0 dirs full, 0 dirs failed
I20260630 12:31:26.730908 23656 tablet_copy_client.cc:806] T c096edc119d34d60bf6b9a87d2982ecb P 6791dd6de1994c03a0a6a0189bf6b2bb: tablet copy: Starting download of 0 data blocks...
I20260630 12:31:26.731755 23656 tablet_copy_client.cc:670] T c096edc119d34d60bf6b9a87d2982ecb P 6791dd6de1994c03a0a6a0189bf6b2bb: tablet copy: Starting download of 1 WAL segments...
I20260630 12:31:26.741389 23656 tablet_copy_client.cc:538] T c096edc119d34d60bf6b9a87d2982ecb P 6791dd6de1994c03a0a6a0189bf6b2bb: tablet copy: Tablet Copy complete. Replacing tablet superblock.
I20260630 12:31:26.748970 23656 tablet_bootstrap.cc:492] T c096edc119d34d60bf6b9a87d2982ecb P 6791dd6de1994c03a0a6a0189bf6b2bb: Bootstrap starting.
I20260630 12:31:26.769222 23656 tablet_bootstrap.cc:492] T c096edc119d34d60bf6b9a87d2982ecb P 6791dd6de1994c03a0a6a0189bf6b2bb: Bootstrap replayed 1/1 log segments. Stats: ops{read=2 overwritten=0 applied=2 ignored=0} inserts{seen=0 ignored=0} mutations{seen=0 ignored=0} orphaned_commits=0. Pending: 0 replicates
I20260630 12:31:26.770149 23656 tablet_bootstrap.cc:492] T c096edc119d34d60bf6b9a87d2982ecb P 6791dd6de1994c03a0a6a0189bf6b2bb: Bootstrap complete.
I20260630 12:31:26.770759 23656 ts_tablet_manager.cc:1403] T c096edc119d34d60bf6b9a87d2982ecb P 6791dd6de1994c03a0a6a0189bf6b2bb: Time spent bootstrapping tablet: real 0.022s	user 0.023s	sys 0.000s
I20260630 12:31:26.773195 23656 raft_consensus.cc:359] T c096edc119d34d60bf6b9a87d2982ecb P 6791dd6de1994c03a0a6a0189bf6b2bb [term 1 LEARNER]: Replica starting. Triggering 0 pending ops. Active config: opid_index: 2 OBSOLETE_local: false peers { permanent_uuid: "09ef3c4ad85b454297358a9d3311126b" member_type: VOTER last_known_addr { host: "127.19.167.196" port: 36819 } attrs { replace: true } } peers { permanent_uuid: "2dcdf8b1fb6a418b85c807f6c3c23dbc" member_type: VOTER last_known_addr { host: "127.19.167.193" port: 42125 } } peers { permanent_uuid: "dd9b4699b8ec47b1a2712833c4605765" member_type: VOTER last_known_addr { host: "127.19.167.195" port: 41825 } } peers { permanent_uuid: "6791dd6de1994c03a0a6a0189bf6b2bb" member_type: NON_VOTER last_known_addr { host: "127.19.167.194" port: 36521 } attrs { promote: true } }
I20260630 12:31:26.773816 23656 raft_consensus.cc:740] T c096edc119d34d60bf6b9a87d2982ecb P 6791dd6de1994c03a0a6a0189bf6b2bb [term 1 LEARNER]: Becoming Follower/Learner. State: Replica: 6791dd6de1994c03a0a6a0189bf6b2bb, State: Initialized, Role: LEARNER
I20260630 12:31:26.774286 23656 consensus_queue.cc:260] T c096edc119d34d60bf6b9a87d2982ecb P 6791dd6de1994c03a0a6a0189bf6b2bb [NON_LEADER]: Queue going to NON_LEADER mode. State: All replicated index: 0, Majority replicated index: 0, Committed index: 2, Last appended: 1.2, Last appended by leader: 2, Current term: 0, Majority size: -1, State: 0, Mode: NON_LEADER, active raft config: opid_index: 2 OBSOLETE_local: false peers { permanent_uuid: "09ef3c4ad85b454297358a9d3311126b" member_type: VOTER last_known_addr { host: "127.19.167.196" port: 36819 } attrs { replace: true } } peers { permanent_uuid: "2dcdf8b1fb6a418b85c807f6c3c23dbc" member_type: VOTER last_known_addr { host: "127.19.167.193" port: 42125 } } peers { permanent_uuid: "dd9b4699b8ec47b1a2712833c4605765" member_type: VOTER last_known_addr { host: "127.19.167.195" port: 41825 } } peers { permanent_uuid: "6791dd6de1994c03a0a6a0189bf6b2bb" member_type: NON_VOTER last_known_addr { host: "127.19.167.194" port: 36521 } attrs { promote: true } }
I20260630 12:31:26.776500 23656 ts_tablet_manager.cc:1434] T c096edc119d34d60bf6b9a87d2982ecb P 6791dd6de1994c03a0a6a0189bf6b2bb: Time spent starting tablet: real 0.006s	user 0.004s	sys 0.000s
I20260630 12:31:26.778348 23293 tablet_copy_service.cc:342] P dd9b4699b8ec47b1a2712833c4605765: Request end of tablet copy session 6791dd6de1994c03a0a6a0189bf6b2bb-c096edc119d34d60bf6b9a87d2982ecb received from {username='slave'} at 127.0.0.1:47854
I20260630 12:31:26.778909 23293 tablet_copy_service.cc:434] P dd9b4699b8ec47b1a2712833c4605765: ending tablet copy session 6791dd6de1994c03a0a6a0189bf6b2bb-c096edc119d34d60bf6b9a87d2982ecb on tablet c096edc119d34d60bf6b9a87d2982ecb with peer 6791dd6de1994c03a0a6a0189bf6b2bb
I20260630 12:31:26.889876 23659 ts_tablet_manager.cc:933] T 28a784f644df4517a4d7f06439f872aa P 09ef3c4ad85b454297358a9d3311126b: Initiating tablet copy from peer 2dcdf8b1fb6a418b85c807f6c3c23dbc (127.19.167.193:42125)
I20260630 12:31:26.891901 23659 tablet_copy_client.cc:323] T 28a784f644df4517a4d7f06439f872aa P 09ef3c4ad85b454297358a9d3311126b: tablet copy: Beginning tablet copy session from remote peer at address 127.19.167.193:42125
I20260630 12:31:26.894277 23144 tablet_copy_service.cc:140] P 2dcdf8b1fb6a418b85c807f6c3c23dbc: Received BeginTabletCopySession request for tablet 28a784f644df4517a4d7f06439f872aa from peer 09ef3c4ad85b454297358a9d3311126b ({username='slave'} at 127.0.0.1:47338)
I20260630 12:31:26.894789 23144 tablet_copy_service.cc:161] P 2dcdf8b1fb6a418b85c807f6c3c23dbc: Beginning new tablet copy session on tablet 28a784f644df4517a4d7f06439f872aa from peer 09ef3c4ad85b454297358a9d3311126b at {username='slave'} at 127.0.0.1:47338: session id = 09ef3c4ad85b454297358a9d3311126b-28a784f644df4517a4d7f06439f872aa
I20260630 12:31:26.901739 23144 tablet_copy_source_session.cc:215] T 28a784f644df4517a4d7f06439f872aa P 2dcdf8b1fb6a418b85c807f6c3c23dbc: Tablet Copy: opened 0 blocks and 1 log segments
I20260630 12:31:26.904439 23659 data_dirs.cc:400] Could only allocate 1 dirs of requested 3 for tablet 28a784f644df4517a4d7f06439f872aa. 1 dirs total, 0 dirs full, 0 dirs failed
I20260630 12:31:26.916421 23659 tablet_copy_client.cc:806] T 28a784f644df4517a4d7f06439f872aa P 09ef3c4ad85b454297358a9d3311126b: tablet copy: Starting download of 0 data blocks...
I20260630 12:31:26.917054 23659 tablet_copy_client.cc:670] T 28a784f644df4517a4d7f06439f872aa P 09ef3c4ad85b454297358a9d3311126b: tablet copy: Starting download of 1 WAL segments...
I20260630 12:31:26.920497 23659 tablet_copy_client.cc:538] T 28a784f644df4517a4d7f06439f872aa P 09ef3c4ad85b454297358a9d3311126b: tablet copy: Tablet Copy complete. Replacing tablet superblock.
I20260630 12:31:26.927147 23659 tablet_bootstrap.cc:492] T 28a784f644df4517a4d7f06439f872aa P 09ef3c4ad85b454297358a9d3311126b: Bootstrap starting.
I20260630 12:31:26.936390 23661 ts_tablet_manager.cc:933] T d0a4275bcc6f41c6a4c3ff42e1e39a22 P 09ef3c4ad85b454297358a9d3311126b: Initiating tablet copy from peer 6791dd6de1994c03a0a6a0189bf6b2bb (127.19.167.194:36521)
I20260630 12:31:26.938308 23661 tablet_copy_client.cc:323] T d0a4275bcc6f41c6a4c3ff42e1e39a22 P 09ef3c4ad85b454297358a9d3311126b: tablet copy: Beginning tablet copy session from remote peer at address 127.19.167.194:36521
I20260630 12:31:26.940999 23219 tablet_copy_service.cc:140] P 6791dd6de1994c03a0a6a0189bf6b2bb: Received BeginTabletCopySession request for tablet d0a4275bcc6f41c6a4c3ff42e1e39a22 from peer 09ef3c4ad85b454297358a9d3311126b ({username='slave'} at 127.0.0.1:38062)
I20260630 12:31:26.941569 23219 tablet_copy_service.cc:161] P 6791dd6de1994c03a0a6a0189bf6b2bb: Beginning new tablet copy session on tablet d0a4275bcc6f41c6a4c3ff42e1e39a22 from peer 09ef3c4ad85b454297358a9d3311126b at {username='slave'} at 127.0.0.1:38062: session id = 09ef3c4ad85b454297358a9d3311126b-d0a4275bcc6f41c6a4c3ff42e1e39a22
I20260630 12:31:26.946377 23659 tablet_bootstrap.cc:492] T 28a784f644df4517a4d7f06439f872aa P 09ef3c4ad85b454297358a9d3311126b: Bootstrap replayed 1/1 log segments. Stats: ops{read=2 overwritten=0 applied=2 ignored=0} inserts{seen=0 ignored=0} mutations{seen=0 ignored=0} orphaned_commits=0. Pending: 0 replicates
I20260630 12:31:26.947276 23659 tablet_bootstrap.cc:492] T 28a784f644df4517a4d7f06439f872aa P 09ef3c4ad85b454297358a9d3311126b: Bootstrap complete.
I20260630 12:31:26.947813 23659 ts_tablet_manager.cc:1403] T 28a784f644df4517a4d7f06439f872aa P 09ef3c4ad85b454297358a9d3311126b: Time spent bootstrapping tablet: real 0.021s	user 0.015s	sys 0.004s
I20260630 12:31:26.950135 23659 raft_consensus.cc:359] T 28a784f644df4517a4d7f06439f872aa P 09ef3c4ad85b454297358a9d3311126b [term 1 LEARNER]: Replica starting. Triggering 0 pending ops. Active config: opid_index: 2 OBSOLETE_local: false peers { permanent_uuid: "2dcdf8b1fb6a418b85c807f6c3c23dbc" member_type: VOTER last_known_addr { host: "127.19.167.193" port: 42125 } } peers { permanent_uuid: "6791dd6de1994c03a0a6a0189bf6b2bb" member_type: VOTER last_known_addr { host: "127.19.167.194" port: 36521 } attrs { replace: true } } peers { permanent_uuid: "dd9b4699b8ec47b1a2712833c4605765" member_type: VOTER last_known_addr { host: "127.19.167.195" port: 41825 } } peers { permanent_uuid: "09ef3c4ad85b454297358a9d3311126b" member_type: NON_VOTER last_known_addr { host: "127.19.167.196" port: 36819 } attrs { promote: true } }
I20260630 12:31:26.950685 23219 tablet_copy_source_session.cc:215] T d0a4275bcc6f41c6a4c3ff42e1e39a22 P 6791dd6de1994c03a0a6a0189bf6b2bb: Tablet Copy: opened 0 blocks and 1 log segments
I20260630 12:31:26.951016 23659 raft_consensus.cc:740] T 28a784f644df4517a4d7f06439f872aa P 09ef3c4ad85b454297358a9d3311126b [term 1 LEARNER]: Becoming Follower/Learner. State: Replica: 09ef3c4ad85b454297358a9d3311126b, State: Initialized, Role: LEARNER
I20260630 12:31:26.951807 23659 consensus_queue.cc:260] T 28a784f644df4517a4d7f06439f872aa P 09ef3c4ad85b454297358a9d3311126b [NON_LEADER]: Queue going to NON_LEADER mode. State: All replicated index: 0, Majority replicated index: 0, Committed index: 2, Last appended: 1.2, Last appended by leader: 2, Current term: 0, Majority size: -1, State: 0, Mode: NON_LEADER, active raft config: opid_index: 2 OBSOLETE_local: false peers { permanent_uuid: "2dcdf8b1fb6a418b85c807f6c3c23dbc" member_type: VOTER last_known_addr { host: "127.19.167.193" port: 42125 } } peers { permanent_uuid: "6791dd6de1994c03a0a6a0189bf6b2bb" member_type: VOTER last_known_addr { host: "127.19.167.194" port: 36521 } attrs { replace: true } } peers { permanent_uuid: "dd9b4699b8ec47b1a2712833c4605765" member_type: VOTER last_known_addr { host: "127.19.167.195" port: 41825 } } peers { permanent_uuid: "09ef3c4ad85b454297358a9d3311126b" member_type: NON_VOTER last_known_addr { host: "127.19.167.196" port: 36819 } attrs { promote: true } }
I20260630 12:31:26.954214 23659 ts_tablet_manager.cc:1434] T 28a784f644df4517a4d7f06439f872aa P 09ef3c4ad85b454297358a9d3311126b: Time spent starting tablet: real 0.006s	user 0.006s	sys 0.000s
I20260630 12:31:26.955614 23661 data_dirs.cc:400] Could only allocate 1 dirs of requested 3 for tablet d0a4275bcc6f41c6a4c3ff42e1e39a22. 1 dirs total, 0 dirs full, 0 dirs failed
I20260630 12:31:26.964807 23144 tablet_copy_service.cc:342] P 2dcdf8b1fb6a418b85c807f6c3c23dbc: Request end of tablet copy session 09ef3c4ad85b454297358a9d3311126b-28a784f644df4517a4d7f06439f872aa received from {username='slave'} at 127.0.0.1:47338
I20260630 12:31:26.965327 23144 tablet_copy_service.cc:434] P 2dcdf8b1fb6a418b85c807f6c3c23dbc: ending tablet copy session 09ef3c4ad85b454297358a9d3311126b-28a784f644df4517a4d7f06439f872aa on tablet 28a784f644df4517a4d7f06439f872aa with peer 09ef3c4ad85b454297358a9d3311126b
I20260630 12:31:26.976125 23661 tablet_copy_client.cc:806] T d0a4275bcc6f41c6a4c3ff42e1e39a22 P 09ef3c4ad85b454297358a9d3311126b: tablet copy: Starting download of 0 data blocks...
I20260630 12:31:26.976811 23661 tablet_copy_client.cc:670] T d0a4275bcc6f41c6a4c3ff42e1e39a22 P 09ef3c4ad85b454297358a9d3311126b: tablet copy: Starting download of 1 WAL segments...
I20260630 12:31:26.977259 23085 auto_leader_rebalancer.cc:141] leader rebalance for table range_aware_rebalance_new_range
I20260630 12:31:26.983093 23661 tablet_copy_client.cc:538] T d0a4275bcc6f41c6a4c3ff42e1e39a22 P 09ef3c4ad85b454297358a9d3311126b: tablet copy: Tablet Copy complete. Replacing tablet superblock.
I20260630 12:31:26.993621 23661 tablet_bootstrap.cc:492] T d0a4275bcc6f41c6a4c3ff42e1e39a22 P 09ef3c4ad85b454297358a9d3311126b: Bootstrap starting.
I20260630 12:31:27.003379 23665 ts_tablet_manager.cc:933] T f3b96c5181b24356a909564b9962b43b P dd9b4699b8ec47b1a2712833c4605765: Initiating tablet copy from peer 2dcdf8b1fb6a418b85c807f6c3c23dbc (127.19.167.193:42125)
I20260630 12:31:27.009984 23665 tablet_copy_client.cc:323] T f3b96c5181b24356a909564b9962b43b P dd9b4699b8ec47b1a2712833c4605765: tablet copy: Beginning tablet copy session from remote peer at address 127.19.167.193:42125
I20260630 12:31:27.011327 23134 tablet_service.cc:2072] Received LeaderStepDown RPC: tablet_id: "c036547d7d174f88bff90652e64bd1fe"
dest_uuid: "2dcdf8b1fb6a418b85c807f6c3c23dbc"
mode: GRACEFUL
new_leader_uuid: "6791dd6de1994c03a0a6a0189bf6b2bb"
 from {username='slave'} at 127.0.0.1:47352
I20260630 12:31:27.012125 23134 raft_consensus.cc:606] T c036547d7d174f88bff90652e64bd1fe P 2dcdf8b1fb6a418b85c807f6c3c23dbc [term 3 LEADER]: Received request to transfer leadership to TS 6791dd6de1994c03a0a6a0189bf6b2bb
I20260630 12:31:27.012651 23144 tablet_copy_service.cc:140] P 2dcdf8b1fb6a418b85c807f6c3c23dbc: Received BeginTabletCopySession request for tablet f3b96c5181b24356a909564b9962b43b from peer dd9b4699b8ec47b1a2712833c4605765 ({username='slave'} at 127.0.0.1:47334)
I20260630 12:31:27.013195 23144 tablet_copy_service.cc:161] P 2dcdf8b1fb6a418b85c807f6c3c23dbc: Beginning new tablet copy session on tablet f3b96c5181b24356a909564b9962b43b from peer dd9b4699b8ec47b1a2712833c4605765 at {username='slave'} at 127.0.0.1:47334: session id = dd9b4699b8ec47b1a2712833c4605765-f3b96c5181b24356a909564b9962b43b
I20260630 12:31:27.013713 23085 auto_leader_rebalancer.cc:440] table: range_aware_rebalance_new_range, leader rebalance finish, leader transfer count: 1
I20260630 12:31:27.014547 23085 auto_leader_rebalancer.cc:515] All tables' leader rebalancing finished this round
I20260630 12:31:27.020566 23144 tablet_copy_source_session.cc:215] T f3b96c5181b24356a909564b9962b43b P 2dcdf8b1fb6a418b85c807f6c3c23dbc: Tablet Copy: opened 0 blocks and 1 log segments
I20260630 12:31:27.023833 23665 data_dirs.cc:400] Could only allocate 1 dirs of requested 3 for tablet f3b96c5181b24356a909564b9962b43b. 1 dirs total, 0 dirs full, 0 dirs failed
I20260630 12:31:27.026280 23661 tablet_bootstrap.cc:492] T d0a4275bcc6f41c6a4c3ff42e1e39a22 P 09ef3c4ad85b454297358a9d3311126b: Bootstrap replayed 1/1 log segments. Stats: ops{read=2 overwritten=0 applied=2 ignored=0} inserts{seen=0 ignored=0} mutations{seen=0 ignored=0} orphaned_commits=0. Pending: 0 replicates
I20260630 12:31:27.026995 23661 tablet_bootstrap.cc:492] T d0a4275bcc6f41c6a4c3ff42e1e39a22 P 09ef3c4ad85b454297358a9d3311126b: Bootstrap complete.
I20260630 12:31:27.027829 23661 ts_tablet_manager.cc:1403] T d0a4275bcc6f41c6a4c3ff42e1e39a22 P 09ef3c4ad85b454297358a9d3311126b: Time spent bootstrapping tablet: real 0.034s	user 0.024s	sys 0.004s
I20260630 12:31:27.030023 23661 raft_consensus.cc:359] T d0a4275bcc6f41c6a4c3ff42e1e39a22 P 09ef3c4ad85b454297358a9d3311126b [term 1 LEARNER]: Replica starting. Triggering 0 pending ops. Active config: opid_index: 2 OBSOLETE_local: false peers { permanent_uuid: "2dcdf8b1fb6a418b85c807f6c3c23dbc" member_type: VOTER last_known_addr { host: "127.19.167.193" port: 42125 } } peers { permanent_uuid: "6791dd6de1994c03a0a6a0189bf6b2bb" member_type: VOTER last_known_addr { host: "127.19.167.194" port: 36521 } } peers { permanent_uuid: "dd9b4699b8ec47b1a2712833c4605765" member_type: VOTER last_known_addr { host: "127.19.167.195" port: 41825 } attrs { replace: true } } peers { permanent_uuid: "09ef3c4ad85b454297358a9d3311126b" member_type: NON_VOTER last_known_addr { host: "127.19.167.196" port: 36819 } attrs { promote: true } }
I20260630 12:31:27.030669 23661 raft_consensus.cc:740] T d0a4275bcc6f41c6a4c3ff42e1e39a22 P 09ef3c4ad85b454297358a9d3311126b [term 1 LEARNER]: Becoming Follower/Learner. State: Replica: 09ef3c4ad85b454297358a9d3311126b, State: Initialized, Role: LEARNER
I20260630 12:31:27.031147 23661 consensus_queue.cc:260] T d0a4275bcc6f41c6a4c3ff42e1e39a22 P 09ef3c4ad85b454297358a9d3311126b [NON_LEADER]: Queue going to NON_LEADER mode. State: All replicated index: 0, Majority replicated index: 0, Committed index: 2, Last appended: 1.2, Last appended by leader: 2, Current term: 0, Majority size: -1, State: 0, Mode: NON_LEADER, active raft config: opid_index: 2 OBSOLETE_local: false peers { permanent_uuid: "2dcdf8b1fb6a418b85c807f6c3c23dbc" member_type: VOTER last_known_addr { host: "127.19.167.193" port: 42125 } } peers { permanent_uuid: "6791dd6de1994c03a0a6a0189bf6b2bb" member_type: VOTER last_known_addr { host: "127.19.167.194" port: 36521 } } peers { permanent_uuid: "dd9b4699b8ec47b1a2712833c4605765" member_type: VOTER last_known_addr { host: "127.19.167.195" port: 41825 } attrs { replace: true } } peers { permanent_uuid: "09ef3c4ad85b454297358a9d3311126b" member_type: NON_VOTER last_known_addr { host: "127.19.167.196" port: 36819 } attrs { promote: true } }
I20260630 12:31:27.033195 23661 ts_tablet_manager.cc:1434] T d0a4275bcc6f41c6a4c3ff42e1e39a22 P 09ef3c4ad85b454297358a9d3311126b: Time spent starting tablet: real 0.005s	user 0.003s	sys 0.000s
I20260630 12:31:27.035185 23219 tablet_copy_service.cc:342] P 6791dd6de1994c03a0a6a0189bf6b2bb: Request end of tablet copy session 09ef3c4ad85b454297358a9d3311126b-d0a4275bcc6f41c6a4c3ff42e1e39a22 received from {username='slave'} at 127.0.0.1:38062
I20260630 12:31:27.035610 23219 tablet_copy_service.cc:434] P 6791dd6de1994c03a0a6a0189bf6b2bb: ending tablet copy session 09ef3c4ad85b454297358a9d3311126b-d0a4275bcc6f41c6a4c3ff42e1e39a22 on tablet d0a4275bcc6f41c6a4c3ff42e1e39a22 with peer 09ef3c4ad85b454297358a9d3311126b
I20260630 12:31:27.044313 23665 tablet_copy_client.cc:806] T f3b96c5181b24356a909564b9962b43b P dd9b4699b8ec47b1a2712833c4605765: tablet copy: Starting download of 0 data blocks...
I20260630 12:31:27.045046 23665 tablet_copy_client.cc:670] T f3b96c5181b24356a909564b9962b43b P dd9b4699b8ec47b1a2712833c4605765: tablet copy: Starting download of 1 WAL segments...
I20260630 12:31:27.048439 23665 tablet_copy_client.cc:538] T f3b96c5181b24356a909564b9962b43b P dd9b4699b8ec47b1a2712833c4605765: tablet copy: Tablet Copy complete. Replacing tablet superblock.
I20260630 12:31:27.057695 23665 tablet_bootstrap.cc:492] T f3b96c5181b24356a909564b9962b43b P dd9b4699b8ec47b1a2712833c4605765: Bootstrap starting.
I20260630 12:31:27.081082 23665 tablet_bootstrap.cc:492] T f3b96c5181b24356a909564b9962b43b P dd9b4699b8ec47b1a2712833c4605765: Bootstrap replayed 1/1 log segments. Stats: ops{read=2 overwritten=0 applied=2 ignored=0} inserts{seen=0 ignored=0} mutations{seen=0 ignored=0} orphaned_commits=0. Pending: 0 replicates
I20260630 12:31:27.082010 23665 tablet_bootstrap.cc:492] T f3b96c5181b24356a909564b9962b43b P dd9b4699b8ec47b1a2712833c4605765: Bootstrap complete.
I20260630 12:31:27.082767 23665 ts_tablet_manager.cc:1403] T f3b96c5181b24356a909564b9962b43b P dd9b4699b8ec47b1a2712833c4605765: Time spent bootstrapping tablet: real 0.025s	user 0.027s	sys 0.000s
I20260630 12:31:27.085701 23665 raft_consensus.cc:359] T f3b96c5181b24356a909564b9962b43b P dd9b4699b8ec47b1a2712833c4605765 [term 1 LEARNER]: Replica starting. Triggering 0 pending ops. Active config: opid_index: 2 OBSOLETE_local: false peers { permanent_uuid: "6791dd6de1994c03a0a6a0189bf6b2bb" member_type: VOTER last_known_addr { host: "127.19.167.194" port: 36521 } } peers { permanent_uuid: "09ef3c4ad85b454297358a9d3311126b" member_type: VOTER last_known_addr { host: "127.19.167.196" port: 36819 } attrs { replace: true } } peers { permanent_uuid: "2dcdf8b1fb6a418b85c807f6c3c23dbc" member_type: VOTER last_known_addr { host: "127.19.167.193" port: 42125 } } peers { permanent_uuid: "dd9b4699b8ec47b1a2712833c4605765" member_type: NON_VOTER last_known_addr { host: "127.19.167.195" port: 41825 } attrs { promote: true } }
I20260630 12:31:27.086591 23665 raft_consensus.cc:740] T f3b96c5181b24356a909564b9962b43b P dd9b4699b8ec47b1a2712833c4605765 [term 1 LEARNER]: Becoming Follower/Learner. State: Replica: dd9b4699b8ec47b1a2712833c4605765, State: Initialized, Role: LEARNER
I20260630 12:31:27.087359 23665 consensus_queue.cc:260] T f3b96c5181b24356a909564b9962b43b P dd9b4699b8ec47b1a2712833c4605765 [NON_LEADER]: Queue going to NON_LEADER mode. State: All replicated index: 0, Majority replicated index: 0, Committed index: 2, Last appended: 1.2, Last appended by leader: 2, Current term: 0, Majority size: -1, State: 0, Mode: NON_LEADER, active raft config: opid_index: 2 OBSOLETE_local: false peers { permanent_uuid: "6791dd6de1994c03a0a6a0189bf6b2bb" member_type: VOTER last_known_addr { host: "127.19.167.194" port: 36521 } } peers { permanent_uuid: "09ef3c4ad85b454297358a9d3311126b" member_type: VOTER last_known_addr { host: "127.19.167.196" port: 36819 } attrs { replace: true } } peers { permanent_uuid: "2dcdf8b1fb6a418b85c807f6c3c23dbc" member_type: VOTER last_known_addr { host: "127.19.167.193" port: 42125 } } peers { permanent_uuid: "dd9b4699b8ec47b1a2712833c4605765" member_type: NON_VOTER last_known_addr { host: "127.19.167.195" port: 41825 } attrs { promote: true } }
I20260630 12:31:27.090842 23665 ts_tablet_manager.cc:1434] T f3b96c5181b24356a909564b9962b43b P dd9b4699b8ec47b1a2712833c4605765: Time spent starting tablet: real 0.008s	user 0.007s	sys 0.000s
I20260630 12:31:27.092824 23144 tablet_copy_service.cc:342] P 2dcdf8b1fb6a418b85c807f6c3c23dbc: Request end of tablet copy session dd9b4699b8ec47b1a2712833c4605765-f3b96c5181b24356a909564b9962b43b received from {username='slave'} at 127.0.0.1:47334
I20260630 12:31:27.093437 23144 tablet_copy_service.cc:434] P 2dcdf8b1fb6a418b85c807f6c3c23dbc: ending tablet copy session dd9b4699b8ec47b1a2712833c4605765-f3b96c5181b24356a909564b9962b43b on tablet f3b96c5181b24356a909564b9962b43b with peer dd9b4699b8ec47b1a2712833c4605765
I20260630 12:31:27.186111 23359 raft_consensus.cc:993] T c036547d7d174f88bff90652e64bd1fe P 2dcdf8b1fb6a418b85c807f6c3c23dbc: : Instructing follower 6791dd6de1994c03a0a6a0189bf6b2bb to start an election
I20260630 12:31:27.186648 23640 raft_consensus.cc:1081] T c036547d7d174f88bff90652e64bd1fe P 2dcdf8b1fb6a418b85c807f6c3c23dbc [term 3 LEADER]: Signalling peer 6791dd6de1994c03a0a6a0189bf6b2bb to start an election
I20260630 12:31:27.188182 23207 tablet_service.cc:2044] Received Run Leader Election RPC: tablet_id: "c036547d7d174f88bff90652e64bd1fe"
dest_uuid: "6791dd6de1994c03a0a6a0189bf6b2bb"
 from {username='slave'} at 127.0.0.1:38046
I20260630 12:31:27.188645 23207 raft_consensus.cc:493] T c036547d7d174f88bff90652e64bd1fe P 6791dd6de1994c03a0a6a0189bf6b2bb [term 3 FOLLOWER]: Starting forced leader election (received explicit request)
I20260630 12:31:27.188992 23207 raft_consensus.cc:3060] T c036547d7d174f88bff90652e64bd1fe P 6791dd6de1994c03a0a6a0189bf6b2bb [term 3 FOLLOWER]: Advancing to term 4
I20260630 12:31:27.193454 23207 raft_consensus.cc:515] T c036547d7d174f88bff90652e64bd1fe P 6791dd6de1994c03a0a6a0189bf6b2bb [term 4 FOLLOWER]: Starting forced leader election with config: opid_index: -1 OBSOLETE_local: false peers { permanent_uuid: "6791dd6de1994c03a0a6a0189bf6b2bb" member_type: VOTER last_known_addr { host: "127.19.167.194" port: 36521 } } peers { permanent_uuid: "2dcdf8b1fb6a418b85c807f6c3c23dbc" member_type: VOTER last_known_addr { host: "127.19.167.193" port: 42125 } } peers { permanent_uuid: "dd9b4699b8ec47b1a2712833c4605765" member_type: VOTER last_known_addr { host: "127.19.167.195" port: 41825 } }
I20260630 12:31:27.194978 23207 leader_election.cc:290] T c036547d7d174f88bff90652e64bd1fe P 6791dd6de1994c03a0a6a0189bf6b2bb [CANDIDATE]: Term 4 election: Requested vote from peers 2dcdf8b1fb6a418b85c807f6c3c23dbc (127.19.167.193:42125), dd9b4699b8ec47b1a2712833c4605765 (127.19.167.195:41825)
I20260630 12:31:27.196197 23134 tablet_service.cc:1917] Received RequestConsensusVote() RPC: tablet_id: "c036547d7d174f88bff90652e64bd1fe" candidate_uuid: "6791dd6de1994c03a0a6a0189bf6b2bb" candidate_term: 4 candidate_status { last_received { term: 3 index: 3 } } ignore_live_leader: true dest_uuid: "2dcdf8b1fb6a418b85c807f6c3c23dbc"
I20260630 12:31:27.196338 23281 tablet_service.cc:1917] Received RequestConsensusVote() RPC: tablet_id: "c036547d7d174f88bff90652e64bd1fe" candidate_uuid: "6791dd6de1994c03a0a6a0189bf6b2bb" candidate_term: 4 candidate_status { last_received { term: 3 index: 3 } } ignore_live_leader: true dest_uuid: "dd9b4699b8ec47b1a2712833c4605765"
I20260630 12:31:27.196722 23134 raft_consensus.cc:3055] T c036547d7d174f88bff90652e64bd1fe P 2dcdf8b1fb6a418b85c807f6c3c23dbc [term 3 LEADER]: Stepping down as leader of term 3
I20260630 12:31:27.196935 23281 raft_consensus.cc:3060] T c036547d7d174f88bff90652e64bd1fe P dd9b4699b8ec47b1a2712833c4605765 [term 3 FOLLOWER]: Advancing to term 4
I20260630 12:31:27.197134 23134 raft_consensus.cc:740] T c036547d7d174f88bff90652e64bd1fe P 2dcdf8b1fb6a418b85c807f6c3c23dbc [term 3 LEADER]: Becoming Follower/Learner. State: Replica: 2dcdf8b1fb6a418b85c807f6c3c23dbc, State: Running, Role: LEADER
I20260630 12:31:27.197871 23134 consensus_queue.cc:260] T c036547d7d174f88bff90652e64bd1fe P 2dcdf8b1fb6a418b85c807f6c3c23dbc [NON_LEADER]: Queue going to NON_LEADER mode. State: All replicated index: 0, Majority replicated index: 3, Committed index: 3, Last appended: 3.3, Last appended by leader: 3, Current term: 3, Majority size: -1, State: 0, Mode: NON_LEADER, active raft config: opid_index: -1 OBSOLETE_local: false peers { permanent_uuid: "6791dd6de1994c03a0a6a0189bf6b2bb" member_type: VOTER last_known_addr { host: "127.19.167.194" port: 36521 } } peers { permanent_uuid: "2dcdf8b1fb6a418b85c807f6c3c23dbc" member_type: VOTER last_known_addr { host: "127.19.167.193" port: 42125 } } peers { permanent_uuid: "dd9b4699b8ec47b1a2712833c4605765" member_type: VOTER last_known_addr { host: "127.19.167.195" port: 41825 } }
I20260630 12:31:27.198735 23134 raft_consensus.cc:3060] T c036547d7d174f88bff90652e64bd1fe P 2dcdf8b1fb6a418b85c807f6c3c23dbc [term 3 FOLLOWER]: Advancing to term 4
I20260630 12:31:27.202693 23134 raft_consensus.cc:2468] T c036547d7d174f88bff90652e64bd1fe P 2dcdf8b1fb6a418b85c807f6c3c23dbc [term 4 FOLLOWER]: Leader election vote request: Granting yes vote for candidate 6791dd6de1994c03a0a6a0189bf6b2bb in term 4.
I20260630 12:31:27.203809 23173 leader_election.cc:304] T c036547d7d174f88bff90652e64bd1fe P 6791dd6de1994c03a0a6a0189bf6b2bb [CANDIDATE]: Term 4 election: Election decided. Result: candidate won. Election summary: received 2 responses out of 3 voters: 2 yes votes; 0 no votes. yes voters: 2dcdf8b1fb6a418b85c807f6c3c23dbc, 6791dd6de1994c03a0a6a0189bf6b2bb; no voters: 
I20260630 12:31:27.204488 23655 raft_consensus.cc:2804] T c036547d7d174f88bff90652e64bd1fe P 6791dd6de1994c03a0a6a0189bf6b2bb [term 4 FOLLOWER]: Leader election won for term 4
I20260630 12:31:27.204762 23281 raft_consensus.cc:2468] T c036547d7d174f88bff90652e64bd1fe P dd9b4699b8ec47b1a2712833c4605765 [term 4 FOLLOWER]: Leader election vote request: Granting yes vote for candidate 6791dd6de1994c03a0a6a0189bf6b2bb in term 4.
I20260630 12:31:27.204870 23655 raft_consensus.cc:697] T c036547d7d174f88bff90652e64bd1fe P 6791dd6de1994c03a0a6a0189bf6b2bb [term 4 LEADER]: Becoming Leader. State: Replica: 6791dd6de1994c03a0a6a0189bf6b2bb, State: Running, Role: LEADER
I20260630 12:31:27.206106 23655 consensus_queue.cc:237] T c036547d7d174f88bff90652e64bd1fe P 6791dd6de1994c03a0a6a0189bf6b2bb [LEADER]: Queue going to LEADER mode. State: All replicated index: 0, Majority replicated index: 3, Committed index: 3, Last appended: 3.3, Last appended by leader: 3, Current term: 4, Majority size: 2, State: 0, Mode: LEADER, active raft config: opid_index: -1 OBSOLETE_local: false peers { permanent_uuid: "6791dd6de1994c03a0a6a0189bf6b2bb" member_type: VOTER last_known_addr { host: "127.19.167.194" port: 36521 } } peers { permanent_uuid: "2dcdf8b1fb6a418b85c807f6c3c23dbc" member_type: VOTER last_known_addr { host: "127.19.167.193" port: 42125 } } peers { permanent_uuid: "dd9b4699b8ec47b1a2712833c4605765" member_type: VOTER last_known_addr { host: "127.19.167.195" port: 41825 } }
I20260630 12:31:27.215554 23030 catalog_manager.cc:5697] T c036547d7d174f88bff90652e64bd1fe P 6791dd6de1994c03a0a6a0189bf6b2bb reported cstate change: term changed from 3 to 4, leader changed from 2dcdf8b1fb6a418b85c807f6c3c23dbc (127.19.167.193) to 6791dd6de1994c03a0a6a0189bf6b2bb (127.19.167.194). New cstate: current_term: 4 leader_uuid: "6791dd6de1994c03a0a6a0189bf6b2bb" committed_config { opid_index: -1 OBSOLETE_local: false peers { permanent_uuid: "6791dd6de1994c03a0a6a0189bf6b2bb" member_type: VOTER last_known_addr { host: "127.19.167.194" port: 36521 } health_report { overall_health: HEALTHY } } peers { permanent_uuid: "2dcdf8b1fb6a418b85c807f6c3c23dbc" member_type: VOTER last_known_addr { host: "127.19.167.193" port: 42125 } health_report { overall_health: UNKNOWN } } peers { permanent_uuid: "dd9b4699b8ec47b1a2712833c4605765" member_type: VOTER last_known_addr { host: "127.19.167.195" port: 41825 } health_report { overall_health: UNKNOWN } } }
I20260630 12:31:27.254117 23207 raft_consensus.cc:1217] T c096edc119d34d60bf6b9a87d2982ecb P 6791dd6de1994c03a0a6a0189bf6b2bb [term 1 LEARNER]: Deduplicated request from leader. Original: 1.1->[1.2-1.2]   Dedup: 1.2->[]
I20260630 12:31:27.297816 23441 raft_consensus.cc:1217] T 28a784f644df4517a4d7f06439f872aa P 09ef3c4ad85b454297358a9d3311126b [term 1 LEARNER]: Deduplicated request from leader. Original: 1.1->[1.2-1.2]   Dedup: 1.2->[]
I20260630 12:31:27.544175 23441 raft_consensus.cc:1217] T d0a4275bcc6f41c6a4c3ff42e1e39a22 P 09ef3c4ad85b454297358a9d3311126b [term 1 LEARNER]: Deduplicated request from leader. Original: 1.1->[1.2-1.2]   Dedup: 1.2->[]
I20260630 12:31:27.551021 23281 raft_consensus.cc:1217] T f3b96c5181b24356a909564b9962b43b P dd9b4699b8ec47b1a2712833c4605765 [term 1 LEARNER]: Deduplicated request from leader. Original: 1.1->[1.2-1.2]   Dedup: 1.2->[]
I20260630 12:31:27.756131 23134 raft_consensus.cc:1275] T c036547d7d174f88bff90652e64bd1fe P 2dcdf8b1fb6a418b85c807f6c3c23dbc [term 4 FOLLOWER]: Refusing update from remote peer 6791dd6de1994c03a0a6a0189bf6b2bb: Log matching property violated. Preceding OpId in replica: term: 3 index: 3. Preceding OpId from leader: term: 4 index: 4. (index mismatch)
I20260630 12:31:27.757560 23393 consensus_queue.cc:1048] T c036547d7d174f88bff90652e64bd1fe P 6791dd6de1994c03a0a6a0189bf6b2bb [LEADER]: Connected to new peer: Peer: permanent_uuid: "2dcdf8b1fb6a418b85c807f6c3c23dbc" member_type: VOTER last_known_addr { host: "127.19.167.193" port: 42125 }, Status: LMP_MISMATCH, Last received: 0.0, Next index: 4, Last known committed idx: 3, Time since last communication: 0.000s
I20260630 12:31:27.771215 23281 raft_consensus.cc:1275] T c036547d7d174f88bff90652e64bd1fe P dd9b4699b8ec47b1a2712833c4605765 [term 4 FOLLOWER]: Refusing update from remote peer 6791dd6de1994c03a0a6a0189bf6b2bb: Log matching property violated. Preceding OpId in replica: term: 3 index: 3. Preceding OpId from leader: term: 4 index: 4. (index mismatch)
I20260630 12:31:27.773995 23655 consensus_queue.cc:1048] T c036547d7d174f88bff90652e64bd1fe P 6791dd6de1994c03a0a6a0189bf6b2bb [LEADER]: Connected to new peer: Peer: permanent_uuid: "dd9b4699b8ec47b1a2712833c4605765" member_type: VOTER last_known_addr { host: "127.19.167.195" port: 41825 }, Status: LMP_MISMATCH, Last received: 0.0, Next index: 4, Last known committed idx: 3, Time since last communication: 0.000s
I20260630 12:31:27.847754 23522 raft_consensus.cc:1064] T c096edc119d34d60bf6b9a87d2982ecb P dd9b4699b8ec47b1a2712833c4605765: attempting to promote NON_VOTER 6791dd6de1994c03a0a6a0189bf6b2bb to VOTER
