I20260630 12:31:14.067461 23475 tablet_service.cc:1511] Processing CreateTablet for tablet cfb378023270401f9cdece3b90ea0561 (DEFAULT_TABLE table=range_aware_rebalance_new_range [id=df3091b72aa340c5a79b9b22233acb66]), partition=HASH (key) PARTITION 0, RANGE (key) PARTITION 0 <= VALUES < 10
I20260630 12:31:14.069089 23475 data_dirs.cc:400] Could only allocate 1 dirs of requested 3 for tablet cfb378023270401f9cdece3b90ea0561. 1 dirs total, 0 dirs full, 0 dirs failed
I20260630 12:31:14.069228 23474 tablet_service.cc:1511] Processing CreateTablet for tablet 269c652b02344544a9883f41c2799992 (DEFAULT_TABLE table=range_aware_rebalance_new_range [id=df3091b72aa340c5a79b9b22233acb66]), partition=HASH (key) PARTITION 1, RANGE (key) PARTITION 0 <= VALUES < 10
I20260630 12:31:14.070801 23474 data_dirs.cc:400] Could only allocate 1 dirs of requested 3 for tablet 269c652b02344544a9883f41c2799992. 1 dirs total, 0 dirs full, 0 dirs failed
I20260630 12:31:14.070727 23326 tablet_service.cc:1511] Processing CreateTablet for tablet cfb378023270401f9cdece3b90ea0561 (DEFAULT_TABLE table=range_aware_rebalance_new_range [id=df3091b72aa340c5a79b9b22233acb66]), partition=HASH (key) PARTITION 0, RANGE (key) PARTITION 0 <= VALUES < 10
I20260630 12:31:14.072676 23326 data_dirs.cc:400] Could only allocate 1 dirs of requested 3 for tablet cfb378023270401f9cdece3b90ea0561. 1 dirs total, 0 dirs full, 0 dirs failed
I20260630 12:31:14.072250 23473 tablet_service.cc:1511] Processing CreateTablet for tablet f54b4324f9714ca9859accccc780bf79 (DEFAULT_TABLE table=range_aware_rebalance_new_range [id=df3091b72aa340c5a79b9b22233acb66]), partition=HASH (key) PARTITION 2, RANGE (key) PARTITION 0 <= VALUES < 10
I20260630 12:31:14.073939 23324 tablet_service.cc:1511] Processing CreateTablet for tablet f54b4324f9714ca9859accccc780bf79 (DEFAULT_TABLE table=range_aware_rebalance_new_range [id=df3091b72aa340c5a79b9b22233acb66]), partition=HASH (key) PARTITION 2, RANGE (key) PARTITION 0 <= VALUES < 10
I20260630 12:31:14.074697 23472 tablet_service.cc:1511] Processing CreateTablet for tablet c81653248dca4e098b5a1cc733a364d6 (DEFAULT_TABLE table=range_aware_rebalance_new_range [id=df3091b72aa340c5a79b9b22233acb66]), partition=HASH (key) PARTITION 3, RANGE (key) PARTITION 0 <= VALUES < 10
I20260630 12:31:14.075400 23324 data_dirs.cc:400] Could only allocate 1 dirs of requested 3 for tablet f54b4324f9714ca9859accccc780bf79. 1 dirs total, 0 dirs full, 0 dirs failed
I20260630 12:31:14.075832 23322 tablet_service.cc:1511] Processing CreateTablet for tablet 1a7972ff297546d192a2c591669198e9 (DEFAULT_TABLE table=range_aware_rebalance_new_range [id=df3091b72aa340c5a79b9b22233acb66]), partition=HASH (key) PARTITION 4, RANGE (key) PARTITION 0 <= VALUES < 10
I20260630 12:31:14.077307 23322 data_dirs.cc:400] Could only allocate 1 dirs of requested 3 for tablet 1a7972ff297546d192a2c591669198e9. 1 dirs total, 0 dirs full, 0 dirs failed
I20260630 12:31:14.078895 23470 tablet_service.cc:1511] Processing CreateTablet for tablet 91afa3242d3d4749bba22c528d6ddfa0 (DEFAULT_TABLE table=range_aware_rebalance_new_range [id=df3091b72aa340c5a79b9b22233acb66]), partition=HASH (key) PARTITION 5, RANGE (key) PARTITION 0 <= VALUES < 10
I20260630 12:31:14.079674 23320 tablet_service.cc:1511] Processing CreateTablet for tablet 233dc12acba341f0b53c6b87476b9337 (DEFAULT_TABLE table=range_aware_rebalance_new_range [id=df3091b72aa340c5a79b9b22233acb66]), partition=HASH (key) PARTITION 6, RANGE (key) PARTITION 0 <= VALUES < 10
I20260630 12:31:14.081197 23468 tablet_service.cc:1511] Processing CreateTablet for tablet ce8c90b4fd0040d9aa51e057a6f00705 (DEFAULT_TABLE table=range_aware_rebalance_new_range [id=df3091b72aa340c5a79b9b22233acb66]), partition=HASH (key) PARTITION 7, RANGE (key) PARTITION 0 <= VALUES < 10
I20260630 12:31:14.074698 23325 tablet_service.cc:1511] Processing CreateTablet for tablet 269c652b02344544a9883f41c2799992 (DEFAULT_TABLE table=range_aware_rebalance_new_range [id=df3091b72aa340c5a79b9b22233acb66]), partition=HASH (key) PARTITION 1, RANGE (key) PARTITION 0 <= VALUES < 10
I20260630 12:31:14.092859 23320 data_dirs.cc:400] Could only allocate 1 dirs of requested 3 for tablet 233dc12acba341f0b53c6b87476b9337. 1 dirs total, 0 dirs full, 0 dirs failed
I20260630 12:31:14.097754 23400 data_dirs.cc:400] Could only allocate 1 dirs of requested 3 for tablet 269c652b02344544a9883f41c2799992. 1 dirs total, 0 dirs full, 0 dirs failed
I20260630 12:31:14.080024 23469 tablet_service.cc:1511] Processing CreateTablet for tablet 233dc12acba341f0b53c6b87476b9337 (DEFAULT_TABLE table=range_aware_rebalance_new_range [id=df3091b72aa340c5a79b9b22233acb66]), partition=HASH (key) PARTITION 6, RANGE (key) PARTITION 0 <= VALUES < 10
I20260630 12:31:14.080883 23319 tablet_service.cc:1511] Processing CreateTablet for tablet ce8c90b4fd0040d9aa51e057a6f00705 (DEFAULT_TABLE table=range_aware_rebalance_new_range [id=df3091b72aa340c5a79b9b22233acb66]), partition=HASH (key) PARTITION 7, RANGE (key) PARTITION 0 <= VALUES < 10
I20260630 12:31:14.098804 23399 data_dirs.cc:400] Could only allocate 1 dirs of requested 3 for tablet f54b4324f9714ca9859accccc780bf79. 1 dirs total, 0 dirs full, 0 dirs failed
I20260630 12:31:14.099535 23319 data_dirs.cc:400] Could only allocate 1 dirs of requested 3 for tablet ce8c90b4fd0040d9aa51e057a6f00705. 1 dirs total, 0 dirs full, 0 dirs failed
I20260630 12:31:14.099773 23396 data_dirs.cc:400] Could only allocate 1 dirs of requested 3 for tablet 91afa3242d3d4749bba22c528d6ddfa0. 1 dirs total, 0 dirs full, 0 dirs failed
I20260630 12:31:14.077090 23471 tablet_service.cc:1511] Processing CreateTablet for tablet 1a7972ff297546d192a2c591669198e9 (DEFAULT_TABLE table=range_aware_rebalance_new_range [id=df3091b72aa340c5a79b9b22233acb66]), partition=HASH (key) PARTITION 4, RANGE (key) PARTITION 0 <= VALUES < 10
I20260630 12:31:14.101468 23397 data_dirs.cc:400] Could only allocate 1 dirs of requested 3 for tablet 1a7972ff297546d192a2c591669198e9. 1 dirs total, 0 dirs full, 0 dirs failed
I20260630 12:31:14.103876 23325 data_dirs.cc:400] Could only allocate 1 dirs of requested 3 for tablet 269c652b02344544a9883f41c2799992. 1 dirs total, 0 dirs full, 0 dirs failed
I20260630 12:31:14.115242 23531 tablet_bootstrap.cc:492] T 233dc12acba341f0b53c6b87476b9337 P 35a27ba5754d4ef7af9b57b75fcd90ec: Bootstrap starting.
I20260630 12:31:14.123034 23531 tablet_bootstrap.cc:654] T 233dc12acba341f0b53c6b87476b9337 P 35a27ba5754d4ef7af9b57b75fcd90ec: Neither blocks nor log segments found. Creating new log.
I20260630 12:31:14.130648 23532 tablet_bootstrap.cc:492] T cfb378023270401f9cdece3b90ea0561 P 10ae18b7a8a64a2cbf96fc561f01cb1b: Bootstrap starting.
I20260630 12:31:14.078519 23321 tablet_service.cc:1511] Processing CreateTablet for tablet 91afa3242d3d4749bba22c528d6ddfa0 (DEFAULT_TABLE table=range_aware_rebalance_new_range [id=df3091b72aa340c5a79b9b22233acb66]), partition=HASH (key) PARTITION 5, RANGE (key) PARTITION 0 <= VALUES < 10
I20260630 12:31:14.082028 23323 tablet_service.cc:1511] Processing CreateTablet for tablet c81653248dca4e098b5a1cc733a364d6 (DEFAULT_TABLE table=range_aware_rebalance_new_range [id=df3091b72aa340c5a79b9b22233acb66]), partition=HASH (key) PARTITION 3, RANGE (key) PARTITION 0 <= VALUES < 10
I20260630 12:31:14.138674 23323 data_dirs.cc:400] Could only allocate 1 dirs of requested 3 for tablet c81653248dca4e098b5a1cc733a364d6. 1 dirs total, 0 dirs full, 0 dirs failed
I20260630 12:31:14.089682 23470 data_dirs.cc:400] Could only allocate 1 dirs of requested 3 for tablet 91afa3242d3d4749bba22c528d6ddfa0. 1 dirs total, 0 dirs full, 0 dirs failed
I20260630 12:31:14.147828 23321 data_dirs.cc:400] Could only allocate 1 dirs of requested 3 for tablet 91afa3242d3d4749bba22c528d6ddfa0. 1 dirs total, 0 dirs full, 0 dirs failed
I20260630 12:31:14.149745 23469 data_dirs.cc:400] Could only allocate 1 dirs of requested 3 for tablet 233dc12acba341f0b53c6b87476b9337. 1 dirs total, 0 dirs full, 0 dirs failed
I20260630 12:31:14.151350 23533 tablet_bootstrap.cc:492] T f54b4324f9714ca9859accccc780bf79 P 06fa89c6013a4772ace5fdbf3371bc0f: Bootstrap starting.
I20260630 12:31:14.157899 23473 data_dirs.cc:400] Could only allocate 1 dirs of requested 3 for tablet f54b4324f9714ca9859accccc780bf79. 1 dirs total, 0 dirs full, 0 dirs failed
I20260630 12:31:14.159353 23472 data_dirs.cc:400] Could only allocate 1 dirs of requested 3 for tablet c81653248dca4e098b5a1cc733a364d6. 1 dirs total, 0 dirs full, 0 dirs failed
I20260630 12:31:14.160638 23468 data_dirs.cc:400] Could only allocate 1 dirs of requested 3 for tablet ce8c90b4fd0040d9aa51e057a6f00705. 1 dirs total, 0 dirs full, 0 dirs failed
I20260630 12:31:14.161875 23471 data_dirs.cc:400] Could only allocate 1 dirs of requested 3 for tablet 1a7972ff297546d192a2c591669198e9. 1 dirs total, 0 dirs full, 0 dirs failed
I20260630 12:31:14.197729 23533 tablet_bootstrap.cc:654] T f54b4324f9714ca9859accccc780bf79 P 06fa89c6013a4772ace5fdbf3371bc0f: Neither blocks nor log segments found. Creating new log.
I20260630 12:31:14.203506 23532 tablet_bootstrap.cc:654] T cfb378023270401f9cdece3b90ea0561 P 10ae18b7a8a64a2cbf96fc561f01cb1b: Neither blocks nor log segments found. Creating new log.
I20260630 12:31:14.258541 23531 tablet_bootstrap.cc:492] T 233dc12acba341f0b53c6b87476b9337 P 35a27ba5754d4ef7af9b57b75fcd90ec: No bootstrap required, opened a new log
I20260630 12:31:14.259097 23531 ts_tablet_manager.cc:1403] T 233dc12acba341f0b53c6b87476b9337 P 35a27ba5754d4ef7af9b57b75fcd90ec: Time spent bootstrapping tablet: real 0.145s	user 0.045s	sys 0.034s
I20260630 12:31:14.271559 23531 raft_consensus.cc:359] T 233dc12acba341f0b53c6b87476b9337 P 35a27ba5754d4ef7af9b57b75fcd90ec [term 0 FOLLOWER]: Replica starting. Triggering 0 pending ops. Active config: opid_index: -1 OBSOLETE_local: false peers { permanent_uuid: "06fa89c6013a4772ace5fdbf3371bc0f" member_type: VOTER last_known_addr { host: "127.19.223.1" port: 39615 } } peers { permanent_uuid: "35a27ba5754d4ef7af9b57b75fcd90ec" member_type: VOTER last_known_addr { host: "127.19.223.2" port: 36407 } } peers { permanent_uuid: "10ae18b7a8a64a2cbf96fc561f01cb1b" member_type: VOTER last_known_addr { host: "127.19.223.3" port: 41389 } }
I20260630 12:31:14.272392 23531 raft_consensus.cc:385] T 233dc12acba341f0b53c6b87476b9337 P 35a27ba5754d4ef7af9b57b75fcd90ec [term 0 FOLLOWER]: Consensus starting up: Expiring failure detector timer to make a prompt election more likely
I20260630 12:31:14.272718 23531 raft_consensus.cc:740] T 233dc12acba341f0b53c6b87476b9337 P 35a27ba5754d4ef7af9b57b75fcd90ec [term 0 FOLLOWER]: Becoming Follower/Learner. State: Replica: 35a27ba5754d4ef7af9b57b75fcd90ec, State: Initialized, Role: FOLLOWER
I20260630 12:31:14.273645 23531 consensus_queue.cc:260] T 233dc12acba341f0b53c6b87476b9337 P 35a27ba5754d4ef7af9b57b75fcd90ec [NON_LEADER]: Queue going to NON_LEADER mode. State: All replicated index: 0, Majority replicated index: 0, Committed index: 0, Last appended: 0.0, Last appended by leader: 0, Current term: 0, Majority size: -1, State: 0, Mode: NON_LEADER, active raft config: opid_index: -1 OBSOLETE_local: false peers { permanent_uuid: "06fa89c6013a4772ace5fdbf3371bc0f" member_type: VOTER last_known_addr { host: "127.19.223.1" port: 39615 } } peers { permanent_uuid: "35a27ba5754d4ef7af9b57b75fcd90ec" member_type: VOTER last_known_addr { host: "127.19.223.2" port: 36407 } } peers { permanent_uuid: "10ae18b7a8a64a2cbf96fc561f01cb1b" member_type: VOTER last_known_addr { host: "127.19.223.3" port: 41389 } }
I20260630 12:31:14.286721 23533 tablet_bootstrap.cc:492] T f54b4324f9714ca9859accccc780bf79 P 06fa89c6013a4772ace5fdbf3371bc0f: No bootstrap required, opened a new log
I20260630 12:31:14.287324 23533 ts_tablet_manager.cc:1403] T f54b4324f9714ca9859accccc780bf79 P 06fa89c6013a4772ace5fdbf3371bc0f: Time spent bootstrapping tablet: real 0.136s	user 0.007s	sys 0.014s
I20260630 12:31:14.291179 23533 raft_consensus.cc:359] T f54b4324f9714ca9859accccc780bf79 P 06fa89c6013a4772ace5fdbf3371bc0f [term 0 FOLLOWER]: Replica starting. Triggering 0 pending ops. Active config: opid_index: -1 OBSOLETE_local: false peers { permanent_uuid: "06fa89c6013a4772ace5fdbf3371bc0f" member_type: VOTER last_known_addr { host: "127.19.223.1" port: 39615 } } peers { permanent_uuid: "35a27ba5754d4ef7af9b57b75fcd90ec" member_type: VOTER last_known_addr { host: "127.19.223.2" port: 36407 } } peers { permanent_uuid: "10ae18b7a8a64a2cbf96fc561f01cb1b" member_type: VOTER last_known_addr { host: "127.19.223.3" port: 41389 } }
I20260630 12:31:14.297597 23533 raft_consensus.cc:385] T f54b4324f9714ca9859accccc780bf79 P 06fa89c6013a4772ace5fdbf3371bc0f [term 0 FOLLOWER]: Consensus starting up: Expiring failure detector timer to make a prompt election more likely
I20260630 12:31:14.298079 23533 raft_consensus.cc:740] T f54b4324f9714ca9859accccc780bf79 P 06fa89c6013a4772ace5fdbf3371bc0f [term 0 FOLLOWER]: Becoming Follower/Learner. State: Replica: 06fa89c6013a4772ace5fdbf3371bc0f, State: Initialized, Role: FOLLOWER
I20260630 12:31:14.293712 23532 tablet_bootstrap.cc:492] T cfb378023270401f9cdece3b90ea0561 P 10ae18b7a8a64a2cbf96fc561f01cb1b: No bootstrap required, opened a new log
I20260630 12:31:14.303138 23532 ts_tablet_manager.cc:1403] T cfb378023270401f9cdece3b90ea0561 P 10ae18b7a8a64a2cbf96fc561f01cb1b: Time spent bootstrapping tablet: real 0.173s	user 0.014s	sys 0.011s
I20260630 12:31:14.304625 23533 consensus_queue.cc:260] T f54b4324f9714ca9859accccc780bf79 P 06fa89c6013a4772ace5fdbf3371bc0f [NON_LEADER]: Queue going to NON_LEADER mode. State: All replicated index: 0, Majority replicated index: 0, Committed index: 0, Last appended: 0.0, Last appended by leader: 0, Current term: 0, Majority size: -1, State: 0, Mode: NON_LEADER, active raft config: opid_index: -1 OBSOLETE_local: false peers { permanent_uuid: "06fa89c6013a4772ace5fdbf3371bc0f" member_type: VOTER last_known_addr { host: "127.19.223.1" port: 39615 } } peers { permanent_uuid: "35a27ba5754d4ef7af9b57b75fcd90ec" member_type: VOTER last_known_addr { host: "127.19.223.2" port: 36407 } } peers { permanent_uuid: "10ae18b7a8a64a2cbf96fc561f01cb1b" member_type: VOTER last_known_addr { host: "127.19.223.3" port: 41389 } }
I20260630 12:31:14.307381 23532 raft_consensus.cc:359] T cfb378023270401f9cdece3b90ea0561 P 10ae18b7a8a64a2cbf96fc561f01cb1b [term 0 FOLLOWER]: Replica starting. Triggering 0 pending ops. Active config: opid_index: -1 OBSOLETE_local: false peers { permanent_uuid: "35a27ba5754d4ef7af9b57b75fcd90ec" member_type: VOTER last_known_addr { host: "127.19.223.2" port: 36407 } } peers { permanent_uuid: "06fa89c6013a4772ace5fdbf3371bc0f" member_type: VOTER last_known_addr { host: "127.19.223.1" port: 39615 } } peers { permanent_uuid: "10ae18b7a8a64a2cbf96fc561f01cb1b" member_type: VOTER last_known_addr { host: "127.19.223.3" port: 41389 } }
I20260630 12:31:14.308226 23532 raft_consensus.cc:385] T cfb378023270401f9cdece3b90ea0561 P 10ae18b7a8a64a2cbf96fc561f01cb1b [term 0 FOLLOWER]: Consensus starting up: Expiring failure detector timer to make a prompt election more likely
I20260630 12:31:14.308583 23532 raft_consensus.cc:740] T cfb378023270401f9cdece3b90ea0561 P 10ae18b7a8a64a2cbf96fc561f01cb1b [term 0 FOLLOWER]: Becoming Follower/Learner. State: Replica: 10ae18b7a8a64a2cbf96fc561f01cb1b, State: Initialized, Role: FOLLOWER
I20260630 12:31:14.309506 23532 consensus_queue.cc:260] T cfb378023270401f9cdece3b90ea0561 P 10ae18b7a8a64a2cbf96fc561f01cb1b [NON_LEADER]: Queue going to NON_LEADER mode. State: All replicated index: 0, Majority replicated index: 0, Committed index: 0, Last appended: 0.0, Last appended by leader: 0, Current term: 0, Majority size: -1, State: 0, Mode: NON_LEADER, active raft config: opid_index: -1 OBSOLETE_local: false peers { permanent_uuid: "35a27ba5754d4ef7af9b57b75fcd90ec" member_type: VOTER last_known_addr { host: "127.19.223.2" port: 36407 } } peers { permanent_uuid: "06fa89c6013a4772ace5fdbf3371bc0f" member_type: VOTER last_known_addr { host: "127.19.223.1" port: 39615 } } peers { permanent_uuid: "10ae18b7a8a64a2cbf96fc561f01cb1b" member_type: VOTER last_known_addr { host: "127.19.223.3" port: 41389 } }
I20260630 12:31:14.310602 23531 ts_tablet_manager.cc:1434] T 233dc12acba341f0b53c6b87476b9337 P 35a27ba5754d4ef7af9b57b75fcd90ec: Time spent starting tablet: real 0.051s	user 0.009s	sys 0.005s
I20260630 12:31:14.320406 23533 ts_tablet_manager.cc:1434] T f54b4324f9714ca9859accccc780bf79 P 06fa89c6013a4772ace5fdbf3371bc0f: Time spent starting tablet: real 0.032s	user 0.008s	sys 0.012s
I20260630 12:31:14.321488 23533 tablet_bootstrap.cc:492] T c81653248dca4e098b5a1cc733a364d6 P 06fa89c6013a4772ace5fdbf3371bc0f: Bootstrap starting.
I20260630 12:31:14.325227 23532 ts_tablet_manager.cc:1434] T cfb378023270401f9cdece3b90ea0561 P 10ae18b7a8a64a2cbf96fc561f01cb1b: Time spent starting tablet: real 0.022s	user 0.007s	sys 0.011s
I20260630 12:31:14.326371 23532 tablet_bootstrap.cc:492] T f54b4324f9714ca9859accccc780bf79 P 10ae18b7a8a64a2cbf96fc561f01cb1b: Bootstrap starting.
I20260630 12:31:14.331190 23533 tablet_bootstrap.cc:654] T c81653248dca4e098b5a1cc733a364d6 P 06fa89c6013a4772ace5fdbf3371bc0f: Neither blocks nor log segments found. Creating new log.
I20260630 12:31:14.329908 23531 tablet_bootstrap.cc:492] T c81653248dca4e098b5a1cc733a364d6 P 35a27ba5754d4ef7af9b57b75fcd90ec: Bootstrap starting.
I20260630 12:31:14.341727 23531 tablet_bootstrap.cc:654] T c81653248dca4e098b5a1cc733a364d6 P 35a27ba5754d4ef7af9b57b75fcd90ec: Neither blocks nor log segments found. Creating new log.
I20260630 12:31:14.342592 23533 tablet_bootstrap.cc:492] T c81653248dca4e098b5a1cc733a364d6 P 06fa89c6013a4772ace5fdbf3371bc0f: No bootstrap required, opened a new log
I20260630 12:31:14.343125 23533 ts_tablet_manager.cc:1403] T c81653248dca4e098b5a1cc733a364d6 P 06fa89c6013a4772ace5fdbf3371bc0f: Time spent bootstrapping tablet: real 0.022s	user 0.014s	sys 0.003s
I20260630 12:31:14.346091 23533 raft_consensus.cc:359] T c81653248dca4e098b5a1cc733a364d6 P 06fa89c6013a4772ace5fdbf3371bc0f [term 0 FOLLOWER]: Replica starting. Triggering 0 pending ops. Active config: opid_index: -1 OBSOLETE_local: false peers { permanent_uuid: "06fa89c6013a4772ace5fdbf3371bc0f" member_type: VOTER last_known_addr { host: "127.19.223.1" port: 39615 } } peers { permanent_uuid: "35a27ba5754d4ef7af9b57b75fcd90ec" member_type: VOTER last_known_addr { host: "127.19.223.2" port: 36407 } } peers { permanent_uuid: "10ae18b7a8a64a2cbf96fc561f01cb1b" member_type: VOTER last_known_addr { host: "127.19.223.3" port: 41389 } }
I20260630 12:31:14.346854 23533 raft_consensus.cc:385] T c81653248dca4e098b5a1cc733a364d6 P 06fa89c6013a4772ace5fdbf3371bc0f [term 0 FOLLOWER]: Consensus starting up: Expiring failure detector timer to make a prompt election more likely
I20260630 12:31:14.347144 23533 raft_consensus.cc:740] T c81653248dca4e098b5a1cc733a364d6 P 06fa89c6013a4772ace5fdbf3371bc0f [term 0 FOLLOWER]: Becoming Follower/Learner. State: Replica: 06fa89c6013a4772ace5fdbf3371bc0f, State: Initialized, Role: FOLLOWER
I20260630 12:31:14.348464 23532 tablet_bootstrap.cc:654] T f54b4324f9714ca9859accccc780bf79 P 10ae18b7a8a64a2cbf96fc561f01cb1b: Neither blocks nor log segments found. Creating new log.
I20260630 12:31:14.347988 23533 consensus_queue.cc:260] T c81653248dca4e098b5a1cc733a364d6 P 06fa89c6013a4772ace5fdbf3371bc0f [NON_LEADER]: Queue going to NON_LEADER mode. State: All replicated index: 0, Majority replicated index: 0, Committed index: 0, Last appended: 0.0, Last appended by leader: 0, Current term: 0, Majority size: -1, State: 0, Mode: NON_LEADER, active raft config: opid_index: -1 OBSOLETE_local: false peers { permanent_uuid: "06fa89c6013a4772ace5fdbf3371bc0f" member_type: VOTER last_known_addr { host: "127.19.223.1" port: 39615 } } peers { permanent_uuid: "35a27ba5754d4ef7af9b57b75fcd90ec" member_type: VOTER last_known_addr { host: "127.19.223.2" port: 36407 } } peers { permanent_uuid: "10ae18b7a8a64a2cbf96fc561f01cb1b" member_type: VOTER last_known_addr { host: "127.19.223.3" port: 41389 } }
I20260630 12:31:14.350628 23533 ts_tablet_manager.cc:1434] T c81653248dca4e098b5a1cc733a364d6 P 06fa89c6013a4772ace5fdbf3371bc0f: Time spent starting tablet: real 0.007s	user 0.008s	sys 0.000s
I20260630 12:31:14.351730 23533 tablet_bootstrap.cc:492] T 233dc12acba341f0b53c6b87476b9337 P 06fa89c6013a4772ace5fdbf3371bc0f: Bootstrap starting.
I20260630 12:31:14.353951 23531 tablet_bootstrap.cc:492] T c81653248dca4e098b5a1cc733a364d6 P 35a27ba5754d4ef7af9b57b75fcd90ec: No bootstrap required, opened a new log
I20260630 12:31:14.356681 23531 ts_tablet_manager.cc:1403] T c81653248dca4e098b5a1cc733a364d6 P 35a27ba5754d4ef7af9b57b75fcd90ec: Time spent bootstrapping tablet: real 0.035s	user 0.013s	sys 0.001s
I20260630 12:31:14.359910 23533 tablet_bootstrap.cc:654] T 233dc12acba341f0b53c6b87476b9337 P 06fa89c6013a4772ace5fdbf3371bc0f: Neither blocks nor log segments found. Creating new log.
I20260630 12:31:14.362802 23532 tablet_bootstrap.cc:492] T f54b4324f9714ca9859accccc780bf79 P 10ae18b7a8a64a2cbf96fc561f01cb1b: No bootstrap required, opened a new log
I20260630 12:31:14.363364 23532 ts_tablet_manager.cc:1403] T f54b4324f9714ca9859accccc780bf79 P 10ae18b7a8a64a2cbf96fc561f01cb1b: Time spent bootstrapping tablet: real 0.037s	user 0.019s	sys 0.003s
I20260630 12:31:14.359632 23531 raft_consensus.cc:359] T c81653248dca4e098b5a1cc733a364d6 P 35a27ba5754d4ef7af9b57b75fcd90ec [term 0 FOLLOWER]: Replica starting. Triggering 0 pending ops. Active config: opid_index: -1 OBSOLETE_local: false peers { permanent_uuid: "06fa89c6013a4772ace5fdbf3371bc0f" member_type: VOTER last_known_addr { host: "127.19.223.1" port: 39615 } } peers { permanent_uuid: "35a27ba5754d4ef7af9b57b75fcd90ec" member_type: VOTER last_known_addr { host: "127.19.223.2" port: 36407 } } peers { permanent_uuid: "10ae18b7a8a64a2cbf96fc561f01cb1b" member_type: VOTER last_known_addr { host: "127.19.223.3" port: 41389 } }
I20260630 12:31:14.365448 23539 raft_consensus.cc:493] T cfb378023270401f9cdece3b90ea0561 P 10ae18b7a8a64a2cbf96fc561f01cb1b [term 0 FOLLOWER]: Starting pre-election (no leader contacted us within the election timeout)
I20260630 12:31:14.365474 23531 raft_consensus.cc:385] T c81653248dca4e098b5a1cc733a364d6 P 35a27ba5754d4ef7af9b57b75fcd90ec [term 0 FOLLOWER]: Consensus starting up: Expiring failure detector timer to make a prompt election more likely
I20260630 12:31:14.366130 23539 raft_consensus.cc:515] T cfb378023270401f9cdece3b90ea0561 P 10ae18b7a8a64a2cbf96fc561f01cb1b [term 0 FOLLOWER]: Starting pre-election with config: opid_index: -1 OBSOLETE_local: false peers { permanent_uuid: "35a27ba5754d4ef7af9b57b75fcd90ec" member_type: VOTER last_known_addr { host: "127.19.223.2" port: 36407 } } peers { permanent_uuid: "06fa89c6013a4772ace5fdbf3371bc0f" member_type: VOTER last_known_addr { host: "127.19.223.1" port: 39615 } } peers { permanent_uuid: "10ae18b7a8a64a2cbf96fc561f01cb1b" member_type: VOTER last_known_addr { host: "127.19.223.3" port: 41389 } }
I20260630 12:31:14.367293 23532 raft_consensus.cc:359] T f54b4324f9714ca9859accccc780bf79 P 10ae18b7a8a64a2cbf96fc561f01cb1b [term 0 FOLLOWER]: Replica starting. Triggering 0 pending ops. Active config: opid_index: -1 OBSOLETE_local: false peers { permanent_uuid: "06fa89c6013a4772ace5fdbf3371bc0f" member_type: VOTER last_known_addr { host: "127.19.223.1" port: 39615 } } peers { permanent_uuid: "35a27ba5754d4ef7af9b57b75fcd90ec" member_type: VOTER last_known_addr { host: "127.19.223.2" port: 36407 } } peers { permanent_uuid: "10ae18b7a8a64a2cbf96fc561f01cb1b" member_type: VOTER last_known_addr { host: "127.19.223.3" port: 41389 } }
I20260630 12:31:14.367882 23532 raft_consensus.cc:385] T f54b4324f9714ca9859accccc780bf79 P 10ae18b7a8a64a2cbf96fc561f01cb1b [term 0 FOLLOWER]: Consensus starting up: Expiring failure detector timer to make a prompt election more likely
I20260630 12:31:14.368134 23532 raft_consensus.cc:740] T f54b4324f9714ca9859accccc780bf79 P 10ae18b7a8a64a2cbf96fc561f01cb1b [term 0 FOLLOWER]: Becoming Follower/Learner. State: Replica: 10ae18b7a8a64a2cbf96fc561f01cb1b, State: Initialized, Role: FOLLOWER
I20260630 12:31:14.368813 23532 consensus_queue.cc:260] T f54b4324f9714ca9859accccc780bf79 P 10ae18b7a8a64a2cbf96fc561f01cb1b [NON_LEADER]: Queue going to NON_LEADER mode. State: All replicated index: 0, Majority replicated index: 0, Committed index: 0, Last appended: 0.0, Last appended by leader: 0, Current term: 0, Majority size: -1, State: 0, Mode: NON_LEADER, active raft config: opid_index: -1 OBSOLETE_local: false peers { permanent_uuid: "06fa89c6013a4772ace5fdbf3371bc0f" member_type: VOTER last_known_addr { host: "127.19.223.1" port: 39615 } } peers { permanent_uuid: "35a27ba5754d4ef7af9b57b75fcd90ec" member_type: VOTER last_known_addr { host: "127.19.223.2" port: 36407 } } peers { permanent_uuid: "10ae18b7a8a64a2cbf96fc561f01cb1b" member_type: VOTER last_known_addr { host: "127.19.223.3" port: 41389 } }
I20260630 12:31:14.370929 23533 tablet_bootstrap.cc:492] T 233dc12acba341f0b53c6b87476b9337 P 06fa89c6013a4772ace5fdbf3371bc0f: No bootstrap required, opened a new log
I20260630 12:31:14.371417 23533 ts_tablet_manager.cc:1403] T 233dc12acba341f0b53c6b87476b9337 P 06fa89c6013a4772ace5fdbf3371bc0f: Time spent bootstrapping tablet: real 0.020s	user 0.005s	sys 0.012s
I20260630 12:31:14.373948 23539 leader_election.cc:290] T cfb378023270401f9cdece3b90ea0561 P 10ae18b7a8a64a2cbf96fc561f01cb1b [CANDIDATE]: Term 1 pre-election: Requested pre-vote from peers 35a27ba5754d4ef7af9b57b75fcd90ec (127.19.223.2:36407), 06fa89c6013a4772ace5fdbf3371bc0f (127.19.223.1:39615)
I20260630 12:31:14.374246 23533 raft_consensus.cc:359] T 233dc12acba341f0b53c6b87476b9337 P 06fa89c6013a4772ace5fdbf3371bc0f [term 0 FOLLOWER]: Replica starting. Triggering 0 pending ops. Active config: opid_index: -1 OBSOLETE_local: false peers { permanent_uuid: "06fa89c6013a4772ace5fdbf3371bc0f" member_type: VOTER last_known_addr { host: "127.19.223.1" port: 39615 } } peers { permanent_uuid: "35a27ba5754d4ef7af9b57b75fcd90ec" member_type: VOTER last_known_addr { host: "127.19.223.2" port: 36407 } } peers { permanent_uuid: "10ae18b7a8a64a2cbf96fc561f01cb1b" member_type: VOTER last_known_addr { host: "127.19.223.3" port: 41389 } }
I20260630 12:31:14.375068 23533 raft_consensus.cc:385] T 233dc12acba341f0b53c6b87476b9337 P 06fa89c6013a4772ace5fdbf3371bc0f [term 0 FOLLOWER]: Consensus starting up: Expiring failure detector timer to make a prompt election more likely
I20260630 12:31:14.375406 23533 raft_consensus.cc:740] T 233dc12acba341f0b53c6b87476b9337 P 06fa89c6013a4772ace5fdbf3371bc0f [term 0 FOLLOWER]: Becoming Follower/Learner. State: Replica: 06fa89c6013a4772ace5fdbf3371bc0f, State: Initialized, Role: FOLLOWER
I20260630 12:31:14.376379 23533 consensus_queue.cc:260] T 233dc12acba341f0b53c6b87476b9337 P 06fa89c6013a4772ace5fdbf3371bc0f [NON_LEADER]: Queue going to NON_LEADER mode. State: All replicated index: 0, Majority replicated index: 0, Committed index: 0, Last appended: 0.0, Last appended by leader: 0, Current term: 0, Majority size: -1, State: 0, Mode: NON_LEADER, active raft config: opid_index: -1 OBSOLETE_local: false peers { permanent_uuid: "06fa89c6013a4772ace5fdbf3371bc0f" member_type: VOTER last_known_addr { host: "127.19.223.1" port: 39615 } } peers { permanent_uuid: "35a27ba5754d4ef7af9b57b75fcd90ec" member_type: VOTER last_known_addr { host: "127.19.223.2" port: 36407 } } peers { permanent_uuid: "10ae18b7a8a64a2cbf96fc561f01cb1b" member_type: VOTER last_known_addr { host: "127.19.223.3" port: 41389 } }
I20260630 12:31:14.366117 23531 raft_consensus.cc:740] T c81653248dca4e098b5a1cc733a364d6 P 35a27ba5754d4ef7af9b57b75fcd90ec [term 0 FOLLOWER]: Becoming Follower/Learner. State: Replica: 35a27ba5754d4ef7af9b57b75fcd90ec, State: Initialized, Role: FOLLOWER
I20260630 12:31:14.381168 23533 ts_tablet_manager.cc:1434] T 233dc12acba341f0b53c6b87476b9337 P 06fa89c6013a4772ace5fdbf3371bc0f: Time spent starting tablet: real 0.009s	user 0.004s	sys 0.004s
I20260630 12:31:14.382311 23533 tablet_bootstrap.cc:492] T 1a7972ff297546d192a2c591669198e9 P 06fa89c6013a4772ace5fdbf3371bc0f: Bootstrap starting.
I20260630 12:31:14.382581 23531 consensus_queue.cc:260] T c81653248dca4e098b5a1cc733a364d6 P 35a27ba5754d4ef7af9b57b75fcd90ec [NON_LEADER]: Queue going to NON_LEADER mode. State: All replicated index: 0, Majority replicated index: 0, Committed index: 0, Last appended: 0.0, Last appended by leader: 0, Current term: 0, Majority size: -1, State: 0, Mode: NON_LEADER, active raft config: opid_index: -1 OBSOLETE_local: false peers { permanent_uuid: "06fa89c6013a4772ace5fdbf3371bc0f" member_type: VOTER last_known_addr { host: "127.19.223.1" port: 39615 } } peers { permanent_uuid: "35a27ba5754d4ef7af9b57b75fcd90ec" member_type: VOTER last_known_addr { host: "127.19.223.2" port: 36407 } } peers { permanent_uuid: "10ae18b7a8a64a2cbf96fc561f01cb1b" member_type: VOTER last_known_addr { host: "127.19.223.3" port: 41389 } }
I20260630 12:31:14.388787 23533 tablet_bootstrap.cc:654] T 1a7972ff297546d192a2c591669198e9 P 06fa89c6013a4772ace5fdbf3371bc0f: Neither blocks nor log segments found. Creating new log.
I20260630 12:31:14.388847 23531 ts_tablet_manager.cc:1434] T c81653248dca4e098b5a1cc733a364d6 P 35a27ba5754d4ef7af9b57b75fcd90ec: Time spent starting tablet: real 0.032s	user 0.005s	sys 0.001s
I20260630 12:31:14.391647 23531 tablet_bootstrap.cc:492] T f54b4324f9714ca9859accccc780bf79 P 35a27ba5754d4ef7af9b57b75fcd90ec: Bootstrap starting.
I20260630 12:31:14.422369 23531 tablet_bootstrap.cc:654] T f54b4324f9714ca9859accccc780bf79 P 35a27ba5754d4ef7af9b57b75fcd90ec: Neither blocks nor log segments found. Creating new log.
I20260630 12:31:14.423830 23533 tablet_bootstrap.cc:492] T 1a7972ff297546d192a2c591669198e9 P 06fa89c6013a4772ace5fdbf3371bc0f: No bootstrap required, opened a new log
I20260630 12:31:14.427986 23533 ts_tablet_manager.cc:1403] T 1a7972ff297546d192a2c591669198e9 P 06fa89c6013a4772ace5fdbf3371bc0f: Time spent bootstrapping tablet: real 0.046s	user 0.007s	sys 0.021s
I20260630 12:31:14.430579 23533 raft_consensus.cc:359] T 1a7972ff297546d192a2c591669198e9 P 06fa89c6013a4772ace5fdbf3371bc0f [term 0 FOLLOWER]: Replica starting. Triggering 0 pending ops. Active config: opid_index: -1 OBSOLETE_local: false peers { permanent_uuid: "06fa89c6013a4772ace5fdbf3371bc0f" member_type: VOTER last_known_addr { host: "127.19.223.1" port: 39615 } } peers { permanent_uuid: "35a27ba5754d4ef7af9b57b75fcd90ec" member_type: VOTER last_known_addr { host: "127.19.223.2" port: 36407 } } peers { permanent_uuid: "10ae18b7a8a64a2cbf96fc561f01cb1b" member_type: VOTER last_known_addr { host: "127.19.223.3" port: 41389 } }
I20260630 12:31:14.431133 23533 raft_consensus.cc:385] T 1a7972ff297546d192a2c591669198e9 P 06fa89c6013a4772ace5fdbf3371bc0f [term 0 FOLLOWER]: Consensus starting up: Expiring failure detector timer to make a prompt election more likely
I20260630 12:31:14.431391 23533 raft_consensus.cc:740] T 1a7972ff297546d192a2c591669198e9 P 06fa89c6013a4772ace5fdbf3371bc0f [term 0 FOLLOWER]: Becoming Follower/Learner. State: Replica: 06fa89c6013a4772ace5fdbf3371bc0f, State: Initialized, Role: FOLLOWER
I20260630 12:31:14.432072 23533 consensus_queue.cc:260] T 1a7972ff297546d192a2c591669198e9 P 06fa89c6013a4772ace5fdbf3371bc0f [NON_LEADER]: Queue going to NON_LEADER mode. State: All replicated index: 0, Majority replicated index: 0, Committed index: 0, Last appended: 0.0, Last appended by leader: 0, Current term: 0, Majority size: -1, State: 0, Mode: NON_LEADER, active raft config: opid_index: -1 OBSOLETE_local: false peers { permanent_uuid: "06fa89c6013a4772ace5fdbf3371bc0f" member_type: VOTER last_known_addr { host: "127.19.223.1" port: 39615 } } peers { permanent_uuid: "35a27ba5754d4ef7af9b57b75fcd90ec" member_type: VOTER last_known_addr { host: "127.19.223.2" port: 36407 } } peers { permanent_uuid: "10ae18b7a8a64a2cbf96fc561f01cb1b" member_type: VOTER last_known_addr { host: "127.19.223.3" port: 41389 } }
I20260630 12:31:14.426103 23532 ts_tablet_manager.cc:1434] T f54b4324f9714ca9859accccc780bf79 P 10ae18b7a8a64a2cbf96fc561f01cb1b: Time spent starting tablet: real 0.062s	user 0.012s	sys 0.046s
I20260630 12:31:14.426748 23411 tablet_service.cc:1917] Received RequestConsensusVote() RPC: tablet_id: "cfb378023270401f9cdece3b90ea0561" candidate_uuid: "10ae18b7a8a64a2cbf96fc561f01cb1b" candidate_term: 1 candidate_status { last_received { term: 0 index: 0 } } ignore_live_leader: false dest_uuid: "35a27ba5754d4ef7af9b57b75fcd90ec" is_pre_election: true
I20260630 12:31:14.433949 23533 ts_tablet_manager.cc:1434] T 1a7972ff297546d192a2c591669198e9 P 06fa89c6013a4772ace5fdbf3371bc0f: Time spent starting tablet: real 0.006s	user 0.006s	sys 0.000s
I20260630 12:31:14.434942 23533 tablet_bootstrap.cc:492] T 91afa3242d3d4749bba22c528d6ddfa0 P 06fa89c6013a4772ace5fdbf3371bc0f: Bootstrap starting.
I20260630 12:31:14.441061 23533 tablet_bootstrap.cc:654] T 91afa3242d3d4749bba22c528d6ddfa0 P 06fa89c6013a4772ace5fdbf3371bc0f: Neither blocks nor log segments found. Creating new log.
I20260630 12:31:14.442921 23532 tablet_bootstrap.cc:492] T 91afa3242d3d4749bba22c528d6ddfa0 P 10ae18b7a8a64a2cbf96fc561f01cb1b: Bootstrap starting.
I20260630 12:31:14.450739 23336 tablet_service.cc:1917] Received RequestConsensusVote() RPC: tablet_id: "cfb378023270401f9cdece3b90ea0561" candidate_uuid: "10ae18b7a8a64a2cbf96fc561f01cb1b" candidate_term: 1 candidate_status { last_received { term: 0 index: 0 } } ignore_live_leader: false dest_uuid: "06fa89c6013a4772ace5fdbf3371bc0f" is_pre_election: true
W20260630 12:31:14.443634 23450 leader_election.cc:343] T cfb378023270401f9cdece3b90ea0561 P 10ae18b7a8a64a2cbf96fc561f01cb1b [CANDIDATE]: Term 1 pre-election: Tablet error from VoteRequest() call to peer 35a27ba5754d4ef7af9b57b75fcd90ec (127.19.223.2:36407): Illegal state: must be running to vote when last-logged opid is not known
I20260630 12:31:14.453439 23532 tablet_bootstrap.cc:654] T 91afa3242d3d4749bba22c528d6ddfa0 P 10ae18b7a8a64a2cbf96fc561f01cb1b: Neither blocks nor log segments found. Creating new log.
W20260630 12:31:14.456004 23449 leader_election.cc:343] T cfb378023270401f9cdece3b90ea0561 P 10ae18b7a8a64a2cbf96fc561f01cb1b [CANDIDATE]: Term 1 pre-election: Tablet error from VoteRequest() call to peer 06fa89c6013a4772ace5fdbf3371bc0f (127.19.223.1:39615): Illegal state: must be running to vote when last-logged opid is not known
I20260630 12:31:14.456653 23449 leader_election.cc:304] T cfb378023270401f9cdece3b90ea0561 P 10ae18b7a8a64a2cbf96fc561f01cb1b [CANDIDATE]: Term 1 pre-election: Election decided. Result: candidate lost. Election summary: received 3 responses out of 3 voters: 1 yes votes; 2 no votes. yes voters: 10ae18b7a8a64a2cbf96fc561f01cb1b; no voters: 06fa89c6013a4772ace5fdbf3371bc0f, 35a27ba5754d4ef7af9b57b75fcd90ec
I20260630 12:31:14.458350 23544 raft_consensus.cc:2749] T cfb378023270401f9cdece3b90ea0561 P 10ae18b7a8a64a2cbf96fc561f01cb1b [term 0 FOLLOWER]: Leader pre-election lost for term 1. Reason: could not achieve majority
I20260630 12:31:14.462631 23533 tablet_bootstrap.cc:492] T 91afa3242d3d4749bba22c528d6ddfa0 P 06fa89c6013a4772ace5fdbf3371bc0f: No bootstrap required, opened a new log
I20260630 12:31:14.462666 23531 tablet_bootstrap.cc:492] T f54b4324f9714ca9859accccc780bf79 P 35a27ba5754d4ef7af9b57b75fcd90ec: No bootstrap required, opened a new log
I20260630 12:31:14.462774 23532 tablet_bootstrap.cc:492] T 91afa3242d3d4749bba22c528d6ddfa0 P 10ae18b7a8a64a2cbf96fc561f01cb1b: No bootstrap required, opened a new log
I20260630 12:31:14.463402 23533 ts_tablet_manager.cc:1403] T 91afa3242d3d4749bba22c528d6ddfa0 P 06fa89c6013a4772ace5fdbf3371bc0f: Time spent bootstrapping tablet: real 0.029s	user 0.010s	sys 0.015s
I20260630 12:31:14.463402 23531 ts_tablet_manager.cc:1403] T f54b4324f9714ca9859accccc780bf79 P 35a27ba5754d4ef7af9b57b75fcd90ec: Time spent bootstrapping tablet: real 0.072s	user 0.027s	sys 0.017s
I20260630 12:31:14.463521 23532 ts_tablet_manager.cc:1403] T 91afa3242d3d4749bba22c528d6ddfa0 P 10ae18b7a8a64a2cbf96fc561f01cb1b: Time spent bootstrapping tablet: real 0.021s	user 0.018s	sys 0.000s
I20260630 12:31:14.466245 23532 raft_consensus.cc:359] T 91afa3242d3d4749bba22c528d6ddfa0 P 10ae18b7a8a64a2cbf96fc561f01cb1b [term 0 FOLLOWER]: Replica starting. Triggering 0 pending ops. Active config: opid_index: -1 OBSOLETE_local: false peers { permanent_uuid: "06fa89c6013a4772ace5fdbf3371bc0f" member_type: VOTER last_known_addr { host: "127.19.223.1" port: 39615 } } peers { permanent_uuid: "35a27ba5754d4ef7af9b57b75fcd90ec" member_type: VOTER last_known_addr { host: "127.19.223.2" port: 36407 } } peers { permanent_uuid: "10ae18b7a8a64a2cbf96fc561f01cb1b" member_type: VOTER last_known_addr { host: "127.19.223.3" port: 41389 } }
I20260630 12:31:14.466813 23532 raft_consensus.cc:385] T 91afa3242d3d4749bba22c528d6ddfa0 P 10ae18b7a8a64a2cbf96fc561f01cb1b [term 0 FOLLOWER]: Consensus starting up: Expiring failure detector timer to make a prompt election more likely
I20260630 12:31:14.466704 23531 raft_consensus.cc:359] T f54b4324f9714ca9859accccc780bf79 P 35a27ba5754d4ef7af9b57b75fcd90ec [term 0 FOLLOWER]: Replica starting. Triggering 0 pending ops. Active config: opid_index: -1 OBSOLETE_local: false peers { permanent_uuid: "06fa89c6013a4772ace5fdbf3371bc0f" member_type: VOTER last_known_addr { host: "127.19.223.1" port: 39615 } } peers { permanent_uuid: "35a27ba5754d4ef7af9b57b75fcd90ec" member_type: VOTER last_known_addr { host: "127.19.223.2" port: 36407 } } peers { permanent_uuid: "10ae18b7a8a64a2cbf96fc561f01cb1b" member_type: VOTER last_known_addr { host: "127.19.223.3" port: 41389 } }
I20260630 12:31:14.467334 23532 raft_consensus.cc:740] T 91afa3242d3d4749bba22c528d6ddfa0 P 10ae18b7a8a64a2cbf96fc561f01cb1b [term 0 FOLLOWER]: Becoming Follower/Learner. State: Replica: 10ae18b7a8a64a2cbf96fc561f01cb1b, State: Initialized, Role: FOLLOWER
I20260630 12:31:14.466938 23533 raft_consensus.cc:359] T 91afa3242d3d4749bba22c528d6ddfa0 P 06fa89c6013a4772ace5fdbf3371bc0f [term 0 FOLLOWER]: Replica starting. Triggering 0 pending ops. Active config: opid_index: -1 OBSOLETE_local: false peers { permanent_uuid: "06fa89c6013a4772ace5fdbf3371bc0f" member_type: VOTER last_known_addr { host: "127.19.223.1" port: 39615 } } peers { permanent_uuid: "35a27ba5754d4ef7af9b57b75fcd90ec" member_type: VOTER last_known_addr { host: "127.19.223.2" port: 36407 } } peers { permanent_uuid: "10ae18b7a8a64a2cbf96fc561f01cb1b" member_type: VOTER last_known_addr { host: "127.19.223.3" port: 41389 } }
I20260630 12:31:14.467615 23531 raft_consensus.cc:385] T f54b4324f9714ca9859accccc780bf79 P 35a27ba5754d4ef7af9b57b75fcd90ec [term 0 FOLLOWER]: Consensus starting up: Expiring failure detector timer to make a prompt election more likely
I20260630 12:31:14.467769 23533 raft_consensus.cc:385] T 91afa3242d3d4749bba22c528d6ddfa0 P 06fa89c6013a4772ace5fdbf3371bc0f [term 0 FOLLOWER]: Consensus starting up: Expiring failure detector timer to make a prompt election more likely
I20260630 12:31:14.467994 23531 raft_consensus.cc:740] T f54b4324f9714ca9859accccc780bf79 P 35a27ba5754d4ef7af9b57b75fcd90ec [term 0 FOLLOWER]: Becoming Follower/Learner. State: Replica: 35a27ba5754d4ef7af9b57b75fcd90ec, State: Initialized, Role: FOLLOWER
I20260630 12:31:14.468072 23533 raft_consensus.cc:740] T 91afa3242d3d4749bba22c528d6ddfa0 P 06fa89c6013a4772ace5fdbf3371bc0f [term 0 FOLLOWER]: Becoming Follower/Learner. State: Replica: 06fa89c6013a4772ace5fdbf3371bc0f, State: Initialized, Role: FOLLOWER
I20260630 12:31:14.468133 23532 consensus_queue.cc:260] T 91afa3242d3d4749bba22c528d6ddfa0 P 10ae18b7a8a64a2cbf96fc561f01cb1b [NON_LEADER]: Queue going to NON_LEADER mode. State: All replicated index: 0, Majority replicated index: 0, Committed index: 0, Last appended: 0.0, Last appended by leader: 0, Current term: 0, Majority size: -1, State: 0, Mode: NON_LEADER, active raft config: opid_index: -1 OBSOLETE_local: false peers { permanent_uuid: "06fa89c6013a4772ace5fdbf3371bc0f" member_type: VOTER last_known_addr { host: "127.19.223.1" port: 39615 } } peers { permanent_uuid: "35a27ba5754d4ef7af9b57b75fcd90ec" member_type: VOTER last_known_addr { host: "127.19.223.2" port: 36407 } } peers { permanent_uuid: "10ae18b7a8a64a2cbf96fc561f01cb1b" member_type: VOTER last_known_addr { host: "127.19.223.3" port: 41389 } }
I20260630 12:31:14.468973 23533 consensus_queue.cc:260] T 91afa3242d3d4749bba22c528d6ddfa0 P 06fa89c6013a4772ace5fdbf3371bc0f [NON_LEADER]: Queue going to NON_LEADER mode. State: All replicated index: 0, Majority replicated index: 0, Committed index: 0, Last appended: 0.0, Last appended by leader: 0, Current term: 0, Majority size: -1, State: 0, Mode: NON_LEADER, active raft config: opid_index: -1 OBSOLETE_local: false peers { permanent_uuid: "06fa89c6013a4772ace5fdbf3371bc0f" member_type: VOTER last_known_addr { host: "127.19.223.1" port: 39615 } } peers { permanent_uuid: "35a27ba5754d4ef7af9b57b75fcd90ec" member_type: VOTER last_known_addr { host: "127.19.223.2" port: 36407 } } peers { permanent_uuid: "10ae18b7a8a64a2cbf96fc561f01cb1b" member_type: VOTER last_known_addr { host: "127.19.223.3" port: 41389 } }
I20260630 12:31:14.468951 23531 consensus_queue.cc:260] T f54b4324f9714ca9859accccc780bf79 P 35a27ba5754d4ef7af9b57b75fcd90ec [NON_LEADER]: Queue going to NON_LEADER mode. State: All replicated index: 0, Majority replicated index: 0, Committed index: 0, Last appended: 0.0, Last appended by leader: 0, Current term: 0, Majority size: -1, State: 0, Mode: NON_LEADER, active raft config: opid_index: -1 OBSOLETE_local: false peers { permanent_uuid: "06fa89c6013a4772ace5fdbf3371bc0f" member_type: VOTER last_known_addr { host: "127.19.223.1" port: 39615 } } peers { permanent_uuid: "35a27ba5754d4ef7af9b57b75fcd90ec" member_type: VOTER last_known_addr { host: "127.19.223.2" port: 36407 } } peers { permanent_uuid: "10ae18b7a8a64a2cbf96fc561f01cb1b" member_type: VOTER last_known_addr { host: "127.19.223.3" port: 41389 } }
I20260630 12:31:14.470460 23532 ts_tablet_manager.cc:1434] T 91afa3242d3d4749bba22c528d6ddfa0 P 10ae18b7a8a64a2cbf96fc561f01cb1b: Time spent starting tablet: real 0.006s	user 0.004s	sys 0.001s
I20260630 12:31:14.471458 23532 tablet_bootstrap.cc:492] T c81653248dca4e098b5a1cc733a364d6 P 10ae18b7a8a64a2cbf96fc561f01cb1b: Bootstrap starting.
I20260630 12:31:14.473456 23533 ts_tablet_manager.cc:1434] T 91afa3242d3d4749bba22c528d6ddfa0 P 06fa89c6013a4772ace5fdbf3371bc0f: Time spent starting tablet: real 0.009s	user 0.008s	sys 0.000s
I20260630 12:31:14.474289 23531 ts_tablet_manager.cc:1434] T f54b4324f9714ca9859accccc780bf79 P 35a27ba5754d4ef7af9b57b75fcd90ec: Time spent starting tablet: real 0.010s	user 0.007s	sys 0.000s
I20260630 12:31:14.474504 23533 tablet_bootstrap.cc:492] T ce8c90b4fd0040d9aa51e057a6f00705 P 06fa89c6013a4772ace5fdbf3371bc0f: Bootstrap starting.
I20260630 12:31:14.475378 23531 tablet_bootstrap.cc:492] T cfb378023270401f9cdece3b90ea0561 P 35a27ba5754d4ef7af9b57b75fcd90ec: Bootstrap starting.
I20260630 12:31:14.481316 23533 tablet_bootstrap.cc:654] T ce8c90b4fd0040d9aa51e057a6f00705 P 06fa89c6013a4772ace5fdbf3371bc0f: Neither blocks nor log segments found. Creating new log.
I20260630 12:31:14.485028 23531 tablet_bootstrap.cc:654] T cfb378023270401f9cdece3b90ea0561 P 35a27ba5754d4ef7af9b57b75fcd90ec: Neither blocks nor log segments found. Creating new log.
I20260630 12:31:14.489784 23532 tablet_bootstrap.cc:654] T c81653248dca4e098b5a1cc733a364d6 P 10ae18b7a8a64a2cbf96fc561f01cb1b: Neither blocks nor log segments found. Creating new log.
I20260630 12:31:14.492168 23531 tablet_bootstrap.cc:492] T cfb378023270401f9cdece3b90ea0561 P 35a27ba5754d4ef7af9b57b75fcd90ec: No bootstrap required, opened a new log
I20260630 12:31:14.492748 23531 ts_tablet_manager.cc:1403] T cfb378023270401f9cdece3b90ea0561 P 35a27ba5754d4ef7af9b57b75fcd90ec: Time spent bootstrapping tablet: real 0.018s	user 0.010s	sys 0.002s
I20260630 12:31:14.494688 23533 tablet_bootstrap.cc:492] T ce8c90b4fd0040d9aa51e057a6f00705 P 06fa89c6013a4772ace5fdbf3371bc0f: No bootstrap required, opened a new log
I20260630 12:31:14.494937 23532 tablet_bootstrap.cc:492] T c81653248dca4e098b5a1cc733a364d6 P 10ae18b7a8a64a2cbf96fc561f01cb1b: No bootstrap required, opened a new log
I20260630 12:31:14.495178 23533 ts_tablet_manager.cc:1403] T ce8c90b4fd0040d9aa51e057a6f00705 P 06fa89c6013a4772ace5fdbf3371bc0f: Time spent bootstrapping tablet: real 0.021s	user 0.015s	sys 0.003s
I20260630 12:31:14.495384 23532 ts_tablet_manager.cc:1403] T c81653248dca4e098b5a1cc733a364d6 P 10ae18b7a8a64a2cbf96fc561f01cb1b: Time spent bootstrapping tablet: real 0.024s	user 0.008s	sys 0.001s
I20260630 12:31:14.495520 23531 raft_consensus.cc:359] T cfb378023270401f9cdece3b90ea0561 P 35a27ba5754d4ef7af9b57b75fcd90ec [term 0 FOLLOWER]: Replica starting. Triggering 0 pending ops. Active config: opid_index: -1 OBSOLETE_local: false peers { permanent_uuid: "35a27ba5754d4ef7af9b57b75fcd90ec" member_type: VOTER last_known_addr { host: "127.19.223.2" port: 36407 } } peers { permanent_uuid: "06fa89c6013a4772ace5fdbf3371bc0f" member_type: VOTER last_known_addr { host: "127.19.223.1" port: 39615 } } peers { permanent_uuid: "10ae18b7a8a64a2cbf96fc561f01cb1b" member_type: VOTER last_known_addr { host: "127.19.223.3" port: 41389 } }
I20260630 12:31:14.496325 23531 raft_consensus.cc:385] T cfb378023270401f9cdece3b90ea0561 P 35a27ba5754d4ef7af9b57b75fcd90ec [term 0 FOLLOWER]: Consensus starting up: Expiring failure detector timer to make a prompt election more likely
I20260630 12:31:14.496610 23531 raft_consensus.cc:740] T cfb378023270401f9cdece3b90ea0561 P 35a27ba5754d4ef7af9b57b75fcd90ec [term 0 FOLLOWER]: Becoming Follower/Learner. State: Replica: 35a27ba5754d4ef7af9b57b75fcd90ec, State: Initialized, Role: FOLLOWER
I20260630 12:31:14.497334 23531 consensus_queue.cc:260] T cfb378023270401f9cdece3b90ea0561 P 35a27ba5754d4ef7af9b57b75fcd90ec [NON_LEADER]: Queue going to NON_LEADER mode. State: All replicated index: 0, Majority replicated index: 0, Committed index: 0, Last appended: 0.0, Last appended by leader: 0, Current term: 0, Majority size: -1, State: 0, Mode: NON_LEADER, active raft config: opid_index: -1 OBSOLETE_local: false peers { permanent_uuid: "35a27ba5754d4ef7af9b57b75fcd90ec" member_type: VOTER last_known_addr { host: "127.19.223.2" port: 36407 } } peers { permanent_uuid: "06fa89c6013a4772ace5fdbf3371bc0f" member_type: VOTER last_known_addr { host: "127.19.223.1" port: 39615 } } peers { permanent_uuid: "10ae18b7a8a64a2cbf96fc561f01cb1b" member_type: VOTER last_known_addr { host: "127.19.223.3" port: 41389 } }
I20260630 12:31:14.497869 23532 raft_consensus.cc:359] T c81653248dca4e098b5a1cc733a364d6 P 10ae18b7a8a64a2cbf96fc561f01cb1b [term 0 FOLLOWER]: Replica starting. Triggering 0 pending ops. Active config: opid_index: -1 OBSOLETE_local: false peers { permanent_uuid: "06fa89c6013a4772ace5fdbf3371bc0f" member_type: VOTER last_known_addr { host: "127.19.223.1" port: 39615 } } peers { permanent_uuid: "35a27ba5754d4ef7af9b57b75fcd90ec" member_type: VOTER last_known_addr { host: "127.19.223.2" port: 36407 } } peers { permanent_uuid: "10ae18b7a8a64a2cbf96fc561f01cb1b" member_type: VOTER last_known_addr { host: "127.19.223.3" port: 41389 } }
I20260630 12:31:14.498518 23532 raft_consensus.cc:385] T c81653248dca4e098b5a1cc733a364d6 P 10ae18b7a8a64a2cbf96fc561f01cb1b [term 0 FOLLOWER]: Consensus starting up: Expiring failure detector timer to make a prompt election more likely
I20260630 12:31:14.498318 23533 raft_consensus.cc:359] T ce8c90b4fd0040d9aa51e057a6f00705 P 06fa89c6013a4772ace5fdbf3371bc0f [term 0 FOLLOWER]: Replica starting. Triggering 0 pending ops. Active config: opid_index: -1 OBSOLETE_local: false peers { permanent_uuid: "06fa89c6013a4772ace5fdbf3371bc0f" member_type: VOTER last_known_addr { host: "127.19.223.1" port: 39615 } } peers { permanent_uuid: "35a27ba5754d4ef7af9b57b75fcd90ec" member_type: VOTER last_known_addr { host: "127.19.223.2" port: 36407 } } peers { permanent_uuid: "10ae18b7a8a64a2cbf96fc561f01cb1b" member_type: VOTER last_known_addr { host: "127.19.223.3" port: 41389 } }
I20260630 12:31:14.498859 23532 raft_consensus.cc:740] T c81653248dca4e098b5a1cc733a364d6 P 10ae18b7a8a64a2cbf96fc561f01cb1b [term 0 FOLLOWER]: Becoming Follower/Learner. State: Replica: 10ae18b7a8a64a2cbf96fc561f01cb1b, State: Initialized, Role: FOLLOWER
I20260630 12:31:14.499082 23533 raft_consensus.cc:385] T ce8c90b4fd0040d9aa51e057a6f00705 P 06fa89c6013a4772ace5fdbf3371bc0f [term 0 FOLLOWER]: Consensus starting up: Expiring failure detector timer to make a prompt election more likely
I20260630 12:31:14.499466 23533 raft_consensus.cc:740] T ce8c90b4fd0040d9aa51e057a6f00705 P 06fa89c6013a4772ace5fdbf3371bc0f [term 0 FOLLOWER]: Becoming Follower/Learner. State: Replica: 06fa89c6013a4772ace5fdbf3371bc0f, State: Initialized, Role: FOLLOWER
I20260630 12:31:14.500144 23531 ts_tablet_manager.cc:1434] T cfb378023270401f9cdece3b90ea0561 P 35a27ba5754d4ef7af9b57b75fcd90ec: Time spent starting tablet: real 0.007s	user 0.009s	sys 0.000s
I20260630 12:31:14.499779 23532 consensus_queue.cc:260] T c81653248dca4e098b5a1cc733a364d6 P 10ae18b7a8a64a2cbf96fc561f01cb1b [NON_LEADER]: Queue going to NON_LEADER mode. State: All replicated index: 0, Majority replicated index: 0, Committed index: 0, Last appended: 0.0, Last appended by leader: 0, Current term: 0, Majority size: -1, State: 0, Mode: NON_LEADER, active raft config: opid_index: -1 OBSOLETE_local: false peers { permanent_uuid: "06fa89c6013a4772ace5fdbf3371bc0f" member_type: VOTER last_known_addr { host: "127.19.223.1" port: 39615 } } peers { permanent_uuid: "35a27ba5754d4ef7af9b57b75fcd90ec" member_type: VOTER last_known_addr { host: "127.19.223.2" port: 36407 } } peers { permanent_uuid: "10ae18b7a8a64a2cbf96fc561f01cb1b" member_type: VOTER last_known_addr { host: "127.19.223.3" port: 41389 } }
