I20260630 12:31:21.575157 20190 raft_consensus.cc:2243] T 00000000000000000000000000000000 P 9244c66454e343338f6a6a3f6981d515 [term 1 LEADER]: Raft consensus shutting down.
I20260630 12:31:21.575672 20190 raft_consensus.cc:2272] T 00000000000000000000000000000000 P 9244c66454e343338f6a6a3f6981d515 [term 1 FOLLOWER]: Raft consensus is shut down!
I20260630 12:31:21.575969 20190 tablet_replica.cc:333] T 00000000000000000000000000000000 P 9244c66454e343338f6a6a3f6981d515: stopping tablet replica
I20260630 12:31:21.596733 20190 master.cc:584] Master@127.19.183.190:46781 shutdown complete.
[       OK ] AutoRebalancerTest.RangeAwareRebalancesNewRangeReplicas (10204 ms)
[ RUN      ] AutoRebalancerTest.NoReplicaMovesIfLocationLoadSkewedByOne
I20260630 12:31:21.647881 20190 internal_mini_cluster.cc:156] Creating distributed mini masters. Addrs: 127.19.183.190:40499
I20260630 12:31:21.648976 20190 file_cache.cc:492] Constructed file cache file cache with capacity 419430
W20260630 12:31:21.655009 23738 instance_detector.cc:116] could not retrieve AWS instance metadata: Network error: curl error: HTTP response code said error: The requested URL returned error: 404
W20260630 12:31:21.655324 23739 instance_detector.cc:116] could not retrieve Azure instance metadata: Network error: curl error: HTTP response code said error: The requested URL returned error: 404
W20260630 12:31:21.655462 23741 instance_detector.cc:116] could not retrieve OpenStack instance metadata: Network error: curl error: HTTP response code said error: The requested URL returned error: 404
I20260630 12:31:21.658022 20190 server_base.cc:1061] running on GCE node
I20260630 12:31:21.659390 20190 hybrid_clock.cc:584] initializing the hybrid clock with 'system_unsync' time source
W20260630 12:31:21.659612 20190 system_unsync_time.cc:38] NTP support is disabled. Clock error bounds will not be accurate. This configuration is not suitable for distributed clusters.
I20260630 12:31:21.659766 20190 hybrid_clock.cc:648] HybridClock initialized: now 1782822681659748 us; error 0 us; skew 500 ppm
I20260630 12:31:21.660264 20190 server_base.cc:861] Flag tcmalloc_max_total_thread_cache_bytes is not working since tcmalloc is not enabled.
I20260630 12:31:21.663075 20190 webserver.cc:533] Webserver started at http://127.19.183.190:42955/ using document root <none> and password file <none>
I20260630 12:31:21.663589 20190 fs_manager.cc:362] Metadata directory not provided
I20260630 12:31:21.663791 20190 fs_manager.cc:368] Using write-ahead log directory (fs_wal_dir) as metadata directory
I20260630 12:31:21.664080 20190 server_base.cc:909] This appears to be a new deployment of Kudu; creating new FS layout
I20260630 12:31:21.665215 20190 fs_manager.cc:1068] Generated new instance metadata in path /tmp/dist-test-task9vaM36/test-tmp/auto_rebalancer-test.0.AutoRebalancerTest.NoReplicaMovesIfLocationLoadSkewedByOne.1782822587364961-20190-0/minicluster-data/master-0-root/instance:
uuid: "52f36254f5d14be7bf79b115a6136539"
format_stamp: "Formatted at 2026-06-30 12:31:21 on dist-test-slave-cpnt"
I20260630 12:31:21.669987 20190 fs_manager.cc:696] Time spent creating directory manager: real 0.004s	user 0.000s	sys 0.006s
I20260630 12:31:21.673586 23746 log_block_manager.cc:4031] Time spent loading block containers with low live blocks: real 0.000s	user 0.000s	sys 0.000s
I20260630 12:31:21.674613 20190 fs_manager.cc:730] Time spent opening block manager: real 0.003s	user 0.003s	sys 0.001s
I20260630 12:31:21.674880 20190 fs_manager.cc:647] Opened local filesystem: /tmp/dist-test-task9vaM36/test-tmp/auto_rebalancer-test.0.AutoRebalancerTest.NoReplicaMovesIfLocationLoadSkewedByOne.1782822587364961-20190-0/minicluster-data/master-0-root
uuid: "52f36254f5d14be7bf79b115a6136539"
format_stamp: "Formatted at 2026-06-30 12:31:21 on dist-test-slave-cpnt"
I20260630 12:31:21.675127 20190 fs_report.cc:389] FS layout report
--------------------
wal directory: /tmp/dist-test-task9vaM36/test-tmp/auto_rebalancer-test.0.AutoRebalancerTest.NoReplicaMovesIfLocationLoadSkewedByOne.1782822587364961-20190-0/minicluster-data/master-0-root
metadata directory: /tmp/dist-test-task9vaM36/test-tmp/auto_rebalancer-test.0.AutoRebalancerTest.NoReplicaMovesIfLocationLoadSkewedByOne.1782822587364961-20190-0/minicluster-data/master-0-root
1 data directories: /tmp/dist-test-task9vaM36/test-tmp/auto_rebalancer-test.0.AutoRebalancerTest.NoReplicaMovesIfLocationLoadSkewedByOne.1782822587364961-20190-0/minicluster-data/master-0-root/data
Total live blocks: 0
Total live bytes: 0
Total live bytes (after alignment): 0
Total number of LBM containers: 0 (0 full)
Did not check for missing blocks
Did not check for orphaned blocks
Total full LBM containers with extra space: 0 (0 repaired)
Total full LBM container extra space in bytes: 0 (0 repaired)
Total incomplete LBM containers: 0 (0 repaired)
Total LBM partial records: 0 (0 repaired)
Total corrupted LBM metadata records in RocksDB: 0 (0 repaired)
I20260630 12:31:21.696622 20190 rpc_server.cc:225] running with OpenSSL 1.1.1  11 Sep 2018
I20260630 12:31:21.698521 20190 kserver.cc:163] Server-wide thread pool size limit: 3276
I20260630 12:31:21.738649 20190 rpc_server.cc:307] RPC server started. Bound to: 127.19.183.190:40499
I20260630 12:31:21.738739 23797 acceptor_pool.cc:272] collecting diagnostics on the listening RPC socket 127.19.183.190:40499 every 8 connection(s)
I20260630 12:31:21.742585 23798 data_dirs.cc:400] Could only allocate 1 dirs of requested 3 for tablet 00000000000000000000000000000000. 1 dirs total, 0 dirs full, 0 dirs failed
I20260630 12:31:21.753397 23798 tablet_bootstrap.cc:492] T 00000000000000000000000000000000 P 52f36254f5d14be7bf79b115a6136539: Bootstrap starting.
I20260630 12:31:21.758020 23798 tablet_bootstrap.cc:654] T 00000000000000000000000000000000 P 52f36254f5d14be7bf79b115a6136539: Neither blocks nor log segments found. Creating new log.
I20260630 12:31:21.762558 23798 tablet_bootstrap.cc:492] T 00000000000000000000000000000000 P 52f36254f5d14be7bf79b115a6136539: No bootstrap required, opened a new log
I20260630 12:31:21.764679 23798 raft_consensus.cc:359] T 00000000000000000000000000000000 P 52f36254f5d14be7bf79b115a6136539 [term 0 FOLLOWER]: Replica starting. Triggering 0 pending ops. Active config: opid_index: -1 OBSOLETE_local: true peers { permanent_uuid: "52f36254f5d14be7bf79b115a6136539" member_type: VOTER }
I20260630 12:31:21.765086 23798 raft_consensus.cc:385] T 00000000000000000000000000000000 P 52f36254f5d14be7bf79b115a6136539 [term 0 FOLLOWER]: Consensus starting up: Expiring failure detector timer to make a prompt election more likely
I20260630 12:31:21.765360 23798 raft_consensus.cc:740] T 00000000000000000000000000000000 P 52f36254f5d14be7bf79b115a6136539 [term 0 FOLLOWER]: Becoming Follower/Learner. State: Replica: 52f36254f5d14be7bf79b115a6136539, State: Initialized, Role: FOLLOWER
I20260630 12:31:21.765975 23798 consensus_queue.cc:260] T 00000000000000000000000000000000 P 52f36254f5d14be7bf79b115a6136539 [NON_LEADER]: Queue going to NON_LEADER mode. State: All replicated index: 0, Majority replicated index: 0, Committed index: 0, Last appended: 0.0, Last appended by leader: 0, Current term: 0, Majority size: -1, State: 0, Mode: NON_LEADER, active raft config: opid_index: -1 OBSOLETE_local: true peers { permanent_uuid: "52f36254f5d14be7bf79b115a6136539" member_type: VOTER }
I20260630 12:31:21.766444 23798 raft_consensus.cc:399] T 00000000000000000000000000000000 P 52f36254f5d14be7bf79b115a6136539 [term 0 FOLLOWER]: Only one voter in the Raft config. Triggering election immediately
I20260630 12:31:21.766738 23798 raft_consensus.cc:493] T 00000000000000000000000000000000 P 52f36254f5d14be7bf79b115a6136539 [term 0 FOLLOWER]: Starting leader election (initial election of a single-replica configuration)
I20260630 12:31:21.767014 23798 raft_consensus.cc:3060] T 00000000000000000000000000000000 P 52f36254f5d14be7bf79b115a6136539 [term 0 FOLLOWER]: Advancing to term 1
I20260630 12:31:21.771785 23798 raft_consensus.cc:515] T 00000000000000000000000000000000 P 52f36254f5d14be7bf79b115a6136539 [term 1 FOLLOWER]: Starting leader election with config: opid_index: -1 OBSOLETE_local: true peers { permanent_uuid: "52f36254f5d14be7bf79b115a6136539" member_type: VOTER }
I20260630 12:31:21.772356 23798 leader_election.cc:304] T 00000000000000000000000000000000 P 52f36254f5d14be7bf79b115a6136539 [CANDIDATE]: Term 1 election: Election decided. Result: candidate won. Election summary: received 1 responses out of 1 voters: 1 yes votes; 0 no votes. yes voters: 52f36254f5d14be7bf79b115a6136539; no voters: 
I20260630 12:31:21.773514 23798 leader_election.cc:290] T 00000000000000000000000000000000 P 52f36254f5d14be7bf79b115a6136539 [CANDIDATE]: Term 1 election: Requested vote from peers 
I20260630 12:31:21.773860 23801 raft_consensus.cc:2804] T 00000000000000000000000000000000 P 52f36254f5d14be7bf79b115a6136539 [term 1 FOLLOWER]: Leader election won for term 1
I20260630 12:31:21.775262 23801 raft_consensus.cc:697] T 00000000000000000000000000000000 P 52f36254f5d14be7bf79b115a6136539 [term 1 LEADER]: Becoming Leader. State: Replica: 52f36254f5d14be7bf79b115a6136539, State: Running, Role: LEADER
I20260630 12:31:21.775940 23801 consensus_queue.cc:237] T 00000000000000000000000000000000 P 52f36254f5d14be7bf79b115a6136539 [LEADER]: Queue going to LEADER mode. State: All replicated index: 0, Majority replicated index: 0, Committed index: 0, Last appended: 0.0, Last appended by leader: 0, Current term: 1, Majority size: 1, State: 0, Mode: LEADER, active raft config: opid_index: -1 OBSOLETE_local: true peers { permanent_uuid: "52f36254f5d14be7bf79b115a6136539" member_type: VOTER }
I20260630 12:31:21.776427 23798 sys_catalog.cc:565] T 00000000000000000000000000000000 P 52f36254f5d14be7bf79b115a6136539 [sys.catalog]: configured and running, proceeding with master startup.
I20260630 12:31:21.780607 23802 sys_catalog.cc:455] T 00000000000000000000000000000000 P 52f36254f5d14be7bf79b115a6136539 [sys.catalog]: SysCatalogTable state changed. Reason: RaftConsensus started. Latest consensus state: current_term: 1 leader_uuid: "52f36254f5d14be7bf79b115a6136539" committed_config { opid_index: -1 OBSOLETE_local: true peers { permanent_uuid: "52f36254f5d14be7bf79b115a6136539" member_type: VOTER } }
I20260630 12:31:21.781359 23802 sys_catalog.cc:458] T 00000000000000000000000000000000 P 52f36254f5d14be7bf79b115a6136539 [sys.catalog]: This master's current role is: LEADER
I20260630 12:31:21.781317 23803 sys_catalog.cc:455] T 00000000000000000000000000000000 P 52f36254f5d14be7bf79b115a6136539 [sys.catalog]: SysCatalogTable state changed. Reason: New leader 52f36254f5d14be7bf79b115a6136539. Latest consensus state: current_term: 1 leader_uuid: "52f36254f5d14be7bf79b115a6136539" committed_config { opid_index: -1 OBSOLETE_local: true peers { permanent_uuid: "52f36254f5d14be7bf79b115a6136539" member_type: VOTER } }
I20260630 12:31:21.782009 23803 sys_catalog.cc:458] T 00000000000000000000000000000000 P 52f36254f5d14be7bf79b115a6136539 [sys.catalog]: This master's current role is: LEADER
I20260630 12:31:21.785535 23807 catalog_manager.cc:1511] Loading table and tablet metadata into memory...
I20260630 12:31:21.793920 23807 catalog_manager.cc:1520] Initializing Kudu cluster ID...
I20260630 12:31:21.794937 20190 internal_mini_cluster.cc:184] Waiting to initialize catalog manager on master 0
I20260630 12:31:21.803121 23807 catalog_manager.cc:1383] Generated new cluster ID: a007cbf87caa42f9bdeefe669c6db1a9
I20260630 12:31:21.803452 23807 catalog_manager.cc:1531] Initializing Kudu internal certificate authority...
I20260630 12:31:21.823503 23807 catalog_manager.cc:1406] Generated new certificate authority record
I20260630 12:31:21.824819 23807 catalog_manager.cc:1540] Loading token signing keys...
I20260630 12:31:21.845146 23807 catalog_manager.cc:6070] T 00000000000000000000000000000000 P 52f36254f5d14be7bf79b115a6136539: Generated new TSK 0
I20260630 12:31:21.845788 23807 catalog_manager.cc:1550] Initializing in-progress tserver states...
I20260630 12:31:21.861426 20190 file_cache.cc:492] Constructed file cache file cache with capacity 419430
W20260630 12:31:21.867858 23819 instance_detector.cc:116] could not retrieve AWS instance metadata: Network error: curl error: HTTP response code said error: The requested URL returned error: 404
W20260630 12:31:21.869961 23820 instance_detector.cc:116] could not retrieve Azure instance metadata: Network error: curl error: HTTP response code said error: The requested URL returned error: 404
I20260630 12:31:21.871660 20190 server_base.cc:1061] running on GCE node
W20260630 12:31:21.871686 23822 instance_detector.cc:116] could not retrieve OpenStack instance metadata: Network error: curl error: HTTP response code said error: The requested URL returned error: 404
I20260630 12:31:21.873026 20190 hybrid_clock.cc:584] initializing the hybrid clock with 'system_unsync' time source
W20260630 12:31:21.873237 20190 system_unsync_time.cc:38] NTP support is disabled. Clock error bounds will not be accurate. This configuration is not suitable for distributed clusters.
I20260630 12:31:21.873363 20190 hybrid_clock.cc:648] HybridClock initialized: now 1782822681873351 us; error 0 us; skew 500 ppm
I20260630 12:31:21.873818 20190 server_base.cc:861] Flag tcmalloc_max_total_thread_cache_bytes is not working since tcmalloc is not enabled.
I20260630 12:31:21.876299 20190 webserver.cc:533] Webserver started at http://127.19.183.129:37349/ using document root <none> and password file <none>
I20260630 12:31:21.876771 20190 fs_manager.cc:362] Metadata directory not provided
I20260630 12:31:21.876926 20190 fs_manager.cc:368] Using write-ahead log directory (fs_wal_dir) as metadata directory
I20260630 12:31:21.877278 20190 server_base.cc:909] This appears to be a new deployment of Kudu; creating new FS layout
I20260630 12:31:21.878465 20190 fs_manager.cc:1068] Generated new instance metadata in path /tmp/dist-test-task9vaM36/test-tmp/auto_rebalancer-test.0.AutoRebalancerTest.NoReplicaMovesIfLocationLoadSkewedByOne.1782822587364961-20190-0/minicluster-data/ts-0-root/instance:
uuid: "db60b0527f4c452b982c520053a6b706"
format_stamp: "Formatted at 2026-06-30 12:31:21 on dist-test-slave-cpnt"
I20260630 12:31:21.883198 20190 fs_manager.cc:696] Time spent creating directory manager: real 0.004s	user 0.004s	sys 0.000s
I20260630 12:31:21.886701 23827 log_block_manager.cc:4031] Time spent loading block containers with low live blocks: real 0.000s	user 0.000s	sys 0.000s
I20260630 12:31:21.887537 20190 fs_manager.cc:730] Time spent opening block manager: real 0.002s	user 0.002s	sys 0.001s
I20260630 12:31:21.887849 20190 fs_manager.cc:647] Opened local filesystem: /tmp/dist-test-task9vaM36/test-tmp/auto_rebalancer-test.0.AutoRebalancerTest.NoReplicaMovesIfLocationLoadSkewedByOne.1782822587364961-20190-0/minicluster-data/ts-0-root
uuid: "db60b0527f4c452b982c520053a6b706"
format_stamp: "Formatted at 2026-06-30 12:31:21 on dist-test-slave-cpnt"
I20260630 12:31:21.888144 20190 fs_report.cc:389] FS layout report
--------------------
wal directory: /tmp/dist-test-task9vaM36/test-tmp/auto_rebalancer-test.0.AutoRebalancerTest.NoReplicaMovesIfLocationLoadSkewedByOne.1782822587364961-20190-0/minicluster-data/ts-0-root
metadata directory: /tmp/dist-test-task9vaM36/test-tmp/auto_rebalancer-test.0.AutoRebalancerTest.NoReplicaMovesIfLocationLoadSkewedByOne.1782822587364961-20190-0/minicluster-data/ts-0-root
1 data directories: /tmp/dist-test-task9vaM36/test-tmp/auto_rebalancer-test.0.AutoRebalancerTest.NoReplicaMovesIfLocationLoadSkewedByOne.1782822587364961-20190-0/minicluster-data/ts-0-root/data
Total live blocks: 0
Total live bytes: 0
Total live bytes (after alignment): 0
Total number of LBM containers: 0 (0 full)
Did not check for missing blocks
Did not check for orphaned blocks
Total full LBM containers with extra space: 0 (0 repaired)
Total full LBM container extra space in bytes: 0 (0 repaired)
Total incomplete LBM containers: 0 (0 repaired)
Total LBM partial records: 0 (0 repaired)
Total corrupted LBM metadata records in RocksDB: 0 (0 repaired)
I20260630 12:31:21.902264 20190 rpc_server.cc:225] running with OpenSSL 1.1.1  11 Sep 2018
I20260630 12:31:21.903560 20190 kserver.cc:163] Server-wide thread pool size limit: 3276
I20260630 12:31:21.905062 20190 txn_system_client.cc:432] TxnSystemClient initialization is disabled...
I20260630 12:31:21.907459 20190 ts_tablet_manager.cc:585] Loaded tablet metadata (0 total tablets, 0 live tablets)
I20260630 12:31:21.907691 20190 ts_tablet_manager.cc:531] Time spent load tablet metadata: real 0.000s	user 0.000s	sys 0.000s
I20260630 12:31:21.907932 20190 ts_tablet_manager.cc:616] Registered 0 tablets
I20260630 12:31:21.908113 20190 ts_tablet_manager.cc:595] Time spent register tablets: real 0.000s	user 0.000s	sys 0.000s
I20260630 12:31:21.948414 20190 rpc_server.cc:307] RPC server started. Bound to: 127.19.183.129:44217
I20260630 12:31:21.948532 23889 acceptor_pool.cc:272] collecting diagnostics on the listening RPC socket 127.19.183.129:44217 every 8 connection(s)
I20260630 12:31:21.953600 20190 file_cache.cc:492] Constructed file cache file cache with capacity 419430
W20260630 12:31:21.961961 23894 instance_detector.cc:116] could not retrieve AWS instance metadata: Network error: curl error: HTTP response code said error: The requested URL returned error: 404
W20260630 12:31:21.968572 23895 instance_detector.cc:116] could not retrieve Azure instance metadata: Network error: curl error: HTTP response code said error: The requested URL returned error: 404
I20260630 12:31:21.973744 23890 heartbeater.cc:344] Connected to a master server at 127.19.183.190:40499
I20260630 12:31:21.974675 23890 heartbeater.cc:461] Registering TS with master...
W20260630 12:31:21.974908 23897 instance_detector.cc:116] could not retrieve OpenStack instance metadata: Network error: curl error: HTTP response code said error: The requested URL returned error: 404
I20260630 12:31:21.976401 23890 heartbeater.cc:507] Master 127.19.183.190:40499 requested a full tablet report, sending...
I20260630 12:31:21.977526 20190 server_base.cc:1061] running on GCE node
I20260630 12:31:21.981175 23763 ts_manager.cc:194] Registered new tserver with Master: db60b0527f4c452b982c520053a6b706 (127.19.183.129:44217)
I20260630 12:31:21.981863 20190 hybrid_clock.cc:584] initializing the hybrid clock with 'system_unsync' time source
W20260630 12:31:21.982089 20190 system_unsync_time.cc:38] NTP support is disabled. Clock error bounds will not be accurate. This configuration is not suitable for distributed clusters.
I20260630 12:31:21.982227 20190 hybrid_clock.cc:648] HybridClock initialized: now 1782822681982215 us; error 0 us; skew 500 ppm
I20260630 12:31:21.982892 20190 server_base.cc:861] Flag tcmalloc_max_total_thread_cache_bytes is not working since tcmalloc is not enabled.
I20260630 12:31:21.983472 23763 master_service.cc:502] Signed X509 certificate for tserver {username='slave'} at 127.0.0.1:34326
I20260630 12:31:21.985726 20190 webserver.cc:533] Webserver started at http://127.19.183.130:43619/ using document root <none> and password file <none>
I20260630 12:31:21.986424 20190 fs_manager.cc:362] Metadata directory not provided
I20260630 12:31:21.986701 20190 fs_manager.cc:368] Using write-ahead log directory (fs_wal_dir) as metadata directory
I20260630 12:31:21.986929 20190 server_base.cc:909] This appears to be a new deployment of Kudu; creating new FS layout
I20260630 12:31:21.988075 20190 fs_manager.cc:1068] Generated new instance metadata in path /tmp/dist-test-task9vaM36/test-tmp/auto_rebalancer-test.0.AutoRebalancerTest.NoReplicaMovesIfLocationLoadSkewedByOne.1782822587364961-20190-0/minicluster-data/ts-1-root/instance:
uuid: "21d3ec03c4ad45adbf7b8ff1efc3fead"
format_stamp: "Formatted at 2026-06-30 12:31:21 on dist-test-slave-cpnt"
I20260630 12:31:21.992784 20190 fs_manager.cc:696] Time spent creating directory manager: real 0.004s	user 0.006s	sys 0.000s
I20260630 12:31:21.996193 23902 log_block_manager.cc:4031] Time spent loading block containers with low live blocks: real 0.000s	user 0.000s	sys 0.000s
I20260630 12:31:21.997005 20190 fs_manager.cc:730] Time spent opening block manager: real 0.002s	user 0.001s	sys 0.000s
I20260630 12:31:21.997356 20190 fs_manager.cc:647] Opened local filesystem: /tmp/dist-test-task9vaM36/test-tmp/auto_rebalancer-test.0.AutoRebalancerTest.NoReplicaMovesIfLocationLoadSkewedByOne.1782822587364961-20190-0/minicluster-data/ts-1-root
uuid: "21d3ec03c4ad45adbf7b8ff1efc3fead"
format_stamp: "Formatted at 2026-06-30 12:31:21 on dist-test-slave-cpnt"
I20260630 12:31:21.997649 20190 fs_report.cc:389] FS layout report
--------------------
wal directory: /tmp/dist-test-task9vaM36/test-tmp/auto_rebalancer-test.0.AutoRebalancerTest.NoReplicaMovesIfLocationLoadSkewedByOne.1782822587364961-20190-0/minicluster-data/ts-1-root
metadata directory: /tmp/dist-test-task9vaM36/test-tmp/auto_rebalancer-test.0.AutoRebalancerTest.NoReplicaMovesIfLocationLoadSkewedByOne.1782822587364961-20190-0/minicluster-data/ts-1-root
1 data directories: /tmp/dist-test-task9vaM36/test-tmp/auto_rebalancer-test.0.AutoRebalancerTest.NoReplicaMovesIfLocationLoadSkewedByOne.1782822587364961-20190-0/minicluster-data/ts-1-root/data
Total live blocks: 0
Total live bytes: 0
Total live bytes (after alignment): 0
Total number of LBM containers: 0 (0 full)
Did not check for missing blocks
Did not check for orphaned blocks
Total full LBM containers with extra space: 0 (0 repaired)
Total full LBM container extra space in bytes: 0 (0 repaired)
Total incomplete LBM containers: 0 (0 repaired)
Total LBM partial records: 0 (0 repaired)
Total corrupted LBM metadata records in RocksDB: 0 (0 repaired)
I20260630 12:31:22.008628 20190 rpc_server.cc:225] running with OpenSSL 1.1.1  11 Sep 2018
I20260630 12:31:22.009862 20190 kserver.cc:163] Server-wide thread pool size limit: 3276
I20260630 12:31:22.011461 20190 txn_system_client.cc:432] TxnSystemClient initialization is disabled...
I20260630 12:31:22.013747 20190 ts_tablet_manager.cc:585] Loaded tablet metadata (0 total tablets, 0 live tablets)
I20260630 12:31:22.013993 20190 ts_tablet_manager.cc:531] Time spent load tablet metadata: real 0.000s	user 0.000s	sys 0.000s
I20260630 12:31:22.014243 20190 ts_tablet_manager.cc:616] Registered 0 tablets
I20260630 12:31:22.014413 20190 ts_tablet_manager.cc:595] Time spent register tablets: real 0.000s	user 0.000s	sys 0.000s
I20260630 12:31:22.054329 20190 rpc_server.cc:307] RPC server started. Bound to: 127.19.183.130:46495
I20260630 12:31:22.054448 23964 acceptor_pool.cc:272] collecting diagnostics on the listening RPC socket 127.19.183.130:46495 every 8 connection(s)
I20260630 12:31:22.059520 20190 file_cache.cc:492] Constructed file cache file cache with capacity 419430
W20260630 12:31:22.066378 23968 instance_detector.cc:116] could not retrieve AWS instance metadata: Network error: curl error: HTTP response code said error: The requested URL returned error: 404
W20260630 12:31:22.067698 23969 instance_detector.cc:116] could not retrieve Azure instance metadata: Network error: curl error: HTTP response code said error: The requested URL returned error: 404
W20260630 12:31:22.071370 23971 instance_detector.cc:116] could not retrieve OpenStack instance metadata: Network error: curl error: HTTP response code said error: The requested URL returned error: 404
I20260630 12:31:22.071714 20190 server_base.cc:1061] running on GCE node
I20260630 12:31:22.072992 20190 hybrid_clock.cc:584] initializing the hybrid clock with 'system_unsync' time source
W20260630 12:31:22.073283 20190 system_unsync_time.cc:38] NTP support is disabled. Clock error bounds will not be accurate. This configuration is not suitable for distributed clusters.
I20260630 12:31:22.073496 20190 hybrid_clock.cc:648] HybridClock initialized: now 1782822682073476 us; error 0 us; skew 500 ppm
I20260630 12:31:22.073977 23965 heartbeater.cc:344] Connected to a master server at 127.19.183.190:40499
I20260630 12:31:22.074170 20190 server_base.cc:861] Flag tcmalloc_max_total_thread_cache_bytes is not working since tcmalloc is not enabled.
I20260630 12:31:22.074404 23965 heartbeater.cc:461] Registering TS with master...
I20260630 12:31:22.075428 23965 heartbeater.cc:507] Master 127.19.183.190:40499 requested a full tablet report, sending...
I20260630 12:31:22.077247 20190 webserver.cc:533] Webserver started at http://127.19.183.131:40257/ using document root <none> and password file <none>
I20260630 12:31:22.077880 20190 fs_manager.cc:362] Metadata directory not provided
I20260630 12:31:22.078112 20190 fs_manager.cc:368] Using write-ahead log directory (fs_wal_dir) as metadata directory
I20260630 12:31:22.078050 23763 ts_manager.cc:194] Registered new tserver with Master: 21d3ec03c4ad45adbf7b8ff1efc3fead (127.19.183.130:46495)
I20260630 12:31:22.078715 20190 server_base.cc:909] This appears to be a new deployment of Kudu; creating new FS layout
I20260630 12:31:22.079748 23763 master_service.cc:502] Signed X509 certificate for tserver {username='slave'} at 127.0.0.1:34330
I20260630 12:31:22.079888 20190 fs_manager.cc:1068] Generated new instance metadata in path /tmp/dist-test-task9vaM36/test-tmp/auto_rebalancer-test.0.AutoRebalancerTest.NoReplicaMovesIfLocationLoadSkewedByOne.1782822587364961-20190-0/minicluster-data/ts-2-root/instance:
uuid: "79e97abdb23e41adbf74754bbeec6dd0"
format_stamp: "Formatted at 2026-06-30 12:31:22 on dist-test-slave-cpnt"
I20260630 12:31:22.084985 20190 fs_manager.cc:696] Time spent creating directory manager: real 0.004s	user 0.004s	sys 0.001s
I20260630 12:31:22.088654 23976 log_block_manager.cc:4031] Time spent loading block containers with low live blocks: real 0.000s	user 0.000s	sys 0.000s
I20260630 12:31:22.089511 20190 fs_manager.cc:730] Time spent opening block manager: real 0.002s	user 0.002s	sys 0.000s
I20260630 12:31:22.089928 20190 fs_manager.cc:647] Opened local filesystem: /tmp/dist-test-task9vaM36/test-tmp/auto_rebalancer-test.0.AutoRebalancerTest.NoReplicaMovesIfLocationLoadSkewedByOne.1782822587364961-20190-0/minicluster-data/ts-2-root
uuid: "79e97abdb23e41adbf74754bbeec6dd0"
format_stamp: "Formatted at 2026-06-30 12:31:22 on dist-test-slave-cpnt"
I20260630 12:31:22.090231 20190 fs_report.cc:389] FS layout report
--------------------
wal directory: /tmp/dist-test-task9vaM36/test-tmp/auto_rebalancer-test.0.AutoRebalancerTest.NoReplicaMovesIfLocationLoadSkewedByOne.1782822587364961-20190-0/minicluster-data/ts-2-root
metadata directory: /tmp/dist-test-task9vaM36/test-tmp/auto_rebalancer-test.0.AutoRebalancerTest.NoReplicaMovesIfLocationLoadSkewedByOne.1782822587364961-20190-0/minicluster-data/ts-2-root
1 data directories: /tmp/dist-test-task9vaM36/test-tmp/auto_rebalancer-test.0.AutoRebalancerTest.NoReplicaMovesIfLocationLoadSkewedByOne.1782822587364961-20190-0/minicluster-data/ts-2-root/data
Total live blocks: 0
Total live bytes: 0
Total live bytes (after alignment): 0
Total number of LBM containers: 0 (0 full)
Did not check for missing blocks
Did not check for orphaned blocks
Total full LBM containers with extra space: 0 (0 repaired)
Total full LBM container extra space in bytes: 0 (0 repaired)
Total incomplete LBM containers: 0 (0 repaired)
Total LBM partial records: 0 (0 repaired)
Total corrupted LBM metadata records in RocksDB: 0 (0 repaired)
I20260630 12:31:22.102113 20190 rpc_server.cc:225] running with OpenSSL 1.1.1  11 Sep 2018
I20260630 12:31:22.103430 20190 kserver.cc:163] Server-wide thread pool size limit: 3276
I20260630 12:31:22.105055 20190 txn_system_client.cc:432] TxnSystemClient initialization is disabled...
I20260630 12:31:22.107650 20190 ts_tablet_manager.cc:585] Loaded tablet metadata (0 total tablets, 0 live tablets)
I20260630 12:31:22.107867 20190 ts_tablet_manager.cc:531] Time spent load tablet metadata: real 0.000s	user 0.000s	sys 0.000s
I20260630 12:31:22.108188 20190 ts_tablet_manager.cc:616] Registered 0 tablets
I20260630 12:31:22.108362 20190 ts_tablet_manager.cc:595] Time spent register tablets: real 0.000s	user 0.000s	sys 0.000s
I20260630 12:31:22.152669 20190 rpc_server.cc:307] RPC server started. Bound to: 127.19.183.131:35625
I20260630 12:31:22.152762 24038 acceptor_pool.cc:272] collecting diagnostics on the listening RPC socket 127.19.183.131:35625 every 8 connection(s)
I20260630 12:31:22.157951 20190 file_cache.cc:492] Constructed file cache file cache with capacity 419430
W20260630 12:31:22.166147 24043 instance_detector.cc:116] could not retrieve Azure instance metadata: Network error: curl error: HTTP response code said error: The requested URL returned error: 404
W20260630 12:31:22.166903 24042 instance_detector.cc:116] could not retrieve AWS instance metadata: Network error: curl error: HTTP response code said error: The requested URL returned error: 404
I20260630 12:31:22.170433 20190 server_base.cc:1061] running on GCE node
W20260630 12:31:22.171046 24045 instance_detector.cc:116] could not retrieve OpenStack instance metadata: Network error: curl error: HTTP response code said error: The requested URL returned error: 404
I20260630 12:31:22.171448 24039 heartbeater.cc:344] Connected to a master server at 127.19.183.190:40499
I20260630 12:31:22.171906 24039 heartbeater.cc:461] Registering TS with master...
I20260630 12:31:22.172120 20190 hybrid_clock.cc:584] initializing the hybrid clock with 'system_unsync' time source
W20260630 12:31:22.172381 20190 system_unsync_time.cc:38] NTP support is disabled. Clock error bounds will not be accurate. This configuration is not suitable for distributed clusters.
I20260630 12:31:22.172571 20190 hybrid_clock.cc:648] HybridClock initialized: now 1782822682172546 us; error 0 us; skew 500 ppm
I20260630 12:31:22.172745 24039 heartbeater.cc:507] Master 127.19.183.190:40499 requested a full tablet report, sending...
I20260630 12:31:22.173816 20190 server_base.cc:861] Flag tcmalloc_max_total_thread_cache_bytes is not working since tcmalloc is not enabled.
I20260630 12:31:22.175828 23763 ts_manager.cc:194] Registered new tserver with Master: 79e97abdb23e41adbf74754bbeec6dd0 (127.19.183.131:35625)
I20260630 12:31:22.177448 20190 webserver.cc:533] Webserver started at http://127.19.183.132:38275/ using document root <none> and password file <none>
I20260630 12:31:22.177515 23763 master_service.cc:502] Signed X509 certificate for tserver {username='slave'} at 127.0.0.1:34346
I20260630 12:31:22.178077 20190 fs_manager.cc:362] Metadata directory not provided
I20260630 12:31:22.178341 20190 fs_manager.cc:368] Using write-ahead log directory (fs_wal_dir) as metadata directory
I20260630 12:31:22.178697 20190 server_base.cc:909] This appears to be a new deployment of Kudu; creating new FS layout
I20260630 12:31:22.179826 20190 fs_manager.cc:1068] Generated new instance metadata in path /tmp/dist-test-task9vaM36/test-tmp/auto_rebalancer-test.0.AutoRebalancerTest.NoReplicaMovesIfLocationLoadSkewedByOne.1782822587364961-20190-0/minicluster-data/ts-3-root/instance:
uuid: "17a888c54f7f4f409fb29f7dcc3d0de0"
format_stamp: "Formatted at 2026-06-30 12:31:22 on dist-test-slave-cpnt"
I20260630 12:31:22.184391 20190 fs_manager.cc:696] Time spent creating directory manager: real 0.004s	user 0.005s	sys 0.000s
I20260630 12:31:22.187892 24050 log_block_manager.cc:4031] Time spent loading block containers with low live blocks: real 0.000s	user 0.000s	sys 0.000s
I20260630 12:31:22.188679 20190 fs_manager.cc:730] Time spent opening block manager: real 0.002s	user 0.002s	sys 0.001s
I20260630 12:31:22.188994 20190 fs_manager.cc:647] Opened local filesystem: /tmp/dist-test-task9vaM36/test-tmp/auto_rebalancer-test.0.AutoRebalancerTest.NoReplicaMovesIfLocationLoadSkewedByOne.1782822587364961-20190-0/minicluster-data/ts-3-root
uuid: "17a888c54f7f4f409fb29f7dcc3d0de0"
format_stamp: "Formatted at 2026-06-30 12:31:22 on dist-test-slave-cpnt"
I20260630 12:31:22.189250 20190 fs_report.cc:389] FS layout report
--------------------
wal directory: /tmp/dist-test-task9vaM36/test-tmp/auto_rebalancer-test.0.AutoRebalancerTest.NoReplicaMovesIfLocationLoadSkewedByOne.1782822587364961-20190-0/minicluster-data/ts-3-root
metadata directory: /tmp/dist-test-task9vaM36/test-tmp/auto_rebalancer-test.0.AutoRebalancerTest.NoReplicaMovesIfLocationLoadSkewedByOne.1782822587364961-20190-0/minicluster-data/ts-3-root
1 data directories: /tmp/dist-test-task9vaM36/test-tmp/auto_rebalancer-test.0.AutoRebalancerTest.NoReplicaMovesIfLocationLoadSkewedByOne.1782822587364961-20190-0/minicluster-data/ts-3-root/data
Total live blocks: 0
Total live bytes: 0
Total live bytes (after alignment): 0
Total number of LBM containers: 0 (0 full)
Did not check for missing blocks
Did not check for orphaned blocks
Total full LBM containers with extra space: 0 (0 repaired)
Total full LBM container extra space in bytes: 0 (0 repaired)
Total incomplete LBM containers: 0 (0 repaired)
Total LBM partial records: 0 (0 repaired)
Total corrupted LBM metadata records in RocksDB: 0 (0 repaired)
I20260630 12:31:22.202888 20190 rpc_server.cc:225] running with OpenSSL 1.1.1  11 Sep 2018
I20260630 12:31:22.204154 20190 kserver.cc:163] Server-wide thread pool size limit: 3276
I20260630 12:31:22.205660 20190 txn_system_client.cc:432] TxnSystemClient initialization is disabled...
I20260630 12:31:22.208016 20190 ts_tablet_manager.cc:585] Loaded tablet metadata (0 total tablets, 0 live tablets)
I20260630 12:31:22.208261 20190 ts_tablet_manager.cc:531] Time spent load tablet metadata: real 0.000s	user 0.000s	sys 0.000s
I20260630 12:31:22.208523 20190 ts_tablet_manager.cc:616] Registered 0 tablets
I20260630 12:31:22.208679 20190 ts_tablet_manager.cc:595] Time spent register tablets: real 0.000s	user 0.000s	sys 0.000s
I20260630 12:31:22.248473 20190 rpc_server.cc:307] RPC server started. Bound to: 127.19.183.132:43699
I20260630 12:31:22.248579 24112 acceptor_pool.cc:272] collecting diagnostics on the listening RPC socket 127.19.183.132:43699 every 8 connection(s)
I20260630 12:31:22.264077 24113 heartbeater.cc:344] Connected to a master server at 127.19.183.190:40499
I20260630 12:31:22.264560 24113 heartbeater.cc:461] Registering TS with master...
I20260630 12:31:22.265384 24113 heartbeater.cc:507] Master 127.19.183.190:40499 requested a full tablet report, sending...
I20260630 12:31:22.267670 23763 ts_manager.cc:194] Registered new tserver with Master: 17a888c54f7f4f409fb29f7dcc3d0de0 (127.19.183.132:43699)
I20260630 12:31:22.268445 20190 internal_mini_cluster.cc:371] 4 TS(s) registered with all masters after 0.016734804s
I20260630 12:31:22.269496 23763 master_service.cc:502] Signed X509 certificate for tserver {username='slave'} at 127.0.0.1:34358
I20260630 12:31:22.829707 23763 catalog_manager.cc:2283] Servicing CreateTable request from {username='slave'} at 127.0.0.1:34386:
name: "test-workload"
schema {
  columns {
    name: "key"
    type: INT32
    is_key: true
    is_nullable: false
    encoding: AUTO_ENCODING
    compression: DEFAULT_COMPRESSION
    cfile_block_size: 0
    immutable: false
  }
  columns {
    name: "int_val"
    type: INT32
    is_key: false
    is_nullable: false
    encoding: AUTO_ENCODING
    compression: DEFAULT_COMPRESSION
    cfile_block_size: 0
    immutable: false
  }
  columns {
    name: "string_val"
    type: STRING
    is_key: false
    is_nullable: true
    encoding: AUTO_ENCODING
    compression: DEFAULT_COMPRESSION
    cfile_block_size: 0
    immutable: false
  }
}
num_replicas: 3
split_rows_range_bounds {
}
partition_schema {
  range_schema {
    columns {
      name: "key"
    }
  }
}
I20260630 12:31:22.880214 24078 tablet_service.cc:1511] Processing CreateTablet for tablet 9c0212ba741f4ea99e72fc7c5fdbe6a5 (DEFAULT_TABLE table=test-workload [id=ba70d9f6748249c092a56dbafefef79e]), partition=RANGE (key) PARTITION UNBOUNDED
I20260630 12:31:22.881655 24078 data_dirs.cc:400] Could only allocate 1 dirs of requested 3 for tablet 9c0212ba741f4ea99e72fc7c5fdbe6a5. 1 dirs total, 0 dirs full, 0 dirs failed
I20260630 12:31:22.888629 23855 tablet_service.cc:1511] Processing CreateTablet for tablet 9c0212ba741f4ea99e72fc7c5fdbe6a5 (DEFAULT_TABLE table=test-workload [id=ba70d9f6748249c092a56dbafefef79e]), partition=RANGE (key) PARTITION UNBOUNDED
I20260630 12:31:22.888722 24004 tablet_service.cc:1511] Processing CreateTablet for tablet 9c0212ba741f4ea99e72fc7c5fdbe6a5 (DEFAULT_TABLE table=test-workload [id=ba70d9f6748249c092a56dbafefef79e]), partition=RANGE (key) PARTITION UNBOUNDED
I20260630 12:31:22.889917 23855 data_dirs.cc:400] Could only allocate 1 dirs of requested 3 for tablet 9c0212ba741f4ea99e72fc7c5fdbe6a5. 1 dirs total, 0 dirs full, 0 dirs failed
I20260630 12:31:22.890081 24004 data_dirs.cc:400] Could only allocate 1 dirs of requested 3 for tablet 9c0212ba741f4ea99e72fc7c5fdbe6a5. 1 dirs total, 0 dirs full, 0 dirs failed
I20260630 12:31:22.903151 24133 tablet_bootstrap.cc:492] T 9c0212ba741f4ea99e72fc7c5fdbe6a5 P 17a888c54f7f4f409fb29f7dcc3d0de0: Bootstrap starting.
I20260630 12:31:22.906016 24134 tablet_bootstrap.cc:492] T 9c0212ba741f4ea99e72fc7c5fdbe6a5 P db60b0527f4c452b982c520053a6b706: Bootstrap starting.
I20260630 12:31:22.910923 24133 tablet_bootstrap.cc:654] T 9c0212ba741f4ea99e72fc7c5fdbe6a5 P 17a888c54f7f4f409fb29f7dcc3d0de0: Neither blocks nor log segments found. Creating new log.
I20260630 12:31:22.914398 24134 tablet_bootstrap.cc:654] T 9c0212ba741f4ea99e72fc7c5fdbe6a5 P db60b0527f4c452b982c520053a6b706: Neither blocks nor log segments found. Creating new log.
I20260630 12:31:22.916157 24135 tablet_bootstrap.cc:492] T 9c0212ba741f4ea99e72fc7c5fdbe6a5 P 79e97abdb23e41adbf74754bbeec6dd0: Bootstrap starting.
I20260630 12:31:22.920928 24134 tablet_bootstrap.cc:492] T 9c0212ba741f4ea99e72fc7c5fdbe6a5 P db60b0527f4c452b982c520053a6b706: No bootstrap required, opened a new log
I20260630 12:31:22.921636 24134 ts_tablet_manager.cc:1403] T 9c0212ba741f4ea99e72fc7c5fdbe6a5 P db60b0527f4c452b982c520053a6b706: Time spent bootstrapping tablet: real 0.016s	user 0.014s	sys 0.000s
I20260630 12:31:22.922300 24133 tablet_bootstrap.cc:492] T 9c0212ba741f4ea99e72fc7c5fdbe6a5 P 17a888c54f7f4f409fb29f7dcc3d0de0: No bootstrap required, opened a new log
I20260630 12:31:22.922804 24133 ts_tablet_manager.cc:1403] T 9c0212ba741f4ea99e72fc7c5fdbe6a5 P 17a888c54f7f4f409fb29f7dcc3d0de0: Time spent bootstrapping tablet: real 0.020s	user 0.014s	sys 0.003s
I20260630 12:31:22.924377 24135 tablet_bootstrap.cc:654] T 9c0212ba741f4ea99e72fc7c5fdbe6a5 P 79e97abdb23e41adbf74754bbeec6dd0: Neither blocks nor log segments found. Creating new log.
I20260630 12:31:22.924748 24134 raft_consensus.cc:359] T 9c0212ba741f4ea99e72fc7c5fdbe6a5 P db60b0527f4c452b982c520053a6b706 [term 0 FOLLOWER]: Replica starting. Triggering 0 pending ops. Active config: opid_index: -1 OBSOLETE_local: false peers { permanent_uuid: "17a888c54f7f4f409fb29f7dcc3d0de0" member_type: VOTER last_known_addr { host: "127.19.183.132" port: 43699 } } peers { permanent_uuid: "79e97abdb23e41adbf74754bbeec6dd0" member_type: VOTER last_known_addr { host: "127.19.183.131" port: 35625 } } peers { permanent_uuid: "db60b0527f4c452b982c520053a6b706" member_type: VOTER last_known_addr { host: "127.19.183.129" port: 44217 } }
I20260630 12:31:22.925009 24133 raft_consensus.cc:359] T 9c0212ba741f4ea99e72fc7c5fdbe6a5 P 17a888c54f7f4f409fb29f7dcc3d0de0 [term 0 FOLLOWER]: Replica starting. Triggering 0 pending ops. Active config: opid_index: -1 OBSOLETE_local: false peers { permanent_uuid: "17a888c54f7f4f409fb29f7dcc3d0de0" member_type: VOTER last_known_addr { host: "127.19.183.132" port: 43699 } } peers { permanent_uuid: "79e97abdb23e41adbf74754bbeec6dd0" member_type: VOTER last_known_addr { host: "127.19.183.131" port: 35625 } } peers { permanent_uuid: "db60b0527f4c452b982c520053a6b706" member_type: VOTER last_known_addr { host: "127.19.183.129" port: 44217 } }
I20260630 12:31:22.925602 24134 raft_consensus.cc:385] T 9c0212ba741f4ea99e72fc7c5fdbe6a5 P db60b0527f4c452b982c520053a6b706 [term 0 FOLLOWER]: Consensus starting up: Expiring failure detector timer to make a prompt election more likely
I20260630 12:31:22.925717 24133 raft_consensus.cc:385] T 9c0212ba741f4ea99e72fc7c5fdbe6a5 P 17a888c54f7f4f409fb29f7dcc3d0de0 [term 0 FOLLOWER]: Consensus starting up: Expiring failure detector timer to make a prompt election more likely
I20260630 12:31:22.926152 24133 raft_consensus.cc:740] T 9c0212ba741f4ea99e72fc7c5fdbe6a5 P 17a888c54f7f4f409fb29f7dcc3d0de0 [term 0 FOLLOWER]: Becoming Follower/Learner. State: Replica: 17a888c54f7f4f409fb29f7dcc3d0de0, State: Initialized, Role: FOLLOWER
I20260630 12:31:22.926066 24134 raft_consensus.cc:740] T 9c0212ba741f4ea99e72fc7c5fdbe6a5 P db60b0527f4c452b982c520053a6b706 [term 0 FOLLOWER]: Becoming Follower/Learner. State: Replica: db60b0527f4c452b982c520053a6b706, State: Initialized, Role: FOLLOWER
I20260630 12:31:22.927063 24133 consensus_queue.cc:260] T 9c0212ba741f4ea99e72fc7c5fdbe6a5 P 17a888c54f7f4f409fb29f7dcc3d0de0 [NON_LEADER]: Queue going to NON_LEADER mode. State: All replicated index: 0, Majority replicated index: 0, Committed index: 0, Last appended: 0.0, Last appended by leader: 0, Current term: 0, Majority size: -1, State: 0, Mode: NON_LEADER, active raft config: opid_index: -1 OBSOLETE_local: false peers { permanent_uuid: "17a888c54f7f4f409fb29f7dcc3d0de0" member_type: VOTER last_known_addr { host: "127.19.183.132" port: 43699 } } peers { permanent_uuid: "79e97abdb23e41adbf74754bbeec6dd0" member_type: VOTER last_known_addr { host: "127.19.183.131" port: 35625 } } peers { permanent_uuid: "db60b0527f4c452b982c520053a6b706" member_type: VOTER last_known_addr { host: "127.19.183.129" port: 44217 } }
I20260630 12:31:22.927211 24134 consensus_queue.cc:260] T 9c0212ba741f4ea99e72fc7c5fdbe6a5 P db60b0527f4c452b982c520053a6b706 [NON_LEADER]: Queue going to NON_LEADER mode. State: All replicated index: 0, Majority replicated index: 0, Committed index: 0, Last appended: 0.0, Last appended by leader: 0, Current term: 0, Majority size: -1, State: 0, Mode: NON_LEADER, active raft config: opid_index: -1 OBSOLETE_local: false peers { permanent_uuid: "17a888c54f7f4f409fb29f7dcc3d0de0" member_type: VOTER last_known_addr { host: "127.19.183.132" port: 43699 } } peers { permanent_uuid: "79e97abdb23e41adbf74754bbeec6dd0" member_type: VOTER last_known_addr { host: "127.19.183.131" port: 35625 } } peers { permanent_uuid: "db60b0527f4c452b982c520053a6b706" member_type: VOTER last_known_addr { host: "127.19.183.129" port: 44217 } }
I20260630 12:31:22.929883 24113 heartbeater.cc:499] Master 127.19.183.190:40499 was elected leader, sending a full tablet report...
I20260630 12:31:22.930222 24135 tablet_bootstrap.cc:492] T 9c0212ba741f4ea99e72fc7c5fdbe6a5 P 79e97abdb23e41adbf74754bbeec6dd0: No bootstrap required, opened a new log
I20260630 12:31:22.930737 24135 ts_tablet_manager.cc:1403] T 9c0212ba741f4ea99e72fc7c5fdbe6a5 P 79e97abdb23e41adbf74754bbeec6dd0: Time spent bootstrapping tablet: real 0.015s	user 0.007s	sys 0.006s
I20260630 12:31:22.930905 24133 ts_tablet_manager.cc:1434] T 9c0212ba741f4ea99e72fc7c5fdbe6a5 P 17a888c54f7f4f409fb29f7dcc3d0de0: Time spent starting tablet: real 0.008s	user 0.008s	sys 0.000s
I20260630 12:31:22.934054 24135 raft_consensus.cc:359] T 9c0212ba741f4ea99e72fc7c5fdbe6a5 P 79e97abdb23e41adbf74754bbeec6dd0 [term 0 FOLLOWER]: Replica starting. Triggering 0 pending ops. Active config: opid_index: -1 OBSOLETE_local: false peers { permanent_uuid: "17a888c54f7f4f409fb29f7dcc3d0de0" member_type: VOTER last_known_addr { host: "127.19.183.132" port: 43699 } } peers { permanent_uuid: "79e97abdb23e41adbf74754bbeec6dd0" member_type: VOTER last_known_addr { host: "127.19.183.131" port: 35625 } } peers { permanent_uuid: "db60b0527f4c452b982c520053a6b706" member_type: VOTER last_known_addr { host: "127.19.183.129" port: 44217 } }
I20260630 12:31:22.935019 24135 raft_consensus.cc:385] T 9c0212ba741f4ea99e72fc7c5fdbe6a5 P 79e97abdb23e41adbf74754bbeec6dd0 [term 0 FOLLOWER]: Consensus starting up: Expiring failure detector timer to make a prompt election more likely
I20260630 12:31:22.935353 24135 raft_consensus.cc:740] T 9c0212ba741f4ea99e72fc7c5fdbe6a5 P 79e97abdb23e41adbf74754bbeec6dd0 [term 0 FOLLOWER]: Becoming Follower/Learner. State: Replica: 79e97abdb23e41adbf74754bbeec6dd0, State: Initialized, Role: FOLLOWER
I20260630 12:31:22.936381 24135 consensus_queue.cc:260] T 9c0212ba741f4ea99e72fc7c5fdbe6a5 P 79e97abdb23e41adbf74754bbeec6dd0 [NON_LEADER]: Queue going to NON_LEADER mode. State: All replicated index: 0, Majority replicated index: 0, Committed index: 0, Last appended: 0.0, Last appended by leader: 0, Current term: 0, Majority size: -1, State: 0, Mode: NON_LEADER, active raft config: opid_index: -1 OBSOLETE_local: false peers { permanent_uuid: "17a888c54f7f4f409fb29f7dcc3d0de0" member_type: VOTER last_known_addr { host: "127.19.183.132" port: 43699 } } peers { permanent_uuid: "79e97abdb23e41adbf74754bbeec6dd0" member_type: VOTER last_known_addr { host: "127.19.183.131" port: 35625 } } peers { permanent_uuid: "db60b0527f4c452b982c520053a6b706" member_type: VOTER last_known_addr { host: "127.19.183.129" port: 44217 } }
I20260630 12:31:22.939047 23890 heartbeater.cc:499] Master 127.19.183.190:40499 was elected leader, sending a full tablet report...
I20260630 12:31:22.939551 24134 ts_tablet_manager.cc:1434] T 9c0212ba741f4ea99e72fc7c5fdbe6a5 P db60b0527f4c452b982c520053a6b706: Time spent starting tablet: real 0.018s	user 0.006s	sys 0.010s
I20260630 12:31:22.939177 24039 heartbeater.cc:499] Master 127.19.183.190:40499 was elected leader, sending a full tablet report...
I20260630 12:31:22.940644 24135 ts_tablet_manager.cc:1434] T 9c0212ba741f4ea99e72fc7c5fdbe6a5 P 79e97abdb23e41adbf74754bbeec6dd0: Time spent starting tablet: real 0.010s	user 0.005s	sys 0.002s
I20260630 12:31:23.032703 24139 raft_consensus.cc:493] T 9c0212ba741f4ea99e72fc7c5fdbe6a5 P 17a888c54f7f4f409fb29f7dcc3d0de0 [term 0 FOLLOWER]: Starting pre-election (no leader contacted us within the election timeout)
I20260630 12:31:23.033264 24139 raft_consensus.cc:515] T 9c0212ba741f4ea99e72fc7c5fdbe6a5 P 17a888c54f7f4f409fb29f7dcc3d0de0 [term 0 FOLLOWER]: Starting pre-election with config: opid_index: -1 OBSOLETE_local: false peers { permanent_uuid: "17a888c54f7f4f409fb29f7dcc3d0de0" member_type: VOTER last_known_addr { host: "127.19.183.132" port: 43699 } } peers { permanent_uuid: "79e97abdb23e41adbf74754bbeec6dd0" member_type: VOTER last_known_addr { host: "127.19.183.131" port: 35625 } } peers { permanent_uuid: "db60b0527f4c452b982c520053a6b706" member_type: VOTER last_known_addr { host: "127.19.183.129" port: 44217 } }
I20260630 12:31:23.035511 24139 leader_election.cc:290] T 9c0212ba741f4ea99e72fc7c5fdbe6a5 P 17a888c54f7f4f409fb29f7dcc3d0de0 [CANDIDATE]: Term 1 pre-election: Requested pre-vote from peers 79e97abdb23e41adbf74754bbeec6dd0 (127.19.183.131:35625), db60b0527f4c452b982c520053a6b706 (127.19.183.129:44217)
I20260630 12:31:23.047490 24014 tablet_service.cc:1917] Received RequestConsensusVote() RPC: tablet_id: "9c0212ba741f4ea99e72fc7c5fdbe6a5" candidate_uuid: "17a888c54f7f4f409fb29f7dcc3d0de0" candidate_term: 1 candidate_status { last_received { term: 0 index: 0 } } ignore_live_leader: false dest_uuid: "79e97abdb23e41adbf74754bbeec6dd0" is_pre_election: true
I20260630 12:31:23.047948 23865 tablet_service.cc:1917] Received RequestConsensusVote() RPC: tablet_id: "9c0212ba741f4ea99e72fc7c5fdbe6a5" candidate_uuid: "17a888c54f7f4f409fb29f7dcc3d0de0" candidate_term: 1 candidate_status { last_received { term: 0 index: 0 } } ignore_live_leader: false dest_uuid: "db60b0527f4c452b982c520053a6b706" is_pre_election: true
I20260630 12:31:23.048384 24014 raft_consensus.cc:2468] T 9c0212ba741f4ea99e72fc7c5fdbe6a5 P 79e97abdb23e41adbf74754bbeec6dd0 [term 0 FOLLOWER]: Leader pre-election vote request: Granting yes vote for candidate 17a888c54f7f4f409fb29f7dcc3d0de0 in term 0.
I20260630 12:31:23.048619 23865 raft_consensus.cc:2468] T 9c0212ba741f4ea99e72fc7c5fdbe6a5 P db60b0527f4c452b982c520053a6b706 [term 0 FOLLOWER]: Leader pre-election vote request: Granting yes vote for candidate 17a888c54f7f4f409fb29f7dcc3d0de0 in term 0.
I20260630 12:31:23.049794 24054 leader_election.cc:304] T 9c0212ba741f4ea99e72fc7c5fdbe6a5 P 17a888c54f7f4f409fb29f7dcc3d0de0 [CANDIDATE]: Term 1 pre-election: Election decided. Result: candidate won. Election summary: received 2 responses out of 3 voters: 2 yes votes; 0 no votes. yes voters: 17a888c54f7f4f409fb29f7dcc3d0de0, 79e97abdb23e41adbf74754bbeec6dd0; no voters: 
I20260630 12:31:23.050683 24139 raft_consensus.cc:2804] T 9c0212ba741f4ea99e72fc7c5fdbe6a5 P 17a888c54f7f4f409fb29f7dcc3d0de0 [term 0 FOLLOWER]: Leader pre-election won for term 1
I20260630 12:31:23.051023 24139 raft_consensus.cc:493] T 9c0212ba741f4ea99e72fc7c5fdbe6a5 P 17a888c54f7f4f409fb29f7dcc3d0de0 [term 0 FOLLOWER]: Starting leader election (no leader contacted us within the election timeout)
I20260630 12:31:23.051334 24139 raft_consensus.cc:3060] T 9c0212ba741f4ea99e72fc7c5fdbe6a5 P 17a888c54f7f4f409fb29f7dcc3d0de0 [term 0 FOLLOWER]: Advancing to term 1
I20260630 12:31:23.056454 24139 raft_consensus.cc:515] T 9c0212ba741f4ea99e72fc7c5fdbe6a5 P 17a888c54f7f4f409fb29f7dcc3d0de0 [term 1 FOLLOWER]: Starting leader election with config: opid_index: -1 OBSOLETE_local: false peers { permanent_uuid: "17a888c54f7f4f409fb29f7dcc3d0de0" member_type: VOTER last_known_addr { host: "127.19.183.132" port: 43699 } } peers { permanent_uuid: "79e97abdb23e41adbf74754bbeec6dd0" member_type: VOTER last_known_addr { host: "127.19.183.131" port: 35625 } } peers { permanent_uuid: "db60b0527f4c452b982c520053a6b706" member_type: VOTER last_known_addr { host: "127.19.183.129" port: 44217 } }
