I20260630 12:29:54.188762 20977 raft_consensus.cc:515] T a283470eec254472b205946633456504 P 1910a7516c3c44bdb5236ae670453169 [term 1 FOLLOWER]: Starting leader election with config: opid_index: -1 OBSOLETE_local: false peers { permanent_uuid: "893deef1ba994f3ebf5353fef513ed52" member_type: VOTER last_known_addr { host: "127.19.163.129" port: 40467 } } peers { permanent_uuid: "866a61737aa44a61b6d3f3cda3d6a180" member_type: VOTER last_known_addr { host: "127.19.163.130" port: 44961 } } peers { permanent_uuid: "1910a7516c3c44bdb5236ae670453169" member_type: VOTER last_known_addr { host: "127.19.163.131" port: 33761 } }
I20260630 12:29:54.189148 20973 consensus_queue.cc:260] T a283470eec254472b205946633456504 P 866a61737aa44a61b6d3f3cda3d6a180 [NON_LEADER]: Queue going to NON_LEADER mode. State: All replicated index: 0, Majority replicated index: 0, Committed index: 0, Last appended: 0.0, Last appended by leader: 0, Current term: 0, Majority size: -1, State: 0, Mode: NON_LEADER, active raft config: opid_index: -1 OBSOLETE_local: false peers { permanent_uuid: "893deef1ba994f3ebf5353fef513ed52" member_type: VOTER last_known_addr { host: "127.19.163.129" port: 40467 } } peers { permanent_uuid: "866a61737aa44a61b6d3f3cda3d6a180" member_type: VOTER last_known_addr { host: "127.19.163.130" port: 44961 } } peers { permanent_uuid: "1910a7516c3c44bdb5236ae670453169" member_type: VOTER last_known_addr { host: "127.19.163.131" port: 33761 } }
I20260630 12:29:54.191352 20977 leader_election.cc:290] T a283470eec254472b205946633456504 P 1910a7516c3c44bdb5236ae670453169 [CANDIDATE]: Term 1 election: Requested vote from peers 893deef1ba994f3ebf5353fef513ed52 (127.19.163.129:40467), 866a61737aa44a61b6d3f3cda3d6a180 (127.19.163.130:44961)
I20260630 12:29:54.191669 20779 tablet_service.cc:1917] Received RequestConsensusVote() RPC: tablet_id: "a283470eec254472b205946633456504" candidate_uuid: "1910a7516c3c44bdb5236ae670453169" candidate_term: 1 candidate_status { last_received { term: 0 index: 0 } } ignore_live_leader: false dest_uuid: "893deef1ba994f3ebf5353fef513ed52"
I20260630 12:29:54.192245 20779 raft_consensus.cc:3060] T a283470eec254472b205946633456504 P 893deef1ba994f3ebf5353fef513ed52 [term 0 FOLLOWER]: Advancing to term 1
I20260630 12:29:54.194144 20973 ts_tablet_manager.cc:1434] T a283470eec254472b205946633456504 P 866a61737aa44a61b6d3f3cda3d6a180: Time spent starting tablet: real 0.009s	user 0.007s	sys 0.000s
I20260630 12:29:54.196357 20854 tablet_service.cc:1917] Received RequestConsensusVote() RPC: tablet_id: "a283470eec254472b205946633456504" candidate_uuid: "1910a7516c3c44bdb5236ae670453169" candidate_term: 1 candidate_status { last_received { term: 0 index: 0 } } ignore_live_leader: false dest_uuid: "866a61737aa44a61b6d3f3cda3d6a180"
I20260630 12:29:54.196930 20854 raft_consensus.cc:3060] T a283470eec254472b205946633456504 P 866a61737aa44a61b6d3f3cda3d6a180 [term 0 FOLLOWER]: Advancing to term 1
I20260630 12:29:54.198760 20979 tablet_bootstrap.cc:492] T 61e70ec7e5b54b5cbc89a5bcf9c6678b P 893deef1ba994f3ebf5353fef513ed52: No bootstrap required, opened a new log
I20260630 12:29:54.199015 20779 raft_consensus.cc:2468] T a283470eec254472b205946633456504 P 893deef1ba994f3ebf5353fef513ed52 [term 1 FOLLOWER]: Leader election vote request: Granting yes vote for candidate 1910a7516c3c44bdb5236ae670453169 in term 1.
I20260630 12:29:54.199286 20979 ts_tablet_manager.cc:1403] T 61e70ec7e5b54b5cbc89a5bcf9c6678b P 893deef1ba994f3ebf5353fef513ed52: Time spent bootstrapping tablet: real 0.020s	user 0.008s	sys 0.007s
I20260630 12:29:54.200206 20891 leader_election.cc:304] T a283470eec254472b205946633456504 P 1910a7516c3c44bdb5236ae670453169 [CANDIDATE]: Term 1 election: Election decided. Result: candidate won. Election summary: received 2 responses out of 3 voters: 2 yes votes; 0 no votes. yes voters: 1910a7516c3c44bdb5236ae670453169, 893deef1ba994f3ebf5353fef513ed52; no voters: 
I20260630 12:29:54.200997 20977 raft_consensus.cc:2804] T a283470eec254472b205946633456504 P 1910a7516c3c44bdb5236ae670453169 [term 1 FOLLOWER]: Leader election won for term 1
I20260630 12:29:54.201457 20977 raft_consensus.cc:697] T a283470eec254472b205946633456504 P 1910a7516c3c44bdb5236ae670453169 [term 1 LEADER]: Becoming Leader. State: Replica: 1910a7516c3c44bdb5236ae670453169, State: Running, Role: LEADER
I20260630 12:29:54.201922 20979 raft_consensus.cc:359] T 61e70ec7e5b54b5cbc89a5bcf9c6678b P 893deef1ba994f3ebf5353fef513ed52 [term 0 FOLLOWER]: Replica starting. Triggering 0 pending ops. Active config: opid_index: -1 OBSOLETE_local: false peers { permanent_uuid: "893deef1ba994f3ebf5353fef513ed52" member_type: VOTER last_known_addr { host: "127.19.163.129" port: 40467 } } peers { permanent_uuid: "866a61737aa44a61b6d3f3cda3d6a180" member_type: VOTER last_known_addr { host: "127.19.163.130" port: 44961 } } peers { permanent_uuid: "1910a7516c3c44bdb5236ae670453169" member_type: VOTER last_known_addr { host: "127.19.163.131" port: 33761 } }
I20260630 12:29:54.202587 20979 raft_consensus.cc:385] T 61e70ec7e5b54b5cbc89a5bcf9c6678b P 893deef1ba994f3ebf5353fef513ed52 [term 0 FOLLOWER]: Consensus starting up: Expiring failure detector timer to make a prompt election more likely
I20260630 12:29:54.202203 20977 consensus_queue.cc:237] T a283470eec254472b205946633456504 P 1910a7516c3c44bdb5236ae670453169 [LEADER]: Queue going to LEADER mode. State: All replicated index: 0, Majority replicated index: 0, Committed index: 0, Last appended: 0.0, Last appended by leader: 0, Current term: 1, Majority size: 2, State: 0, Mode: LEADER, active raft config: opid_index: -1 OBSOLETE_local: false peers { permanent_uuid: "893deef1ba994f3ebf5353fef513ed52" member_type: VOTER last_known_addr { host: "127.19.163.129" port: 40467 } } peers { permanent_uuid: "866a61737aa44a61b6d3f3cda3d6a180" member_type: VOTER last_known_addr { host: "127.19.163.130" port: 44961 } } peers { permanent_uuid: "1910a7516c3c44bdb5236ae670453169" member_type: VOTER last_known_addr { host: "127.19.163.131" port: 33761 } }
I20260630 12:29:54.202755 20854 raft_consensus.cc:2468] T a283470eec254472b205946633456504 P 866a61737aa44a61b6d3f3cda3d6a180 [term 1 FOLLOWER]: Leader election vote request: Granting yes vote for candidate 1910a7516c3c44bdb5236ae670453169 in term 1.
I20260630 12:29:54.202884 20979 raft_consensus.cc:740] T 61e70ec7e5b54b5cbc89a5bcf9c6678b P 893deef1ba994f3ebf5353fef513ed52 [term 0 FOLLOWER]: Becoming Follower/Learner. State: Replica: 893deef1ba994f3ebf5353fef513ed52, State: Initialized, Role: FOLLOWER
I20260630 12:29:54.203717 20979 consensus_queue.cc:260] T 61e70ec7e5b54b5cbc89a5bcf9c6678b P 893deef1ba994f3ebf5353fef513ed52 [NON_LEADER]: Queue going to NON_LEADER mode. State: All replicated index: 0, Majority replicated index: 0, Committed index: 0, Last appended: 0.0, Last appended by leader: 0, Current term: 0, Majority size: -1, State: 0, Mode: NON_LEADER, active raft config: opid_index: -1 OBSOLETE_local: false peers { permanent_uuid: "893deef1ba994f3ebf5353fef513ed52" member_type: VOTER last_known_addr { host: "127.19.163.129" port: 40467 } } peers { permanent_uuid: "866a61737aa44a61b6d3f3cda3d6a180" member_type: VOTER last_known_addr { host: "127.19.163.130" port: 44961 } } peers { permanent_uuid: "1910a7516c3c44bdb5236ae670453169" member_type: VOTER last_known_addr { host: "127.19.163.131" port: 33761 } }
I20260630 12:29:54.205458 20979 ts_tablet_manager.cc:1434] T 61e70ec7e5b54b5cbc89a5bcf9c6678b P 893deef1ba994f3ebf5353fef513ed52: Time spent starting tablet: real 0.006s	user 0.004s	sys 0.000s
I20260630 12:29:54.216133 20674 catalog_manager.cc:5697] T a283470eec254472b205946633456504 P 1910a7516c3c44bdb5236ae670453169 reported cstate change: term changed from 0 to 1, leader changed from <none> to 1910a7516c3c44bdb5236ae670453169 (127.19.163.131). New cstate: current_term: 1 leader_uuid: "1910a7516c3c44bdb5236ae670453169" committed_config { opid_index: -1 OBSOLETE_local: false peers { permanent_uuid: "893deef1ba994f3ebf5353fef513ed52" member_type: VOTER last_known_addr { host: "127.19.163.129" port: 40467 } health_report { overall_health: UNKNOWN } } peers { permanent_uuid: "866a61737aa44a61b6d3f3cda3d6a180" member_type: VOTER last_known_addr { host: "127.19.163.130" port: 44961 } health_report { overall_health: UNKNOWN } } peers { permanent_uuid: "1910a7516c3c44bdb5236ae670453169" member_type: VOTER last_known_addr { host: "127.19.163.131" port: 33761 } health_report { overall_health: HEALTHY } } }
I20260630 12:29:54.218124 20977 raft_consensus.cc:493] T 32070bc6f83a496fa16083410bbd70fb P 1910a7516c3c44bdb5236ae670453169 [term 0 FOLLOWER]: Starting pre-election (no leader contacted us within the election timeout)
I20260630 12:29:54.218643 20977 raft_consensus.cc:515] T 32070bc6f83a496fa16083410bbd70fb P 1910a7516c3c44bdb5236ae670453169 [term 0 FOLLOWER]: Starting pre-election with config: opid_index: -1 OBSOLETE_local: false peers { permanent_uuid: "893deef1ba994f3ebf5353fef513ed52" member_type: VOTER last_known_addr { host: "127.19.163.129" port: 40467 } } peers { permanent_uuid: "866a61737aa44a61b6d3f3cda3d6a180" member_type: VOTER last_known_addr { host: "127.19.163.130" port: 44961 } } peers { permanent_uuid: "1910a7516c3c44bdb5236ae670453169" member_type: VOTER last_known_addr { host: "127.19.163.131" port: 33761 } }
I20260630 12:29:54.220268 20977 leader_election.cc:290] T 32070bc6f83a496fa16083410bbd70fb P 1910a7516c3c44bdb5236ae670453169 [CANDIDATE]: Term 1 pre-election: Requested pre-vote from peers 893deef1ba994f3ebf5353fef513ed52 (127.19.163.129:40467), 866a61737aa44a61b6d3f3cda3d6a180 (127.19.163.130:44961)
I20260630 12:29:54.221306 20854 tablet_service.cc:1917] Received RequestConsensusVote() RPC: tablet_id: "32070bc6f83a496fa16083410bbd70fb" candidate_uuid: "1910a7516c3c44bdb5236ae670453169" candidate_term: 1 candidate_status { last_received { term: 0 index: 0 } } ignore_live_leader: false dest_uuid: "866a61737aa44a61b6d3f3cda3d6a180" is_pre_election: true
I20260630 12:29:54.222297 20779 tablet_service.cc:1917] Received RequestConsensusVote() RPC: tablet_id: "32070bc6f83a496fa16083410bbd70fb" candidate_uuid: "1910a7516c3c44bdb5236ae670453169" candidate_term: 1 candidate_status { last_received { term: 0 index: 0 } } ignore_live_leader: false dest_uuid: "893deef1ba994f3ebf5353fef513ed52" is_pre_election: true
I20260630 12:29:54.223174 20779 raft_consensus.cc:2393] T 32070bc6f83a496fa16083410bbd70fb P 893deef1ba994f3ebf5353fef513ed52 [term 1 FOLLOWER]: Leader pre-election vote request: Denying vote to candidate 1910a7516c3c44bdb5236ae670453169 in current term 1: Already voted for candidate 866a61737aa44a61b6d3f3cda3d6a180 in this term.
I20260630 12:29:54.224283 20891 leader_election.cc:304] T 32070bc6f83a496fa16083410bbd70fb P 1910a7516c3c44bdb5236ae670453169 [CANDIDATE]: Term 1 pre-election: Election decided. Result: candidate lost. Election summary: received 3 responses out of 3 voters: 1 yes votes; 2 no votes. yes voters: 1910a7516c3c44bdb5236ae670453169; no voters: 866a61737aa44a61b6d3f3cda3d6a180, 893deef1ba994f3ebf5353fef513ed52
I20260630 12:29:54.224941 20977 raft_consensus.cc:3060] T 32070bc6f83a496fa16083410bbd70fb P 1910a7516c3c44bdb5236ae670453169 [term 0 FOLLOWER]: Advancing to term 1
I20260630 12:29:54.230147 20977 raft_consensus.cc:2749] T 32070bc6f83a496fa16083410bbd70fb P 1910a7516c3c44bdb5236ae670453169 [term 1 FOLLOWER]: Leader pre-election lost for term 1. Reason: could not achieve majority
I20260630 12:29:54.277557 20977 raft_consensus.cc:493] T 75a794f749374027862cfe9ad6459d7f P 1910a7516c3c44bdb5236ae670453169 [term 0 FOLLOWER]: Starting pre-election (no leader contacted us within the election timeout)
I20260630 12:29:54.278031 20977 raft_consensus.cc:515] T 75a794f749374027862cfe9ad6459d7f P 1910a7516c3c44bdb5236ae670453169 [term 0 FOLLOWER]: Starting pre-election with config: opid_index: -1 OBSOLETE_local: false peers { permanent_uuid: "893deef1ba994f3ebf5353fef513ed52" member_type: VOTER last_known_addr { host: "127.19.163.129" port: 40467 } } peers { permanent_uuid: "866a61737aa44a61b6d3f3cda3d6a180" member_type: VOTER last_known_addr { host: "127.19.163.130" port: 44961 } } peers { permanent_uuid: "1910a7516c3c44bdb5236ae670453169" member_type: VOTER last_known_addr { host: "127.19.163.131" port: 33761 } }
I20260630 12:29:54.279659 20977 leader_election.cc:290] T 75a794f749374027862cfe9ad6459d7f P 1910a7516c3c44bdb5236ae670453169 [CANDIDATE]: Term 1 pre-election: Requested pre-vote from peers 893deef1ba994f3ebf5353fef513ed52 (127.19.163.129:40467), 866a61737aa44a61b6d3f3cda3d6a180 (127.19.163.130:44961)
I20260630 12:29:54.280678 20779 tablet_service.cc:1917] Received RequestConsensusVote() RPC: tablet_id: "75a794f749374027862cfe9ad6459d7f" candidate_uuid: "1910a7516c3c44bdb5236ae670453169" candidate_term: 1 candidate_status { last_received { term: 0 index: 0 } } ignore_live_leader: false dest_uuid: "893deef1ba994f3ebf5353fef513ed52" is_pre_election: true
I20260630 12:29:54.280871 20854 tablet_service.cc:1917] Received RequestConsensusVote() RPC: tablet_id: "75a794f749374027862cfe9ad6459d7f" candidate_uuid: "1910a7516c3c44bdb5236ae670453169" candidate_term: 1 candidate_status { last_received { term: 0 index: 0 } } ignore_live_leader: false dest_uuid: "866a61737aa44a61b6d3f3cda3d6a180" is_pre_election: true
I20260630 12:29:54.281211 20779 raft_consensus.cc:2468] T 75a794f749374027862cfe9ad6459d7f P 893deef1ba994f3ebf5353fef513ed52 [term 0 FOLLOWER]: Leader pre-election vote request: Granting yes vote for candidate 1910a7516c3c44bdb5236ae670453169 in term 0.
I20260630 12:29:54.281499 20854 raft_consensus.cc:2468] T 75a794f749374027862cfe9ad6459d7f P 866a61737aa44a61b6d3f3cda3d6a180 [term 0 FOLLOWER]: Leader pre-election vote request: Granting yes vote for candidate 1910a7516c3c44bdb5236ae670453169 in term 0.
I20260630 12:29:54.282226 20891 leader_election.cc:304] T 75a794f749374027862cfe9ad6459d7f P 1910a7516c3c44bdb5236ae670453169 [CANDIDATE]: Term 1 pre-election: Election decided. Result: candidate won. Election summary: received 2 responses out of 3 voters: 2 yes votes; 0 no votes. yes voters: 1910a7516c3c44bdb5236ae670453169, 893deef1ba994f3ebf5353fef513ed52; no voters: 
I20260630 12:29:54.282979 20977 raft_consensus.cc:2804] T 75a794f749374027862cfe9ad6459d7f P 1910a7516c3c44bdb5236ae670453169 [term 0 FOLLOWER]: Leader pre-election won for term 1
I20260630 12:29:54.283322 20977 raft_consensus.cc:493] T 75a794f749374027862cfe9ad6459d7f P 1910a7516c3c44bdb5236ae670453169 [term 0 FOLLOWER]: Starting leader election (no leader contacted us within the election timeout)
I20260630 12:29:54.283612 20977 raft_consensus.cc:3060] T 75a794f749374027862cfe9ad6459d7f P 1910a7516c3c44bdb5236ae670453169 [term 0 FOLLOWER]: Advancing to term 1
I20260630 12:29:54.288218 20977 raft_consensus.cc:515] T 75a794f749374027862cfe9ad6459d7f P 1910a7516c3c44bdb5236ae670453169 [term 1 FOLLOWER]: Starting leader election with config: opid_index: -1 OBSOLETE_local: false peers { permanent_uuid: "893deef1ba994f3ebf5353fef513ed52" member_type: VOTER last_known_addr { host: "127.19.163.129" port: 40467 } } peers { permanent_uuid: "866a61737aa44a61b6d3f3cda3d6a180" member_type: VOTER last_known_addr { host: "127.19.163.130" port: 44961 } } peers { permanent_uuid: "1910a7516c3c44bdb5236ae670453169" member_type: VOTER last_known_addr { host: "127.19.163.131" port: 33761 } }
I20260630 12:29:54.290619 20977 leader_election.cc:290] T 75a794f749374027862cfe9ad6459d7f P 1910a7516c3c44bdb5236ae670453169 [CANDIDATE]: Term 1 election: Requested vote from peers 893deef1ba994f3ebf5353fef513ed52 (127.19.163.129:40467), 866a61737aa44a61b6d3f3cda3d6a180 (127.19.163.130:44961)
I20260630 12:29:54.291831 20854 tablet_service.cc:1917] Received RequestConsensusVote() RPC: tablet_id: "75a794f749374027862cfe9ad6459d7f" candidate_uuid: "1910a7516c3c44bdb5236ae670453169" candidate_term: 1 candidate_status { last_received { term: 0 index: 0 } } ignore_live_leader: false dest_uuid: "866a61737aa44a61b6d3f3cda3d6a180"
I20260630 12:29:54.291802 20779 tablet_service.cc:1917] Received RequestConsensusVote() RPC: tablet_id: "75a794f749374027862cfe9ad6459d7f" candidate_uuid: "1910a7516c3c44bdb5236ae670453169" candidate_term: 1 candidate_status { last_received { term: 0 index: 0 } } ignore_live_leader: false dest_uuid: "893deef1ba994f3ebf5353fef513ed52"
I20260630 12:29:54.292647 20854 raft_consensus.cc:3060] T 75a794f749374027862cfe9ad6459d7f P 866a61737aa44a61b6d3f3cda3d6a180 [term 0 FOLLOWER]: Advancing to term 1
I20260630 12:29:54.292950 20779 raft_consensus.cc:3060] T 75a794f749374027862cfe9ad6459d7f P 893deef1ba994f3ebf5353fef513ed52 [term 0 FOLLOWER]: Advancing to term 1
I20260630 12:29:54.300529 20779 raft_consensus.cc:2468] T 75a794f749374027862cfe9ad6459d7f P 893deef1ba994f3ebf5353fef513ed52 [term 1 FOLLOWER]: Leader election vote request: Granting yes vote for candidate 1910a7516c3c44bdb5236ae670453169 in term 1.
I20260630 12:29:54.301561 20854 raft_consensus.cc:2468] T 75a794f749374027862cfe9ad6459d7f P 866a61737aa44a61b6d3f3cda3d6a180 [term 1 FOLLOWER]: Leader election vote request: Granting yes vote for candidate 1910a7516c3c44bdb5236ae670453169 in term 1.
I20260630 12:29:54.301749 20891 leader_election.cc:304] T 75a794f749374027862cfe9ad6459d7f P 1910a7516c3c44bdb5236ae670453169 [CANDIDATE]: Term 1 election: Election decided. Result: candidate won. Election summary: received 2 responses out of 3 voters: 2 yes votes; 0 no votes. yes voters: 1910a7516c3c44bdb5236ae670453169, 893deef1ba994f3ebf5353fef513ed52; no voters: 
I20260630 12:29:54.302917 20977 raft_consensus.cc:2804] T 75a794f749374027862cfe9ad6459d7f P 1910a7516c3c44bdb5236ae670453169 [term 1 FOLLOWER]: Leader election won for term 1
I20260630 12:29:54.303421 20977 raft_consensus.cc:697] T 75a794f749374027862cfe9ad6459d7f P 1910a7516c3c44bdb5236ae670453169 [term 1 LEADER]: Becoming Leader. State: Replica: 1910a7516c3c44bdb5236ae670453169, State: Running, Role: LEADER
I20260630 12:29:54.304409 20977 consensus_queue.cc:237] T 75a794f749374027862cfe9ad6459d7f P 1910a7516c3c44bdb5236ae670453169 [LEADER]: Queue going to LEADER mode. State: All replicated index: 0, Majority replicated index: 0, Committed index: 0, Last appended: 0.0, Last appended by leader: 0, Current term: 1, Majority size: 2, State: 0, Mode: LEADER, active raft config: opid_index: -1 OBSOLETE_local: false peers { permanent_uuid: "893deef1ba994f3ebf5353fef513ed52" member_type: VOTER last_known_addr { host: "127.19.163.129" port: 40467 } } peers { permanent_uuid: "866a61737aa44a61b6d3f3cda3d6a180" member_type: VOTER last_known_addr { host: "127.19.163.130" port: 44961 } } peers { permanent_uuid: "1910a7516c3c44bdb5236ae670453169" member_type: VOTER last_known_addr { host: "127.19.163.131" port: 33761 } }
I20260630 12:29:54.313146 20674 catalog_manager.cc:5697] T 75a794f749374027862cfe9ad6459d7f P 1910a7516c3c44bdb5236ae670453169 reported cstate change: term changed from 0 to 1, leader changed from <none> to 1910a7516c3c44bdb5236ae670453169 (127.19.163.131). New cstate: current_term: 1 leader_uuid: "1910a7516c3c44bdb5236ae670453169" committed_config { opid_index: -1 OBSOLETE_local: false peers { permanent_uuid: "893deef1ba994f3ebf5353fef513ed52" member_type: VOTER last_known_addr { host: "127.19.163.129" port: 40467 } health_report { overall_health: UNKNOWN } } peers { permanent_uuid: "866a61737aa44a61b6d3f3cda3d6a180" member_type: VOTER last_known_addr { host: "127.19.163.130" port: 44961 } health_report { overall_health: UNKNOWN } } peers { permanent_uuid: "1910a7516c3c44bdb5236ae670453169" member_type: VOTER last_known_addr { host: "127.19.163.131" port: 33761 } health_report { overall_health: HEALTHY } } }
I20260630 12:29:54.342242 20984 consensus_queue.cc:1048] T 32070bc6f83a496fa16083410bbd70fb P 866a61737aa44a61b6d3f3cda3d6a180 [LEADER]: Connected to new peer: Peer: permanent_uuid: "1910a7516c3c44bdb5236ae670453169" member_type: VOTER last_known_addr { host: "127.19.163.131" port: 33761 }, Status: LMP_MISMATCH, Last received: 0.0, Next index: 1, Last known committed idx: 0, Time since last communication: 0.000s
I20260630 12:29:54.350423 20988 raft_consensus.cc:493] T 74dbf97bf013443781b485259d17a30f P 893deef1ba994f3ebf5353fef513ed52 [term 0 FOLLOWER]: Starting pre-election (no leader contacted us within the election timeout)
I20260630 12:29:54.350904 20988 raft_consensus.cc:515] T 74dbf97bf013443781b485259d17a30f P 893deef1ba994f3ebf5353fef513ed52 [term 0 FOLLOWER]: Starting pre-election with config: opid_index: -1 OBSOLETE_local: false peers { permanent_uuid: "893deef1ba994f3ebf5353fef513ed52" member_type: VOTER last_known_addr { host: "127.19.163.129" port: 40467 } } peers { permanent_uuid: "866a61737aa44a61b6d3f3cda3d6a180" member_type: VOTER last_known_addr { host: "127.19.163.130" port: 44961 } } peers { permanent_uuid: "1910a7516c3c44bdb5236ae670453169" member_type: VOTER last_known_addr { host: "127.19.163.131" port: 33761 } }
I20260630 12:29:54.353479 20988 leader_election.cc:290] T 74dbf97bf013443781b485259d17a30f P 893deef1ba994f3ebf5353fef513ed52 [CANDIDATE]: Term 1 pre-election: Requested pre-vote from peers 866a61737aa44a61b6d3f3cda3d6a180 (127.19.163.130:44961), 1910a7516c3c44bdb5236ae670453169 (127.19.163.131:33761)
I20260630 12:29:54.357414 20984 consensus_queue.cc:1048] T 32070bc6f83a496fa16083410bbd70fb P 866a61737aa44a61b6d3f3cda3d6a180 [LEADER]: Connected to new peer: Peer: permanent_uuid: "893deef1ba994f3ebf5353fef513ed52" member_type: VOTER last_known_addr { host: "127.19.163.129" port: 40467 }, Status: LMP_MISMATCH, Last received: 0.0, Next index: 1, Last known committed idx: 0, Time since last communication: 0.000s
I20260630 12:29:54.363234 20988 raft_consensus.cc:493] T 3865893abc7e4810a3184215d377ef55 P 893deef1ba994f3ebf5353fef513ed52 [term 0 FOLLOWER]: Starting pre-election (no leader contacted us within the election timeout)
I20260630 12:29:54.363940 20988 raft_consensus.cc:515] T 3865893abc7e4810a3184215d377ef55 P 893deef1ba994f3ebf5353fef513ed52 [term 0 FOLLOWER]: Starting pre-election with config: opid_index: -1 OBSOLETE_local: false peers { permanent_uuid: "893deef1ba994f3ebf5353fef513ed52" member_type: VOTER last_known_addr { host: "127.19.163.129" port: 40467 } } peers { permanent_uuid: "866a61737aa44a61b6d3f3cda3d6a180" member_type: VOTER last_known_addr { host: "127.19.163.130" port: 44961 } } peers { permanent_uuid: "1910a7516c3c44bdb5236ae670453169" member_type: VOTER last_known_addr { host: "127.19.163.131" port: 33761 } }
I20260630 12:29:54.367226 20988 leader_election.cc:290] T 3865893abc7e4810a3184215d377ef55 P 893deef1ba994f3ebf5353fef513ed52 [CANDIDATE]: Term 1 pre-election: Requested pre-vote from peers 866a61737aa44a61b6d3f3cda3d6a180 (127.19.163.130:44961), 1910a7516c3c44bdb5236ae670453169 (127.19.163.131:33761)
I20260630 12:29:54.380523 20854 tablet_service.cc:1917] Received RequestConsensusVote() RPC: tablet_id: "74dbf97bf013443781b485259d17a30f" candidate_uuid: "893deef1ba994f3ebf5353fef513ed52" candidate_term: 1 candidate_status { last_received { term: 0 index: 0 } } ignore_live_leader: false dest_uuid: "866a61737aa44a61b6d3f3cda3d6a180" is_pre_election: true
I20260630 12:29:54.380999 20853 tablet_service.cc:1917] Received RequestConsensusVote() RPC: tablet_id: "3865893abc7e4810a3184215d377ef55" candidate_uuid: "893deef1ba994f3ebf5353fef513ed52" candidate_term: 1 candidate_status { last_received { term: 0 index: 0 } } ignore_live_leader: false dest_uuid: "866a61737aa44a61b6d3f3cda3d6a180" is_pre_election: true
I20260630 12:29:54.381268 20854 raft_consensus.cc:2468] T 74dbf97bf013443781b485259d17a30f P 866a61737aa44a61b6d3f3cda3d6a180 [term 0 FOLLOWER]: Leader pre-election vote request: Granting yes vote for candidate 893deef1ba994f3ebf5353fef513ed52 in term 0.
I20260630 12:29:54.381618 20928 tablet_service.cc:1917] Received RequestConsensusVote() RPC: tablet_id: "3865893abc7e4810a3184215d377ef55" candidate_uuid: "893deef1ba994f3ebf5353fef513ed52" candidate_term: 1 candidate_status { last_received { term: 0 index: 0 } } ignore_live_leader: false dest_uuid: "1910a7516c3c44bdb5236ae670453169" is_pre_election: true
I20260630 12:29:54.381554 20927 tablet_service.cc:1917] Received RequestConsensusVote() RPC: tablet_id: "74dbf97bf013443781b485259d17a30f" candidate_uuid: "893deef1ba994f3ebf5353fef513ed52" candidate_term: 1 candidate_status { last_received { term: 0 index: 0 } } ignore_live_leader: false dest_uuid: "1910a7516c3c44bdb5236ae670453169" is_pre_election: true
I20260630 12:29:54.382473 20928 raft_consensus.cc:2393] T 3865893abc7e4810a3184215d377ef55 P 1910a7516c3c44bdb5236ae670453169 [term 1 FOLLOWER]: Leader pre-election vote request: Denying vote to candidate 893deef1ba994f3ebf5353fef513ed52 in current term 1: Already voted for candidate 866a61737aa44a61b6d3f3cda3d6a180 in this term.
I20260630 12:29:54.382659 20927 raft_consensus.cc:2468] T 74dbf97bf013443781b485259d17a30f P 1910a7516c3c44bdb5236ae670453169 [term 0 FOLLOWER]: Leader pre-election vote request: Granting yes vote for candidate 893deef1ba994f3ebf5353fef513ed52 in term 0.
I20260630 12:29:54.383175 20742 leader_election.cc:304] T 74dbf97bf013443781b485259d17a30f P 893deef1ba994f3ebf5353fef513ed52 [CANDIDATE]: Term 1 pre-election: Election decided. Result: candidate won. Election summary: received 2 responses out of 3 voters: 2 yes votes; 0 no votes. yes voters: 866a61737aa44a61b6d3f3cda3d6a180, 893deef1ba994f3ebf5353fef513ed52; no voters: 
I20260630 12:29:54.383998 20743 leader_election.cc:304] T 3865893abc7e4810a3184215d377ef55 P 893deef1ba994f3ebf5353fef513ed52 [CANDIDATE]: Term 1 pre-election: Election decided. Result: candidate lost. Election summary: received 3 responses out of 3 voters: 1 yes votes; 2 no votes. yes voters: 893deef1ba994f3ebf5353fef513ed52; no voters: 1910a7516c3c44bdb5236ae670453169, 866a61737aa44a61b6d3f3cda3d6a180
I20260630 12:29:54.384096 21028 raft_consensus.cc:2804] T 74dbf97bf013443781b485259d17a30f P 893deef1ba994f3ebf5353fef513ed52 [term 0 FOLLOWER]: Leader pre-election won for term 1
I20260630 12:29:54.384583 21028 raft_consensus.cc:493] T 74dbf97bf013443781b485259d17a30f P 893deef1ba994f3ebf5353fef513ed52 [term 0 FOLLOWER]: Starting leader election (no leader contacted us within the election timeout)
I20260630 12:29:54.384709 20988 raft_consensus.cc:3060] T 3865893abc7e4810a3184215d377ef55 P 893deef1ba994f3ebf5353fef513ed52 [term 0 FOLLOWER]: Advancing to term 1
I20260630 12:29:54.384951 21028 raft_consensus.cc:3060] T 74dbf97bf013443781b485259d17a30f P 893deef1ba994f3ebf5353fef513ed52 [term 0 FOLLOWER]: Advancing to term 1
I20260630 12:29:54.391633 20988 raft_consensus.cc:2749] T 3865893abc7e4810a3184215d377ef55 P 893deef1ba994f3ebf5353fef513ed52 [term 1 FOLLOWER]: Leader pre-election lost for term 1. Reason: could not achieve majority
I20260630 12:29:54.391657 21028 raft_consensus.cc:515] T 74dbf97bf013443781b485259d17a30f P 893deef1ba994f3ebf5353fef513ed52 [term 1 FOLLOWER]: Starting leader election with config: opid_index: -1 OBSOLETE_local: false peers { permanent_uuid: "893deef1ba994f3ebf5353fef513ed52" member_type: VOTER last_known_addr { host: "127.19.163.129" port: 40467 } } peers { permanent_uuid: "866a61737aa44a61b6d3f3cda3d6a180" member_type: VOTER last_known_addr { host: "127.19.163.130" port: 44961 } } peers { permanent_uuid: "1910a7516c3c44bdb5236ae670453169" member_type: VOTER last_known_addr { host: "127.19.163.131" port: 33761 } }
I20260630 12:29:54.393697 21028 leader_election.cc:290] T 74dbf97bf013443781b485259d17a30f P 893deef1ba994f3ebf5353fef513ed52 [CANDIDATE]: Term 1 election: Requested vote from peers 866a61737aa44a61b6d3f3cda3d6a180 (127.19.163.130:44961), 1910a7516c3c44bdb5236ae670453169 (127.19.163.131:33761)
I20260630 12:29:54.394411 20854 tablet_service.cc:1917] Received RequestConsensusVote() RPC: tablet_id: "74dbf97bf013443781b485259d17a30f" candidate_uuid: "893deef1ba994f3ebf5353fef513ed52" candidate_term: 1 candidate_status { last_received { term: 0 index: 0 } } ignore_live_leader: false dest_uuid: "866a61737aa44a61b6d3f3cda3d6a180"
I20260630 12:29:54.394766 20927 tablet_service.cc:1917] Received RequestConsensusVote() RPC: tablet_id: "74dbf97bf013443781b485259d17a30f" candidate_uuid: "893deef1ba994f3ebf5353fef513ed52" candidate_term: 1 candidate_status { last_received { term: 0 index: 0 } } ignore_live_leader: false dest_uuid: "1910a7516c3c44bdb5236ae670453169"
I20260630 12:29:54.394881 20854 raft_consensus.cc:3060] T 74dbf97bf013443781b485259d17a30f P 866a61737aa44a61b6d3f3cda3d6a180 [term 0 FOLLOWER]: Advancing to term 1
I20260630 12:29:54.395284 20927 raft_consensus.cc:3060] T 74dbf97bf013443781b485259d17a30f P 1910a7516c3c44bdb5236ae670453169 [term 0 FOLLOWER]: Advancing to term 1
I20260630 12:29:54.399297 20854 raft_consensus.cc:2468] T 74dbf97bf013443781b485259d17a30f P 866a61737aa44a61b6d3f3cda3d6a180 [term 1 FOLLOWER]: Leader election vote request: Granting yes vote for candidate 893deef1ba994f3ebf5353fef513ed52 in term 1.
I20260630 12:29:54.399524 20927 raft_consensus.cc:2468] T 74dbf97bf013443781b485259d17a30f P 1910a7516c3c44bdb5236ae670453169 [term 1 FOLLOWER]: Leader election vote request: Granting yes vote for candidate 893deef1ba994f3ebf5353fef513ed52 in term 1.
I20260630 12:29:54.400341 20742 leader_election.cc:304] T 74dbf97bf013443781b485259d17a30f P 893deef1ba994f3ebf5353fef513ed52 [CANDIDATE]: Term 1 election: Election decided. Result: candidate won. Election summary: received 2 responses out of 3 voters: 2 yes votes; 0 no votes. yes voters: 866a61737aa44a61b6d3f3cda3d6a180, 893deef1ba994f3ebf5353fef513ed52; no voters: 
I20260630 12:29:54.401027 21028 raft_consensus.cc:2804] T 74dbf97bf013443781b485259d17a30f P 893deef1ba994f3ebf5353fef513ed52 [term 1 FOLLOWER]: Leader election won for term 1
I20260630 12:29:54.401532 21028 raft_consensus.cc:697] T 74dbf97bf013443781b485259d17a30f P 893deef1ba994f3ebf5353fef513ed52 [term 1 LEADER]: Becoming Leader. State: Replica: 893deef1ba994f3ebf5353fef513ed52, State: Running, Role: LEADER
I20260630 12:29:54.402297 21028 consensus_queue.cc:237] T 74dbf97bf013443781b485259d17a30f P 893deef1ba994f3ebf5353fef513ed52 [LEADER]: Queue going to LEADER mode. State: All replicated index: 0, Majority replicated index: 0, Committed index: 0, Last appended: 0.0, Last appended by leader: 0, Current term: 1, Majority size: 2, State: 0, Mode: LEADER, active raft config: opid_index: -1 OBSOLETE_local: false peers { permanent_uuid: "893deef1ba994f3ebf5353fef513ed52" member_type: VOTER last_known_addr { host: "127.19.163.129" port: 40467 } } peers { permanent_uuid: "866a61737aa44a61b6d3f3cda3d6a180" member_type: VOTER last_known_addr { host: "127.19.163.130" port: 44961 } } peers { permanent_uuid: "1910a7516c3c44bdb5236ae670453169" member_type: VOTER last_known_addr { host: "127.19.163.131" port: 33761 } }
I20260630 12:29:54.408798 20677 catalog_manager.cc:5697] T 74dbf97bf013443781b485259d17a30f P 893deef1ba994f3ebf5353fef513ed52 reported cstate change: term changed from 0 to 1, leader changed from <none> to 893deef1ba994f3ebf5353fef513ed52 (127.19.163.129). New cstate: current_term: 1 leader_uuid: "893deef1ba994f3ebf5353fef513ed52" committed_config { opid_index: -1 OBSOLETE_local: false peers { permanent_uuid: "893deef1ba994f3ebf5353fef513ed52" member_type: VOTER last_known_addr { host: "127.19.163.129" port: 40467 } health_report { overall_health: HEALTHY } } peers { permanent_uuid: "866a61737aa44a61b6d3f3cda3d6a180" member_type: VOTER last_known_addr { host: "127.19.163.130" port: 44961 } health_report { overall_health: UNKNOWN } } peers { permanent_uuid: "1910a7516c3c44bdb5236ae670453169" member_type: VOTER last_known_addr { host: "127.19.163.131" port: 33761 } health_report { overall_health: UNKNOWN } } }
I20260630 12:29:54.426887 20984 consensus_queue.cc:1048] T 3865893abc7e4810a3184215d377ef55 P 866a61737aa44a61b6d3f3cda3d6a180 [LEADER]: Connected to new peer: Peer: permanent_uuid: "1910a7516c3c44bdb5236ae670453169" member_type: VOTER last_known_addr { host: "127.19.163.131" port: 33761 }, Status: LMP_MISMATCH, Last received: 0.0, Next index: 1, Last known committed idx: 0, Time since last communication: 0.000s
I20260630 12:29:54.437891 20985 consensus_queue.cc:1048] T 3865893abc7e4810a3184215d377ef55 P 866a61737aa44a61b6d3f3cda3d6a180 [LEADER]: Connected to new peer: Peer: permanent_uuid: "893deef1ba994f3ebf5353fef513ed52" member_type: VOTER last_known_addr { host: "127.19.163.129" port: 40467 }, Status: LMP_MISMATCH, Last received: 0.0, Next index: 1, Last known committed idx: 0, Time since last communication: 0.000s
I20260630 12:29:54.465507 20985 raft_consensus.cc:493] T 61e70ec7e5b54b5cbc89a5bcf9c6678b P 866a61737aa44a61b6d3f3cda3d6a180 [term 0 FOLLOWER]: Starting pre-election (no leader contacted us within the election timeout)
I20260630 12:29:54.465915 20985 raft_consensus.cc:515] T 61e70ec7e5b54b5cbc89a5bcf9c6678b P 866a61737aa44a61b6d3f3cda3d6a180 [term 0 FOLLOWER]: Starting pre-election with config: opid_index: -1 OBSOLETE_local: false peers { permanent_uuid: "893deef1ba994f3ebf5353fef513ed52" member_type: VOTER last_known_addr { host: "127.19.163.129" port: 40467 } } peers { permanent_uuid: "866a61737aa44a61b6d3f3cda3d6a180" member_type: VOTER last_known_addr { host: "127.19.163.130" port: 44961 } } peers { permanent_uuid: "1910a7516c3c44bdb5236ae670453169" member_type: VOTER last_known_addr { host: "127.19.163.131" port: 33761 } }
I20260630 12:29:54.467545 20985 leader_election.cc:290] T 61e70ec7e5b54b5cbc89a5bcf9c6678b P 866a61737aa44a61b6d3f3cda3d6a180 [CANDIDATE]: Term 1 pre-election: Requested pre-vote from peers 893deef1ba994f3ebf5353fef513ed52 (127.19.163.129:40467), 1910a7516c3c44bdb5236ae670453169 (127.19.163.131:33761)
I20260630 12:29:54.468466 20779 tablet_service.cc:1917] Received RequestConsensusVote() RPC: tablet_id: "61e70ec7e5b54b5cbc89a5bcf9c6678b" candidate_uuid: "866a61737aa44a61b6d3f3cda3d6a180" candidate_term: 1 candidate_status { last_received { term: 0 index: 0 } } ignore_live_leader: false dest_uuid: "893deef1ba994f3ebf5353fef513ed52" is_pre_election: true
I20260630 12:29:54.468538 20927 tablet_service.cc:1917] Received RequestConsensusVote() RPC: tablet_id: "61e70ec7e5b54b5cbc89a5bcf9c6678b" candidate_uuid: "866a61737aa44a61b6d3f3cda3d6a180" candidate_term: 1 candidate_status { last_received { term: 0 index: 0 } } ignore_live_leader: false dest_uuid: "1910a7516c3c44bdb5236ae670453169" is_pre_election: true
I20260630 12:29:54.469275 20779 raft_consensus.cc:2468] T 61e70ec7e5b54b5cbc89a5bcf9c6678b P 893deef1ba994f3ebf5353fef513ed52 [term 0 FOLLOWER]: Leader pre-election vote request: Granting yes vote for candidate 866a61737aa44a61b6d3f3cda3d6a180 in term 0.
I20260630 12:29:54.469348 20927 raft_consensus.cc:2468] T 61e70ec7e5b54b5cbc89a5bcf9c6678b P 1910a7516c3c44bdb5236ae670453169 [term 0 FOLLOWER]: Leader pre-election vote request: Granting yes vote for candidate 866a61737aa44a61b6d3f3cda3d6a180 in term 0.
I20260630 12:29:54.470279 20817 leader_election.cc:304] T 61e70ec7e5b54b5cbc89a5bcf9c6678b P 866a61737aa44a61b6d3f3cda3d6a180 [CANDIDATE]: Term 1 pre-election: Election decided. Result: candidate won. Election summary: received 2 responses out of 3 voters: 2 yes votes; 0 no votes. yes voters: 866a61737aa44a61b6d3f3cda3d6a180, 893deef1ba994f3ebf5353fef513ed52; no voters: 
I20260630 12:29:54.470912 20985 raft_consensus.cc:2804] T 61e70ec7e5b54b5cbc89a5bcf9c6678b P 866a61737aa44a61b6d3f3cda3d6a180 [term 0 FOLLOWER]: Leader pre-election won for term 1
I20260630 12:29:54.471261 20985 raft_consensus.cc:493] T 61e70ec7e5b54b5cbc89a5bcf9c6678b P 866a61737aa44a61b6d3f3cda3d6a180 [term 0 FOLLOWER]: Starting leader election (no leader contacted us within the election timeout)
I20260630 12:29:54.471544 20985 raft_consensus.cc:3060] T 61e70ec7e5b54b5cbc89a5bcf9c6678b P 866a61737aa44a61b6d3f3cda3d6a180 [term 0 FOLLOWER]: Advancing to term 1
I20260630 12:29:54.475735 20985 raft_consensus.cc:515] T 61e70ec7e5b54b5cbc89a5bcf9c6678b P 866a61737aa44a61b6d3f3cda3d6a180 [term 1 FOLLOWER]: Starting leader election with config: opid_index: -1 OBSOLETE_local: false peers { permanent_uuid: "893deef1ba994f3ebf5353fef513ed52" member_type: VOTER last_known_addr { host: "127.19.163.129" port: 40467 } } peers { permanent_uuid: "866a61737aa44a61b6d3f3cda3d6a180" member_type: VOTER last_known_addr { host: "127.19.163.130" port: 44961 } } peers { permanent_uuid: "1910a7516c3c44bdb5236ae670453169" member_type: VOTER last_known_addr { host: "127.19.163.131" port: 33761 } }
I20260630 12:29:54.477274 20985 leader_election.cc:290] T 61e70ec7e5b54b5cbc89a5bcf9c6678b P 866a61737aa44a61b6d3f3cda3d6a180 [CANDIDATE]: Term 1 election: Requested vote from peers 893deef1ba994f3ebf5353fef513ed52 (127.19.163.129:40467), 1910a7516c3c44bdb5236ae670453169 (127.19.163.131:33761)
I20260630 12:29:54.477921 20779 tablet_service.cc:1917] Received RequestConsensusVote() RPC: tablet_id: "61e70ec7e5b54b5cbc89a5bcf9c6678b" candidate_uuid: "866a61737aa44a61b6d3f3cda3d6a180" candidate_term: 1 candidate_status { last_received { term: 0 index: 0 } } ignore_live_leader: false dest_uuid: "893deef1ba994f3ebf5353fef513ed52"
I20260630 12:29:54.478230 20927 tablet_service.cc:1917] Received RequestConsensusVote() RPC: tablet_id: "61e70ec7e5b54b5cbc89a5bcf9c6678b" candidate_uuid: "866a61737aa44a61b6d3f3cda3d6a180" candidate_term: 1 candidate_status { last_received { term: 0 index: 0 } } ignore_live_leader: false dest_uuid: "1910a7516c3c44bdb5236ae670453169"
I20260630 12:29:54.478503 20779 raft_consensus.cc:3060] T 61e70ec7e5b54b5cbc89a5bcf9c6678b P 893deef1ba994f3ebf5353fef513ed52 [term 0 FOLLOWER]: Advancing to term 1
I20260630 12:29:54.478793 20927 raft_consensus.cc:3060] T 61e70ec7e5b54b5cbc89a5bcf9c6678b P 1910a7516c3c44bdb5236ae670453169 [term 0 FOLLOWER]: Advancing to term 1
I20260630 12:29:54.485035 20779 raft_consensus.cc:2468] T 61e70ec7e5b54b5cbc89a5bcf9c6678b P 893deef1ba994f3ebf5353fef513ed52 [term 1 FOLLOWER]: Leader election vote request: Granting yes vote for candidate 866a61737aa44a61b6d3f3cda3d6a180 in term 1.
I20260630 12:29:54.485035 20927 raft_consensus.cc:2468] T 61e70ec7e5b54b5cbc89a5bcf9c6678b P 1910a7516c3c44bdb5236ae670453169 [term 1 FOLLOWER]: Leader election vote request: Granting yes vote for candidate 866a61737aa44a61b6d3f3cda3d6a180 in term 1.
I20260630 12:29:54.486410 20818 leader_election.cc:304] T 61e70ec7e5b54b5cbc89a5bcf9c6678b P 866a61737aa44a61b6d3f3cda3d6a180 [CANDIDATE]: Term 1 election: Election decided. Result: candidate won. Election summary: received 2 responses out of 3 voters: 2 yes votes; 0 no votes. yes voters: 1910a7516c3c44bdb5236ae670453169, 866a61737aa44a61b6d3f3cda3d6a180; no voters: 
I20260630 12:29:54.486809 20977 consensus_queue.cc:1048] T 9d64d4e1d8b14137afb601219ed6e001 P 1910a7516c3c44bdb5236ae670453169 [LEADER]: Connected to new peer: Peer: permanent_uuid: "893deef1ba994f3ebf5353fef513ed52" member_type: VOTER last_known_addr { host: "127.19.163.129" port: 40467 }, Status: LMP_MISMATCH, Last received: 0.0, Next index: 1, Last known committed idx: 0, Time since last communication: 0.000s
I20260630 12:29:54.487200 20985 raft_consensus.cc:2804] T 61e70ec7e5b54b5cbc89a5bcf9c6678b P 866a61737aa44a61b6d3f3cda3d6a180 [term 1 FOLLOWER]: Leader election won for term 1
I20260630 12:29:54.487701 20985 raft_consensus.cc:697] T 61e70ec7e5b54b5cbc89a5bcf9c6678b P 866a61737aa44a61b6d3f3cda3d6a180 [term 1 LEADER]: Becoming Leader. State: Replica: 866a61737aa44a61b6d3f3cda3d6a180, State: Running, Role: LEADER
I20260630 12:29:54.488797 20985 consensus_queue.cc:237] T 61e70ec7e5b54b5cbc89a5bcf9c6678b P 866a61737aa44a61b6d3f3cda3d6a180 [LEADER]: Queue going to LEADER mode. State: All replicated index: 0, Majority replicated index: 0, Committed index: 0, Last appended: 0.0, Last appended by leader: 0, Current term: 1, Majority size: 2, State: 0, Mode: LEADER, active raft config: opid_index: -1 OBSOLETE_local: false peers { permanent_uuid: "893deef1ba994f3ebf5353fef513ed52" member_type: VOTER last_known_addr { host: "127.19.163.129" port: 40467 } } peers { permanent_uuid: "866a61737aa44a61b6d3f3cda3d6a180" member_type: VOTER last_known_addr { host: "127.19.163.130" port: 44961 } } peers { permanent_uuid: "1910a7516c3c44bdb5236ae670453169" member_type: VOTER last_known_addr { host: "127.19.163.131" port: 33761 } }
I20260630 12:29:54.498430 20674 catalog_manager.cc:5697] T 61e70ec7e5b54b5cbc89a5bcf9c6678b P 866a61737aa44a61b6d3f3cda3d6a180 reported cstate change: term changed from 0 to 1, leader changed from <none> to 866a61737aa44a61b6d3f3cda3d6a180 (127.19.163.130). New cstate: current_term: 1 leader_uuid: "866a61737aa44a61b6d3f3cda3d6a180" committed_config { opid_index: -1 OBSOLETE_local: false peers { permanent_uuid: "893deef1ba994f3ebf5353fef513ed52" member_type: VOTER last_known_addr { host: "127.19.163.129" port: 40467 } health_report { overall_health: UNKNOWN } } peers { permanent_uuid: "866a61737aa44a61b6d3f3cda3d6a180" member_type: VOTER last_known_addr { host: "127.19.163.130" port: 44961 } health_report { overall_health: HEALTHY } } peers { permanent_uuid: "1910a7516c3c44bdb5236ae670453169" member_type: VOTER last_known_addr { host: "127.19.163.131" port: 33761 } health_report { overall_health: UNKNOWN } } }
I20260630 12:29:54.502140 20977 consensus_queue.cc:1048] T 9d64d4e1d8b14137afb601219ed6e001 P 1910a7516c3c44bdb5236ae670453169 [LEADER]: Connected to new peer: Peer: permanent_uuid: "866a61737aa44a61b6d3f3cda3d6a180" member_type: VOTER last_known_addr { host: "127.19.163.130" port: 44961 }, Status: LMP_MISMATCH, Last received: 0.0, Next index: 1, Last known committed idx: 0, Time since last communication: 0.000s
I20260630 12:29:54.533650 20976 consensus_queue.cc:1048] T 7b925264825b42efa07abfe74853e444 P 1910a7516c3c44bdb5236ae670453169 [LEADER]: Connected to new peer: Peer: permanent_uuid: "866a61737aa44a61b6d3f3cda3d6a180" member_type: VOTER last_known_addr { host: "127.19.163.130" port: 44961 }, Status: LMP_MISMATCH, Last received: 0.0, Next index: 1, Last known committed idx: 0, Time since last communication: 0.000s
I20260630 12:29:54.544236 20977 consensus_queue.cc:1048] T 7b925264825b42efa07abfe74853e444 P 1910a7516c3c44bdb5236ae670453169 [LEADER]: Connected to new peer: Peer: permanent_uuid: "893deef1ba994f3ebf5353fef513ed52" member_type: VOTER last_known_addr { host: "127.19.163.129" port: 40467 }, Status: LMP_MISMATCH, Last received: 0.0, Next index: 1, Last known committed idx: 0, Time since last communication: 0.000s
I20260630 12:29:54.553615 20110 file_cache.cc:492] Constructed file cache file cache with capacity 419430
W20260630 12:29:54.560834 21038 instance_detector.cc:116] could not retrieve AWS instance metadata: Network error: curl error: HTTP response code said error: The requested URL returned error: 404
W20260630 12:29:54.562753 21039 instance_detector.cc:116] could not retrieve Azure instance metadata: Network error: curl error: HTTP response code said error: The requested URL returned error: 404
I20260630 12:29:54.563802 20110 server_base.cc:1061] running on GCE node
W20260630 12:29:54.564217 21041 instance_detector.cc:116] could not retrieve OpenStack instance metadata: Network error: curl error: HTTP response code said error: The requested URL returned error: 404
I20260630 12:29:54.565078 20110 hybrid_clock.cc:584] initializing the hybrid clock with 'system_unsync' time source
W20260630 12:29:54.565340 20110 system_unsync_time.cc:38] NTP support is disabled. Clock error bounds will not be accurate. This configuration is not suitable for distributed clusters.
I20260630 12:29:54.565551 20110 hybrid_clock.cc:648] HybridClock initialized: now 1782822594565533 us; error 0 us; skew 500 ppm
I20260630 12:29:54.566094 20110 server_base.cc:861] Flag tcmalloc_max_total_thread_cache_bytes is not working since tcmalloc is not enabled.
I20260630 12:29:54.568804 20110 webserver.cc:533] Webserver started at http://127.19.163.132:35079/ using document root <none> and password file <none>
I20260630 12:29:54.569221 20110 fs_manager.cc:362] Metadata directory not provided
I20260630 12:29:54.569375 20110 fs_manager.cc:368] Using write-ahead log directory (fs_wal_dir) as metadata directory
I20260630 12:29:54.569584 20110 server_base.cc:909] This appears to be a new deployment of Kudu; creating new FS layout
I20260630 12:29:54.570629 20110 fs_manager.cc:1068] Generated new instance metadata in path /tmp/dist-test-taskRlNZ4M/test-tmp/auto_rebalancer-test.0.AutoRebalancerTest.AutoRebalancingTurnOffAndOn.1782822584915906-20110-0/minicluster-data/ts-3-root/instance:
uuid: "e8bccd7abe27480387777621bbd36e84"
format_stamp: "Formatted at 2026-06-30 12:29:54 on dist-test-slave-n0zz"
I20260630 12:29:54.575135 20110 fs_manager.cc:696] Time spent creating directory manager: real 0.004s	user 0.004s	sys 0.000s
I20260630 12:29:54.578171 21046 log_block_manager.cc:4031] Time spent loading block containers with low live blocks: real 0.000s	user 0.000s	sys 0.000s
I20260630 12:29:54.579139 20110 fs_manager.cc:730] Time spent opening block manager: real 0.002s	user 0.002s	sys 0.001s
I20260630 12:29:54.579432 20110 fs_manager.cc:647] Opened local filesystem: /tmp/dist-test-taskRlNZ4M/test-tmp/auto_rebalancer-test.0.AutoRebalancerTest.AutoRebalancingTurnOffAndOn.1782822584915906-20110-0/minicluster-data/ts-3-root
uuid: "e8bccd7abe27480387777621bbd36e84"
format_stamp: "Formatted at 2026-06-30 12:29:54 on dist-test-slave-n0zz"
I20260630 12:29:54.579694 20110 fs_report.cc:389] FS layout report
--------------------
wal directory: /tmp/dist-test-taskRlNZ4M/test-tmp/auto_rebalancer-test.0.AutoRebalancerTest.AutoRebalancingTurnOffAndOn.1782822584915906-20110-0/minicluster-data/ts-3-root
metadata directory: /tmp/dist-test-taskRlNZ4M/test-tmp/auto_rebalancer-test.0.AutoRebalancerTest.AutoRebalancingTurnOffAndOn.1782822584915906-20110-0/minicluster-data/ts-3-root
1 data directories: /tmp/dist-test-taskRlNZ4M/test-tmp/auto_rebalancer-test.0.AutoRebalancerTest.AutoRebalancingTurnOffAndOn.1782822584915906-20110-0/minicluster-data/ts-3-root/data
Total live blocks: 0
Total live bytes: 0
Total live bytes (after alignment): 0
Total number of LBM containers: 0 (0 full)
Did not check for missing blocks
Did not check for orphaned blocks
Total full LBM containers with extra space: 0 (0 repaired)
Total full LBM container extra space in bytes: 0 (0 repaired)
Total incomplete LBM containers: 0 (0 repaired)
Total LBM partial records: 0 (0 repaired)
Total corrupted LBM metadata records in RocksDB: 0 (0 repaired)
I20260630 12:29:54.588883 20110 rpc_server.cc:225] running with OpenSSL 1.1.1  11 Sep 2018
I20260630 12:29:54.589913 20110 kserver.cc:163] Server-wide thread pool size limit: 3276
I20260630 12:29:54.591239 20110 txn_system_client.cc:432] TxnSystemClient initialization is disabled...
I20260630 12:29:54.593535 20110 ts_tablet_manager.cc:585] Loaded tablet metadata (0 total tablets, 0 live tablets)
I20260630 12:29:54.593743 20110 ts_tablet_manager.cc:531] Time spent load tablet metadata: real 0.000s	user 0.000s	sys 0.000s
I20260630 12:29:54.594030 20110 ts_tablet_manager.cc:616] Registered 0 tablets
I20260630 12:29:54.594252 20110 ts_tablet_manager.cc:595] Time spent register tablets: real 0.000s	user 0.000s	sys 0.000s
I20260630 12:29:54.632941 20110 rpc_server.cc:307] RPC server started. Bound to: 127.19.163.132:39857
I20260630 12:29:54.633036 21108 acceptor_pool.cc:272] collecting diagnostics on the listening RPC socket 127.19.163.132:39857 every 8 connection(s)
I20260630 12:29:54.647063 21109 heartbeater.cc:344] Connected to a master server at 127.19.163.190:35807
I20260630 12:29:54.647397 21109 heartbeater.cc:461] Registering TS with master...
I20260630 12:29:54.648183 21109 heartbeater.cc:507] Master 127.19.163.190:35807 requested a full tablet report, sending...
I20260630 12:29:54.649971 20677 ts_manager.cc:194] Registered new tserver with Master: e8bccd7abe27480387777621bbd36e84 (127.19.163.132:39857)
I20260630 12:29:54.651319 20677 master_service.cc:502] Signed X509 certificate for tserver {username='slave'} at 127.0.0.1:34098
I20260630 12:29:54.723519 20977 consensus_queue.cc:1048] T 75a794f749374027862cfe9ad6459d7f P 1910a7516c3c44bdb5236ae670453169 [LEADER]: Connected to new peer: Peer: permanent_uuid: "866a61737aa44a61b6d3f3cda3d6a180" member_type: VOTER last_known_addr { host: "127.19.163.130" port: 44961 }, Status: LMP_MISMATCH, Last received: 0.0, Next index: 1, Last known committed idx: 0, Time since last communication: 0.000s
I20260630 12:29:54.733834 21034 consensus_queue.cc:1048] T 75a794f749374027862cfe9ad6459d7f P 1910a7516c3c44bdb5236ae670453169 [LEADER]: Connected to new peer: Peer: permanent_uuid: "893deef1ba994f3ebf5353fef513ed52" member_type: VOTER last_known_addr { host: "127.19.163.129" port: 40467 }, Status: LMP_MISMATCH, Last received: 0.0, Next index: 1, Last known committed idx: 0, Time since last communication: 0.000s
I20260630 12:29:54.812572 21034 consensus_queue.cc:1048] T a283470eec254472b205946633456504 P 1910a7516c3c44bdb5236ae670453169 [LEADER]: Connected to new peer: Peer: permanent_uuid: "893deef1ba994f3ebf5353fef513ed52" member_type: VOTER last_known_addr { host: "127.19.163.129" port: 40467 }, Status: LMP_MISMATCH, Last received: 0.0, Next index: 1, Last known committed idx: 0, Time since last communication: 0.000s
I20260630 12:29:54.820972 21034 consensus_queue.cc:1048] T a283470eec254472b205946633456504 P 1910a7516c3c44bdb5236ae670453169 [LEADER]: Connected to new peer: Peer: permanent_uuid: "866a61737aa44a61b6d3f3cda3d6a180" member_type: VOTER last_known_addr { host: "127.19.163.130" port: 44961 }, Status: LMP_MISMATCH, Last received: 0.0, Next index: 1, Last known committed idx: 0, Time since last communication: 0.000s
