I20260630 12:29:56.220403 29872 leader_election.cc:290] T de1e0e3c655344e086be44010b8fafe9 P 492f5db351824eb7b6f196ec8a6bed5b [CANDIDATE]: Term 2 election: Requested vote from peers ff54cabdea55493bbdaefcf2bdc07382 (127.28.132.194:46879), 5dcd24f596424dfb903c1e27a98d1030 (127.28.132.195:40693)
I20260630 12:29:56.221558 30021 tablet_service.cc:1917] Received RequestConsensusVote() RPC: tablet_id: "de1e0e3c655344e086be44010b8fafe9" candidate_uuid: "492f5db351824eb7b6f196ec8a6bed5b" candidate_term: 2 candidate_status { last_received { term: 1 index: 1 } } ignore_live_leader: true dest_uuid: "5dcd24f596424dfb903c1e27a98d1030"
I20260630 12:29:56.221431 29946 tablet_service.cc:1917] Received RequestConsensusVote() RPC: tablet_id: "de1e0e3c655344e086be44010b8fafe9" candidate_uuid: "492f5db351824eb7b6f196ec8a6bed5b" candidate_term: 2 candidate_status { last_received { term: 1 index: 1 } } ignore_live_leader: true dest_uuid: "ff54cabdea55493bbdaefcf2bdc07382"
I20260630 12:29:56.222218 30021 raft_consensus.cc:3055] T de1e0e3c655344e086be44010b8fafe9 P 5dcd24f596424dfb903c1e27a98d1030 [term 1 LEADER]: Stepping down as leader of term 1
I20260630 12:29:56.222286 29946 raft_consensus.cc:3060] T de1e0e3c655344e086be44010b8fafe9 P ff54cabdea55493bbdaefcf2bdc07382 [term 1 FOLLOWER]: Advancing to term 2
I20260630 12:29:56.222617 30021 raft_consensus.cc:740] T de1e0e3c655344e086be44010b8fafe9 P 5dcd24f596424dfb903c1e27a98d1030 [term 1 LEADER]: Becoming Follower/Learner. State: Replica: 5dcd24f596424dfb903c1e27a98d1030, State: Running, Role: LEADER
I20260630 12:29:56.223548 30021 consensus_queue.cc:260] T de1e0e3c655344e086be44010b8fafe9 P 5dcd24f596424dfb903c1e27a98d1030 [NON_LEADER]: Queue going to NON_LEADER mode. State: All replicated index: 0, Majority replicated index: 1, Committed index: 1, Last appended: 1.1, Last appended by leader: 1, Current term: 1, Majority size: -1, State: 0, Mode: NON_LEADER, active raft config: opid_index: -1 OBSOLETE_local: false peers { permanent_uuid: "492f5db351824eb7b6f196ec8a6bed5b" member_type: VOTER last_known_addr { host: "127.28.132.193" port: 39417 } } peers { permanent_uuid: "ff54cabdea55493bbdaefcf2bdc07382" member_type: VOTER last_known_addr { host: "127.28.132.194" port: 46879 } } peers { permanent_uuid: "5dcd24f596424dfb903c1e27a98d1030" member_type: VOTER last_known_addr { host: "127.28.132.195" port: 40693 } }
I20260630 12:29:56.224561 30021 raft_consensus.cc:3060] T de1e0e3c655344e086be44010b8fafe9 P 5dcd24f596424dfb903c1e27a98d1030 [term 1 FOLLOWER]: Advancing to term 2
I20260630 12:29:56.228528 29946 raft_consensus.cc:2468] T de1e0e3c655344e086be44010b8fafe9 P ff54cabdea55493bbdaefcf2bdc07382 [term 2 FOLLOWER]: Leader election vote request: Granting yes vote for candidate 492f5db351824eb7b6f196ec8a6bed5b in term 2.
I20260630 12:29:56.229719 29835 leader_election.cc:304] T de1e0e3c655344e086be44010b8fafe9 P 492f5db351824eb7b6f196ec8a6bed5b [CANDIDATE]: Term 2 election: Election decided. Result: candidate won. Election summary: received 2 responses out of 3 voters: 2 yes votes; 0 no votes. yes voters: 492f5db351824eb7b6f196ec8a6bed5b, ff54cabdea55493bbdaefcf2bdc07382; no voters: 
I20260630 12:29:56.230547 30104 raft_consensus.cc:2804] T de1e0e3c655344e086be44010b8fafe9 P 492f5db351824eb7b6f196ec8a6bed5b [term 2 FOLLOWER]: Leader election won for term 2
I20260630 12:29:56.230953 30021 raft_consensus.cc:2468] T de1e0e3c655344e086be44010b8fafe9 P 5dcd24f596424dfb903c1e27a98d1030 [term 2 FOLLOWER]: Leader election vote request: Granting yes vote for candidate 492f5db351824eb7b6f196ec8a6bed5b in term 2.
I20260630 12:29:56.231599 30104 raft_consensus.cc:697] T de1e0e3c655344e086be44010b8fafe9 P 492f5db351824eb7b6f196ec8a6bed5b [term 2 LEADER]: Becoming Leader. State: Replica: 492f5db351824eb7b6f196ec8a6bed5b, State: Running, Role: LEADER
I20260630 12:29:56.232538 30104 consensus_queue.cc:237] T de1e0e3c655344e086be44010b8fafe9 P 492f5db351824eb7b6f196ec8a6bed5b [LEADER]: Queue going to LEADER mode. State: All replicated index: 0, Majority replicated index: 1, Committed index: 1, Last appended: 1.1, Last appended by leader: 1, Current term: 2, Majority size: 2, State: 0, Mode: LEADER, active raft config: opid_index: -1 OBSOLETE_local: false peers { permanent_uuid: "492f5db351824eb7b6f196ec8a6bed5b" member_type: VOTER last_known_addr { host: "127.28.132.193" port: 39417 } } peers { permanent_uuid: "ff54cabdea55493bbdaefcf2bdc07382" member_type: VOTER last_known_addr { host: "127.28.132.194" port: 46879 } } peers { permanent_uuid: "5dcd24f596424dfb903c1e27a98d1030" member_type: VOTER last_known_addr { host: "127.28.132.195" port: 40693 } }
I20260630 12:29:56.239354 29770 catalog_manager.cc:5697] T de1e0e3c655344e086be44010b8fafe9 P 492f5db351824eb7b6f196ec8a6bed5b reported cstate change: term changed from 1 to 2, leader changed from 5dcd24f596424dfb903c1e27a98d1030 (127.28.132.195) to 492f5db351824eb7b6f196ec8a6bed5b (127.28.132.193). New cstate: current_term: 2 leader_uuid: "492f5db351824eb7b6f196ec8a6bed5b" committed_config { opid_index: -1 OBSOLETE_local: false peers { permanent_uuid: "492f5db351824eb7b6f196ec8a6bed5b" member_type: VOTER last_known_addr { host: "127.28.132.193" port: 39417 } health_report { overall_health: HEALTHY } } peers { permanent_uuid: "ff54cabdea55493bbdaefcf2bdc07382" member_type: VOTER last_known_addr { host: "127.28.132.194" port: 46879 } health_report { overall_health: UNKNOWN } } peers { permanent_uuid: "5dcd24f596424dfb903c1e27a98d1030" member_type: VOTER last_known_addr { host: "127.28.132.195" port: 40693 } health_report { overall_health: UNKNOWN } } }
I20260630 12:29:56.253665 30098 raft_consensus.cc:993] T d9ebc2dce0e142ee9d6d6a0febd19d51 P 5dcd24f596424dfb903c1e27a98d1030: : Instructing follower 492f5db351824eb7b6f196ec8a6bed5b to start an election
I20260630 12:29:56.254205 30074 raft_consensus.cc:1081] T d9ebc2dce0e142ee9d6d6a0febd19d51 P 5dcd24f596424dfb903c1e27a98d1030 [term 1 LEADER]: Signalling peer 492f5db351824eb7b6f196ec8a6bed5b to start an election
I20260630 12:29:56.255779 29872 tablet_service.cc:2044] Received Run Leader Election RPC: tablet_id: "d9ebc2dce0e142ee9d6d6a0febd19d51"
dest_uuid: "492f5db351824eb7b6f196ec8a6bed5b"
 from {username='slave'} at 127.0.0.1:48282
I20260630 12:29:56.256291 29872 raft_consensus.cc:493] T d9ebc2dce0e142ee9d6d6a0febd19d51 P 492f5db351824eb7b6f196ec8a6bed5b [term 1 FOLLOWER]: Starting forced leader election (received explicit request)
I20260630 12:29:56.256611 29872 raft_consensus.cc:3060] T d9ebc2dce0e142ee9d6d6a0febd19d51 P 492f5db351824eb7b6f196ec8a6bed5b [term 1 FOLLOWER]: Advancing to term 2
I20260630 12:29:56.261408 29872 raft_consensus.cc:515] T d9ebc2dce0e142ee9d6d6a0febd19d51 P 492f5db351824eb7b6f196ec8a6bed5b [term 2 FOLLOWER]: Starting forced leader election with config: opid_index: -1 OBSOLETE_local: false peers { permanent_uuid: "492f5db351824eb7b6f196ec8a6bed5b" member_type: VOTER last_known_addr { host: "127.28.132.193" port: 39417 } } peers { permanent_uuid: "ff54cabdea55493bbdaefcf2bdc07382" member_type: VOTER last_known_addr { host: "127.28.132.194" port: 46879 } } peers { permanent_uuid: "5dcd24f596424dfb903c1e27a98d1030" member_type: VOTER last_known_addr { host: "127.28.132.195" port: 40693 } }
I20260630 12:29:56.263240 29872 leader_election.cc:290] T d9ebc2dce0e142ee9d6d6a0febd19d51 P 492f5db351824eb7b6f196ec8a6bed5b [CANDIDATE]: Term 2 election: Requested vote from peers ff54cabdea55493bbdaefcf2bdc07382 (127.28.132.194:46879), 5dcd24f596424dfb903c1e27a98d1030 (127.28.132.195:40693)
I20260630 12:29:56.264099 29946 tablet_service.cc:1917] Received RequestConsensusVote() RPC: tablet_id: "d9ebc2dce0e142ee9d6d6a0febd19d51" candidate_uuid: "492f5db351824eb7b6f196ec8a6bed5b" candidate_term: 2 candidate_status { last_received { term: 1 index: 1 } } ignore_live_leader: true dest_uuid: "ff54cabdea55493bbdaefcf2bdc07382"
I20260630 12:29:56.264348 30021 tablet_service.cc:1917] Received RequestConsensusVote() RPC: tablet_id: "d9ebc2dce0e142ee9d6d6a0febd19d51" candidate_uuid: "492f5db351824eb7b6f196ec8a6bed5b" candidate_term: 2 candidate_status { last_received { term: 1 index: 1 } } ignore_live_leader: true dest_uuid: "5dcd24f596424dfb903c1e27a98d1030"
I20260630 12:29:56.264639 29946 raft_consensus.cc:3060] T d9ebc2dce0e142ee9d6d6a0febd19d51 P ff54cabdea55493bbdaefcf2bdc07382 [term 1 FOLLOWER]: Advancing to term 2
I20260630 12:29:56.264935 30021 raft_consensus.cc:3055] T d9ebc2dce0e142ee9d6d6a0febd19d51 P 5dcd24f596424dfb903c1e27a98d1030 [term 1 LEADER]: Stepping down as leader of term 1
I20260630 12:29:56.265257 30021 raft_consensus.cc:740] T d9ebc2dce0e142ee9d6d6a0febd19d51 P 5dcd24f596424dfb903c1e27a98d1030 [term 1 LEADER]: Becoming Follower/Learner. State: Replica: 5dcd24f596424dfb903c1e27a98d1030, State: Running, Role: LEADER
I20260630 12:29:56.266016 30021 consensus_queue.cc:260] T d9ebc2dce0e142ee9d6d6a0febd19d51 P 5dcd24f596424dfb903c1e27a98d1030 [NON_LEADER]: Queue going to NON_LEADER mode. State: All replicated index: 0, Majority replicated index: 1, Committed index: 1, Last appended: 1.1, Last appended by leader: 1, Current term: 1, Majority size: -1, State: 0, Mode: NON_LEADER, active raft config: opid_index: -1 OBSOLETE_local: false peers { permanent_uuid: "492f5db351824eb7b6f196ec8a6bed5b" member_type: VOTER last_known_addr { host: "127.28.132.193" port: 39417 } } peers { permanent_uuid: "ff54cabdea55493bbdaefcf2bdc07382" member_type: VOTER last_known_addr { host: "127.28.132.194" port: 46879 } } peers { permanent_uuid: "5dcd24f596424dfb903c1e27a98d1030" member_type: VOTER last_known_addr { host: "127.28.132.195" port: 40693 } }
I20260630 12:29:56.267113 30021 raft_consensus.cc:3060] T d9ebc2dce0e142ee9d6d6a0febd19d51 P 5dcd24f596424dfb903c1e27a98d1030 [term 1 FOLLOWER]: Advancing to term 2
I20260630 12:29:56.270709 29946 raft_consensus.cc:2468] T d9ebc2dce0e142ee9d6d6a0febd19d51 P ff54cabdea55493bbdaefcf2bdc07382 [term 2 FOLLOWER]: Leader election vote request: Granting yes vote for candidate 492f5db351824eb7b6f196ec8a6bed5b in term 2.
I20260630 12:29:56.271886 29835 leader_election.cc:304] T d9ebc2dce0e142ee9d6d6a0febd19d51 P 492f5db351824eb7b6f196ec8a6bed5b [CANDIDATE]: Term 2 election: Election decided. Result: candidate won. Election summary: received 2 responses out of 3 voters: 2 yes votes; 0 no votes. yes voters: 492f5db351824eb7b6f196ec8a6bed5b, ff54cabdea55493bbdaefcf2bdc07382; no voters: 
I20260630 12:29:56.272719 30104 raft_consensus.cc:2804] T d9ebc2dce0e142ee9d6d6a0febd19d51 P 492f5db351824eb7b6f196ec8a6bed5b [term 2 FOLLOWER]: Leader election won for term 2
I20260630 12:29:56.272881 30021 raft_consensus.cc:2468] T d9ebc2dce0e142ee9d6d6a0febd19d51 P 5dcd24f596424dfb903c1e27a98d1030 [term 2 FOLLOWER]: Leader election vote request: Granting yes vote for candidate 492f5db351824eb7b6f196ec8a6bed5b in term 2.
I20260630 12:29:56.273231 30104 raft_consensus.cc:697] T d9ebc2dce0e142ee9d6d6a0febd19d51 P 492f5db351824eb7b6f196ec8a6bed5b [term 2 LEADER]: Becoming Leader. State: Replica: 492f5db351824eb7b6f196ec8a6bed5b, State: Running, Role: LEADER
I20260630 12:29:56.274379 30104 consensus_queue.cc:237] T d9ebc2dce0e142ee9d6d6a0febd19d51 P 492f5db351824eb7b6f196ec8a6bed5b [LEADER]: Queue going to LEADER mode. State: All replicated index: 0, Majority replicated index: 1, Committed index: 1, Last appended: 1.1, Last appended by leader: 1, Current term: 2, Majority size: 2, State: 0, Mode: LEADER, active raft config: opid_index: -1 OBSOLETE_local: false peers { permanent_uuid: "492f5db351824eb7b6f196ec8a6bed5b" member_type: VOTER last_known_addr { host: "127.28.132.193" port: 39417 } } peers { permanent_uuid: "ff54cabdea55493bbdaefcf2bdc07382" member_type: VOTER last_known_addr { host: "127.28.132.194" port: 46879 } } peers { permanent_uuid: "5dcd24f596424dfb903c1e27a98d1030" member_type: VOTER last_known_addr { host: "127.28.132.195" port: 40693 } }
I20260630 12:29:56.282752 29770 catalog_manager.cc:5697] T d9ebc2dce0e142ee9d6d6a0febd19d51 P 492f5db351824eb7b6f196ec8a6bed5b reported cstate change: term changed from 1 to 2, leader changed from 5dcd24f596424dfb903c1e27a98d1030 (127.28.132.195) to 492f5db351824eb7b6f196ec8a6bed5b (127.28.132.193). New cstate: current_term: 2 leader_uuid: "492f5db351824eb7b6f196ec8a6bed5b" committed_config { opid_index: -1 OBSOLETE_local: false peers { permanent_uuid: "492f5db351824eb7b6f196ec8a6bed5b" member_type: VOTER last_known_addr { host: "127.28.132.193" port: 39417 } health_report { overall_health: HEALTHY } } peers { permanent_uuid: "ff54cabdea55493bbdaefcf2bdc07382" member_type: VOTER last_known_addr { host: "127.28.132.194" port: 46879 } health_report { overall_health: UNKNOWN } } peers { permanent_uuid: "5dcd24f596424dfb903c1e27a98d1030" member_type: VOTER last_known_addr { host: "127.28.132.195" port: 40693 } health_report { overall_health: UNKNOWN } } }
I20260630 12:29:56.640070 30021 raft_consensus.cc:1275] T de1e0e3c655344e086be44010b8fafe9 P 5dcd24f596424dfb903c1e27a98d1030 [term 2 FOLLOWER]: Refusing update from remote peer 492f5db351824eb7b6f196ec8a6bed5b: Log matching property violated. Preceding OpId in replica: term: 1 index: 1. Preceding OpId from leader: term: 2 index: 2. (index mismatch)
I20260630 12:29:56.641542 30104 consensus_queue.cc:1048] T de1e0e3c655344e086be44010b8fafe9 P 492f5db351824eb7b6f196ec8a6bed5b [LEADER]: Connected to new peer: Peer: permanent_uuid: "5dcd24f596424dfb903c1e27a98d1030" member_type: VOTER last_known_addr { host: "127.28.132.195" port: 40693 }, Status: LMP_MISMATCH, Last received: 0.0, Next index: 2, Last known committed idx: 1, Time since last communication: 0.000s
I20260630 12:29:56.652357 29946 raft_consensus.cc:1275] T de1e0e3c655344e086be44010b8fafe9 P ff54cabdea55493bbdaefcf2bdc07382 [term 2 FOLLOWER]: Refusing update from remote peer 492f5db351824eb7b6f196ec8a6bed5b: Log matching property violated. Preceding OpId in replica: term: 1 index: 1. Preceding OpId from leader: term: 2 index: 2. (index mismatch)
I20260630 12:29:56.654119 30218 consensus_queue.cc:1048] T de1e0e3c655344e086be44010b8fafe9 P 492f5db351824eb7b6f196ec8a6bed5b [LEADER]: Connected to new peer: Peer: permanent_uuid: "ff54cabdea55493bbdaefcf2bdc07382" member_type: VOTER last_known_addr { host: "127.28.132.194" port: 46879 }, Status: LMP_MISMATCH, Last received: 0.0, Next index: 2, Last known committed idx: 1, Time since last communication: 0.001s
I20260630 12:29:56.784178 30020 raft_consensus.cc:1275] T d9ebc2dce0e142ee9d6d6a0febd19d51 P 5dcd24f596424dfb903c1e27a98d1030 [term 2 FOLLOWER]: Refusing update from remote peer 492f5db351824eb7b6f196ec8a6bed5b: Log matching property violated. Preceding OpId in replica: term: 1 index: 1. Preceding OpId from leader: term: 2 index: 2. (index mismatch)
I20260630 12:29:56.785912 30218 consensus_queue.cc:1048] T d9ebc2dce0e142ee9d6d6a0febd19d51 P 492f5db351824eb7b6f196ec8a6bed5b [LEADER]: Connected to new peer: Peer: permanent_uuid: "5dcd24f596424dfb903c1e27a98d1030" member_type: VOTER last_known_addr { host: "127.28.132.195" port: 40693 }, Status: LMP_MISMATCH, Last received: 0.0, Next index: 2, Last known committed idx: 1, Time since last communication: 0.000s
I20260630 12:29:56.801744 29947 raft_consensus.cc:1275] T d9ebc2dce0e142ee9d6d6a0febd19d51 P ff54cabdea55493bbdaefcf2bdc07382 [term 2 FOLLOWER]: Refusing update from remote peer 492f5db351824eb7b6f196ec8a6bed5b: Log matching property violated. Preceding OpId in replica: term: 1 index: 1. Preceding OpId from leader: term: 2 index: 2. (index mismatch)
I20260630 12:29:56.803845 30227 consensus_queue.cc:1048] T d9ebc2dce0e142ee9d6d6a0febd19d51 P 492f5db351824eb7b6f196ec8a6bed5b [LEADER]: Connected to new peer: Peer: permanent_uuid: "ff54cabdea55493bbdaefcf2bdc07382" member_type: VOTER last_known_addr { host: "127.28.132.194" port: 46879 }, Status: LMP_MISMATCH, Last received: 0.0, Next index: 2, Last known committed idx: 1, Time since last communication: 0.001s
I20260630 12:29:58.136993 29823 auto_leader_rebalancer.cc:141] leader rebalance for table test-workload
I20260630 12:29:58.142217 29823 auto_leader_rebalancer.cc:440] table: test-workload, leader rebalance finish, leader transfer count: 0
I20260630 12:29:58.142649 29823 auto_leader_rebalancer.cc:515] All tables' leader rebalancing finished this round
I20260630 12:30:00.143597 29823 auto_leader_rebalancer.cc:141] leader rebalance for table test-workload
I20260630 12:30:00.149516 29823 auto_leader_rebalancer.cc:440] table: test-workload, leader rebalance finish, leader transfer count: 0
I20260630 12:30:00.150030 29823 auto_leader_rebalancer.cc:515] All tables' leader rebalancing finished this round
I20260630 12:30:00.178953 29872 consensus_queue.cc:237] T bf2b939d6afd453e948a8ba6bebaac3c P 492f5db351824eb7b6f196ec8a6bed5b [LEADER]: Queue going to LEADER mode. State: All replicated index: 0, Majority replicated index: 1, Committed index: 1, Last appended: 1.1, Last appended by leader: 0, Current term: 1, Majority size: 2, State: 0, Mode: LEADER, active raft config: opid_index: 2 OBSOLETE_local: false peers { permanent_uuid: "492f5db351824eb7b6f196ec8a6bed5b" member_type: VOTER last_known_addr { host: "127.28.132.193" port: 39417 } } peers { permanent_uuid: "5dcd24f596424dfb903c1e27a98d1030" member_type: VOTER last_known_addr { host: "127.28.132.195" port: 40693 } attrs { replace: true } } peers { permanent_uuid: "ff54cabdea55493bbdaefcf2bdc07382" member_type: VOTER last_known_addr { host: "127.28.132.194" port: 46879 } } peers { permanent_uuid: "c8cb35b89be34cd898b32f824d1598c8" member_type: NON_VOTER last_known_addr { host: "127.28.132.196" port: 45901 } attrs { promote: true } }
I20260630 12:30:00.186758 29946 raft_consensus.cc:1275] T bf2b939d6afd453e948a8ba6bebaac3c P ff54cabdea55493bbdaefcf2bdc07382 [term 1 FOLLOWER]: Refusing update from remote peer 492f5db351824eb7b6f196ec8a6bed5b: Log matching property violated. Preceding OpId in replica: term: 1 index: 1. Preceding OpId from leader: term: 1 index: 2. (index mismatch)
I20260630 12:30:00.188436 30020 raft_consensus.cc:1275] T bf2b939d6afd453e948a8ba6bebaac3c P 5dcd24f596424dfb903c1e27a98d1030 [term 1 FOLLOWER]: Refusing update from remote peer 492f5db351824eb7b6f196ec8a6bed5b: Log matching property violated. Preceding OpId in replica: term: 1 index: 1. Preceding OpId from leader: term: 1 index: 2. (index mismatch)
I20260630 12:30:00.189071 30227 consensus_queue.cc:1048] T bf2b939d6afd453e948a8ba6bebaac3c P 492f5db351824eb7b6f196ec8a6bed5b [LEADER]: Connected to new peer: Peer: permanent_uuid: "ff54cabdea55493bbdaefcf2bdc07382" member_type: VOTER last_known_addr { host: "127.28.132.194" port: 46879 }, Status: LMP_MISMATCH, Last received: 0.0, Next index: 2, Last known committed idx: 1, Time since last communication: 0.000s
I20260630 12:30:00.190038 30240 consensus_queue.cc:1048] T bf2b939d6afd453e948a8ba6bebaac3c P 492f5db351824eb7b6f196ec8a6bed5b [LEADER]: Connected to new peer: Peer: permanent_uuid: "5dcd24f596424dfb903c1e27a98d1030" member_type: VOTER last_known_addr { host: "127.28.132.195" port: 40693 } attrs { replace: true }, Status: LMP_MISMATCH, Last received: 0.0, Next index: 2, Last known committed idx: 1, Time since last communication: 0.001s
I20260630 12:30:00.199383 30239 raft_consensus.cc:2955] T bf2b939d6afd453e948a8ba6bebaac3c P 492f5db351824eb7b6f196ec8a6bed5b [term 1 LEADER]: Committing config change with OpId 1.2: config changed from index -1 to 2, NON_VOTER c8cb35b89be34cd898b32f824d1598c8 (127.28.132.196) added. New config: { opid_index: 2 OBSOLETE_local: false peers { permanent_uuid: "492f5db351824eb7b6f196ec8a6bed5b" member_type: VOTER last_known_addr { host: "127.28.132.193" port: 39417 } } peers { permanent_uuid: "5dcd24f596424dfb903c1e27a98d1030" member_type: VOTER last_known_addr { host: "127.28.132.195" port: 40693 } attrs { replace: true } } peers { permanent_uuid: "ff54cabdea55493bbdaefcf2bdc07382" member_type: VOTER last_known_addr { host: "127.28.132.194" port: 46879 } } peers { permanent_uuid: "c8cb35b89be34cd898b32f824d1598c8" member_type: NON_VOTER last_known_addr { host: "127.28.132.196" port: 45901 } attrs { promote: true } } }
W20260630 12:30:00.202497 29836 consensus_peers.cc:597] T bf2b939d6afd453e948a8ba6bebaac3c P 492f5db351824eb7b6f196ec8a6bed5b -> Peer c8cb35b89be34cd898b32f824d1598c8 (127.28.132.196:45901): Couldn't send request to peer c8cb35b89be34cd898b32f824d1598c8. Error code: TABLET_NOT_FOUND (6). Status: Not found: Tablet not found: bf2b939d6afd453e948a8ba6bebaac3c. This is attempt 1: this message will repeat every 5th retry.
I20260630 12:30:00.201334 29946 raft_consensus.cc:2955] T bf2b939d6afd453e948a8ba6bebaac3c P ff54cabdea55493bbdaefcf2bdc07382 [term 1 FOLLOWER]: Committing config change with OpId 1.2: config changed from index -1 to 2, NON_VOTER c8cb35b89be34cd898b32f824d1598c8 (127.28.132.196) added. New config: { opid_index: 2 OBSOLETE_local: false peers { permanent_uuid: "492f5db351824eb7b6f196ec8a6bed5b" member_type: VOTER last_known_addr { host: "127.28.132.193" port: 39417 } } peers { permanent_uuid: "5dcd24f596424dfb903c1e27a98d1030" member_type: VOTER last_known_addr { host: "127.28.132.195" port: 40693 } attrs { replace: true } } peers { permanent_uuid: "ff54cabdea55493bbdaefcf2bdc07382" member_type: VOTER last_known_addr { host: "127.28.132.194" port: 46879 } } peers { permanent_uuid: "c8cb35b89be34cd898b32f824d1598c8" member_type: NON_VOTER last_known_addr { host: "127.28.132.196" port: 45901 } attrs { promote: true } } }
I20260630 12:30:00.206744 30020 raft_consensus.cc:2955] T bf2b939d6afd453e948a8ba6bebaac3c P 5dcd24f596424dfb903c1e27a98d1030 [term 1 FOLLOWER]: Committing config change with OpId 1.2: config changed from index -1 to 2, NON_VOTER c8cb35b89be34cd898b32f824d1598c8 (127.28.132.196) added. New config: { opid_index: 2 OBSOLETE_local: false peers { permanent_uuid: "492f5db351824eb7b6f196ec8a6bed5b" member_type: VOTER last_known_addr { host: "127.28.132.193" port: 39417 } } peers { permanent_uuid: "5dcd24f596424dfb903c1e27a98d1030" member_type: VOTER last_known_addr { host: "127.28.132.195" port: 40693 } attrs { replace: true } } peers { permanent_uuid: "ff54cabdea55493bbdaefcf2bdc07382" member_type: VOTER last_known_addr { host: "127.28.132.194" port: 46879 } } peers { permanent_uuid: "c8cb35b89be34cd898b32f824d1598c8" member_type: NON_VOTER last_known_addr { host: "127.28.132.196" port: 45901 } attrs { promote: true } } }
I20260630 12:30:00.217718 29769 catalog_manager.cc:5697] T bf2b939d6afd453e948a8ba6bebaac3c P 492f5db351824eb7b6f196ec8a6bed5b reported cstate change: config changed from index -1 to 2, NON_VOTER c8cb35b89be34cd898b32f824d1598c8 (127.28.132.196) added. New cstate: current_term: 1 leader_uuid: "492f5db351824eb7b6f196ec8a6bed5b" committed_config { opid_index: 2 OBSOLETE_local: false peers { permanent_uuid: "492f5db351824eb7b6f196ec8a6bed5b" member_type: VOTER last_known_addr { host: "127.28.132.193" port: 39417 } health_report { overall_health: HEALTHY } } peers { permanent_uuid: "5dcd24f596424dfb903c1e27a98d1030" member_type: VOTER last_known_addr { host: "127.28.132.195" port: 40693 } attrs { replace: true } health_report { overall_health: HEALTHY } } peers { permanent_uuid: "ff54cabdea55493bbdaefcf2bdc07382" member_type: VOTER last_known_addr { host: "127.28.132.194" port: 46879 } health_report { overall_health: HEALTHY } } peers { permanent_uuid: "c8cb35b89be34cd898b32f824d1598c8" member_type: NON_VOTER last_known_addr { host: "127.28.132.196" port: 45901 } attrs { promote: true } health_report { overall_health: UNKNOWN } } }
I20260630 12:30:00.233866 30020 consensus_queue.cc:237] T 68f3cbe29032462bb11db23c5cc37a38 P 5dcd24f596424dfb903c1e27a98d1030 [LEADER]: Queue going to LEADER mode. State: All replicated index: 0, Majority replicated index: 1, Committed index: 1, Last appended: 1.1, Last appended by leader: 0, Current term: 1, Majority size: 2, State: 0, Mode: LEADER, active raft config: opid_index: 2 OBSOLETE_local: false peers { permanent_uuid: "492f5db351824eb7b6f196ec8a6bed5b" member_type: VOTER last_known_addr { host: "127.28.132.193" port: 39417 } } peers { permanent_uuid: "ff54cabdea55493bbdaefcf2bdc07382" member_type: VOTER last_known_addr { host: "127.28.132.194" port: 46879 } attrs { replace: true } } peers { permanent_uuid: "5dcd24f596424dfb903c1e27a98d1030" member_type: VOTER last_known_addr { host: "127.28.132.195" port: 40693 } } peers { permanent_uuid: "c8cb35b89be34cd898b32f824d1598c8" member_type: NON_VOTER last_known_addr { host: "127.28.132.196" port: 45901 } attrs { promote: true } }
I20260630 12:30:00.245689 29946 raft_consensus.cc:1275] T 68f3cbe29032462bb11db23c5cc37a38 P ff54cabdea55493bbdaefcf2bdc07382 [term 1 FOLLOWER]: Refusing update from remote peer 5dcd24f596424dfb903c1e27a98d1030: Log matching property violated. Preceding OpId in replica: term: 1 index: 1. Preceding OpId from leader: term: 1 index: 2. (index mismatch)
I20260630 12:30:00.247671 30251 consensus_queue.cc:1048] T 68f3cbe29032462bb11db23c5cc37a38 P 5dcd24f596424dfb903c1e27a98d1030 [LEADER]: Connected to new peer: Peer: permanent_uuid: "ff54cabdea55493bbdaefcf2bdc07382" member_type: VOTER last_known_addr { host: "127.28.132.194" port: 46879 } attrs { replace: true }, Status: LMP_MISMATCH, Last received: 0.0, Next index: 2, Last known committed idx: 1, Time since last communication: 0.001s
I20260630 12:30:00.249552 29872 raft_consensus.cc:1275] T 68f3cbe29032462bb11db23c5cc37a38 P 492f5db351824eb7b6f196ec8a6bed5b [term 1 FOLLOWER]: Refusing update from remote peer 5dcd24f596424dfb903c1e27a98d1030: Log matching property violated. Preceding OpId in replica: term: 1 index: 1. Preceding OpId from leader: term: 1 index: 2. (index mismatch)
I20260630 12:30:00.251405 30233 consensus_queue.cc:1048] T 68f3cbe29032462bb11db23c5cc37a38 P 5dcd24f596424dfb903c1e27a98d1030 [LEADER]: Connected to new peer: Peer: permanent_uuid: "492f5db351824eb7b6f196ec8a6bed5b" member_type: VOTER last_known_addr { host: "127.28.132.193" port: 39417 }, Status: LMP_MISMATCH, Last received: 0.0, Next index: 2, Last known committed idx: 1, Time since last communication: 0.001s
I20260630 12:30:00.257033 30233 raft_consensus.cc:2955] T 68f3cbe29032462bb11db23c5cc37a38 P 5dcd24f596424dfb903c1e27a98d1030 [term 1 LEADER]: Committing config change with OpId 1.2: config changed from index -1 to 2, NON_VOTER c8cb35b89be34cd898b32f824d1598c8 (127.28.132.196) added. New config: { opid_index: 2 OBSOLETE_local: false peers { permanent_uuid: "492f5db351824eb7b6f196ec8a6bed5b" member_type: VOTER last_known_addr { host: "127.28.132.193" port: 39417 } } peers { permanent_uuid: "ff54cabdea55493bbdaefcf2bdc07382" member_type: VOTER last_known_addr { host: "127.28.132.194" port: 46879 } attrs { replace: true } } peers { permanent_uuid: "5dcd24f596424dfb903c1e27a98d1030" member_type: VOTER last_known_addr { host: "127.28.132.195" port: 40693 } } peers { permanent_uuid: "c8cb35b89be34cd898b32f824d1598c8" member_type: NON_VOTER last_known_addr { host: "127.28.132.196" port: 45901 } attrs { promote: true } } }
I20260630 12:30:00.258179 29946 raft_consensus.cc:2955] T 68f3cbe29032462bb11db23c5cc37a38 P ff54cabdea55493bbdaefcf2bdc07382 [term 1 FOLLOWER]: Committing config change with OpId 1.2: config changed from index -1 to 2, NON_VOTER c8cb35b89be34cd898b32f824d1598c8 (127.28.132.196) added. New config: { opid_index: 2 OBSOLETE_local: false peers { permanent_uuid: "492f5db351824eb7b6f196ec8a6bed5b" member_type: VOTER last_known_addr { host: "127.28.132.193" port: 39417 } } peers { permanent_uuid: "ff54cabdea55493bbdaefcf2bdc07382" member_type: VOTER last_known_addr { host: "127.28.132.194" port: 46879 } attrs { replace: true } } peers { permanent_uuid: "5dcd24f596424dfb903c1e27a98d1030" member_type: VOTER last_known_addr { host: "127.28.132.195" port: 40693 } } peers { permanent_uuid: "c8cb35b89be34cd898b32f824d1598c8" member_type: NON_VOTER last_known_addr { host: "127.28.132.196" port: 45901 } attrs { promote: true } } }
W20260630 12:30:00.263199 29985 consensus_peers.cc:597] T 68f3cbe29032462bb11db23c5cc37a38 P 5dcd24f596424dfb903c1e27a98d1030 -> Peer c8cb35b89be34cd898b32f824d1598c8 (127.28.132.196:45901): Couldn't send request to peer c8cb35b89be34cd898b32f824d1598c8. Error code: TABLET_NOT_FOUND (6). Status: Not found: Tablet not found: 68f3cbe29032462bb11db23c5cc37a38. This is attempt 1: this message will repeat every 5th retry.
I20260630 12:30:00.271124 29872 raft_consensus.cc:2955] T 68f3cbe29032462bb11db23c5cc37a38 P 492f5db351824eb7b6f196ec8a6bed5b [term 1 FOLLOWER]: Committing config change with OpId 1.2: config changed from index -1 to 2, NON_VOTER c8cb35b89be34cd898b32f824d1598c8 (127.28.132.196) added. New config: { opid_index: 2 OBSOLETE_local: false peers { permanent_uuid: "492f5db351824eb7b6f196ec8a6bed5b" member_type: VOTER last_known_addr { host: "127.28.132.193" port: 39417 } } peers { permanent_uuid: "ff54cabdea55493bbdaefcf2bdc07382" member_type: VOTER last_known_addr { host: "127.28.132.194" port: 46879 } attrs { replace: true } } peers { permanent_uuid: "5dcd24f596424dfb903c1e27a98d1030" member_type: VOTER last_known_addr { host: "127.28.132.195" port: 40693 } } peers { permanent_uuid: "c8cb35b89be34cd898b32f824d1598c8" member_type: NON_VOTER last_known_addr { host: "127.28.132.196" port: 45901 } attrs { promote: true } } }
I20260630 12:30:00.272140 29770 catalog_manager.cc:5697] T 68f3cbe29032462bb11db23c5cc37a38 P ff54cabdea55493bbdaefcf2bdc07382 reported cstate change: config changed from index -1 to 2, NON_VOTER c8cb35b89be34cd898b32f824d1598c8 (127.28.132.196) added. New cstate: current_term: 1 leader_uuid: "5dcd24f596424dfb903c1e27a98d1030" committed_config { opid_index: 2 OBSOLETE_local: false peers { permanent_uuid: "492f5db351824eb7b6f196ec8a6bed5b" member_type: VOTER last_known_addr { host: "127.28.132.193" port: 39417 } } peers { permanent_uuid: "ff54cabdea55493bbdaefcf2bdc07382" member_type: VOTER last_known_addr { host: "127.28.132.194" port: 46879 } attrs { replace: true } } peers { permanent_uuid: "5dcd24f596424dfb903c1e27a98d1030" member_type: VOTER last_known_addr { host: "127.28.132.195" port: 40693 } } peers { permanent_uuid: "c8cb35b89be34cd898b32f824d1598c8" member_type: NON_VOTER last_known_addr { host: "127.28.132.196" port: 45901 } attrs { promote: true } } }
I20260630 12:30:00.278276 30020 consensus_queue.cc:237] T a7ba95ffb14e47ad869e04bac50bf9fd P 5dcd24f596424dfb903c1e27a98d1030 [LEADER]: Queue going to LEADER mode. State: All replicated index: 0, Majority replicated index: 1, Committed index: 1, Last appended: 1.1, Last appended by leader: 0, Current term: 1, Majority size: 2, State: 0, Mode: LEADER, active raft config: opid_index: 2 OBSOLETE_local: false peers { permanent_uuid: "492f5db351824eb7b6f196ec8a6bed5b" member_type: VOTER last_known_addr { host: "127.28.132.193" port: 39417 } attrs { replace: true } } peers { permanent_uuid: "ff54cabdea55493bbdaefcf2bdc07382" member_type: VOTER last_known_addr { host: "127.28.132.194" port: 46879 } } peers { permanent_uuid: "5dcd24f596424dfb903c1e27a98d1030" member_type: VOTER last_known_addr { host: "127.28.132.195" port: 40693 } } peers { permanent_uuid: "c8cb35b89be34cd898b32f824d1598c8" member_type: NON_VOTER last_known_addr { host: "127.28.132.196" port: 45901 } attrs { promote: true } }
I20260630 12:30:00.287391 29946 raft_consensus.cc:1275] T a7ba95ffb14e47ad869e04bac50bf9fd P ff54cabdea55493bbdaefcf2bdc07382 [term 1 FOLLOWER]: Refusing update from remote peer 5dcd24f596424dfb903c1e27a98d1030: Log matching property violated. Preceding OpId in replica: term: 1 index: 1. Preceding OpId from leader: term: 1 index: 2. (index mismatch)
I20260630 12:30:00.287766 29872 raft_consensus.cc:1275] T a7ba95ffb14e47ad869e04bac50bf9fd P 492f5db351824eb7b6f196ec8a6bed5b [term 1 FOLLOWER]: Refusing update from remote peer 5dcd24f596424dfb903c1e27a98d1030: Log matching property violated. Preceding OpId in replica: term: 1 index: 1. Preceding OpId from leader: term: 1 index: 2. (index mismatch)
I20260630 12:30:00.289886 30233 consensus_queue.cc:1048] T a7ba95ffb14e47ad869e04bac50bf9fd P 5dcd24f596424dfb903c1e27a98d1030 [LEADER]: Connected to new peer: Peer: permanent_uuid: "ff54cabdea55493bbdaefcf2bdc07382" member_type: VOTER last_known_addr { host: "127.28.132.194" port: 46879 }, Status: LMP_MISMATCH, Last received: 0.0, Next index: 2, Last known committed idx: 1, Time since last communication: 0.000s
I20260630 12:30:00.291095 30257 consensus_queue.cc:1048] T a7ba95ffb14e47ad869e04bac50bf9fd P 5dcd24f596424dfb903c1e27a98d1030 [LEADER]: Connected to new peer: Peer: permanent_uuid: "492f5db351824eb7b6f196ec8a6bed5b" member_type: VOTER last_known_addr { host: "127.28.132.193" port: 39417 } attrs { replace: true }, Status: LMP_MISMATCH, Last received: 0.0, Next index: 2, Last known committed idx: 1, Time since last communication: 0.001s
W20260630 12:30:00.294955 29985 consensus_peers.cc:597] T a7ba95ffb14e47ad869e04bac50bf9fd P 5dcd24f596424dfb903c1e27a98d1030 -> Peer c8cb35b89be34cd898b32f824d1598c8 (127.28.132.196:45901): Couldn't send request to peer c8cb35b89be34cd898b32f824d1598c8. Error code: TABLET_NOT_FOUND (6). Status: Not found: Tablet not found: a7ba95ffb14e47ad869e04bac50bf9fd. This is attempt 1: this message will repeat every 5th retry.
I20260630 12:30:00.304823 30233 raft_consensus.cc:2955] T a7ba95ffb14e47ad869e04bac50bf9fd P 5dcd24f596424dfb903c1e27a98d1030 [term 1 LEADER]: Committing config change with OpId 1.2: config changed from index -1 to 2, NON_VOTER c8cb35b89be34cd898b32f824d1598c8 (127.28.132.196) added. New config: { opid_index: 2 OBSOLETE_local: false peers { permanent_uuid: "492f5db351824eb7b6f196ec8a6bed5b" member_type: VOTER last_known_addr { host: "127.28.132.193" port: 39417 } attrs { replace: true } } peers { permanent_uuid: "ff54cabdea55493bbdaefcf2bdc07382" member_type: VOTER last_known_addr { host: "127.28.132.194" port: 46879 } } peers { permanent_uuid: "5dcd24f596424dfb903c1e27a98d1030" member_type: VOTER last_known_addr { host: "127.28.132.195" port: 40693 } } peers { permanent_uuid: "c8cb35b89be34cd898b32f824d1598c8" member_type: NON_VOTER last_known_addr { host: "127.28.132.196" port: 45901 } attrs { promote: true } } }
I20260630 12:30:00.309501 29946 raft_consensus.cc:2955] T a7ba95ffb14e47ad869e04bac50bf9fd P ff54cabdea55493bbdaefcf2bdc07382 [term 1 FOLLOWER]: Committing config change with OpId 1.2: config changed from index -1 to 2, NON_VOTER c8cb35b89be34cd898b32f824d1598c8 (127.28.132.196) added. New config: { opid_index: 2 OBSOLETE_local: false peers { permanent_uuid: "492f5db351824eb7b6f196ec8a6bed5b" member_type: VOTER last_known_addr { host: "127.28.132.193" port: 39417 } attrs { replace: true } } peers { permanent_uuid: "ff54cabdea55493bbdaefcf2bdc07382" member_type: VOTER last_known_addr { host: "127.28.132.194" port: 46879 } } peers { permanent_uuid: "5dcd24f596424dfb903c1e27a98d1030" member_type: VOTER last_known_addr { host: "127.28.132.195" port: 40693 } } peers { permanent_uuid: "c8cb35b89be34cd898b32f824d1598c8" member_type: NON_VOTER last_known_addr { host: "127.28.132.196" port: 45901 } attrs { promote: true } } }
I20260630 12:30:00.311796 29872 raft_consensus.cc:2955] T a7ba95ffb14e47ad869e04bac50bf9fd P 492f5db351824eb7b6f196ec8a6bed5b [term 1 FOLLOWER]: Committing config change with OpId 1.2: config changed from index -1 to 2, NON_VOTER c8cb35b89be34cd898b32f824d1598c8 (127.28.132.196) added. New config: { opid_index: 2 OBSOLETE_local: false peers { permanent_uuid: "492f5db351824eb7b6f196ec8a6bed5b" member_type: VOTER last_known_addr { host: "127.28.132.193" port: 39417 } attrs { replace: true } } peers { permanent_uuid: "ff54cabdea55493bbdaefcf2bdc07382" member_type: VOTER last_known_addr { host: "127.28.132.194" port: 46879 } } peers { permanent_uuid: "5dcd24f596424dfb903c1e27a98d1030" member_type: VOTER last_known_addr { host: "127.28.132.195" port: 40693 } } peers { permanent_uuid: "c8cb35b89be34cd898b32f824d1598c8" member_type: NON_VOTER last_known_addr { host: "127.28.132.196" port: 45901 } attrs { promote: true } } }
I20260630 12:30:00.327675 29769 catalog_manager.cc:5697] T a7ba95ffb14e47ad869e04bac50bf9fd P 5dcd24f596424dfb903c1e27a98d1030 reported cstate change: config changed from index -1 to 2, NON_VOTER c8cb35b89be34cd898b32f824d1598c8 (127.28.132.196) added. New cstate: current_term: 1 leader_uuid: "5dcd24f596424dfb903c1e27a98d1030" committed_config { opid_index: 2 OBSOLETE_local: false peers { permanent_uuid: "492f5db351824eb7b6f196ec8a6bed5b" member_type: VOTER last_known_addr { host: "127.28.132.193" port: 39417 } attrs { replace: true } health_report { overall_health: HEALTHY } } peers { permanent_uuid: "ff54cabdea55493bbdaefcf2bdc07382" member_type: VOTER last_known_addr { host: "127.28.132.194" port: 46879 } health_report { overall_health: HEALTHY } } peers { permanent_uuid: "5dcd24f596424dfb903c1e27a98d1030" member_type: VOTER last_known_addr { host: "127.28.132.195" port: 40693 } health_report { overall_health: HEALTHY } } peers { permanent_uuid: "c8cb35b89be34cd898b32f824d1598c8" member_type: NON_VOTER last_known_addr { host: "127.28.132.196" port: 45901 } attrs { promote: true } health_report { overall_health: UNKNOWN } } }
I20260630 12:30:00.335541 29946 consensus_queue.cc:237] T ed1c03d0af87459ba10dce3f6a966d28 P ff54cabdea55493bbdaefcf2bdc07382 [LEADER]: Queue going to LEADER mode. State: All replicated index: 0, Majority replicated index: 1, Committed index: 1, Last appended: 1.1, Last appended by leader: 0, Current term: 1, Majority size: 2, State: 0, Mode: LEADER, active raft config: opid_index: 2 OBSOLETE_local: false peers { permanent_uuid: "492f5db351824eb7b6f196ec8a6bed5b" member_type: VOTER last_known_addr { host: "127.28.132.193" port: 39417 } attrs { replace: true } } peers { permanent_uuid: "ff54cabdea55493bbdaefcf2bdc07382" member_type: VOTER last_known_addr { host: "127.28.132.194" port: 46879 } } peers { permanent_uuid: "5dcd24f596424dfb903c1e27a98d1030" member_type: VOTER last_known_addr { host: "127.28.132.195" port: 40693 } } peers { permanent_uuid: "c8cb35b89be34cd898b32f824d1598c8" member_type: NON_VOTER last_known_addr { host: "127.28.132.196" port: 45901 } attrs { promote: true } }
I20260630 12:30:00.348052 30020 raft_consensus.cc:1275] T ed1c03d0af87459ba10dce3f6a966d28 P 5dcd24f596424dfb903c1e27a98d1030 [term 1 FOLLOWER]: Refusing update from remote peer ff54cabdea55493bbdaefcf2bdc07382: Log matching property violated. Preceding OpId in replica: term: 1 index: 1. Preceding OpId from leader: term: 1 index: 2. (index mismatch)
I20260630 12:30:00.348376 29872 raft_consensus.cc:1275] T ed1c03d0af87459ba10dce3f6a966d28 P 492f5db351824eb7b6f196ec8a6bed5b [term 1 FOLLOWER]: Refusing update from remote peer ff54cabdea55493bbdaefcf2bdc07382: Log matching property violated. Preceding OpId in replica: term: 1 index: 1. Preceding OpId from leader: term: 1 index: 2. (index mismatch)
I20260630 12:30:00.349812 30263 consensus_queue.cc:1048] T ed1c03d0af87459ba10dce3f6a966d28 P ff54cabdea55493bbdaefcf2bdc07382 [LEADER]: Connected to new peer: Peer: permanent_uuid: "5dcd24f596424dfb903c1e27a98d1030" member_type: VOTER last_known_addr { host: "127.28.132.195" port: 40693 }, Status: LMP_MISMATCH, Last received: 0.0, Next index: 2, Last known committed idx: 1, Time since last communication: 0.001s
I20260630 12:30:00.350811 30229 consensus_queue.cc:1048] T ed1c03d0af87459ba10dce3f6a966d28 P ff54cabdea55493bbdaefcf2bdc07382 [LEADER]: Connected to new peer: Peer: permanent_uuid: "492f5db351824eb7b6f196ec8a6bed5b" member_type: VOTER last_known_addr { host: "127.28.132.193" port: 39417 } attrs { replace: true }, Status: LMP_MISMATCH, Last received: 0.0, Next index: 2, Last known committed idx: 1, Time since last communication: 0.000s
W20260630 12:30:00.355995 29911 consensus_peers.cc:597] T ed1c03d0af87459ba10dce3f6a966d28 P ff54cabdea55493bbdaefcf2bdc07382 -> Peer c8cb35b89be34cd898b32f824d1598c8 (127.28.132.196:45901): Couldn't send request to peer c8cb35b89be34cd898b32f824d1598c8. Error code: TABLET_NOT_FOUND (6). Status: Not found: Tablet not found: ed1c03d0af87459ba10dce3f6a966d28. This is attempt 1: this message will repeat every 5th retry.
I20260630 12:30:00.361593 30229 raft_consensus.cc:2955] T ed1c03d0af87459ba10dce3f6a966d28 P ff54cabdea55493bbdaefcf2bdc07382 [term 1 LEADER]: Committing config change with OpId 1.2: config changed from index -1 to 2, NON_VOTER c8cb35b89be34cd898b32f824d1598c8 (127.28.132.196) added. New config: { opid_index: 2 OBSOLETE_local: false peers { permanent_uuid: "492f5db351824eb7b6f196ec8a6bed5b" member_type: VOTER last_known_addr { host: "127.28.132.193" port: 39417 } attrs { replace: true } } peers { permanent_uuid: "ff54cabdea55493bbdaefcf2bdc07382" member_type: VOTER last_known_addr { host: "127.28.132.194" port: 46879 } } peers { permanent_uuid: "5dcd24f596424dfb903c1e27a98d1030" member_type: VOTER last_known_addr { host: "127.28.132.195" port: 40693 } } peers { permanent_uuid: "c8cb35b89be34cd898b32f824d1598c8" member_type: NON_VOTER last_known_addr { host: "127.28.132.196" port: 45901 } attrs { promote: true } } }
I20260630 12:30:00.363355 29872 raft_consensus.cc:2955] T ed1c03d0af87459ba10dce3f6a966d28 P 492f5db351824eb7b6f196ec8a6bed5b [term 1 FOLLOWER]: Committing config change with OpId 1.2: config changed from index -1 to 2, NON_VOTER c8cb35b89be34cd898b32f824d1598c8 (127.28.132.196) added. New config: { opid_index: 2 OBSOLETE_local: false peers { permanent_uuid: "492f5db351824eb7b6f196ec8a6bed5b" member_type: VOTER last_known_addr { host: "127.28.132.193" port: 39417 } attrs { replace: true } } peers { permanent_uuid: "ff54cabdea55493bbdaefcf2bdc07382" member_type: VOTER last_known_addr { host: "127.28.132.194" port: 46879 } } peers { permanent_uuid: "5dcd24f596424dfb903c1e27a98d1030" member_type: VOTER last_known_addr { host: "127.28.132.195" port: 40693 } } peers { permanent_uuid: "c8cb35b89be34cd898b32f824d1598c8" member_type: NON_VOTER last_known_addr { host: "127.28.132.196" port: 45901 } attrs { promote: true } } }
I20260630 12:30:00.365525 30020 raft_consensus.cc:2955] T ed1c03d0af87459ba10dce3f6a966d28 P 5dcd24f596424dfb903c1e27a98d1030 [term 1 FOLLOWER]: Committing config change with OpId 1.2: config changed from index -1 to 2, NON_VOTER c8cb35b89be34cd898b32f824d1598c8 (127.28.132.196) added. New config: { opid_index: 2 OBSOLETE_local: false peers { permanent_uuid: "492f5db351824eb7b6f196ec8a6bed5b" member_type: VOTER last_known_addr { host: "127.28.132.193" port: 39417 } attrs { replace: true } } peers { permanent_uuid: "ff54cabdea55493bbdaefcf2bdc07382" member_type: VOTER last_known_addr { host: "127.28.132.194" port: 46879 } } peers { permanent_uuid: "5dcd24f596424dfb903c1e27a98d1030" member_type: VOTER last_known_addr { host: "127.28.132.195" port: 40693 } } peers { permanent_uuid: "c8cb35b89be34cd898b32f824d1598c8" member_type: NON_VOTER last_known_addr { host: "127.28.132.196" port: 45901 } attrs { promote: true } } }
I20260630 12:30:00.374507 29768 catalog_manager.cc:5697] T ed1c03d0af87459ba10dce3f6a966d28 P ff54cabdea55493bbdaefcf2bdc07382 reported cstate change: config changed from index -1 to 2, NON_VOTER c8cb35b89be34cd898b32f824d1598c8 (127.28.132.196) added. New cstate: current_term: 1 leader_uuid: "ff54cabdea55493bbdaefcf2bdc07382" committed_config { opid_index: 2 OBSOLETE_local: false peers { permanent_uuid: "492f5db351824eb7b6f196ec8a6bed5b" member_type: VOTER last_known_addr { host: "127.28.132.193" port: 39417 } attrs { replace: true } health_report { overall_health: HEALTHY } } peers { permanent_uuid: "ff54cabdea55493bbdaefcf2bdc07382" member_type: VOTER last_known_addr { host: "127.28.132.194" port: 46879 } health_report { overall_health: HEALTHY } } peers { permanent_uuid: "5dcd24f596424dfb903c1e27a98d1030" member_type: VOTER last_known_addr { host: "127.28.132.195" port: 40693 } health_report { overall_health: HEALTHY } } peers { permanent_uuid: "c8cb35b89be34cd898b32f824d1598c8" member_type: NON_VOTER last_known_addr { host: "127.28.132.196" port: 45901 } attrs { promote: true } health_report { overall_health: UNKNOWN } } }
I20260630 12:30:00.569010 30268 ts_tablet_manager.cc:933] T bf2b939d6afd453e948a8ba6bebaac3c P c8cb35b89be34cd898b32f824d1598c8: Initiating tablet copy from peer 492f5db351824eb7b6f196ec8a6bed5b (127.28.132.193:39417)
I20260630 12:30:00.571112 30268 tablet_copy_client.cc:323] T bf2b939d6afd453e948a8ba6bebaac3c P c8cb35b89be34cd898b32f824d1598c8: tablet copy: Beginning tablet copy session from remote peer at address 127.28.132.193:39417
I20260630 12:30:00.583498 29882 tablet_copy_service.cc:140] P 492f5db351824eb7b6f196ec8a6bed5b: Received BeginTabletCopySession request for tablet bf2b939d6afd453e948a8ba6bebaac3c from peer c8cb35b89be34cd898b32f824d1598c8 ({username='slave'} at 127.0.0.1:43398)
I20260630 12:30:00.584121 29882 tablet_copy_service.cc:161] P 492f5db351824eb7b6f196ec8a6bed5b: Beginning new tablet copy session on tablet bf2b939d6afd453e948a8ba6bebaac3c from peer c8cb35b89be34cd898b32f824d1598c8 at {username='slave'} at 127.0.0.1:43398: session id = c8cb35b89be34cd898b32f824d1598c8-bf2b939d6afd453e948a8ba6bebaac3c
I20260630 12:30:00.592792 29882 tablet_copy_source_session.cc:215] T bf2b939d6afd453e948a8ba6bebaac3c P 492f5db351824eb7b6f196ec8a6bed5b: Tablet Copy: opened 0 blocks and 1 log segments
I20260630 12:30:00.597227 30268 data_dirs.cc:400] Could only allocate 1 dirs of requested 3 for tablet bf2b939d6afd453e948a8ba6bebaac3c. 1 dirs total, 0 dirs full, 0 dirs failed
I20260630 12:30:00.611080 30268 tablet_copy_client.cc:806] T bf2b939d6afd453e948a8ba6bebaac3c P c8cb35b89be34cd898b32f824d1598c8: tablet copy: Starting download of 0 data blocks...
I20260630 12:30:00.611739 30268 tablet_copy_client.cc:670] T bf2b939d6afd453e948a8ba6bebaac3c P c8cb35b89be34cd898b32f824d1598c8: tablet copy: Starting download of 1 WAL segments...
I20260630 12:30:00.616097 30268 tablet_copy_client.cc:538] T bf2b939d6afd453e948a8ba6bebaac3c P c8cb35b89be34cd898b32f824d1598c8: tablet copy: Tablet Copy complete. Replacing tablet superblock.
I20260630 12:30:00.623479 30268 tablet_bootstrap.cc:492] T bf2b939d6afd453e948a8ba6bebaac3c P c8cb35b89be34cd898b32f824d1598c8: Bootstrap starting.
I20260630 12:30:00.639823 30268 tablet_bootstrap.cc:492] T bf2b939d6afd453e948a8ba6bebaac3c P c8cb35b89be34cd898b32f824d1598c8: Bootstrap replayed 1/1 log segments. Stats: ops{read=2 overwritten=0 applied=2 ignored=0} inserts{seen=0 ignored=0} mutations{seen=0 ignored=0} orphaned_commits=0. Pending: 0 replicates
I20260630 12:30:00.640620 30268 tablet_bootstrap.cc:492] T bf2b939d6afd453e948a8ba6bebaac3c P c8cb35b89be34cd898b32f824d1598c8: Bootstrap complete.
I20260630 12:30:00.641196 30268 ts_tablet_manager.cc:1403] T bf2b939d6afd453e948a8ba6bebaac3c P c8cb35b89be34cd898b32f824d1598c8: Time spent bootstrapping tablet: real 0.018s	user 0.015s	sys 0.000s
I20260630 12:30:00.642966 29203 tablet_server.cc:179] TabletServer@127.28.132.193:0 shutting down...
I20260630 12:30:00.646564 30268 raft_consensus.cc:359] T bf2b939d6afd453e948a8ba6bebaac3c P c8cb35b89be34cd898b32f824d1598c8 [term 1 LEARNER]: Replica starting. Triggering 0 pending ops. Active config: opid_index: 2 OBSOLETE_local: false peers { permanent_uuid: "492f5db351824eb7b6f196ec8a6bed5b" member_type: VOTER last_known_addr { host: "127.28.132.193" port: 39417 } } peers { permanent_uuid: "5dcd24f596424dfb903c1e27a98d1030" member_type: VOTER last_known_addr { host: "127.28.132.195" port: 40693 } attrs { replace: true } } peers { permanent_uuid: "ff54cabdea55493bbdaefcf2bdc07382" member_type: VOTER last_known_addr { host: "127.28.132.194" port: 46879 } } peers { permanent_uuid: "c8cb35b89be34cd898b32f824d1598c8" member_type: NON_VOTER last_known_addr { host: "127.28.132.196" port: 45901 } attrs { promote: true } }
I20260630 12:30:00.647289 30268 raft_consensus.cc:740] T bf2b939d6afd453e948a8ba6bebaac3c P c8cb35b89be34cd898b32f824d1598c8 [term 1 LEARNER]: Becoming Follower/Learner. State: Replica: c8cb35b89be34cd898b32f824d1598c8, State: Initialized, Role: LEARNER
I20260630 12:30:00.648514 30268 consensus_queue.cc:260] T bf2b939d6afd453e948a8ba6bebaac3c P c8cb35b89be34cd898b32f824d1598c8 [NON_LEADER]: Queue going to NON_LEADER mode. State: All replicated index: 0, Majority replicated index: 0, Committed index: 2, Last appended: 1.2, Last appended by leader: 2, Current term: 0, Majority size: -1, State: 0, Mode: NON_LEADER, active raft config: opid_index: 2 OBSOLETE_local: false peers { permanent_uuid: "492f5db351824eb7b6f196ec8a6bed5b" member_type: VOTER last_known_addr { host: "127.28.132.193" port: 39417 } } peers { permanent_uuid: "5dcd24f596424dfb903c1e27a98d1030" member_type: VOTER last_known_addr { host: "127.28.132.195" port: 40693 } attrs { replace: true } } peers { permanent_uuid: "ff54cabdea55493bbdaefcf2bdc07382" member_type: VOTER last_known_addr { host: "127.28.132.194" port: 46879 } } peers { permanent_uuid: "c8cb35b89be34cd898b32f824d1598c8" member_type: NON_VOTER last_known_addr { host: "127.28.132.196" port: 45901 } attrs { promote: true } }
I20260630 12:30:00.651790 30268 ts_tablet_manager.cc:1434] T bf2b939d6afd453e948a8ba6bebaac3c P c8cb35b89be34cd898b32f824d1598c8: Time spent starting tablet: real 0.010s	user 0.009s	sys 0.000s
I20260630 12:30:00.660789 29203 tablet_copy_service.cc:362] P 492f5db351824eb7b6f196ec8a6bed5b: Destroying tablet copy session c8cb35b89be34cd898b32f824d1598c8-bf2b939d6afd453e948a8ba6bebaac3c due to service shutdown
I20260630 12:30:00.661247 29203 tablet_copy_service.cc:434] P 492f5db351824eb7b6f196ec8a6bed5b: ending tablet copy session c8cb35b89be34cd898b32f824d1598c8-bf2b939d6afd453e948a8ba6bebaac3c on tablet bf2b939d6afd453e948a8ba6bebaac3c with peer c8cb35b89be34cd898b32f824d1598c8
I20260630 12:30:00.683323 29203 ts_tablet_manager.cc:1507] Shutting down tablet manager...
