I20260630 12:31:15.850077 23479 raft_consensus.cc:2955] T 0e4553a131434d0cb57459d96e9bfd93 P ec190d1fd0d5441da98b428b16f3d614 [term 1 FOLLOWER]: Committing config change with OpId 1.3: config changed from index 2 to 3, 3b341e7707c14595bd77875181931edf (127.19.214.132) changed from NON_VOTER to VOTER. New config: { opid_index: 3 OBSOLETE_local: false peers { permanent_uuid: "e194fcc5ecae4714a4b17be284901d2c" member_type: VOTER last_known_addr { host: "127.19.214.129" port: 36563 } attrs { replace: true } } peers { permanent_uuid: "b49dcd041f464deb9bb0c74c0bc866fe" member_type: VOTER last_known_addr { host: "127.19.214.130" port: 34027 } } peers { permanent_uuid: "ec190d1fd0d5441da98b428b16f3d614" member_type: VOTER last_known_addr { host: "127.19.214.131" port: 43657 } } peers { permanent_uuid: "3b341e7707c14595bd77875181931edf" member_type: VOTER last_known_addr { host: "127.19.214.132" port: 41839 } attrs { promote: false } } }
I20260630 12:31:15.857957 23715 raft_consensus.cc:993] T b378bfcbea3145ed817dc98cc33e3a81 P b49dcd041f464deb9bb0c74c0bc866fe: : Instructing follower 3b341e7707c14595bd77875181931edf to start an election
I20260630 12:31:15.858755 23715 raft_consensus.cc:1081] T b378bfcbea3145ed817dc98cc33e3a81 P b49dcd041f464deb9bb0c74c0bc866fe [term 1 LEADER]: Signalling peer 3b341e7707c14595bd77875181931edf to start an election
I20260630 12:31:15.861203 23628 tablet_service.cc:2044] Received Run Leader Election RPC: tablet_id: "b378bfcbea3145ed817dc98cc33e3a81"
dest_uuid: "3b341e7707c14595bd77875181931edf"
 from {username='slave'} at 127.0.0.1:36466
I20260630 12:31:15.863469 23628 raft_consensus.cc:493] T b378bfcbea3145ed817dc98cc33e3a81 P 3b341e7707c14595bd77875181931edf [term 1 FOLLOWER]: Starting forced leader election (received explicit request)
I20260630 12:31:15.863901 23628 raft_consensus.cc:3060] T b378bfcbea3145ed817dc98cc33e3a81 P 3b341e7707c14595bd77875181931edf [term 1 FOLLOWER]: Advancing to term 2
I20260630 12:31:15.864230 23327 raft_consensus.cc:2955] T 0e4553a131434d0cb57459d96e9bfd93 P e194fcc5ecae4714a4b17be284901d2c [term 1 FOLLOWER]: Committing config change with OpId 1.3: config changed from index 2 to 3, 3b341e7707c14595bd77875181931edf (127.19.214.132) changed from NON_VOTER to VOTER. New config: { opid_index: 3 OBSOLETE_local: false peers { permanent_uuid: "e194fcc5ecae4714a4b17be284901d2c" member_type: VOTER last_known_addr { host: "127.19.214.129" port: 36563 } attrs { replace: true } } peers { permanent_uuid: "b49dcd041f464deb9bb0c74c0bc866fe" member_type: VOTER last_known_addr { host: "127.19.214.130" port: 34027 } } peers { permanent_uuid: "ec190d1fd0d5441da98b428b16f3d614" member_type: VOTER last_known_addr { host: "127.19.214.131" port: 43657 } } peers { permanent_uuid: "3b341e7707c14595bd77875181931edf" member_type: VOTER last_known_addr { host: "127.19.214.132" port: 41839 } attrs { promote: false } } }
I20260630 12:31:15.869272 23227 catalog_manager.cc:5697] T 0e4553a131434d0cb57459d96e9bfd93 P b49dcd041f464deb9bb0c74c0bc866fe reported cstate change: config changed from index 2 to 3, 3b341e7707c14595bd77875181931edf (127.19.214.132) changed from NON_VOTER to VOTER. New cstate: current_term: 1 leader_uuid: "b49dcd041f464deb9bb0c74c0bc866fe" committed_config { opid_index: 3 OBSOLETE_local: false peers { permanent_uuid: "e194fcc5ecae4714a4b17be284901d2c" member_type: VOTER last_known_addr { host: "127.19.214.129" port: 36563 } attrs { replace: true } health_report { overall_health: HEALTHY } } peers { permanent_uuid: "b49dcd041f464deb9bb0c74c0bc866fe" member_type: VOTER last_known_addr { host: "127.19.214.130" port: 34027 } health_report { overall_health: HEALTHY } } peers { permanent_uuid: "ec190d1fd0d5441da98b428b16f3d614" member_type: VOTER last_known_addr { host: "127.19.214.131" port: 43657 } health_report { overall_health: HEALTHY } } peers { permanent_uuid: "3b341e7707c14595bd77875181931edf" member_type: VOTER last_known_addr { host: "127.19.214.132" port: 41839 } attrs { promote: false } health_report { overall_health: HEALTHY } } }
I20260630 12:31:15.870209 23626 raft_consensus.cc:1275] T 103a1c289deb4913a6d0d51a063883f9 P 3b341e7707c14595bd77875181931edf [term 1 LEARNER]: Refusing update from remote peer ec190d1fd0d5441da98b428b16f3d614: Log matching property violated. Preceding OpId in replica: term: 1 index: 2. Preceding OpId from leader: term: 1 index: 3. (index mismatch)
I20260630 12:31:15.872488 23549 consensus_queue.cc:1048] T 103a1c289deb4913a6d0d51a063883f9 P ec190d1fd0d5441da98b428b16f3d614 [LEADER]: Connected to new peer: Peer: permanent_uuid: "3b341e7707c14595bd77875181931edf" member_type: VOTER last_known_addr { host: "127.19.214.132" port: 41839 } attrs { promote: false }, Status: LMP_MISMATCH, Last received: 0.0, Next index: 3, Last known committed idx: 2, Time since last communication: 0.001s
I20260630 12:31:15.876786 23328 raft_consensus.cc:1275] T 103a1c289deb4913a6d0d51a063883f9 P e194fcc5ecae4714a4b17be284901d2c [term 1 FOLLOWER]: Refusing update from remote peer ec190d1fd0d5441da98b428b16f3d614: Log matching property violated. Preceding OpId in replica: term: 1 index: 2. Preceding OpId from leader: term: 1 index: 3. (index mismatch)
I20260630 12:31:15.879540 23549 consensus_queue.cc:1048] T 103a1c289deb4913a6d0d51a063883f9 P ec190d1fd0d5441da98b428b16f3d614 [LEADER]: Connected to new peer: Peer: permanent_uuid: "e194fcc5ecae4714a4b17be284901d2c" member_type: VOTER last_known_addr { host: "127.19.214.129" port: 36563 } attrs { replace: true }, Status: LMP_MISMATCH, Last received: 0.0, Next index: 3, Last known committed idx: 2, Time since last communication: 0.001s
I20260630 12:31:15.886792 23405 raft_consensus.cc:1275] T 103a1c289deb4913a6d0d51a063883f9 P b49dcd041f464deb9bb0c74c0bc866fe [term 1 FOLLOWER]: Refusing update from remote peer ec190d1fd0d5441da98b428b16f3d614: Log matching property violated. Preceding OpId in replica: term: 1 index: 2. Preceding OpId from leader: term: 1 index: 3. (index mismatch)
I20260630 12:31:15.889537 23794 consensus_queue.cc:1048] T 103a1c289deb4913a6d0d51a063883f9 P ec190d1fd0d5441da98b428b16f3d614 [LEADER]: Connected to new peer: Peer: permanent_uuid: "b49dcd041f464deb9bb0c74c0bc866fe" member_type: VOTER last_known_addr { host: "127.19.214.130" port: 34027 }, Status: LMP_MISMATCH, Last received: 0.0, Next index: 3, Last known committed idx: 2, Time since last communication: 0.001s
W20260630 12:31:15.892872 23276 auto_rebalancer.cc:911] Removing replace marker failed after 3 inline attempts; will retry on next rebalancer loop iteration: Service unavailable: leader transfer in progress
W20260630 12:31:15.893481 23276 auto_rebalancer.cc:920] Could not move replica: Remote error: Service unavailable: leadership transfer for 8a1f76f8b0fe436d9a4d8abb7c256f59 already in progress
W20260630 12:31:15.893811 23276 auto_rebalancer.cc:340] scheduled replica move failed to complete: Remote error: Service unavailable: leadership transfer for 8a1f76f8b0fe436d9a4d8abb7c256f59 already in progress
I20260630 12:31:15.895953 23627 raft_consensus.cc:2955] T 0e4553a131434d0cb57459d96e9bfd93 P 3b341e7707c14595bd77875181931edf [term 1 FOLLOWER]: Committing config change with OpId 1.3: config changed from index 2 to 3, 3b341e7707c14595bd77875181931edf (127.19.214.132) changed from NON_VOTER to VOTER. New config: { opid_index: 3 OBSOLETE_local: false peers { permanent_uuid: "e194fcc5ecae4714a4b17be284901d2c" member_type: VOTER last_known_addr { host: "127.19.214.129" port: 36563 } attrs { replace: true } } peers { permanent_uuid: "b49dcd041f464deb9bb0c74c0bc866fe" member_type: VOTER last_known_addr { host: "127.19.214.130" port: 34027 } } peers { permanent_uuid: "ec190d1fd0d5441da98b428b16f3d614" member_type: VOTER last_known_addr { host: "127.19.214.131" port: 43657 } } peers { permanent_uuid: "3b341e7707c14595bd77875181931edf" member_type: VOTER last_known_addr { host: "127.19.214.132" port: 41839 } attrs { promote: false } } }
I20260630 12:31:15.898275 23479 tablet_service.cc:2072] Received LeaderStepDown RPC: tablet_id: "f5d6f271fcde42858f8c0d6146f721f3"
dest_uuid: "ec190d1fd0d5441da98b428b16f3d614"
mode: GRACEFUL
 from {username='slave'} at 127.0.0.1:35476
I20260630 12:31:15.899289 23479 raft_consensus.cc:606] T f5d6f271fcde42858f8c0d6146f721f3 P ec190d1fd0d5441da98b428b16f3d614 [term 2 LEADER]: Received request to transfer leadership
I20260630 12:31:15.901731 23404 consensus_queue.cc:237] T 0e4553a131434d0cb57459d96e9bfd93 P b49dcd041f464deb9bb0c74c0bc866fe [LEADER]: Queue going to LEADER mode. State: All replicated index: 0, Majority replicated index: 3, Committed index: 3, Last appended: 1.3, Last appended by leader: 0, Current term: 1, Majority size: 2, State: 0, Mode: LEADER, active raft config: opid_index: 4 OBSOLETE_local: false peers { permanent_uuid: "b49dcd041f464deb9bb0c74c0bc866fe" member_type: VOTER last_known_addr { host: "127.19.214.130" port: 34027 } } peers { permanent_uuid: "ec190d1fd0d5441da98b428b16f3d614" member_type: VOTER last_known_addr { host: "127.19.214.131" port: 43657 } } peers { permanent_uuid: "3b341e7707c14595bd77875181931edf" member_type: VOTER last_known_addr { host: "127.19.214.132" port: 41839 } attrs { promote: false } }
I20260630 12:31:15.905234 23628 raft_consensus.cc:515] T b378bfcbea3145ed817dc98cc33e3a81 P 3b341e7707c14595bd77875181931edf [term 2 FOLLOWER]: Starting forced leader election with config: opid_index: -1 OBSOLETE_local: false peers { permanent_uuid: "e194fcc5ecae4714a4b17be284901d2c" member_type: VOTER last_known_addr { host: "127.19.214.129" port: 36563 } } peers { permanent_uuid: "b49dcd041f464deb9bb0c74c0bc866fe" member_type: VOTER last_known_addr { host: "127.19.214.130" port: 34027 } } peers { permanent_uuid: "3b341e7707c14595bd77875181931edf" member_type: VOTER last_known_addr { host: "127.19.214.132" port: 41839 } }
I20260630 12:31:15.908044 23479 tablet_service.cc:2072] Received LeaderStepDown RPC: tablet_id: "f5d6f271fcde42858f8c0d6146f721f3"
dest_uuid: "ec190d1fd0d5441da98b428b16f3d614"
mode: GRACEFUL
 from {username='slave'} at 127.0.0.1:35476
I20260630 12:31:15.908807 23479 raft_consensus.cc:606] T f5d6f271fcde42858f8c0d6146f721f3 P ec190d1fd0d5441da98b428b16f3d614 [term 2 LEADER]: Received request to transfer leadership
I20260630 12:31:15.909083 23328 tablet_service.cc:1917] Received RequestConsensusVote() RPC: tablet_id: "b378bfcbea3145ed817dc98cc33e3a81" candidate_uuid: "3b341e7707c14595bd77875181931edf" candidate_term: 2 candidate_status { last_received { term: 1 index: 1 } } ignore_live_leader: true dest_uuid: "e194fcc5ecae4714a4b17be284901d2c"
I20260630 12:31:15.909888 23328 raft_consensus.cc:3060] T b378bfcbea3145ed817dc98cc33e3a81 P e194fcc5ecae4714a4b17be284901d2c [term 1 FOLLOWER]: Advancing to term 2
I20260630 12:31:15.914968 23628 leader_election.cc:290] T b378bfcbea3145ed817dc98cc33e3a81 P 3b341e7707c14595bd77875181931edf [CANDIDATE]: Term 2 election: Requested vote from peers e194fcc5ecae4714a4b17be284901d2c (127.19.214.129:36563), b49dcd041f464deb9bb0c74c0bc866fe (127.19.214.130:34027)
I20260630 12:31:15.917163 23404 tablet_service.cc:1917] Received RequestConsensusVote() RPC: tablet_id: "b378bfcbea3145ed817dc98cc33e3a81" candidate_uuid: "3b341e7707c14595bd77875181931edf" candidate_term: 2 candidate_status { last_received { term: 1 index: 1 } } ignore_live_leader: true dest_uuid: "b49dcd041f464deb9bb0c74c0bc866fe"
I20260630 12:31:15.917972 23404 raft_consensus.cc:3055] T b378bfcbea3145ed817dc98cc33e3a81 P b49dcd041f464deb9bb0c74c0bc866fe [term 1 LEADER]: Stepping down as leader of term 1
I20260630 12:31:15.918308 23404 raft_consensus.cc:740] T b378bfcbea3145ed817dc98cc33e3a81 P b49dcd041f464deb9bb0c74c0bc866fe [term 1 LEADER]: Becoming Follower/Learner. State: Replica: b49dcd041f464deb9bb0c74c0bc866fe, State: Running, Role: LEADER
I20260630 12:31:15.918488 23478 raft_consensus.cc:1275] T 0e4553a131434d0cb57459d96e9bfd93 P ec190d1fd0d5441da98b428b16f3d614 [term 1 FOLLOWER]: Refusing update from remote peer b49dcd041f464deb9bb0c74c0bc866fe: Log matching property violated. Preceding OpId in replica: term: 1 index: 3. Preceding OpId from leader: term: 1 index: 4. (index mismatch)
I20260630 12:31:15.918988 23328 raft_consensus.cc:2468] T b378bfcbea3145ed817dc98cc33e3a81 P e194fcc5ecae4714a4b17be284901d2c [term 2 FOLLOWER]: Leader election vote request: Granting yes vote for candidate 3b341e7707c14595bd77875181931edf in term 2.
I20260630 12:31:15.920483 23625 raft_consensus.cc:1275] T 0e4553a131434d0cb57459d96e9bfd93 P 3b341e7707c14595bd77875181931edf [term 1 FOLLOWER]: Refusing update from remote peer b49dcd041f464deb9bb0c74c0bc866fe: Log matching property violated. Preceding OpId in replica: term: 1 index: 3. Preceding OpId from leader: term: 1 index: 4. (index mismatch)
I20260630 12:31:15.919442 23404 consensus_queue.cc:260] T b378bfcbea3145ed817dc98cc33e3a81 P b49dcd041f464deb9bb0c74c0bc866fe [NON_LEADER]: Queue going to NON_LEADER mode. State: All replicated index: 0, Majority replicated index: 1, Committed index: 1, Last appended: 1.1, Last appended by leader: 1, Current term: 1, Majority size: -1, State: 0, Mode: NON_LEADER, active raft config: opid_index: -1 OBSOLETE_local: false peers { permanent_uuid: "e194fcc5ecae4714a4b17be284901d2c" member_type: VOTER last_known_addr { host: "127.19.214.129" port: 36563 } } peers { permanent_uuid: "b49dcd041f464deb9bb0c74c0bc866fe" member_type: VOTER last_known_addr { host: "127.19.214.130" port: 34027 } } peers { permanent_uuid: "3b341e7707c14595bd77875181931edf" member_type: VOTER last_known_addr { host: "127.19.214.132" port: 41839 } }
I20260630 12:31:15.920601 23715 consensus_queue.cc:1048] T 0e4553a131434d0cb57459d96e9bfd93 P b49dcd041f464deb9bb0c74c0bc866fe [LEADER]: Connected to new peer: Peer: permanent_uuid: "ec190d1fd0d5441da98b428b16f3d614" member_type: VOTER last_known_addr { host: "127.19.214.131" port: 43657 }, Status: LMP_MISMATCH, Last received: 0.0, Next index: 4, Last known committed idx: 3, Time since last communication: 0.000s
I20260630 12:31:15.921914 23404 raft_consensus.cc:3060] T b378bfcbea3145ed817dc98cc33e3a81 P b49dcd041f464deb9bb0c74c0bc866fe [term 1 FOLLOWER]: Advancing to term 2
I20260630 12:31:15.921864 23793 raft_consensus.cc:2955] T 103a1c289deb4913a6d0d51a063883f9 P ec190d1fd0d5441da98b428b16f3d614 [term 1 LEADER]: Committing config change with OpId 1.3: config changed from index 2 to 3, 3b341e7707c14595bd77875181931edf (127.19.214.132) changed from NON_VOTER to VOTER. New config: { opid_index: 3 OBSOLETE_local: false peers { permanent_uuid: "e194fcc5ecae4714a4b17be284901d2c" member_type: VOTER last_known_addr { host: "127.19.214.129" port: 36563 } attrs { replace: true } } peers { permanent_uuid: "b49dcd041f464deb9bb0c74c0bc866fe" member_type: VOTER last_known_addr { host: "127.19.214.130" port: 34027 } } peers { permanent_uuid: "ec190d1fd0d5441da98b428b16f3d614" member_type: VOTER last_known_addr { host: "127.19.214.131" port: 43657 } } peers { permanent_uuid: "3b341e7707c14595bd77875181931edf" member_type: VOTER last_known_addr { host: "127.19.214.132" port: 41839 } attrs { promote: false } } }
I20260630 12:31:15.920336 23592 leader_election.cc:304] T b378bfcbea3145ed817dc98cc33e3a81 P 3b341e7707c14595bd77875181931edf [CANDIDATE]: Term 2 election: Election decided. Result: candidate won. Election summary: received 2 responses out of 3 voters: 2 yes votes; 0 no votes. yes voters: 3b341e7707c14595bd77875181931edf, e194fcc5ecae4714a4b17be284901d2c; no voters: 
I20260630 12:31:15.928508 23477 tablet_service.cc:2072] Received LeaderStepDown RPC: tablet_id: "f5d6f271fcde42858f8c0d6146f721f3"
dest_uuid: "ec190d1fd0d5441da98b428b16f3d614"
mode: GRACEFUL
 from {username='slave'} at 127.0.0.1:35476
I20260630 12:31:15.929286 23477 raft_consensus.cc:606] T f5d6f271fcde42858f8c0d6146f721f3 P ec190d1fd0d5441da98b428b16f3d614 [term 2 LEADER]: Received request to transfer leadership
I20260630 12:31:15.929661 23784 raft_consensus.cc:2804] T b378bfcbea3145ed817dc98cc33e3a81 P 3b341e7707c14595bd77875181931edf [term 2 FOLLOWER]: Leader election won for term 2
I20260630 12:31:15.931713 23404 raft_consensus.cc:2468] T b378bfcbea3145ed817dc98cc33e3a81 P b49dcd041f464deb9bb0c74c0bc866fe [term 2 FOLLOWER]: Leader election vote request: Granting yes vote for candidate 3b341e7707c14595bd77875181931edf in term 2.
I20260630 12:31:15.933636 23716 consensus_queue.cc:1048] T 0e4553a131434d0cb57459d96e9bfd93 P b49dcd041f464deb9bb0c74c0bc866fe [LEADER]: Connected to new peer: Peer: permanent_uuid: "3b341e7707c14595bd77875181931edf" member_type: VOTER last_known_addr { host: "127.19.214.132" port: 41839 } attrs { promote: false }, Status: LMP_MISMATCH, Last received: 0.0, Next index: 4, Last known committed idx: 3, Time since last communication: 0.001s
I20260630 12:31:15.933691 23625 raft_consensus.cc:2955] T 103a1c289deb4913a6d0d51a063883f9 P 3b341e7707c14595bd77875181931edf [term 1 FOLLOWER]: Committing config change with OpId 1.3: config changed from index 2 to 3, 3b341e7707c14595bd77875181931edf (127.19.214.132) changed from NON_VOTER to VOTER. New config: { opid_index: 3 OBSOLETE_local: false peers { permanent_uuid: "e194fcc5ecae4714a4b17be284901d2c" member_type: VOTER last_known_addr { host: "127.19.214.129" port: 36563 } attrs { replace: true } } peers { permanent_uuid: "b49dcd041f464deb9bb0c74c0bc866fe" member_type: VOTER last_known_addr { host: "127.19.214.130" port: 34027 } } peers { permanent_uuid: "ec190d1fd0d5441da98b428b16f3d614" member_type: VOTER last_known_addr { host: "127.19.214.131" port: 43657 } } peers { permanent_uuid: "3b341e7707c14595bd77875181931edf" member_type: VOTER last_known_addr { host: "127.19.214.132" port: 41839 } attrs { promote: false } } }
I20260630 12:31:15.938099 23784 raft_consensus.cc:697] T b378bfcbea3145ed817dc98cc33e3a81 P 3b341e7707c14595bd77875181931edf [term 2 LEADER]: Becoming Leader. State: Replica: 3b341e7707c14595bd77875181931edf, State: Running, Role: LEADER
I20260630 12:31:15.938585 23628 raft_consensus.cc:3060] T 8a1f76f8b0fe436d9a4d8abb7c256f59 P 3b341e7707c14595bd77875181931edf [term 1 LEARNER]: Advancing to term 2
I20260630 12:31:15.939270 23784 consensus_queue.cc:237] T b378bfcbea3145ed817dc98cc33e3a81 P 3b341e7707c14595bd77875181931edf [LEADER]: Queue going to LEADER mode. State: All replicated index: 0, Majority replicated index: 1, Committed index: 1, Last appended: 1.1, Last appended by leader: 1, Current term: 2, Majority size: 2, State: 0, Mode: LEADER, active raft config: opid_index: -1 OBSOLETE_local: false peers { permanent_uuid: "e194fcc5ecae4714a4b17be284901d2c" member_type: VOTER last_known_addr { host: "127.19.214.129" port: 36563 } } peers { permanent_uuid: "b49dcd041f464deb9bb0c74c0bc866fe" member_type: VOTER last_known_addr { host: "127.19.214.130" port: 34027 } } peers { permanent_uuid: "3b341e7707c14595bd77875181931edf" member_type: VOTER last_known_addr { host: "127.19.214.132" port: 41839 } }
I20260630 12:31:15.942796 23790 raft_consensus.cc:2955] T 0e4553a131434d0cb57459d96e9bfd93 P b49dcd041f464deb9bb0c74c0bc866fe [term 1 LEADER]: Committing config change with OpId 1.4: config changed from index 3 to 4, VOTER e194fcc5ecae4714a4b17be284901d2c (127.19.214.129) evicted. New config: { opid_index: 4 OBSOLETE_local: false peers { permanent_uuid: "b49dcd041f464deb9bb0c74c0bc866fe" member_type: VOTER last_known_addr { host: "127.19.214.130" port: 34027 } } peers { permanent_uuid: "ec190d1fd0d5441da98b428b16f3d614" member_type: VOTER last_known_addr { host: "127.19.214.131" port: 43657 } } peers { permanent_uuid: "3b341e7707c14595bd77875181931edf" member_type: VOTER last_known_addr { host: "127.19.214.132" port: 41839 } attrs { promote: false } } }
I20260630 12:31:15.947646 23628 raft_consensus.cc:1275] T 8a1f76f8b0fe436d9a4d8abb7c256f59 P 3b341e7707c14595bd77875181931edf [term 2 LEARNER]: Refusing update from remote peer b49dcd041f464deb9bb0c74c0bc866fe: Log matching property violated. Preceding OpId in replica: term: 1 index: 2. Preceding OpId from leader: term: 2 index: 3. (index mismatch)
I20260630 12:31:15.954406 23716 consensus_queue.cc:1048] T 8a1f76f8b0fe436d9a4d8abb7c256f59 P b49dcd041f464deb9bb0c74c0bc866fe [LEADER]: Connected to new peer: Peer: permanent_uuid: "3b341e7707c14595bd77875181931edf" member_type: NON_VOTER last_known_addr { host: "127.19.214.132" port: 41839 } attrs { promote: true }, Status: LMP_MISMATCH, Last received: 0.0, Next index: 3, Last known committed idx: 2, Time since last communication: 0.000s
I20260630 12:31:15.955615 23227 catalog_manager.cc:5697] T 103a1c289deb4913a6d0d51a063883f9 P ec190d1fd0d5441da98b428b16f3d614 reported cstate change: config changed from index 2 to 3, 3b341e7707c14595bd77875181931edf (127.19.214.132) changed from NON_VOTER to VOTER. New cstate: current_term: 1 leader_uuid: "ec190d1fd0d5441da98b428b16f3d614" committed_config { opid_index: 3 OBSOLETE_local: false peers { permanent_uuid: "e194fcc5ecae4714a4b17be284901d2c" member_type: VOTER last_known_addr { host: "127.19.214.129" port: 36563 } attrs { replace: true } health_report { overall_health: HEALTHY } } peers { permanent_uuid: "b49dcd041f464deb9bb0c74c0bc866fe" member_type: VOTER last_known_addr { host: "127.19.214.130" port: 34027 } health_report { overall_health: HEALTHY } } peers { permanent_uuid: "ec190d1fd0d5441da98b428b16f3d614" member_type: VOTER last_known_addr { host: "127.19.214.131" port: 43657 } health_report { overall_health: HEALTHY } } peers { permanent_uuid: "3b341e7707c14595bd77875181931edf" member_type: VOTER last_known_addr { host: "127.19.214.132" port: 41839 } attrs { promote: false } health_report { overall_health: HEALTHY } } }
I20260630 12:31:15.948470 23477 raft_consensus.cc:2955] T 0e4553a131434d0cb57459d96e9bfd93 P ec190d1fd0d5441da98b428b16f3d614 [term 1 FOLLOWER]: Committing config change with OpId 1.4: config changed from index 3 to 4, VOTER e194fcc5ecae4714a4b17be284901d2c (127.19.214.129) evicted. New config: { opid_index: 4 OBSOLETE_local: false peers { permanent_uuid: "b49dcd041f464deb9bb0c74c0bc866fe" member_type: VOTER last_known_addr { host: "127.19.214.130" port: 34027 } } peers { permanent_uuid: "ec190d1fd0d5441da98b428b16f3d614" member_type: VOTER last_known_addr { host: "127.19.214.131" port: 43657 } } peers { permanent_uuid: "3b341e7707c14595bd77875181931edf" member_type: VOTER last_known_addr { host: "127.19.214.132" port: 41839 } attrs { promote: false } } }
I20260630 12:31:15.961315 23626 raft_consensus.cc:2955] T 0e4553a131434d0cb57459d96e9bfd93 P 3b341e7707c14595bd77875181931edf [term 1 FOLLOWER]: Committing config change with OpId 1.4: config changed from index 3 to 4, VOTER e194fcc5ecae4714a4b17be284901d2c (127.19.214.129) evicted. New config: { opid_index: 4 OBSOLETE_local: false peers { permanent_uuid: "b49dcd041f464deb9bb0c74c0bc866fe" member_type: VOTER last_known_addr { host: "127.19.214.130" port: 34027 } } peers { permanent_uuid: "ec190d1fd0d5441da98b428b16f3d614" member_type: VOTER last_known_addr { host: "127.19.214.131" port: 43657 } } peers { permanent_uuid: "3b341e7707c14595bd77875181931edf" member_type: VOTER last_known_addr { host: "127.19.214.132" port: 41839 } attrs { promote: false } } }
I20260630 12:31:15.969594 23405 raft_consensus.cc:2955] T 103a1c289deb4913a6d0d51a063883f9 P b49dcd041f464deb9bb0c74c0bc866fe [term 1 FOLLOWER]: Committing config change with OpId 1.3: config changed from index 2 to 3, 3b341e7707c14595bd77875181931edf (127.19.214.132) changed from NON_VOTER to VOTER. New config: { opid_index: 3 OBSOLETE_local: false peers { permanent_uuid: "e194fcc5ecae4714a4b17be284901d2c" member_type: VOTER last_known_addr { host: "127.19.214.129" port: 36563 } attrs { replace: true } } peers { permanent_uuid: "b49dcd041f464deb9bb0c74c0bc866fe" member_type: VOTER last_known_addr { host: "127.19.214.130" port: 34027 } } peers { permanent_uuid: "ec190d1fd0d5441da98b428b16f3d614" member_type: VOTER last_known_addr { host: "127.19.214.131" port: 43657 } } peers { permanent_uuid: "3b341e7707c14595bd77875181931edf" member_type: VOTER last_known_addr { host: "127.19.214.132" port: 41839 } attrs { promote: false } } }
I20260630 12:31:15.972630 23328 raft_consensus.cc:2955] T 103a1c289deb4913a6d0d51a063883f9 P e194fcc5ecae4714a4b17be284901d2c [term 1 FOLLOWER]: Committing config change with OpId 1.3: config changed from index 2 to 3, 3b341e7707c14595bd77875181931edf (127.19.214.132) changed from NON_VOTER to VOTER. New config: { opid_index: 3 OBSOLETE_local: false peers { permanent_uuid: "e194fcc5ecae4714a4b17be284901d2c" member_type: VOTER last_known_addr { host: "127.19.214.129" port: 36563 } attrs { replace: true } } peers { permanent_uuid: "b49dcd041f464deb9bb0c74c0bc866fe" member_type: VOTER last_known_addr { host: "127.19.214.130" port: 34027 } } peers { permanent_uuid: "ec190d1fd0d5441da98b428b16f3d614" member_type: VOTER last_known_addr { host: "127.19.214.131" port: 43657 } } peers { permanent_uuid: "3b341e7707c14595bd77875181931edf" member_type: VOTER last_known_addr { host: "127.19.214.132" port: 41839 } attrs { promote: false } } }
I20260630 12:31:15.975991 23226 catalog_manager.cc:5697] T 0e4553a131434d0cb57459d96e9bfd93 P b49dcd041f464deb9bb0c74c0bc866fe reported cstate change: config changed from index 3 to 4, VOTER e194fcc5ecae4714a4b17be284901d2c (127.19.214.129) evicted. New cstate: current_term: 1 leader_uuid: "b49dcd041f464deb9bb0c74c0bc866fe" committed_config { opid_index: 4 OBSOLETE_local: false peers { permanent_uuid: "b49dcd041f464deb9bb0c74c0bc866fe" member_type: VOTER last_known_addr { host: "127.19.214.130" port: 34027 } health_report { overall_health: HEALTHY } } peers { permanent_uuid: "ec190d1fd0d5441da98b428b16f3d614" member_type: VOTER last_known_addr { host: "127.19.214.131" port: 43657 } health_report { overall_health: HEALTHY } } peers { permanent_uuid: "3b341e7707c14595bd77875181931edf" member_type: VOTER last_known_addr { host: "127.19.214.132" port: 41839 } attrs { promote: false } health_report { overall_health: HEALTHY } } }
I20260630 12:31:15.978194 23225 catalog_manager.cc:5697] T b378bfcbea3145ed817dc98cc33e3a81 P 3b341e7707c14595bd77875181931edf reported cstate change: term changed from 1 to 2, leader changed from b49dcd041f464deb9bb0c74c0bc866fe (127.19.214.130) to 3b341e7707c14595bd77875181931edf (127.19.214.132). New cstate: current_term: 2 leader_uuid: "3b341e7707c14595bd77875181931edf" committed_config { opid_index: -1 OBSOLETE_local: false peers { permanent_uuid: "e194fcc5ecae4714a4b17be284901d2c" member_type: VOTER last_known_addr { host: "127.19.214.129" port: 36563 } health_report { overall_health: UNKNOWN } } peers { permanent_uuid: "b49dcd041f464deb9bb0c74c0bc866fe" member_type: VOTER last_known_addr { host: "127.19.214.130" port: 34027 } health_report { overall_health: UNKNOWN } } peers { permanent_uuid: "3b341e7707c14595bd77875181931edf" member_type: VOTER last_known_addr { host: "127.19.214.132" port: 41839 } health_report { overall_health: HEALTHY } } }
I20260630 12:31:15.974534 23214 catalog_manager.cc:5210] ChangeConfig:REMOVE_PEER RPC for tablet 0e4553a131434d0cb57459d96e9bfd93 with cas_config_opid_index 3: ChangeConfig:REMOVE_PEER succeeded (attempt 1)
I20260630 12:31:15.994712 23715 raft_consensus.cc:1064] T 8a1f76f8b0fe436d9a4d8abb7c256f59 P b49dcd041f464deb9bb0c74c0bc866fe: attempting to promote NON_VOTER 3b341e7707c14595bd77875181931edf to VOTER
W20260630 12:31:15.995210 23715 raft_consensus.cc:1068] T 8a1f76f8b0fe436d9a4d8abb7c256f59 P b49dcd041f464deb9bb0c74c0bc866fe: Unable to promote non-voter 3b341e7707c14595bd77875181931edf: Service unavailable: leader transfer in progress
I20260630 12:31:15.980136 23477 consensus_queue.cc:237] T 103a1c289deb4913a6d0d51a063883f9 P ec190d1fd0d5441da98b428b16f3d614 [LEADER]: Queue going to LEADER mode. State: All replicated index: 0, Majority replicated index: 3, Committed index: 3, Last appended: 1.3, Last appended by leader: 0, Current term: 1, Majority size: 2, State: 0, Mode: LEADER, active raft config: opid_index: 4 OBSOLETE_local: false peers { permanent_uuid: "b49dcd041f464deb9bb0c74c0bc866fe" member_type: VOTER last_known_addr { host: "127.19.214.130" port: 34027 } } peers { permanent_uuid: "ec190d1fd0d5441da98b428b16f3d614" member_type: VOTER last_known_addr { host: "127.19.214.131" port: 43657 } } peers { permanent_uuid: "3b341e7707c14595bd77875181931edf" member_type: VOTER last_known_addr { host: "127.19.214.132" port: 41839 } attrs { promote: false } }
I20260630 12:31:15.998548 23313 tablet_service.cc:1558] Processing DeleteTablet for tablet 0e4553a131434d0cb57459d96e9bfd93 with delete_type TABLET_DATA_TOMBSTONED (TS e194fcc5ecae4714a4b17be284901d2c not found in new config with opid_index 4) from {username='slave'} at 127.0.0.1:59200
I20260630 12:31:16.002295 23814 tablet_replica.cc:333] T 0e4553a131434d0cb57459d96e9bfd93 P e194fcc5ecae4714a4b17be284901d2c: stopping tablet replica
I20260630 12:31:16.003502 23814 raft_consensus.cc:2243] T 0e4553a131434d0cb57459d96e9bfd93 P e194fcc5ecae4714a4b17be284901d2c [term 1 FOLLOWER]: Raft consensus shutting down.
I20260630 12:31:16.004320 23405 raft_consensus.cc:1275] T 103a1c289deb4913a6d0d51a063883f9 P b49dcd041f464deb9bb0c74c0bc866fe [term 1 FOLLOWER]: Refusing update from remote peer ec190d1fd0d5441da98b428b16f3d614: Log matching property violated. Preceding OpId in replica: term: 1 index: 3. Preceding OpId from leader: term: 1 index: 4. (index mismatch)
I20260630 12:31:16.004454 23628 raft_consensus.cc:1275] T 103a1c289deb4913a6d0d51a063883f9 P 3b341e7707c14595bd77875181931edf [term 1 FOLLOWER]: Refusing update from remote peer ec190d1fd0d5441da98b428b16f3d614: Log matching property violated. Preceding OpId in replica: term: 1 index: 3. Preceding OpId from leader: term: 1 index: 4. (index mismatch)
I20260630 12:31:16.004606 23814 raft_consensus.cc:2272] T 0e4553a131434d0cb57459d96e9bfd93 P e194fcc5ecae4714a4b17be284901d2c [term 1 FOLLOWER]: Raft consensus is shut down!
I20260630 12:31:16.006217 23549 consensus_queue.cc:1048] T 103a1c289deb4913a6d0d51a063883f9 P ec190d1fd0d5441da98b428b16f3d614 [LEADER]: Connected to new peer: Peer: permanent_uuid: "b49dcd041f464deb9bb0c74c0bc866fe" member_type: VOTER last_known_addr { host: "127.19.214.130" port: 34027 }, Status: LMP_MISMATCH, Last received: 0.0, Next index: 4, Last known committed idx: 3, Time since last communication: 0.000s
I20260630 12:31:16.006888 23328 raft_consensus.cc:1275] T 8a1f76f8b0fe436d9a4d8abb7c256f59 P e194fcc5ecae4714a4b17be284901d2c [term 2 FOLLOWER]: Refusing update from remote peer b49dcd041f464deb9bb0c74c0bc866fe: Log matching property violated. Preceding OpId in replica: term: 1 index: 2. Preceding OpId from leader: term: 2 index: 3. (index mismatch)
I20260630 12:31:16.008663 23716 consensus_queue.cc:1048] T 8a1f76f8b0fe436d9a4d8abb7c256f59 P b49dcd041f464deb9bb0c74c0bc866fe [LEADER]: Connected to new peer: Peer: permanent_uuid: "e194fcc5ecae4714a4b17be284901d2c" member_type: VOTER last_known_addr { host: "127.19.214.129" port: 36563 }, Status: LMP_MISMATCH, Last received: 0.0, Next index: 3, Last known committed idx: 2, Time since last communication: 0.000s
I20260630 12:31:16.010401 23549 consensus_queue.cc:1048] T 103a1c289deb4913a6d0d51a063883f9 P ec190d1fd0d5441da98b428b16f3d614 [LEADER]: Connected to new peer: Peer: permanent_uuid: "3b341e7707c14595bd77875181931edf" member_type: VOTER last_known_addr { host: "127.19.214.132" port: 41839 } attrs { promote: false }, Status: LMP_MISMATCH, Last received: 0.0, Next index: 4, Last known committed idx: 3, Time since last communication: 0.000s
I20260630 12:31:16.012105 23814 ts_tablet_manager.cc:1916] T 0e4553a131434d0cb57459d96e9bfd93 P e194fcc5ecae4714a4b17be284901d2c: Deleting tablet data with delete state TABLET_DATA_TOMBSTONED
I20260630 12:31:16.018545 23549 raft_consensus.cc:2955] T 103a1c289deb4913a6d0d51a063883f9 P ec190d1fd0d5441da98b428b16f3d614 [term 1 LEADER]: Committing config change with OpId 1.4: config changed from index 3 to 4, VOTER e194fcc5ecae4714a4b17be284901d2c (127.19.214.129) evicted. New config: { opid_index: 4 OBSOLETE_local: false peers { permanent_uuid: "b49dcd041f464deb9bb0c74c0bc866fe" member_type: VOTER last_known_addr { host: "127.19.214.130" port: 34027 } } peers { permanent_uuid: "ec190d1fd0d5441da98b428b16f3d614" member_type: VOTER last_known_addr { host: "127.19.214.131" port: 43657 } } peers { permanent_uuid: "3b341e7707c14595bd77875181931edf" member_type: VOTER last_known_addr { host: "127.19.214.132" port: 41839 } attrs { promote: false } } }
I20260630 12:31:16.022719 23405 raft_consensus.cc:2955] T 103a1c289deb4913a6d0d51a063883f9 P b49dcd041f464deb9bb0c74c0bc866fe [term 1 FOLLOWER]: Committing config change with OpId 1.4: config changed from index 3 to 4, VOTER e194fcc5ecae4714a4b17be284901d2c (127.19.214.129) evicted. New config: { opid_index: 4 OBSOLETE_local: false peers { permanent_uuid: "b49dcd041f464deb9bb0c74c0bc866fe" member_type: VOTER last_known_addr { host: "127.19.214.130" port: 34027 } } peers { permanent_uuid: "ec190d1fd0d5441da98b428b16f3d614" member_type: VOTER last_known_addr { host: "127.19.214.131" port: 43657 } } peers { permanent_uuid: "3b341e7707c14595bd77875181931edf" member_type: VOTER last_known_addr { host: "127.19.214.132" port: 41839 } attrs { promote: false } } }
I20260630 12:31:16.024405 23628 raft_consensus.cc:2955] T 103a1c289deb4913a6d0d51a063883f9 P 3b341e7707c14595bd77875181931edf [term 1 FOLLOWER]: Committing config change with OpId 1.4: config changed from index 3 to 4, VOTER e194fcc5ecae4714a4b17be284901d2c (127.19.214.129) evicted. New config: { opid_index: 4 OBSOLETE_local: false peers { permanent_uuid: "b49dcd041f464deb9bb0c74c0bc866fe" member_type: VOTER last_known_addr { host: "127.19.214.130" port: 34027 } } peers { permanent_uuid: "ec190d1fd0d5441da98b428b16f3d614" member_type: VOTER last_known_addr { host: "127.19.214.131" port: 43657 } } peers { permanent_uuid: "3b341e7707c14595bd77875181931edf" member_type: VOTER last_known_addr { host: "127.19.214.132" port: 41839 } attrs { promote: false } } }
I20260630 12:31:16.037990 23215 catalog_manager.cc:5210] ChangeConfig:REMOVE_PEER RPC for tablet 103a1c289deb4913a6d0d51a063883f9 with cas_config_opid_index 3: ChangeConfig:REMOVE_PEER succeeded (attempt 1)
I20260630 12:31:16.039156 23225 catalog_manager.cc:5697] T 103a1c289deb4913a6d0d51a063883f9 P b49dcd041f464deb9bb0c74c0bc866fe reported cstate change: config changed from index 3 to 4, VOTER e194fcc5ecae4714a4b17be284901d2c (127.19.214.129) evicted. New cstate: current_term: 1 leader_uuid: "ec190d1fd0d5441da98b428b16f3d614" committed_config { opid_index: 4 OBSOLETE_local: false peers { permanent_uuid: "b49dcd041f464deb9bb0c74c0bc866fe" member_type: VOTER last_known_addr { host: "127.19.214.130" port: 34027 } } peers { permanent_uuid: "ec190d1fd0d5441da98b428b16f3d614" member_type: VOTER last_known_addr { host: "127.19.214.131" port: 43657 } } peers { permanent_uuid: "3b341e7707c14595bd77875181931edf" member_type: VOTER last_known_addr { host: "127.19.214.132" port: 41839 } attrs { promote: false } } }
I20260630 12:31:16.046579 23814 ts_tablet_manager.cc:1929] T 0e4553a131434d0cb57459d96e9bfd93 P e194fcc5ecae4714a4b17be284901d2c: tablet deleted with delete type TABLET_DATA_TOMBSTONED: last-logged OpId 1.3
I20260630 12:31:16.047545 23814 log.cc:1199] T 0e4553a131434d0cb57459d96e9bfd93 P e194fcc5ecae4714a4b17be284901d2c: Deleting WAL directory at /tmp/dist-test-taskYWALry/test-tmp/auto_rebalancer-test.0.AutoRebalancerTest.RangeAwareRebalancesNewRangeReplicas.1782822584743019-20314-0/minicluster-data/ts-0-root/wals/0e4553a131434d0cb57459d96e9bfd93
I20260630 12:31:16.049789 23215 catalog_manager.cc:5028] TS e194fcc5ecae4714a4b17be284901d2c (127.19.214.129:36563): tablet 0e4553a131434d0cb57459d96e9bfd93 (table range_aware_rebalance_new_range [id=2b34d04659fe4240a16cb9e0134fb7ae]) successfully deleted
I20260630 12:31:16.057108 23716 raft_consensus.cc:993] T 8a1f76f8b0fe436d9a4d8abb7c256f59 P b49dcd041f464deb9bb0c74c0bc866fe: : Instructing follower e194fcc5ecae4714a4b17be284901d2c to start an election
I20260630 12:31:16.057624 23716 raft_consensus.cc:1081] T 8a1f76f8b0fe436d9a4d8abb7c256f59 P b49dcd041f464deb9bb0c74c0bc866fe [term 2 LEADER]: Signalling peer e194fcc5ecae4714a4b17be284901d2c to start an election
I20260630 12:31:16.060431 23313 tablet_service.cc:1558] Processing DeleteTablet for tablet 103a1c289deb4913a6d0d51a063883f9 with delete_type TABLET_DATA_TOMBSTONED (TS e194fcc5ecae4714a4b17be284901d2c not found in new config with opid_index 4) from {username='slave'} at 127.0.0.1:59200
I20260630 12:31:16.061225 23330 tablet_service.cc:2044] Received Run Leader Election RPC: tablet_id: "8a1f76f8b0fe436d9a4d8abb7c256f59"
dest_uuid: "e194fcc5ecae4714a4b17be284901d2c"
 from {username='slave'} at 127.0.0.1:59224
I20260630 12:31:16.061972 23814 tablet_replica.cc:333] T 103a1c289deb4913a6d0d51a063883f9 P e194fcc5ecae4714a4b17be284901d2c: stopping tablet replica
I20260630 12:31:16.062093 23330 raft_consensus.cc:493] T 8a1f76f8b0fe436d9a4d8abb7c256f59 P e194fcc5ecae4714a4b17be284901d2c [term 2 FOLLOWER]: Starting forced leader election (received explicit request)
I20260630 12:31:16.062548 23330 raft_consensus.cc:3060] T 8a1f76f8b0fe436d9a4d8abb7c256f59 P e194fcc5ecae4714a4b17be284901d2c [term 2 FOLLOWER]: Advancing to term 3
I20260630 12:31:16.063071 23814 raft_consensus.cc:2243] T 103a1c289deb4913a6d0d51a063883f9 P e194fcc5ecae4714a4b17be284901d2c [term 1 FOLLOWER]: Raft consensus shutting down.
I20260630 12:31:16.063932 23814 raft_consensus.cc:2272] T 103a1c289deb4913a6d0d51a063883f9 P e194fcc5ecae4714a4b17be284901d2c [term 1 FOLLOWER]: Raft consensus is shut down!
I20260630 12:31:16.068138 23814 ts_tablet_manager.cc:1916] T 103a1c289deb4913a6d0d51a063883f9 P e194fcc5ecae4714a4b17be284901d2c: Deleting tablet data with delete state TABLET_DATA_TOMBSTONED
I20260630 12:31:16.074298 23477 raft_consensus.cc:1275] T 8a1f76f8b0fe436d9a4d8abb7c256f59 P ec190d1fd0d5441da98b428b16f3d614 [term 2 FOLLOWER]: Refusing update from remote peer b49dcd041f464deb9bb0c74c0bc866fe: Log matching property violated. Preceding OpId in replica: term: 1 index: 2. Preceding OpId from leader: term: 2 index: 3. (index mismatch)
I20260630 12:31:16.075609 23330 raft_consensus.cc:515] T 8a1f76f8b0fe436d9a4d8abb7c256f59 P e194fcc5ecae4714a4b17be284901d2c [term 3 FOLLOWER]: Starting forced leader election with config: opid_index: 2 OBSOLETE_local: false peers { permanent_uuid: "e194fcc5ecae4714a4b17be284901d2c" member_type: VOTER last_known_addr { host: "127.19.214.129" port: 36563 } } peers { permanent_uuid: "b49dcd041f464deb9bb0c74c0bc866fe" member_type: VOTER last_known_addr { host: "127.19.214.130" port: 34027 } attrs { replace: true } } peers { permanent_uuid: "ec190d1fd0d5441da98b428b16f3d614" member_type: VOTER last_known_addr { host: "127.19.214.131" port: 43657 } } peers { permanent_uuid: "3b341e7707c14595bd77875181931edf" member_type: NON_VOTER last_known_addr { host: "127.19.214.132" port: 41839 } attrs { promote: true } }
I20260630 12:31:16.076331 23715 consensus_queue.cc:1048] T 8a1f76f8b0fe436d9a4d8abb7c256f59 P b49dcd041f464deb9bb0c74c0bc866fe [LEADER]: Connected to new peer: Peer: permanent_uuid: "ec190d1fd0d5441da98b428b16f3d614" member_type: VOTER last_known_addr { host: "127.19.214.131" port: 43657 }, Status: LMP_MISMATCH, Last received: 0.0, Next index: 3, Last known committed idx: 2, Time since last communication: 0.000s
I20260630 12:31:16.077698 23328 raft_consensus.cc:1240] T 8a1f76f8b0fe436d9a4d8abb7c256f59 P e194fcc5ecae4714a4b17be284901d2c [term 3 FOLLOWER]: Rejecting Update request from peer b49dcd041f464deb9bb0c74c0bc866fe for earlier term 2. Current term is 3. Ops: []
I20260630 12:31:16.079849 23330 leader_election.cc:290] T 8a1f76f8b0fe436d9a4d8abb7c256f59 P e194fcc5ecae4714a4b17be284901d2c [CANDIDATE]: Term 3 election: Requested vote from peers b49dcd041f464deb9bb0c74c0bc866fe (127.19.214.130:34027), ec190d1fd0d5441da98b428b16f3d614 (127.19.214.131:43657)
I20260630 12:31:16.080135 23405 tablet_service.cc:1917] Received RequestConsensusVote() RPC: tablet_id: "8a1f76f8b0fe436d9a4d8abb7c256f59" candidate_uuid: "e194fcc5ecae4714a4b17be284901d2c" candidate_term: 3 candidate_status { last_received { term: 2 index: 3 } } ignore_live_leader: true dest_uuid: "b49dcd041f464deb9bb0c74c0bc866fe"
I20260630 12:31:16.080734 23405 raft_consensus.cc:3055] T 8a1f76f8b0fe436d9a4d8abb7c256f59 P b49dcd041f464deb9bb0c74c0bc866fe [term 2 LEADER]: Stepping down as leader of term 2
I20260630 12:31:16.081103 23405 raft_consensus.cc:740] T 8a1f76f8b0fe436d9a4d8abb7c256f59 P b49dcd041f464deb9bb0c74c0bc866fe [term 2 LEADER]: Becoming Follower/Learner. State: Replica: b49dcd041f464deb9bb0c74c0bc866fe, State: Running, Role: LEADER
I20260630 12:31:16.081048 23477 tablet_service.cc:1917] Received RequestConsensusVote() RPC: tablet_id: "8a1f76f8b0fe436d9a4d8abb7c256f59" candidate_uuid: "e194fcc5ecae4714a4b17be284901d2c" candidate_term: 3 candidate_status { last_received { term: 2 index: 3 } } ignore_live_leader: true dest_uuid: "ec190d1fd0d5441da98b428b16f3d614"
I20260630 12:31:16.096896 23814 ts_tablet_manager.cc:1929] T 103a1c289deb4913a6d0d51a063883f9 P e194fcc5ecae4714a4b17be284901d2c: tablet deleted with delete type TABLET_DATA_TOMBSTONED: last-logged OpId 1.3
I20260630 12:31:16.097548 23814 log.cc:1199] T 103a1c289deb4913a6d0d51a063883f9 P e194fcc5ecae4714a4b17be284901d2c: Deleting WAL directory at /tmp/dist-test-taskYWALry/test-tmp/auto_rebalancer-test.0.AutoRebalancerTest.RangeAwareRebalancesNewRangeReplicas.1782822584743019-20314-0/minicluster-data/ts-0-root/wals/103a1c289deb4913a6d0d51a063883f9
I20260630 12:31:16.099546 23215 catalog_manager.cc:5028] TS e194fcc5ecae4714a4b17be284901d2c (127.19.214.129:36563): tablet 103a1c289deb4913a6d0d51a063883f9 (table range_aware_rebalance_new_range [id=2b34d04659fe4240a16cb9e0134fb7ae]) successfully deleted
I20260630 12:31:16.108134 23405 consensus_queue.cc:260] T 8a1f76f8b0fe436d9a4d8abb7c256f59 P b49dcd041f464deb9bb0c74c0bc866fe [NON_LEADER]: Queue going to NON_LEADER mode. State: All replicated index: 0, Majority replicated index: 3, Committed index: 3, Last appended: 2.3, Last appended by leader: 3, Current term: 2, Majority size: -1, State: 0, Mode: NON_LEADER, active raft config: opid_index: 2 OBSOLETE_local: false peers { permanent_uuid: "e194fcc5ecae4714a4b17be284901d2c" member_type: VOTER last_known_addr { host: "127.19.214.129" port: 36563 } } peers { permanent_uuid: "b49dcd041f464deb9bb0c74c0bc866fe" member_type: VOTER last_known_addr { host: "127.19.214.130" port: 34027 } attrs { replace: true } } peers { permanent_uuid: "ec190d1fd0d5441da98b428b16f3d614" member_type: VOTER last_known_addr { host: "127.19.214.131" port: 43657 } } peers { permanent_uuid: "3b341e7707c14595bd77875181931edf" member_type: NON_VOTER last_known_addr { host: "127.19.214.132" port: 41839 } attrs { promote: true } }
I20260630 12:31:16.109805 23790 consensus_queue.cc:1059] T 8a1f76f8b0fe436d9a4d8abb7c256f59 P b49dcd041f464deb9bb0c74c0bc866fe [NON_LEADER]: Peer responded invalid term: Peer: permanent_uuid: "e194fcc5ecae4714a4b17be284901d2c" member_type: VOTER last_known_addr { host: "127.19.214.129" port: 36563 }, Status: INVALID_TERM, Last received: 2.3, Next index: 4, Last known committed idx: 2, Time since last communication: 0.001s
I20260630 12:31:16.120122 23405 raft_consensus.cc:3060] T 8a1f76f8b0fe436d9a4d8abb7c256f59 P b49dcd041f464deb9bb0c74c0bc866fe [term 2 FOLLOWER]: Advancing to term 3
I20260630 12:31:16.141788 23405 raft_consensus.cc:2468] T 8a1f76f8b0fe436d9a4d8abb7c256f59 P b49dcd041f464deb9bb0c74c0bc866fe [term 3 FOLLOWER]: Leader election vote request: Granting yes vote for candidate e194fcc5ecae4714a4b17be284901d2c in term 3.
I20260630 12:31:16.143072 23295 leader_election.cc:304] T 8a1f76f8b0fe436d9a4d8abb7c256f59 P e194fcc5ecae4714a4b17be284901d2c [CANDIDATE]: Term 3 election: Election decided. Result: candidate won. Election summary: received 3 responses out of 3 voters: 2 yes votes; 1 no votes. yes voters: b49dcd041f464deb9bb0c74c0bc866fe, e194fcc5ecae4714a4b17be284901d2c; no voters: ec190d1fd0d5441da98b428b16f3d614
I20260630 12:31:16.144335 23766 raft_consensus.cc:2804] T 8a1f76f8b0fe436d9a4d8abb7c256f59 P e194fcc5ecae4714a4b17be284901d2c [term 3 FOLLOWER]: Leader election won for term 3
I20260630 12:31:16.144814 23766 raft_consensus.cc:697] T 8a1f76f8b0fe436d9a4d8abb7c256f59 P e194fcc5ecae4714a4b17be284901d2c [term 3 LEADER]: Becoming Leader. State: Replica: e194fcc5ecae4714a4b17be284901d2c, State: Running, Role: LEADER
I20260630 12:31:16.145742 23766 consensus_queue.cc:237] T 8a1f76f8b0fe436d9a4d8abb7c256f59 P e194fcc5ecae4714a4b17be284901d2c [LEADER]: Queue going to LEADER mode. State: All replicated index: 0, Majority replicated index: 2, Committed index: 2, Last appended: 2.3, Last appended by leader: 3, Current term: 3, Majority size: 2, State: 0, Mode: LEADER, active raft config: opid_index: 2 OBSOLETE_local: false peers { permanent_uuid: "e194fcc5ecae4714a4b17be284901d2c" member_type: VOTER last_known_addr { host: "127.19.214.129" port: 36563 } } peers { permanent_uuid: "b49dcd041f464deb9bb0c74c0bc866fe" member_type: VOTER last_known_addr { host: "127.19.214.130" port: 34027 } attrs { replace: true } } peers { permanent_uuid: "ec190d1fd0d5441da98b428b16f3d614" member_type: VOTER last_known_addr { host: "127.19.214.131" port: 43657 } } peers { permanent_uuid: "3b341e7707c14595bd77875181931edf" member_type: NON_VOTER last_known_addr { host: "127.19.214.132" port: 41839 } attrs { promote: true } }
I20260630 12:31:16.153393 23225 catalog_manager.cc:5697] T 8a1f76f8b0fe436d9a4d8abb7c256f59 P e194fcc5ecae4714a4b17be284901d2c reported cstate change: term changed from 2 to 3, leader changed from b49dcd041f464deb9bb0c74c0bc866fe (127.19.214.130) to e194fcc5ecae4714a4b17be284901d2c (127.19.214.129). New cstate: current_term: 3 leader_uuid: "e194fcc5ecae4714a4b17be284901d2c" committed_config { opid_index: 2 OBSOLETE_local: false peers { permanent_uuid: "e194fcc5ecae4714a4b17be284901d2c" member_type: VOTER last_known_addr { host: "127.19.214.129" port: 36563 } health_report { overall_health: HEALTHY } } peers { permanent_uuid: "b49dcd041f464deb9bb0c74c0bc866fe" member_type: VOTER last_known_addr { host: "127.19.214.130" port: 34027 } attrs { replace: true } health_report { overall_health: UNKNOWN } } peers { permanent_uuid: "ec190d1fd0d5441da98b428b16f3d614" member_type: VOTER last_known_addr { host: "127.19.214.131" port: 43657 } health_report { overall_health: UNKNOWN } } peers { permanent_uuid: "3b341e7707c14595bd77875181931edf" member_type: NON_VOTER last_known_addr { host: "127.19.214.132" port: 41839 } attrs { promote: true } health_report { overall_health: UNKNOWN } } }
I20260630 12:31:16.206118 23328 raft_consensus.cc:1275] T f5d6f271fcde42858f8c0d6146f721f3 P e194fcc5ecae4714a4b17be284901d2c [term 2 FOLLOWER]: Refusing update from remote peer ec190d1fd0d5441da98b428b16f3d614: Log matching property violated. Preceding OpId in replica: term: 1 index: 2. Preceding OpId from leader: term: 2 index: 3. (index mismatch)
I20260630 12:31:16.207600 23549 consensus_queue.cc:1048] T f5d6f271fcde42858f8c0d6146f721f3 P ec190d1fd0d5441da98b428b16f3d614 [LEADER]: Connected to new peer: Peer: permanent_uuid: "e194fcc5ecae4714a4b17be284901d2c" member_type: VOTER last_known_addr { host: "127.19.214.129" port: 36563 }, Status: LMP_MISMATCH, Last received: 0.0, Next index: 3, Last known committed idx: 2, Time since last communication: 0.000s
I20260630 12:31:16.214531 23793 raft_consensus.cc:993] T f5d6f271fcde42858f8c0d6146f721f3 P ec190d1fd0d5441da98b428b16f3d614: : Instructing follower e194fcc5ecae4714a4b17be284901d2c to start an election
I20260630 12:31:16.215413 23549 raft_consensus.cc:1081] T f5d6f271fcde42858f8c0d6146f721f3 P ec190d1fd0d5441da98b428b16f3d614 [term 2 LEADER]: Signalling peer e194fcc5ecae4714a4b17be284901d2c to start an election
I20260630 12:31:16.217890 23330 tablet_service.cc:2044] Received Run Leader Election RPC: tablet_id: "f5d6f271fcde42858f8c0d6146f721f3"
dest_uuid: "e194fcc5ecae4714a4b17be284901d2c"
 from {username='slave'} at 127.0.0.1:59214
I20260630 12:31:16.220906 23628 raft_consensus.cc:3060] T f5d6f271fcde42858f8c0d6146f721f3 P 3b341e7707c14595bd77875181931edf [term 1 LEARNER]: Advancing to term 2
I20260630 12:31:16.222604 23405 raft_consensus.cc:1275] T f5d6f271fcde42858f8c0d6146f721f3 P b49dcd041f464deb9bb0c74c0bc866fe [term 2 FOLLOWER]: Refusing update from remote peer ec190d1fd0d5441da98b428b16f3d614: Log matching property violated. Preceding OpId in replica: term: 1 index: 2. Preceding OpId from leader: term: 2 index: 3. (index mismatch)
I20260630 12:31:16.222949 23330 raft_consensus.cc:493] T f5d6f271fcde42858f8c0d6146f721f3 P e194fcc5ecae4714a4b17be284901d2c [term 2 FOLLOWER]: Starting forced leader election (received explicit request)
I20260630 12:31:16.223426 23330 raft_consensus.cc:3060] T f5d6f271fcde42858f8c0d6146f721f3 P e194fcc5ecae4714a4b17be284901d2c [term 2 FOLLOWER]: Advancing to term 3
I20260630 12:31:16.224830 23794 consensus_queue.cc:1048] T f5d6f271fcde42858f8c0d6146f721f3 P ec190d1fd0d5441da98b428b16f3d614 [LEADER]: Connected to new peer: Peer: permanent_uuid: "b49dcd041f464deb9bb0c74c0bc866fe" member_type: VOTER last_known_addr { host: "127.19.214.130" port: 34027 }, Status: LMP_MISMATCH, Last received: 0.0, Next index: 3, Last known committed idx: 2, Time since last communication: 0.000s
I20260630 12:31:16.229861 23628 raft_consensus.cc:1275] T f5d6f271fcde42858f8c0d6146f721f3 P 3b341e7707c14595bd77875181931edf [term 2 LEARNER]: Refusing update from remote peer ec190d1fd0d5441da98b428b16f3d614: Log matching property violated. Preceding OpId in replica: term: 1 index: 2. Preceding OpId from leader: term: 2 index: 3. (index mismatch)
