I20260630 12:31:18.946563 23989 raft_consensus.cc:2955] T 802d28b9259049ceaf82cb46067c2a25 P 722daaf0df6a48aebc97b0cc194bdead [term 2 LEADER]: Committing config change with OpId 2.4: config changed from index 3 to 4, 1c05fbe7a9c2477ca49840761db64282 (127.19.240.4) changed from NON_VOTER to VOTER. New config: { opid_index: 4 OBSOLETE_local: false peers { permanent_uuid: "2096c0d913724a85a59fe8b563da0155" member_type: VOTER last_known_addr { host: "127.19.240.1" port: 33427 } } peers { permanent_uuid: "722daaf0df6a48aebc97b0cc194bdead" member_type: VOTER last_known_addr { host: "127.19.240.2" port: 45215 } } peers { permanent_uuid: "ef9b5eab367f4735930205a7cd508f1e" member_type: VOTER last_known_addr { host: "127.19.240.3" port: 33095 } attrs { replace: true } } peers { permanent_uuid: "1c05fbe7a9c2477ca49840761db64282" member_type: VOTER last_known_addr { host: "127.19.240.4" port: 41169 } attrs { promote: false } } }
I20260630 12:31:18.953474 23973 raft_consensus.cc:2955] T 8290e72c4b204734b952538f63440256 P ef9b5eab367f4735930205a7cd508f1e [term 1 LEADER]: Committing config change with OpId 1.3: config changed from index 2 to 3, 722daaf0df6a48aebc97b0cc194bdead (127.19.240.2) changed from NON_VOTER to VOTER. New config: { opid_index: 3 OBSOLETE_local: false peers { permanent_uuid: "ef9b5eab367f4735930205a7cd508f1e" member_type: VOTER last_known_addr { host: "127.19.240.3" port: 33095 } } peers { permanent_uuid: "1c05fbe7a9c2477ca49840761db64282" member_type: VOTER last_known_addr { host: "127.19.240.4" port: 41169 } attrs { replace: true } } peers { permanent_uuid: "2096c0d913724a85a59fe8b563da0155" member_type: VOTER last_known_addr { host: "127.19.240.1" port: 33427 } } peers { permanent_uuid: "722daaf0df6a48aebc97b0cc194bdead" member_type: VOTER last_known_addr { host: "127.19.240.2" port: 45215 } attrs { promote: false } } }
I20260630 12:31:18.955986 23738 raft_consensus.cc:2955] T 802d28b9259049ceaf82cb46067c2a25 P 1c05fbe7a9c2477ca49840761db64282 [term 2 FOLLOWER]: Committing config change with OpId 2.4: config changed from index 3 to 4, 1c05fbe7a9c2477ca49840761db64282 (127.19.240.4) changed from NON_VOTER to VOTER. New config: { opid_index: 4 OBSOLETE_local: false peers { permanent_uuid: "2096c0d913724a85a59fe8b563da0155" member_type: VOTER last_known_addr { host: "127.19.240.1" port: 33427 } } peers { permanent_uuid: "722daaf0df6a48aebc97b0cc194bdead" member_type: VOTER last_known_addr { host: "127.19.240.2" port: 45215 } } peers { permanent_uuid: "ef9b5eab367f4735930205a7cd508f1e" member_type: VOTER last_known_addr { host: "127.19.240.3" port: 33095 } attrs { replace: true } } peers { permanent_uuid: "1c05fbe7a9c2477ca49840761db64282" member_type: VOTER last_known_addr { host: "127.19.240.4" port: 41169 } attrs { promote: false } } }
I20260630 12:31:18.962899 23435 raft_consensus.cc:2955] T 8290e72c4b204734b952538f63440256 P 2096c0d913724a85a59fe8b563da0155 [term 1 FOLLOWER]: Committing config change with OpId 1.3: config changed from index 2 to 3, 722daaf0df6a48aebc97b0cc194bdead (127.19.240.2) changed from NON_VOTER to VOTER. New config: { opid_index: 3 OBSOLETE_local: false peers { permanent_uuid: "ef9b5eab367f4735930205a7cd508f1e" member_type: VOTER last_known_addr { host: "127.19.240.3" port: 33095 } } peers { permanent_uuid: "1c05fbe7a9c2477ca49840761db64282" member_type: VOTER last_known_addr { host: "127.19.240.4" port: 41169 } attrs { replace: true } } peers { permanent_uuid: "2096c0d913724a85a59fe8b563da0155" member_type: VOTER last_known_addr { host: "127.19.240.1" port: 33427 } } peers { permanent_uuid: "722daaf0df6a48aebc97b0cc194bdead" member_type: VOTER last_known_addr { host: "127.19.240.2" port: 45215 } attrs { promote: false } } }
I20260630 12:31:18.964848 23740 raft_consensus.cc:2955] T 8290e72c4b204734b952538f63440256 P 1c05fbe7a9c2477ca49840761db64282 [term 1 FOLLOWER]: Committing config change with OpId 1.3: config changed from index 2 to 3, 722daaf0df6a48aebc97b0cc194bdead (127.19.240.2) changed from NON_VOTER to VOTER. New config: { opid_index: 3 OBSOLETE_local: false peers { permanent_uuid: "ef9b5eab367f4735930205a7cd508f1e" member_type: VOTER last_known_addr { host: "127.19.240.3" port: 33095 } } peers { permanent_uuid: "1c05fbe7a9c2477ca49840761db64282" member_type: VOTER last_known_addr { host: "127.19.240.4" port: 41169 } attrs { replace: true } } peers { permanent_uuid: "2096c0d913724a85a59fe8b563da0155" member_type: VOTER last_known_addr { host: "127.19.240.1" port: 33427 } } peers { permanent_uuid: "722daaf0df6a48aebc97b0cc194bdead" member_type: VOTER last_known_addr { host: "127.19.240.2" port: 45215 } attrs { promote: false } } }
I20260630 12:31:18.982105 23335 catalog_manager.cc:5697] T 8290e72c4b204734b952538f63440256 P 1c05fbe7a9c2477ca49840761db64282 reported cstate change: config changed from index 2 to 3, 722daaf0df6a48aebc97b0cc194bdead (127.19.240.2) changed from NON_VOTER to VOTER. New cstate: current_term: 1 leader_uuid: "ef9b5eab367f4735930205a7cd508f1e" committed_config { opid_index: 3 OBSOLETE_local: false peers { permanent_uuid: "ef9b5eab367f4735930205a7cd508f1e" member_type: VOTER last_known_addr { host: "127.19.240.3" port: 33095 } } peers { permanent_uuid: "1c05fbe7a9c2477ca49840761db64282" member_type: VOTER last_known_addr { host: "127.19.240.4" port: 41169 } attrs { replace: true } } peers { permanent_uuid: "2096c0d913724a85a59fe8b563da0155" member_type: VOTER last_known_addr { host: "127.19.240.1" port: 33427 } } peers { permanent_uuid: "722daaf0df6a48aebc97b0cc194bdead" member_type: VOTER last_known_addr { host: "127.19.240.2" port: 45215 } attrs { promote: false } } }
I20260630 12:31:18.983836 23435 raft_consensus.cc:2955] T 802d28b9259049ceaf82cb46067c2a25 P 2096c0d913724a85a59fe8b563da0155 [term 2 FOLLOWER]: Committing config change with OpId 2.4: config changed from index 3 to 4, 1c05fbe7a9c2477ca49840761db64282 (127.19.240.4) changed from NON_VOTER to VOTER. New config: { opid_index: 4 OBSOLETE_local: false peers { permanent_uuid: "2096c0d913724a85a59fe8b563da0155" member_type: VOTER last_known_addr { host: "127.19.240.1" port: 33427 } } peers { permanent_uuid: "722daaf0df6a48aebc97b0cc194bdead" member_type: VOTER last_known_addr { host: "127.19.240.2" port: 45215 } } peers { permanent_uuid: "ef9b5eab367f4735930205a7cd508f1e" member_type: VOTER last_known_addr { host: "127.19.240.3" port: 33095 } attrs { replace: true } } peers { permanent_uuid: "1c05fbe7a9c2477ca49840761db64282" member_type: VOTER last_known_addr { host: "127.19.240.4" port: 41169 } attrs { promote: false } } }
I20260630 12:31:18.986030 23511 raft_consensus.cc:2955] T 8290e72c4b204734b952538f63440256 P 722daaf0df6a48aebc97b0cc194bdead [term 1 FOLLOWER]: Committing config change with OpId 1.3: config changed from index 2 to 3, 722daaf0df6a48aebc97b0cc194bdead (127.19.240.2) changed from NON_VOTER to VOTER. New config: { opid_index: 3 OBSOLETE_local: false peers { permanent_uuid: "ef9b5eab367f4735930205a7cd508f1e" member_type: VOTER last_known_addr { host: "127.19.240.3" port: 33095 } } peers { permanent_uuid: "1c05fbe7a9c2477ca49840761db64282" member_type: VOTER last_known_addr { host: "127.19.240.4" port: 41169 } attrs { replace: true } } peers { permanent_uuid: "2096c0d913724a85a59fe8b563da0155" member_type: VOTER last_known_addr { host: "127.19.240.1" port: 33427 } } peers { permanent_uuid: "722daaf0df6a48aebc97b0cc194bdead" member_type: VOTER last_known_addr { host: "127.19.240.2" port: 45215 } attrs { promote: false } } }
I20260630 12:31:18.994104 23332 catalog_manager.cc:5697] T 802d28b9259049ceaf82cb46067c2a25 P 722daaf0df6a48aebc97b0cc194bdead reported cstate change: config changed from index 3 to 4, 1c05fbe7a9c2477ca49840761db64282 (127.19.240.4) changed from NON_VOTER to VOTER. New cstate: current_term: 2 leader_uuid: "722daaf0df6a48aebc97b0cc194bdead" committed_config { opid_index: 4 OBSOLETE_local: false peers { permanent_uuid: "2096c0d913724a85a59fe8b563da0155" member_type: VOTER last_known_addr { host: "127.19.240.1" port: 33427 } health_report { overall_health: HEALTHY } } peers { permanent_uuid: "722daaf0df6a48aebc97b0cc194bdead" member_type: VOTER last_known_addr { host: "127.19.240.2" port: 45215 } health_report { overall_health: HEALTHY } } peers { permanent_uuid: "ef9b5eab367f4735930205a7cd508f1e" member_type: VOTER last_known_addr { host: "127.19.240.3" port: 33095 } attrs { replace: true } health_report { overall_health: UNKNOWN } } peers { permanent_uuid: "1c05fbe7a9c2477ca49840761db64282" member_type: VOTER last_known_addr { host: "127.19.240.4" port: 41169 } attrs { promote: false } health_report { overall_health: HEALTHY } } }
I20260630 12:31:18.998754 23976 consensus_queue.cc:1059] T 362d8ab4d2c545cdbd27998d83466e1c P 2096c0d913724a85a59fe8b563da0155 [NON_LEADER]: Peer responded invalid term: Peer: permanent_uuid: "722daaf0df6a48aebc97b0cc194bdead" member_type: VOTER last_known_addr { host: "127.19.240.2" port: 45215 }, Status: INVALID_TERM, Last received: 3.4, Next index: 5, Last known committed idx: 3, Time since last communication: 0.000s
I20260630 12:31:19.000346 23993 consensus_queue.cc:1048] T 362d8ab4d2c545cdbd27998d83466e1c P 2096c0d913724a85a59fe8b563da0155 [NON_LEADER]: Connected to new peer: Peer: permanent_uuid: "1c05fbe7a9c2477ca49840761db64282" member_type: NON_VOTER last_known_addr { host: "127.19.240.4" port: 41169 } attrs { promote: true }, Status: LMP_MISMATCH, Last received: 0.0, Next index: 4, Last known committed idx: 3, Time since last communication: 0.000s
I20260630 12:31:19.005636 23437 raft_consensus.cc:3060] T 362d8ab4d2c545cdbd27998d83466e1c P 2096c0d913724a85a59fe8b563da0155 [term 3 FOLLOWER]: Advancing to term 4
I20260630 12:31:19.014285 23586 consensus_queue.cc:237] T 8290e72c4b204734b952538f63440256 P ef9b5eab367f4735930205a7cd508f1e [LEADER]: Queue going to LEADER mode. State: All replicated index: 0, Majority replicated index: 3, Committed index: 3, Last appended: 1.3, Last appended by leader: 0, Current term: 1, Majority size: 2, State: 0, Mode: LEADER, active raft config: opid_index: 4 OBSOLETE_local: false peers { permanent_uuid: "ef9b5eab367f4735930205a7cd508f1e" member_type: VOTER last_known_addr { host: "127.19.240.3" port: 33095 } } peers { permanent_uuid: "2096c0d913724a85a59fe8b563da0155" member_type: VOTER last_known_addr { host: "127.19.240.1" port: 33427 } } peers { permanent_uuid: "722daaf0df6a48aebc97b0cc194bdead" member_type: VOTER last_known_addr { host: "127.19.240.2" port: 45215 } attrs { promote: false } }
I20260630 12:31:19.014339 23585 raft_consensus.cc:2955] T 802d28b9259049ceaf82cb46067c2a25 P ef9b5eab367f4735930205a7cd508f1e [term 2 FOLLOWER]: Committing config change with OpId 2.4: config changed from index 3 to 4, 1c05fbe7a9c2477ca49840761db64282 (127.19.240.4) changed from NON_VOTER to VOTER. New config: { opid_index: 4 OBSOLETE_local: false peers { permanent_uuid: "2096c0d913724a85a59fe8b563da0155" member_type: VOTER last_known_addr { host: "127.19.240.1" port: 33427 } } peers { permanent_uuid: "722daaf0df6a48aebc97b0cc194bdead" member_type: VOTER last_known_addr { host: "127.19.240.2" port: 45215 } } peers { permanent_uuid: "ef9b5eab367f4735930205a7cd508f1e" member_type: VOTER last_known_addr { host: "127.19.240.3" port: 33095 } attrs { replace: true } } peers { permanent_uuid: "1c05fbe7a9c2477ca49840761db64282" member_type: VOTER last_known_addr { host: "127.19.240.4" port: 41169 } attrs { promote: false } } }
I20260630 12:31:19.021144 23437 raft_consensus.cc:2468] T 362d8ab4d2c545cdbd27998d83466e1c P 2096c0d913724a85a59fe8b563da0155 [term 4 FOLLOWER]: Leader election vote request: Granting yes vote for candidate 722daaf0df6a48aebc97b0cc194bdead in term 4.
I20260630 12:31:19.021291 23511 raft_consensus.cc:1275] T 8290e72c4b204734b952538f63440256 P 722daaf0df6a48aebc97b0cc194bdead [term 1 FOLLOWER]: Refusing update from remote peer ef9b5eab367f4735930205a7cd508f1e: Log matching property violated. Preceding OpId in replica: term: 1 index: 3. Preceding OpId from leader: term: 1 index: 4. (index mismatch)
I20260630 12:31:19.022838 23992 consensus_queue.cc:1048] T 8290e72c4b204734b952538f63440256 P ef9b5eab367f4735930205a7cd508f1e [LEADER]: Connected to new peer: Peer: permanent_uuid: "722daaf0df6a48aebc97b0cc194bdead" member_type: VOTER last_known_addr { host: "127.19.240.2" port: 45215 } attrs { promote: false }, Status: LMP_MISMATCH, Last received: 0.0, Next index: 4, Last known committed idx: 3, Time since last communication: 0.000s
I20260630 12:31:19.027549 23510 consensus_queue.cc:237] T 802d28b9259049ceaf82cb46067c2a25 P 722daaf0df6a48aebc97b0cc194bdead [LEADER]: Queue going to LEADER mode. State: All replicated index: 0, Majority replicated index: 4, Committed index: 4, Last appended: 2.4, Last appended by leader: 1, Current term: 2, Majority size: 2, State: 0, Mode: LEADER, active raft config: opid_index: 5 OBSOLETE_local: false peers { permanent_uuid: "2096c0d913724a85a59fe8b563da0155" member_type: VOTER last_known_addr { host: "127.19.240.1" port: 33427 } } peers { permanent_uuid: "722daaf0df6a48aebc97b0cc194bdead" member_type: VOTER last_known_addr { host: "127.19.240.2" port: 45215 } } peers { permanent_uuid: "1c05fbe7a9c2477ca49840761db64282" member_type: VOTER last_known_addr { host: "127.19.240.4" port: 41169 } attrs { promote: false } }
I20260630 12:31:19.029886 24001 raft_consensus.cc:2955] T 8290e72c4b204734b952538f63440256 P ef9b5eab367f4735930205a7cd508f1e [term 1 LEADER]: Committing config change with OpId 1.4: config changed from index 3 to 4, VOTER 1c05fbe7a9c2477ca49840761db64282 (127.19.240.4) evicted. New config: { opid_index: 4 OBSOLETE_local: false peers { permanent_uuid: "ef9b5eab367f4735930205a7cd508f1e" member_type: VOTER last_known_addr { host: "127.19.240.3" port: 33095 } } peers { permanent_uuid: "2096c0d913724a85a59fe8b563da0155" member_type: VOTER last_known_addr { host: "127.19.240.1" port: 33427 } } peers { permanent_uuid: "722daaf0df6a48aebc97b0cc194bdead" member_type: VOTER last_known_addr { host: "127.19.240.2" port: 45215 } attrs { promote: false } } }
I20260630 12:31:19.033041 23511 raft_consensus.cc:2955] T 8290e72c4b204734b952538f63440256 P 722daaf0df6a48aebc97b0cc194bdead [term 1 FOLLOWER]: Committing config change with OpId 1.4: config changed from index 3 to 4, VOTER 1c05fbe7a9c2477ca49840761db64282 (127.19.240.4) evicted. New config: { opid_index: 4 OBSOLETE_local: false peers { permanent_uuid: "ef9b5eab367f4735930205a7cd508f1e" member_type: VOTER last_known_addr { host: "127.19.240.3" port: 33095 } } peers { permanent_uuid: "2096c0d913724a85a59fe8b563da0155" member_type: VOTER last_known_addr { host: "127.19.240.1" port: 33427 } } peers { permanent_uuid: "722daaf0df6a48aebc97b0cc194bdead" member_type: VOTER last_known_addr { host: "127.19.240.2" port: 45215 } attrs { promote: false } } }
I20260630 12:31:19.034693 23738 raft_consensus.cc:1275] T 802d28b9259049ceaf82cb46067c2a25 P 1c05fbe7a9c2477ca49840761db64282 [term 2 FOLLOWER]: Refusing update from remote peer 722daaf0df6a48aebc97b0cc194bdead: Log matching property violated. Preceding OpId in replica: term: 2 index: 4. Preceding OpId from leader: term: 2 index: 5. (index mismatch)
I20260630 12:31:19.036185 23975 consensus_queue.cc:1048] T 802d28b9259049ceaf82cb46067c2a25 P 722daaf0df6a48aebc97b0cc194bdead [LEADER]: Connected to new peer: Peer: permanent_uuid: "1c05fbe7a9c2477ca49840761db64282" member_type: VOTER last_known_addr { host: "127.19.240.4" port: 41169 } attrs { promote: false }, Status: LMP_MISMATCH, Last received: 0.0, Next index: 5, Last known committed idx: 4, Time since last communication: 0.000s
I20260630 12:31:19.042812 23437 raft_consensus.cc:1275] T 802d28b9259049ceaf82cb46067c2a25 P 2096c0d913724a85a59fe8b563da0155 [term 2 FOLLOWER]: Refusing update from remote peer 722daaf0df6a48aebc97b0cc194bdead: Log matching property violated. Preceding OpId in replica: term: 2 index: 4. Preceding OpId from leader: term: 2 index: 5. (index mismatch)
I20260630 12:31:19.044461 23975 consensus_queue.cc:1048] T 802d28b9259049ceaf82cb46067c2a25 P 722daaf0df6a48aebc97b0cc194bdead [LEADER]: Connected to new peer: Peer: permanent_uuid: "2096c0d913724a85a59fe8b563da0155" member_type: VOTER last_known_addr { host: "127.19.240.1" port: 33427 }, Status: LMP_MISMATCH, Last received: 0.0, Next index: 5, Last known committed idx: 4, Time since last communication: 0.000s
I20260630 12:31:19.046663 23435 raft_consensus.cc:1275] T 8290e72c4b204734b952538f63440256 P 2096c0d913724a85a59fe8b563da0155 [term 1 FOLLOWER]: Refusing update from remote peer ef9b5eab367f4735930205a7cd508f1e: Log matching property violated. Preceding OpId in replica: term: 1 index: 3. Preceding OpId from leader: term: 1 index: 4. (index mismatch)
I20260630 12:31:19.049407 23989 raft_consensus.cc:2955] T 802d28b9259049ceaf82cb46067c2a25 P 722daaf0df6a48aebc97b0cc194bdead [term 2 LEADER]: Committing config change with OpId 2.5: config changed from index 4 to 5, VOTER ef9b5eab367f4735930205a7cd508f1e (127.19.240.3) evicted. New config: { opid_index: 5 OBSOLETE_local: false peers { permanent_uuid: "2096c0d913724a85a59fe8b563da0155" member_type: VOTER last_known_addr { host: "127.19.240.1" port: 33427 } } peers { permanent_uuid: "722daaf0df6a48aebc97b0cc194bdead" member_type: VOTER last_known_addr { host: "127.19.240.2" port: 45215 } } peers { permanent_uuid: "1c05fbe7a9c2477ca49840761db64282" member_type: VOTER last_known_addr { host: "127.19.240.4" port: 41169 } attrs { promote: false } } }
I20260630 12:31:19.051450 23322 catalog_manager.cc:5210] ChangeConfig:REMOVE_PEER RPC for tablet 8290e72c4b204734b952538f63440256 with cas_config_opid_index 3: ChangeConfig:REMOVE_PEER succeeded (attempt 1)
I20260630 12:31:19.052699 23992 consensus_queue.cc:1048] T 8290e72c4b204734b952538f63440256 P ef9b5eab367f4735930205a7cd508f1e [LEADER]: Connected to new peer: Peer: permanent_uuid: "2096c0d913724a85a59fe8b563da0155" member_type: VOTER last_known_addr { host: "127.19.240.1" port: 33427 }, Status: LMP_MISMATCH, Last received: 0.0, Next index: 4, Last known committed idx: 3, Time since last communication: 0.000s
I20260630 12:31:19.053277 23740 raft_consensus.cc:2955] T 802d28b9259049ceaf82cb46067c2a25 P 1c05fbe7a9c2477ca49840761db64282 [term 2 FOLLOWER]: Committing config change with OpId 2.5: config changed from index 4 to 5, VOTER ef9b5eab367f4735930205a7cd508f1e (127.19.240.3) evicted. New config: { opid_index: 5 OBSOLETE_local: false peers { permanent_uuid: "2096c0d913724a85a59fe8b563da0155" member_type: VOTER last_known_addr { host: "127.19.240.1" port: 33427 } } peers { permanent_uuid: "722daaf0df6a48aebc97b0cc194bdead" member_type: VOTER last_known_addr { host: "127.19.240.2" port: 45215 } } peers { permanent_uuid: "1c05fbe7a9c2477ca49840761db64282" member_type: VOTER last_known_addr { host: "127.19.240.4" port: 41169 } attrs { promote: false } } }
I20260630 12:31:19.057288 23436 raft_consensus.cc:2955] T 8290e72c4b204734b952538f63440256 P 2096c0d913724a85a59fe8b563da0155 [term 1 FOLLOWER]: Committing config change with OpId 1.4: config changed from index 3 to 4, VOTER 1c05fbe7a9c2477ca49840761db64282 (127.19.240.4) evicted. New config: { opid_index: 4 OBSOLETE_local: false peers { permanent_uuid: "ef9b5eab367f4735930205a7cd508f1e" member_type: VOTER last_known_addr { host: "127.19.240.3" port: 33095 } } peers { permanent_uuid: "2096c0d913724a85a59fe8b563da0155" member_type: VOTER last_known_addr { host: "127.19.240.1" port: 33427 } } peers { permanent_uuid: "722daaf0df6a48aebc97b0cc194bdead" member_type: VOTER last_known_addr { host: "127.19.240.2" port: 45215 } attrs { promote: false } } }
I20260630 12:31:19.058708 23435 raft_consensus.cc:2955] T 802d28b9259049ceaf82cb46067c2a25 P 2096c0d913724a85a59fe8b563da0155 [term 2 FOLLOWER]: Committing config change with OpId 2.5: config changed from index 4 to 5, VOTER ef9b5eab367f4735930205a7cd508f1e (127.19.240.3) evicted. New config: { opid_index: 5 OBSOLETE_local: false peers { permanent_uuid: "2096c0d913724a85a59fe8b563da0155" member_type: VOTER last_known_addr { host: "127.19.240.1" port: 33427 } } peers { permanent_uuid: "722daaf0df6a48aebc97b0cc194bdead" member_type: VOTER last_known_addr { host: "127.19.240.2" port: 45215 } } peers { permanent_uuid: "1c05fbe7a9c2477ca49840761db64282" member_type: VOTER last_known_addr { host: "127.19.240.4" port: 41169 } attrs { promote: false } } }
I20260630 12:31:19.069084 23332 catalog_manager.cc:5697] T 8290e72c4b204734b952538f63440256 P ef9b5eab367f4735930205a7cd508f1e reported cstate change: config changed from index 3 to 4, VOTER 1c05fbe7a9c2477ca49840761db64282 (127.19.240.4) evicted. New cstate: current_term: 1 leader_uuid: "ef9b5eab367f4735930205a7cd508f1e" committed_config { opid_index: 4 OBSOLETE_local: false peers { permanent_uuid: "ef9b5eab367f4735930205a7cd508f1e" member_type: VOTER last_known_addr { host: "127.19.240.3" port: 33095 } health_report { overall_health: HEALTHY } } peers { permanent_uuid: "2096c0d913724a85a59fe8b563da0155" member_type: VOTER last_known_addr { host: "127.19.240.1" port: 33427 } health_report { overall_health: UNKNOWN } } peers { permanent_uuid: "722daaf0df6a48aebc97b0cc194bdead" member_type: VOTER last_known_addr { host: "127.19.240.2" port: 45215 } attrs { promote: false } health_report { overall_health: HEALTHY } } }
I20260630 12:31:19.074769 23319 catalog_manager.cc:5210] ChangeConfig:REMOVE_PEER RPC for tablet 802d28b9259049ceaf82cb46067c2a25 with cas_config_opid_index 4: ChangeConfig:REMOVE_PEER succeeded (attempt 1)
I20260630 12:31:19.073275 23335 catalog_manager.cc:5697] T 802d28b9259049ceaf82cb46067c2a25 P 1c05fbe7a9c2477ca49840761db64282 reported cstate change: config changed from index 4 to 5, VOTER ef9b5eab367f4735930205a7cd508f1e (127.19.240.3) evicted. New cstate: current_term: 2 leader_uuid: "722daaf0df6a48aebc97b0cc194bdead" committed_config { opid_index: 5 OBSOLETE_local: false peers { permanent_uuid: "2096c0d913724a85a59fe8b563da0155" member_type: VOTER last_known_addr { host: "127.19.240.1" port: 33427 } } peers { permanent_uuid: "722daaf0df6a48aebc97b0cc194bdead" member_type: VOTER last_known_addr { host: "127.19.240.2" port: 45215 } } peers { permanent_uuid: "1c05fbe7a9c2477ca49840761db64282" member_type: VOTER last_known_addr { host: "127.19.240.4" port: 41169 } attrs { promote: false } } }
I20260630 12:31:19.080749 23724 tablet_service.cc:1558] Processing DeleteTablet for tablet 8290e72c4b204734b952538f63440256 with delete_type TABLET_DATA_TOMBSTONED (TS 1c05fbe7a9c2477ca49840761db64282 not found in new config with opid_index 4) from {username='slave'} at 127.0.0.1:48526
I20260630 12:31:19.081698 23990 tablet_replica.cc:333] T 8290e72c4b204734b952538f63440256 P 1c05fbe7a9c2477ca49840761db64282: stopping tablet replica
I20260630 12:31:19.082643 23990 raft_consensus.cc:2243] T 8290e72c4b204734b952538f63440256 P 1c05fbe7a9c2477ca49840761db64282 [term 1 FOLLOWER]: Raft consensus shutting down.
I20260630 12:31:19.085341 23990 raft_consensus.cc:2272] T 8290e72c4b204734b952538f63440256 P 1c05fbe7a9c2477ca49840761db64282 [term 1 FOLLOWER]: Raft consensus is shut down!
I20260630 12:31:19.086308 23571 tablet_service.cc:1558] Processing DeleteTablet for tablet 802d28b9259049ceaf82cb46067c2a25 with delete_type TABLET_DATA_TOMBSTONED (TS ef9b5eab367f4735930205a7cd508f1e not found in new config with opid_index 5) from {username='slave'} at 127.0.0.1:40516
I20260630 12:31:19.088896 23990 ts_tablet_manager.cc:1916] T 8290e72c4b204734b952538f63440256 P 1c05fbe7a9c2477ca49840761db64282: Deleting tablet data with delete state TABLET_DATA_TOMBSTONED
I20260630 12:31:19.097846 24008 tablet_replica.cc:333] T 802d28b9259049ceaf82cb46067c2a25 P ef9b5eab367f4735930205a7cd508f1e: stopping tablet replica
I20260630 12:31:19.098959 24008 raft_consensus.cc:2243] T 802d28b9259049ceaf82cb46067c2a25 P ef9b5eab367f4735930205a7cd508f1e [term 2 FOLLOWER]: Raft consensus shutting down.
I20260630 12:31:19.099735 24008 raft_consensus.cc:2272] T 802d28b9259049ceaf82cb46067c2a25 P ef9b5eab367f4735930205a7cd508f1e [term 2 FOLLOWER]: Raft consensus is shut down!
I20260630 12:31:19.103458 24008 ts_tablet_manager.cc:1916] T 802d28b9259049ceaf82cb46067c2a25 P ef9b5eab367f4735930205a7cd508f1e: Deleting tablet data with delete state TABLET_DATA_TOMBSTONED
I20260630 12:31:19.110224 23990 ts_tablet_manager.cc:1929] T 8290e72c4b204734b952538f63440256 P 1c05fbe7a9c2477ca49840761db64282: tablet deleted with delete type TABLET_DATA_TOMBSTONED: last-logged OpId 1.3
I20260630 12:31:19.110749 23990 log.cc:1199] T 8290e72c4b204734b952538f63440256 P 1c05fbe7a9c2477ca49840761db64282: Deleting WAL directory at /tmp/dist-test-taskgO6QuD/test-tmp/auto_rebalancer-test.0.AutoRebalancerTest.RangeAwareRebalancesNewRangeReplicas.1782822582416028-20416-0/minicluster-data/ts-3-root/wals/8290e72c4b204734b952538f63440256
I20260630 12:31:19.112433 23319 catalog_manager.cc:5028] TS 1c05fbe7a9c2477ca49840761db64282 (127.19.240.4:41169): tablet 8290e72c4b204734b952538f63440256 (table range_aware_rebalance_new_range [id=3fd13c1e6bc44bb6ae4ebc870f262158]) successfully deleted
I20260630 12:31:19.118108 24008 ts_tablet_manager.cc:1929] T 802d28b9259049ceaf82cb46067c2a25 P ef9b5eab367f4735930205a7cd508f1e: tablet deleted with delete type TABLET_DATA_TOMBSTONED: last-logged OpId 2.4
I20260630 12:31:19.118528 24008 log.cc:1199] T 802d28b9259049ceaf82cb46067c2a25 P ef9b5eab367f4735930205a7cd508f1e: Deleting WAL directory at /tmp/dist-test-taskgO6QuD/test-tmp/auto_rebalancer-test.0.AutoRebalancerTest.RangeAwareRebalancesNewRangeReplicas.1782822582416028-20416-0/minicluster-data/ts-2-root/wals/802d28b9259049ceaf82cb46067c2a25
I20260630 12:31:19.119853 23322 catalog_manager.cc:5028] TS ef9b5eab367f4735930205a7cd508f1e (127.19.240.3:33095): tablet 802d28b9259049ceaf82cb46067c2a25 (table range_aware_rebalance_new_range [id=3fd13c1e6bc44bb6ae4ebc870f262158]) successfully deleted
I20260630 12:31:19.415544 23435 raft_consensus.cc:1275] T 362d8ab4d2c545cdbd27998d83466e1c P 2096c0d913724a85a59fe8b563da0155 [term 4 FOLLOWER]: Refusing update from remote peer 722daaf0df6a48aebc97b0cc194bdead: Log matching property violated. Preceding OpId in replica: term: 3 index: 4. Preceding OpId from leader: term: 4 index: 5. (index mismatch)
I20260630 12:31:19.416967 23975 consensus_queue.cc:1048] T 362d8ab4d2c545cdbd27998d83466e1c P 722daaf0df6a48aebc97b0cc194bdead [LEADER]: Connected to new peer: Peer: permanent_uuid: "2096c0d913724a85a59fe8b563da0155" member_type: VOTER last_known_addr { host: "127.19.240.1" port: 33427 } attrs { replace: true }, Status: LMP_MISMATCH, Last received: 0.0, Next index: 5, Last known committed idx: 4, Time since last communication: 0.000s
I20260630 12:31:19.424841 23740 raft_consensus.cc:3060] T 362d8ab4d2c545cdbd27998d83466e1c P 1c05fbe7a9c2477ca49840761db64282 [term 3 LEARNER]: Advancing to term 4
I20260630 12:31:19.425876 23585 raft_consensus.cc:1275] T 362d8ab4d2c545cdbd27998d83466e1c P ef9b5eab367f4735930205a7cd508f1e [term 4 FOLLOWER]: Refusing update from remote peer 722daaf0df6a48aebc97b0cc194bdead: Log matching property violated. Preceding OpId in replica: term: 2 index: 3. Preceding OpId from leader: term: 4 index: 5. (index mismatch)
I20260630 12:31:19.427532 23975 consensus_queue.cc:1048] T 362d8ab4d2c545cdbd27998d83466e1c P 722daaf0df6a48aebc97b0cc194bdead [LEADER]: Connected to new peer: Peer: permanent_uuid: "ef9b5eab367f4735930205a7cd508f1e" member_type: VOTER last_known_addr { host: "127.19.240.3" port: 33095 }, Status: LMP_MISMATCH, Last received: 0.0, Next index: 5, Last known committed idx: 3, Time since last communication: 0.000s
I20260630 12:31:19.432040 23740 raft_consensus.cc:1275] T 362d8ab4d2c545cdbd27998d83466e1c P 1c05fbe7a9c2477ca49840761db64282 [term 4 LEARNER]: Refusing update from remote peer 722daaf0df6a48aebc97b0cc194bdead: Log matching property violated. Preceding OpId in replica: term: 2 index: 3. Preceding OpId from leader: term: 4 index: 5. (index mismatch)
I20260630 12:31:19.435086 23975 consensus_queue.cc:1048] T 362d8ab4d2c545cdbd27998d83466e1c P 722daaf0df6a48aebc97b0cc194bdead [LEADER]: Connected to new peer: Peer: permanent_uuid: "1c05fbe7a9c2477ca49840761db64282" member_type: NON_VOTER last_known_addr { host: "127.19.240.4" port: 41169 } attrs { promote: true }, Status: LMP_MISMATCH, Last received: 0.0, Next index: 5, Last known committed idx: 3, Time since last communication: 0.001s
I20260630 12:31:19.449370 23975 raft_consensus.cc:1064] T 362d8ab4d2c545cdbd27998d83466e1c P 722daaf0df6a48aebc97b0cc194bdead: attempting to promote NON_VOTER 1c05fbe7a9c2477ca49840761db64282 to VOTER
I20260630 12:31:19.451803 23975 consensus_queue.cc:237] T 362d8ab4d2c545cdbd27998d83466e1c P 722daaf0df6a48aebc97b0cc194bdead [LEADER]: Queue going to LEADER mode. State: All replicated index: 0, Majority replicated index: 5, Committed index: 5, Last appended: 4.5, Last appended by leader: 4, Current term: 4, Majority size: 3, State: 0, Mode: LEADER, active raft config: opid_index: 6 OBSOLETE_local: false peers { permanent_uuid: "2096c0d913724a85a59fe8b563da0155" member_type: VOTER last_known_addr { host: "127.19.240.1" port: 33427 } attrs { replace: true } } peers { permanent_uuid: "722daaf0df6a48aebc97b0cc194bdead" member_type: VOTER last_known_addr { host: "127.19.240.2" port: 45215 } } peers { permanent_uuid: "ef9b5eab367f4735930205a7cd508f1e" member_type: VOTER last_known_addr { host: "127.19.240.3" port: 33095 } } peers { permanent_uuid: "1c05fbe7a9c2477ca49840761db64282" member_type: VOTER last_known_addr { host: "127.19.240.4" port: 41169 } attrs { promote: false } }
I20260630 12:31:19.458021 23738 raft_consensus.cc:1275] T 362d8ab4d2c545cdbd27998d83466e1c P 1c05fbe7a9c2477ca49840761db64282 [term 4 LEARNER]: Refusing update from remote peer 722daaf0df6a48aebc97b0cc194bdead: Log matching property violated. Preceding OpId in replica: term: 4 index: 5. Preceding OpId from leader: term: 4 index: 6. (index mismatch)
I20260630 12:31:19.458096 23585 raft_consensus.cc:1275] T 362d8ab4d2c545cdbd27998d83466e1c P ef9b5eab367f4735930205a7cd508f1e [term 4 FOLLOWER]: Refusing update from remote peer 722daaf0df6a48aebc97b0cc194bdead: Log matching property violated. Preceding OpId in replica: term: 4 index: 5. Preceding OpId from leader: term: 4 index: 6. (index mismatch)
I20260630 12:31:19.459427 23975 consensus_queue.cc:1048] T 362d8ab4d2c545cdbd27998d83466e1c P 722daaf0df6a48aebc97b0cc194bdead [LEADER]: Connected to new peer: Peer: permanent_uuid: "1c05fbe7a9c2477ca49840761db64282" member_type: VOTER last_known_addr { host: "127.19.240.4" port: 41169 } attrs { promote: false }, Status: LMP_MISMATCH, Last received: 0.0, Next index: 6, Last known committed idx: 5, Time since last communication: 0.000s
I20260630 12:31:19.459923 23435 raft_consensus.cc:1275] T 362d8ab4d2c545cdbd27998d83466e1c P 2096c0d913724a85a59fe8b563da0155 [term 4 FOLLOWER]: Refusing update from remote peer 722daaf0df6a48aebc97b0cc194bdead: Log matching property violated. Preceding OpId in replica: term: 4 index: 5. Preceding OpId from leader: term: 4 index: 6. (index mismatch)
I20260630 12:31:19.461129 23948 consensus_queue.cc:1048] T 362d8ab4d2c545cdbd27998d83466e1c P 722daaf0df6a48aebc97b0cc194bdead [LEADER]: Connected to new peer: Peer: permanent_uuid: "ef9b5eab367f4735930205a7cd508f1e" member_type: VOTER last_known_addr { host: "127.19.240.3" port: 33095 }, Status: LMP_MISMATCH, Last received: 0.0, Next index: 6, Last known committed idx: 5, Time since last communication: 0.000s
I20260630 12:31:19.463737 23948 consensus_queue.cc:1048] T 362d8ab4d2c545cdbd27998d83466e1c P 722daaf0df6a48aebc97b0cc194bdead [LEADER]: Connected to new peer: Peer: permanent_uuid: "2096c0d913724a85a59fe8b563da0155" member_type: VOTER last_known_addr { host: "127.19.240.1" port: 33427 } attrs { replace: true }, Status: LMP_MISMATCH, Last received: 0.0, Next index: 6, Last known committed idx: 5, Time since last communication: 0.000s
I20260630 12:31:19.467353 23948 raft_consensus.cc:2955] T 362d8ab4d2c545cdbd27998d83466e1c P 722daaf0df6a48aebc97b0cc194bdead [term 4 LEADER]: Committing config change with OpId 4.6: config changed from index 3 to 6, 1c05fbe7a9c2477ca49840761db64282 (127.19.240.4) changed from NON_VOTER to VOTER. New config: { opid_index: 6 OBSOLETE_local: false peers { permanent_uuid: "2096c0d913724a85a59fe8b563da0155" member_type: VOTER last_known_addr { host: "127.19.240.1" port: 33427 } attrs { replace: true } } peers { permanent_uuid: "722daaf0df6a48aebc97b0cc194bdead" member_type: VOTER last_known_addr { host: "127.19.240.2" port: 45215 } } peers { permanent_uuid: "ef9b5eab367f4735930205a7cd508f1e" member_type: VOTER last_known_addr { host: "127.19.240.3" port: 33095 } } peers { permanent_uuid: "1c05fbe7a9c2477ca49840761db64282" member_type: VOTER last_known_addr { host: "127.19.240.4" port: 41169 } attrs { promote: false } } }
I20260630 12:31:19.468858 23738 raft_consensus.cc:2955] T 362d8ab4d2c545cdbd27998d83466e1c P 1c05fbe7a9c2477ca49840761db64282 [term 4 FOLLOWER]: Committing config change with OpId 4.6: config changed from index 3 to 6, 1c05fbe7a9c2477ca49840761db64282 (127.19.240.4) changed from NON_VOTER to VOTER. New config: { opid_index: 6 OBSOLETE_local: false peers { permanent_uuid: "2096c0d913724a85a59fe8b563da0155" member_type: VOTER last_known_addr { host: "127.19.240.1" port: 33427 } attrs { replace: true } } peers { permanent_uuid: "722daaf0df6a48aebc97b0cc194bdead" member_type: VOTER last_known_addr { host: "127.19.240.2" port: 45215 } } peers { permanent_uuid: "ef9b5eab367f4735930205a7cd508f1e" member_type: VOTER last_known_addr { host: "127.19.240.3" port: 33095 } } peers { permanent_uuid: "1c05fbe7a9c2477ca49840761db64282" member_type: VOTER last_known_addr { host: "127.19.240.4" port: 41169 } attrs { promote: false } } }
I20260630 12:31:19.472107 23435 raft_consensus.cc:2955] T 362d8ab4d2c545cdbd27998d83466e1c P 2096c0d913724a85a59fe8b563da0155 [term 4 FOLLOWER]: Committing config change with OpId 4.6: config changed from index 3 to 6, 1c05fbe7a9c2477ca49840761db64282 (127.19.240.4) changed from NON_VOTER to VOTER. New config: { opid_index: 6 OBSOLETE_local: false peers { permanent_uuid: "2096c0d913724a85a59fe8b563da0155" member_type: VOTER last_known_addr { host: "127.19.240.1" port: 33427 } attrs { replace: true } } peers { permanent_uuid: "722daaf0df6a48aebc97b0cc194bdead" member_type: VOTER last_known_addr { host: "127.19.240.2" port: 45215 } } peers { permanent_uuid: "ef9b5eab367f4735930205a7cd508f1e" member_type: VOTER last_known_addr { host: "127.19.240.3" port: 33095 } } peers { permanent_uuid: "1c05fbe7a9c2477ca49840761db64282" member_type: VOTER last_known_addr { host: "127.19.240.4" port: 41169 } attrs { promote: false } } }
I20260630 12:31:19.479317 23334 catalog_manager.cc:5697] T 362d8ab4d2c545cdbd27998d83466e1c P 722daaf0df6a48aebc97b0cc194bdead reported cstate change: config changed from index 3 to 6, 1c05fbe7a9c2477ca49840761db64282 (127.19.240.4) changed from NON_VOTER to VOTER. New cstate: current_term: 4 leader_uuid: "722daaf0df6a48aebc97b0cc194bdead" committed_config { opid_index: 6 OBSOLETE_local: false peers { permanent_uuid: "2096c0d913724a85a59fe8b563da0155" member_type: VOTER last_known_addr { host: "127.19.240.1" port: 33427 } attrs { replace: true } health_report { overall_health: HEALTHY } } peers { permanent_uuid: "722daaf0df6a48aebc97b0cc194bdead" member_type: VOTER last_known_addr { host: "127.19.240.2" port: 45215 } health_report { overall_health: HEALTHY } } peers { permanent_uuid: "ef9b5eab367f4735930205a7cd508f1e" member_type: VOTER last_known_addr { host: "127.19.240.3" port: 33095 } health_report { overall_health: HEALTHY } } peers { permanent_uuid: "1c05fbe7a9c2477ca49840761db64282" member_type: VOTER last_known_addr { host: "127.19.240.4" port: 41169 } attrs { promote: false } health_report { overall_health: HEALTHY } } }
I20260630 12:31:19.479156 23585 raft_consensus.cc:2955] T 362d8ab4d2c545cdbd27998d83466e1c P ef9b5eab367f4735930205a7cd508f1e [term 4 FOLLOWER]: Committing config change with OpId 4.6: config changed from index 3 to 6, 1c05fbe7a9c2477ca49840761db64282 (127.19.240.4) changed from NON_VOTER to VOTER. New config: { opid_index: 6 OBSOLETE_local: false peers { permanent_uuid: "2096c0d913724a85a59fe8b563da0155" member_type: VOTER last_known_addr { host: "127.19.240.1" port: 33427 } attrs { replace: true } } peers { permanent_uuid: "722daaf0df6a48aebc97b0cc194bdead" member_type: VOTER last_known_addr { host: "127.19.240.2" port: 45215 } } peers { permanent_uuid: "ef9b5eab367f4735930205a7cd508f1e" member_type: VOTER last_known_addr { host: "127.19.240.3" port: 33095 } } peers { permanent_uuid: "1c05fbe7a9c2477ca49840761db64282" member_type: VOTER last_known_addr { host: "127.19.240.4" port: 41169 } attrs { promote: false } } }
I20260630 12:31:19.490136 23511 consensus_queue.cc:237] T 362d8ab4d2c545cdbd27998d83466e1c P 722daaf0df6a48aebc97b0cc194bdead [LEADER]: Queue going to LEADER mode. State: All replicated index: 0, Majority replicated index: 6, Committed index: 6, Last appended: 4.6, Last appended by leader: 4, Current term: 4, Majority size: 2, State: 0, Mode: LEADER, active raft config: opid_index: 7 OBSOLETE_local: false peers { permanent_uuid: "722daaf0df6a48aebc97b0cc194bdead" member_type: VOTER last_known_addr { host: "127.19.240.2" port: 45215 } } peers { permanent_uuid: "ef9b5eab367f4735930205a7cd508f1e" member_type: VOTER last_known_addr { host: "127.19.240.3" port: 33095 } } peers { permanent_uuid: "1c05fbe7a9c2477ca49840761db64282" member_type: VOTER last_known_addr { host: "127.19.240.4" port: 41169 } attrs { promote: false } }
I20260630 12:31:19.497154 23586 raft_consensus.cc:1275] T 362d8ab4d2c545cdbd27998d83466e1c P ef9b5eab367f4735930205a7cd508f1e [term 4 FOLLOWER]: Refusing update from remote peer 722daaf0df6a48aebc97b0cc194bdead: Log matching property violated. Preceding OpId in replica: term: 4 index: 6. Preceding OpId from leader: term: 4 index: 7. (index mismatch)
I20260630 12:31:19.497822 23738 raft_consensus.cc:1275] T 362d8ab4d2c545cdbd27998d83466e1c P 1c05fbe7a9c2477ca49840761db64282 [term 4 FOLLOWER]: Refusing update from remote peer 722daaf0df6a48aebc97b0cc194bdead: Log matching property violated. Preceding OpId in replica: term: 4 index: 6. Preceding OpId from leader: term: 4 index: 7. (index mismatch)
I20260630 12:31:19.499578 23948 consensus_queue.cc:1048] T 362d8ab4d2c545cdbd27998d83466e1c P 722daaf0df6a48aebc97b0cc194bdead [LEADER]: Connected to new peer: Peer: permanent_uuid: "ef9b5eab367f4735930205a7cd508f1e" member_type: VOTER last_known_addr { host: "127.19.240.3" port: 33095 }, Status: LMP_MISMATCH, Last received: 0.0, Next index: 7, Last known committed idx: 6, Time since last communication: 0.000s
I20260630 12:31:19.502866 23948 consensus_queue.cc:1048] T 362d8ab4d2c545cdbd27998d83466e1c P 722daaf0df6a48aebc97b0cc194bdead [LEADER]: Connected to new peer: Peer: permanent_uuid: "1c05fbe7a9c2477ca49840761db64282" member_type: VOTER last_known_addr { host: "127.19.240.4" port: 41169 } attrs { promote: false }, Status: LMP_MISMATCH, Last received: 0.0, Next index: 7, Last known committed idx: 6, Time since last communication: 0.000s
I20260630 12:31:19.506009 23974 raft_consensus.cc:2955] T 362d8ab4d2c545cdbd27998d83466e1c P 722daaf0df6a48aebc97b0cc194bdead [term 4 LEADER]: Committing config change with OpId 4.7: config changed from index 6 to 7, VOTER 2096c0d913724a85a59fe8b563da0155 (127.19.240.1) evicted. New config: { opid_index: 7 OBSOLETE_local: false peers { permanent_uuid: "722daaf0df6a48aebc97b0cc194bdead" member_type: VOTER last_known_addr { host: "127.19.240.2" port: 45215 } } peers { permanent_uuid: "ef9b5eab367f4735930205a7cd508f1e" member_type: VOTER last_known_addr { host: "127.19.240.3" port: 33095 } } peers { permanent_uuid: "1c05fbe7a9c2477ca49840761db64282" member_type: VOTER last_known_addr { host: "127.19.240.4" port: 41169 } attrs { promote: false } } }
I20260630 12:31:19.510160 23738 raft_consensus.cc:2955] T 362d8ab4d2c545cdbd27998d83466e1c P 1c05fbe7a9c2477ca49840761db64282 [term 4 FOLLOWER]: Committing config change with OpId 4.7: config changed from index 6 to 7, VOTER 2096c0d913724a85a59fe8b563da0155 (127.19.240.1) evicted. New config: { opid_index: 7 OBSOLETE_local: false peers { permanent_uuid: "722daaf0df6a48aebc97b0cc194bdead" member_type: VOTER last_known_addr { host: "127.19.240.2" port: 45215 } } peers { permanent_uuid: "ef9b5eab367f4735930205a7cd508f1e" member_type: VOTER last_known_addr { host: "127.19.240.3" port: 33095 } } peers { permanent_uuid: "1c05fbe7a9c2477ca49840761db64282" member_type: VOTER last_known_addr { host: "127.19.240.4" port: 41169 } attrs { promote: false } } }
I20260630 12:31:19.515800 23586 raft_consensus.cc:2955] T 362d8ab4d2c545cdbd27998d83466e1c P ef9b5eab367f4735930205a7cd508f1e [term 4 FOLLOWER]: Committing config change with OpId 4.7: config changed from index 6 to 7, VOTER 2096c0d913724a85a59fe8b563da0155 (127.19.240.1) evicted. New config: { opid_index: 7 OBSOLETE_local: false peers { permanent_uuid: "722daaf0df6a48aebc97b0cc194bdead" member_type: VOTER last_known_addr { host: "127.19.240.2" port: 45215 } } peers { permanent_uuid: "ef9b5eab367f4735930205a7cd508f1e" member_type: VOTER last_known_addr { host: "127.19.240.3" port: 33095 } } peers { permanent_uuid: "1c05fbe7a9c2477ca49840761db64282" member_type: VOTER last_known_addr { host: "127.19.240.4" port: 41169 } attrs { promote: false } } }
I20260630 12:31:19.519379 23332 catalog_manager.cc:5697] T 362d8ab4d2c545cdbd27998d83466e1c P 1c05fbe7a9c2477ca49840761db64282 reported cstate change: config changed from index 6 to 7, VOTER 2096c0d913724a85a59fe8b563da0155 (127.19.240.1) evicted. New cstate: current_term: 4 leader_uuid: "722daaf0df6a48aebc97b0cc194bdead" committed_config { opid_index: 7 OBSOLETE_local: false peers { permanent_uuid: "722daaf0df6a48aebc97b0cc194bdead" member_type: VOTER last_known_addr { host: "127.19.240.2" port: 45215 } } peers { permanent_uuid: "ef9b5eab367f4735930205a7cd508f1e" member_type: VOTER last_known_addr { host: "127.19.240.3" port: 33095 } } peers { permanent_uuid: "1c05fbe7a9c2477ca49840761db64282" member_type: VOTER last_known_addr { host: "127.19.240.4" port: 41169 } attrs { promote: false } } }
I20260630 12:31:19.523057 23319 catalog_manager.cc:5210] ChangeConfig:REMOVE_PEER RPC for tablet 362d8ab4d2c545cdbd27998d83466e1c with cas_config_opid_index 6: ChangeConfig:REMOVE_PEER succeeded (attempt 1)
I20260630 12:31:19.528996 23427 tablet_service.cc:1558] Processing DeleteTablet for tablet 362d8ab4d2c545cdbd27998d83466e1c with delete_type TABLET_DATA_TOMBSTONED (TS 2096c0d913724a85a59fe8b563da0155 not found in new config with opid_index 7) from {username='slave'} at 127.0.0.1:44474
I20260630 12:31:19.530822 24015 tablet_replica.cc:333] T 362d8ab4d2c545cdbd27998d83466e1c P 2096c0d913724a85a59fe8b563da0155: stopping tablet replica
I20260630 12:31:19.531769 24015 raft_consensus.cc:2243] T 362d8ab4d2c545cdbd27998d83466e1c P 2096c0d913724a85a59fe8b563da0155 [term 4 FOLLOWER]: Raft consensus shutting down.
I20260630 12:31:19.532565 24015 raft_consensus.cc:2272] T 362d8ab4d2c545cdbd27998d83466e1c P 2096c0d913724a85a59fe8b563da0155 [term 4 FOLLOWER]: Raft consensus is shut down!
I20260630 12:31:19.535266 24015 ts_tablet_manager.cc:1916] T 362d8ab4d2c545cdbd27998d83466e1c P 2096c0d913724a85a59fe8b563da0155: Deleting tablet data with delete state TABLET_DATA_TOMBSTONED
I20260630 12:31:19.545503 24015 ts_tablet_manager.cc:1929] T 362d8ab4d2c545cdbd27998d83466e1c P 2096c0d913724a85a59fe8b563da0155: tablet deleted with delete type TABLET_DATA_TOMBSTONED: last-logged OpId 4.6
I20260630 12:31:19.545776 24015 log.cc:1199] T 362d8ab4d2c545cdbd27998d83466e1c P 2096c0d913724a85a59fe8b563da0155: Deleting WAL directory at /tmp/dist-test-taskgO6QuD/test-tmp/auto_rebalancer-test.0.AutoRebalancerTest.RangeAwareRebalancesNewRangeReplicas.1782822582416028-20416-0/minicluster-data/ts-0-root/wals/362d8ab4d2c545cdbd27998d83466e1c
I20260630 12:31:19.547052 23319 catalog_manager.cc:5028] TS 2096c0d913724a85a59fe8b563da0155 (127.19.240.1:33427): tablet 362d8ab4d2c545cdbd27998d83466e1c (table range_aware_rebalance_new_range [id=3fd13c1e6bc44bb6ae4ebc870f262158]) successfully deleted
I20260630 12:31:20.112743 23435 consensus_queue.cc:237] T 0263c6f7761e4e88b3f4713902b000f3 P 2096c0d913724a85a59fe8b563da0155 [LEADER]: Queue going to LEADER mode. State: All replicated index: 0, Majority replicated index: 1, Committed index: 1, Last appended: 1.1, Last appended by leader: 0, Current term: 1, Majority size: 2, State: 0, Mode: LEADER, active raft config: opid_index: 2 OBSOLETE_local: false peers { permanent_uuid: "722daaf0df6a48aebc97b0cc194bdead" member_type: VOTER last_known_addr { host: "127.19.240.2" port: 45215 } attrs { replace: true } } peers { permanent_uuid: "2096c0d913724a85a59fe8b563da0155" member_type: VOTER last_known_addr { host: "127.19.240.1" port: 33427 } } peers { permanent_uuid: "ef9b5eab367f4735930205a7cd508f1e" member_type: VOTER last_known_addr { host: "127.19.240.3" port: 33095 } } peers { permanent_uuid: "1c05fbe7a9c2477ca49840761db64282" member_type: NON_VOTER last_known_addr { host: "127.19.240.4" port: 41169 } attrs { promote: true } }
I20260630 12:31:20.118328 23585 raft_consensus.cc:1275] T 0263c6f7761e4e88b3f4713902b000f3 P ef9b5eab367f4735930205a7cd508f1e [term 1 FOLLOWER]: Refusing update from remote peer 2096c0d913724a85a59fe8b563da0155: Log matching property violated. Preceding OpId in replica: term: 1 index: 1. Preceding OpId from leader: term: 1 index: 2. (index mismatch)
W20260630 12:31:20.119174 23400 consensus_peers.cc:597] T 0263c6f7761e4e88b3f4713902b000f3 P 2096c0d913724a85a59fe8b563da0155 -> Peer 1c05fbe7a9c2477ca49840761db64282 (127.19.240.4:41169): Couldn't send request to peer 1c05fbe7a9c2477ca49840761db64282. Error code: TABLET_NOT_FOUND (6). Status: Not found: Tablet not found: 0263c6f7761e4e88b3f4713902b000f3. This is attempt 1: this message will repeat every 5th retry.
I20260630 12:31:20.119632 23510 raft_consensus.cc:1275] T 0263c6f7761e4e88b3f4713902b000f3 P 722daaf0df6a48aebc97b0cc194bdead [term 1 FOLLOWER]: Refusing update from remote peer 2096c0d913724a85a59fe8b563da0155: Log matching property violated. Preceding OpId in replica: term: 1 index: 1. Preceding OpId from leader: term: 1 index: 2. (index mismatch)
I20260630 12:31:20.119788 23880 consensus_queue.cc:1048] T 0263c6f7761e4e88b3f4713902b000f3 P 2096c0d913724a85a59fe8b563da0155 [LEADER]: Connected to new peer: Peer: permanent_uuid: "ef9b5eab367f4735930205a7cd508f1e" member_type: VOTER last_known_addr { host: "127.19.240.3" port: 33095 }, Status: LMP_MISMATCH, Last received: 0.0, Next index: 2, Last known committed idx: 1, Time since last communication: 0.000s
I20260630 12:31:20.120879 24019 consensus_queue.cc:1048] T 0263c6f7761e4e88b3f4713902b000f3 P 2096c0d913724a85a59fe8b563da0155 [LEADER]: Connected to new peer: Peer: permanent_uuid: "722daaf0df6a48aebc97b0cc194bdead" member_type: VOTER last_known_addr { host: "127.19.240.2" port: 45215 } attrs { replace: true }, Status: LMP_MISMATCH, Last received: 0.0, Next index: 2, Last known committed idx: 1, Time since last communication: 0.000s
I20260630 12:31:20.128649 24016 raft_consensus.cc:2955] T 0263c6f7761e4e88b3f4713902b000f3 P 2096c0d913724a85a59fe8b563da0155 [term 1 LEADER]: Committing config change with OpId 1.2: config changed from index -1 to 2, NON_VOTER 1c05fbe7a9c2477ca49840761db64282 (127.19.240.4) added. New config: { opid_index: 2 OBSOLETE_local: false peers { permanent_uuid: "722daaf0df6a48aebc97b0cc194bdead" member_type: VOTER last_known_addr { host: "127.19.240.2" port: 45215 } attrs { replace: true } } peers { permanent_uuid: "2096c0d913724a85a59fe8b563da0155" member_type: VOTER last_known_addr { host: "127.19.240.1" port: 33427 } } peers { permanent_uuid: "ef9b5eab367f4735930205a7cd508f1e" member_type: VOTER last_known_addr { host: "127.19.240.3" port: 33095 } } peers { permanent_uuid: "1c05fbe7a9c2477ca49840761db64282" member_type: NON_VOTER last_known_addr { host: "127.19.240.4" port: 41169 } attrs { promote: true } } }
I20260630 12:31:20.130326 23585 raft_consensus.cc:2955] T 0263c6f7761e4e88b3f4713902b000f3 P ef9b5eab367f4735930205a7cd508f1e [term 1 FOLLOWER]: Committing config change with OpId 1.2: config changed from index -1 to 2, NON_VOTER 1c05fbe7a9c2477ca49840761db64282 (127.19.240.4) added. New config: { opid_index: 2 OBSOLETE_local: false peers { permanent_uuid: "722daaf0df6a48aebc97b0cc194bdead" member_type: VOTER last_known_addr { host: "127.19.240.2" port: 45215 } attrs { replace: true } } peers { permanent_uuid: "2096c0d913724a85a59fe8b563da0155" member_type: VOTER last_known_addr { host: "127.19.240.1" port: 33427 } } peers { permanent_uuid: "ef9b5eab367f4735930205a7cd508f1e" member_type: VOTER last_known_addr { host: "127.19.240.3" port: 33095 } } peers { permanent_uuid: "1c05fbe7a9c2477ca49840761db64282" member_type: NON_VOTER last_known_addr { host: "127.19.240.4" port: 41169 } attrs { promote: true } } }
