I20260630 12:10:51.253868  4931 tablet_replica.cc:333] T 610d6a35d3bd45d9809e1f9743c4312f P 7dc9a7df307c424b857173f7ccb69d56: stopping tablet replica
I20260630 12:10:51.254367  4931 raft_consensus.cc:2243] T 610d6a35d3bd45d9809e1f9743c4312f P 7dc9a7df307c424b857173f7ccb69d56 [term 1 FOLLOWER]: Raft consensus shutting down.
I20260630 12:10:51.254848  4931 raft_consensus.cc:2272] T 610d6a35d3bd45d9809e1f9743c4312f P 7dc9a7df307c424b857173f7ccb69d56 [term 1 FOLLOWER]: Raft consensus is shut down!
I20260630 12:10:51.257068  4931 tablet_replica.cc:333] T d257a36ee5954b859bfb77422541098c P 7dc9a7df307c424b857173f7ccb69d56: stopping tablet replica
I20260630 12:10:51.257721  4931 raft_consensus.cc:2243] T d257a36ee5954b859bfb77422541098c P 7dc9a7df307c424b857173f7ccb69d56 [term 1 LEADER]: Raft consensus shutting down.
I20260630 12:10:51.258433  4931 raft_consensus.cc:2272] T d257a36ee5954b859bfb77422541098c P 7dc9a7df307c424b857173f7ccb69d56 [term 1 FOLLOWER]: Raft consensus is shut down!
I20260630 12:10:51.260422  4931 tablet_replica.cc:333] T 96e8e50484724724a536f78e2518f434 P 7dc9a7df307c424b857173f7ccb69d56: stopping tablet replica
I20260630 12:10:51.260946  4931 raft_consensus.cc:2243] T 96e8e50484724724a536f78e2518f434 P 7dc9a7df307c424b857173f7ccb69d56 [term 1 FOLLOWER]: Raft consensus shutting down.
I20260630 12:10:51.261420  4931 raft_consensus.cc:2272] T 96e8e50484724724a536f78e2518f434 P 7dc9a7df307c424b857173f7ccb69d56 [term 1 FOLLOWER]: Raft consensus is shut down!
I20260630 12:10:51.263275  4931 tablet_replica.cc:333] T 67525e50c80742db8ac09df508b37a3b P 7dc9a7df307c424b857173f7ccb69d56: stopping tablet replica
I20260630 12:10:51.263761  4931 raft_consensus.cc:2243] T 67525e50c80742db8ac09df508b37a3b P 7dc9a7df307c424b857173f7ccb69d56 [term 2 FOLLOWER]: Raft consensus shutting down.
I20260630 12:10:51.264187  4931 raft_consensus.cc:2272] T 67525e50c80742db8ac09df508b37a3b P 7dc9a7df307c424b857173f7ccb69d56 [term 2 FOLLOWER]: Raft consensus is shut down!
I20260630 12:10:51.266453  4931 tablet_replica.cc:333] T 2b52bb0ea6cb423f91fe2b6d0ed69220 P 7dc9a7df307c424b857173f7ccb69d56: stopping tablet replica
I20260630 12:10:51.266943  4931 raft_consensus.cc:2243] T 2b52bb0ea6cb423f91fe2b6d0ed69220 P 7dc9a7df307c424b857173f7ccb69d56 [term 1 FOLLOWER]: Raft consensus shutting down.
I20260630 12:10:51.267349  4931 raft_consensus.cc:2272] T 2b52bb0ea6cb423f91fe2b6d0ed69220 P 7dc9a7df307c424b857173f7ccb69d56 [term 1 FOLLOWER]: Raft consensus is shut down!
I20260630 12:10:51.269119  4931 tablet_replica.cc:333] T 1ee6e0c23894472b97badf048f2ecbc2 P 7dc9a7df307c424b857173f7ccb69d56: stopping tablet replica
I20260630 12:10:51.269580  4931 raft_consensus.cc:2243] T 1ee6e0c23894472b97badf048f2ecbc2 P 7dc9a7df307c424b857173f7ccb69d56 [term 1 LEADER]: Raft consensus shutting down.
I20260630 12:10:51.270421  4931 raft_consensus.cc:2272] T 1ee6e0c23894472b97badf048f2ecbc2 P 7dc9a7df307c424b857173f7ccb69d56 [term 1 FOLLOWER]: Raft consensus is shut down!
I20260630 12:10:51.272552  4931 tablet_replica.cc:333] T 7877a14d418742c9b330fd57f7aa528d P 7dc9a7df307c424b857173f7ccb69d56: stopping tablet replica
I20260630 12:10:51.273013  4931 raft_consensus.cc:2243] T 7877a14d418742c9b330fd57f7aa528d P 7dc9a7df307c424b857173f7ccb69d56 [term 1 LEADER]: Raft consensus shutting down.
I20260630 12:10:51.273833  4931 raft_consensus.cc:2272] T 7877a14d418742c9b330fd57f7aa528d P 7dc9a7df307c424b857173f7ccb69d56 [term 1 FOLLOWER]: Raft consensus is shut down!
I20260630 12:10:51.301966  4931 tablet_server.cc:196] TabletServer@127.4.208.194:0 shutdown complete.
I20260630 12:10:51.320662  4931 tablet_server.cc:179] TabletServer@127.4.208.195:0 shutting down...
I20260630 12:10:51.350615  4931 ts_tablet_manager.cc:1507] Shutting down tablet manager...
I20260630 12:10:51.351308  4931 tablet_replica.cc:333] T 7877a14d418742c9b330fd57f7aa528d P 642c01112901418ebe3dd3e9b0f79e2e: stopping tablet replica
I20260630 12:10:51.351930  4931 raft_consensus.cc:2243] T 7877a14d418742c9b330fd57f7aa528d P 642c01112901418ebe3dd3e9b0f79e2e [term 1 FOLLOWER]: Raft consensus shutting down.
I20260630 12:10:51.352478  4931 raft_consensus.cc:2272] T 7877a14d418742c9b330fd57f7aa528d P 642c01112901418ebe3dd3e9b0f79e2e [term 1 FOLLOWER]: Raft consensus is shut down!
I20260630 12:10:51.355171  4931 tablet_replica.cc:333] T 67525e50c80742db8ac09df508b37a3b P 642c01112901418ebe3dd3e9b0f79e2e: stopping tablet replica
I20260630 12:10:51.355720  4931 raft_consensus.cc:2243] T 67525e50c80742db8ac09df508b37a3b P 642c01112901418ebe3dd3e9b0f79e2e [term 2 LEADER]: Raft consensus shutting down.
I20260630 12:10:51.356675  4931 raft_consensus.cc:2272] T 67525e50c80742db8ac09df508b37a3b P 642c01112901418ebe3dd3e9b0f79e2e [term 2 FOLLOWER]: Raft consensus is shut down!
I20260630 12:10:51.359292  4931 tablet_replica.cc:333] T d257a36ee5954b859bfb77422541098c P 642c01112901418ebe3dd3e9b0f79e2e: stopping tablet replica
I20260630 12:10:51.359817  4931 raft_consensus.cc:2243] T d257a36ee5954b859bfb77422541098c P 642c01112901418ebe3dd3e9b0f79e2e [term 1 FOLLOWER]: Raft consensus shutting down.
I20260630 12:10:51.360222  4931 raft_consensus.cc:2272] T d257a36ee5954b859bfb77422541098c P 642c01112901418ebe3dd3e9b0f79e2e [term 1 FOLLOWER]: Raft consensus is shut down!
I20260630 12:10:51.362068  4931 tablet_replica.cc:333] T 610d6a35d3bd45d9809e1f9743c4312f P 642c01112901418ebe3dd3e9b0f79e2e: stopping tablet replica
I20260630 12:10:51.362601  4931 raft_consensus.cc:2243] T 610d6a35d3bd45d9809e1f9743c4312f P 642c01112901418ebe3dd3e9b0f79e2e [term 1 FOLLOWER]: Raft consensus shutting down.
I20260630 12:10:51.363009  4931 raft_consensus.cc:2272] T 610d6a35d3bd45d9809e1f9743c4312f P 642c01112901418ebe3dd3e9b0f79e2e [term 1 FOLLOWER]: Raft consensus is shut down!
I20260630 12:10:51.365119  4931 tablet_replica.cc:333] T 774a2fcfafb64c0393f45b712005694e P 642c01112901418ebe3dd3e9b0f79e2e: stopping tablet replica
I20260630 12:10:51.365617  4931 raft_consensus.cc:2243] T 774a2fcfafb64c0393f45b712005694e P 642c01112901418ebe3dd3e9b0f79e2e [term 1 LEADER]: Raft consensus shutting down.
I20260630 12:10:51.366328  4931 raft_consensus.cc:2272] T 774a2fcfafb64c0393f45b712005694e P 642c01112901418ebe3dd3e9b0f79e2e [term 1 FOLLOWER]: Raft consensus is shut down!
I20260630 12:10:51.368055  4931 tablet_replica.cc:333] T 2b52bb0ea6cb423f91fe2b6d0ed69220 P 642c01112901418ebe3dd3e9b0f79e2e: stopping tablet replica
I20260630 12:10:51.368618  4931 raft_consensus.cc:2243] T 2b52bb0ea6cb423f91fe2b6d0ed69220 P 642c01112901418ebe3dd3e9b0f79e2e [term 1 FOLLOWER]: Raft consensus shutting down.
I20260630 12:10:51.368986  4931 raft_consensus.cc:2272] T 2b52bb0ea6cb423f91fe2b6d0ed69220 P 642c01112901418ebe3dd3e9b0f79e2e [term 1 FOLLOWER]: Raft consensus is shut down!
I20260630 12:10:51.370657  4931 tablet_replica.cc:333] T 96e8e50484724724a536f78e2518f434 P 642c01112901418ebe3dd3e9b0f79e2e: stopping tablet replica
I20260630 12:10:51.371101  4931 raft_consensus.cc:2243] T 96e8e50484724724a536f78e2518f434 P 642c01112901418ebe3dd3e9b0f79e2e [term 1 FOLLOWER]: Raft consensus shutting down.
I20260630 12:10:51.371484  4931 raft_consensus.cc:2272] T 96e8e50484724724a536f78e2518f434 P 642c01112901418ebe3dd3e9b0f79e2e [term 1 FOLLOWER]: Raft consensus is shut down!
I20260630 12:10:51.373148  4931 tablet_replica.cc:333] T 1ee6e0c23894472b97badf048f2ecbc2 P 642c01112901418ebe3dd3e9b0f79e2e: stopping tablet replica
I20260630 12:10:51.373575  4931 raft_consensus.cc:2243] T 1ee6e0c23894472b97badf048f2ecbc2 P 642c01112901418ebe3dd3e9b0f79e2e [term 1 FOLLOWER]: Raft consensus shutting down.
I20260630 12:10:51.373976  4931 raft_consensus.cc:2272] T 1ee6e0c23894472b97badf048f2ecbc2 P 642c01112901418ebe3dd3e9b0f79e2e [term 1 FOLLOWER]: Raft consensus is shut down!
I20260630 12:10:51.401540  4931 tablet_server.cc:196] TabletServer@127.4.208.195:0 shutdown complete.
I20260630 12:10:51.425992  4931 tablet_server.cc:179] TabletServer@127.4.208.196:0 shutting down...
I20260630 12:10:51.452767  4931 ts_tablet_manager.cc:1507] Shutting down tablet manager...
I20260630 12:10:51.469769  4931 tablet_server.cc:196] TabletServer@127.4.208.196:0 shutdown complete.
I20260630 12:10:51.478816  4931 master.cc:562] Master@127.4.208.254:43745 shutting down...
W20260630 12:10:51.501631  5549 auto_rebalancer.cc:340] scheduled replica move failed to complete: Service unavailable: Catalog manager is not initialized. State: Closing
I20260630 12:10:51.502805  4931 raft_consensus.cc:2243] T 00000000000000000000000000000000 P 713105f9621640228b9ffcd0b93b73de [term 1 LEADER]: Raft consensus shutting down.
I20260630 12:10:51.503242  4931 raft_consensus.cc:2272] T 00000000000000000000000000000000 P 713105f9621640228b9ffcd0b93b73de [term 1 FOLLOWER]: Raft consensus is shut down!
I20260630 12:10:51.503520  4931 tablet_replica.cc:333] T 00000000000000000000000000000000 P 713105f9621640228b9ffcd0b93b73de: stopping tablet replica
I20260630 12:10:51.541842  4931 master.cc:584] Master@127.4.208.254:43745 shutdown complete.
[       OK ] AutoRebalancerTest.AutoRebalancingTurnOffAndOn (8921 ms)
[ RUN      ] AutoRebalancerTest.NextLeaderResumesAutoRebalancing
I20260630 12:10:51.579559  4931 internal_mini_cluster.cc:156] Creating distributed mini masters. Addrs: 127.4.208.254:46303,127.4.208.253:35597,127.4.208.252:33191
I20260630 12:10:51.581048  4931 file_cache.cc:492] Constructed file cache file cache with capacity 419430
W20260630 12:10:51.586681  5998 instance_detector.cc:116] could not retrieve AWS instance metadata: Network error: curl error: HTTP response code said error: The requested URL returned error: 404
W20260630 12:10:51.586840  5999 instance_detector.cc:116] could not retrieve Azure instance metadata: Network error: curl error: HTTP response code said error: The requested URL returned error: 404
W20260630 12:10:51.587631  6001 instance_detector.cc:116] could not retrieve OpenStack instance metadata: Network error: curl error: HTTP response code said error: The requested URL returned error: 404
I20260630 12:10:51.588014  4931 server_base.cc:1061] running on GCE node
I20260630 12:10:51.589174  4931 hybrid_clock.cc:584] initializing the hybrid clock with 'system_unsync' time source
W20260630 12:10:51.589360  4931 system_unsync_time.cc:38] NTP support is disabled. Clock error bounds will not be accurate. This configuration is not suitable for distributed clusters.
I20260630 12:10:51.589553  4931 hybrid_clock.cc:648] HybridClock initialized: now 1782821451589524 us; error 0 us; skew 500 ppm
I20260630 12:10:51.590055  4931 server_base.cc:861] Flag tcmalloc_max_total_thread_cache_bytes is not working since tcmalloc is not enabled.
I20260630 12:10:51.592443  4931 webserver.cc:533] Webserver started at http://127.4.208.254:41539/ using document root <none> and password file <none>
I20260630 12:10:51.592913  4931 fs_manager.cc:362] Metadata directory not provided
I20260630 12:10:51.593096  4931 fs_manager.cc:368] Using write-ahead log directory (fs_wal_dir) as metadata directory
I20260630 12:10:51.593397  4931 server_base.cc:909] This appears to be a new deployment of Kudu; creating new FS layout
I20260630 12:10:51.594487  4931 fs_manager.cc:1068] Generated new instance metadata in path /tmp/dist-test-taskHepBll/test-tmp/auto_rebalancer-test.0.AutoRebalancerTest.NextLeaderResumesAutoRebalancing.1782821435766647-4931-0/minicluster-data/master-0-root/instance:
uuid: "0217d519dc964dfeacad35890748277b"
format_stamp: "Formatted at 2026-06-30 12:10:51 on dist-test-slave-hwbx"
I20260630 12:10:51.598678  4931 fs_manager.cc:696] Time spent creating directory manager: real 0.004s	user 0.005s	sys 0.001s
I20260630 12:10:51.601902  6006 log_block_manager.cc:4031] Time spent loading block containers with low live blocks: real 0.000s	user 0.000s	sys 0.000s
I20260630 12:10:51.602538  4931 fs_manager.cc:730] Time spent opening block manager: real 0.002s	user 0.001s	sys 0.000s
I20260630 12:10:51.602803  4931 fs_manager.cc:647] Opened local filesystem: /tmp/dist-test-taskHepBll/test-tmp/auto_rebalancer-test.0.AutoRebalancerTest.NextLeaderResumesAutoRebalancing.1782821435766647-4931-0/minicluster-data/master-0-root
uuid: "0217d519dc964dfeacad35890748277b"
format_stamp: "Formatted at 2026-06-30 12:10:51 on dist-test-slave-hwbx"
I20260630 12:10:51.603096  4931 fs_report.cc:389] FS layout report
--------------------
wal directory: /tmp/dist-test-taskHepBll/test-tmp/auto_rebalancer-test.0.AutoRebalancerTest.NextLeaderResumesAutoRebalancing.1782821435766647-4931-0/minicluster-data/master-0-root
metadata directory: /tmp/dist-test-taskHepBll/test-tmp/auto_rebalancer-test.0.AutoRebalancerTest.NextLeaderResumesAutoRebalancing.1782821435766647-4931-0/minicluster-data/master-0-root
1 data directories: /tmp/dist-test-taskHepBll/test-tmp/auto_rebalancer-test.0.AutoRebalancerTest.NextLeaderResumesAutoRebalancing.1782821435766647-4931-0/minicluster-data/master-0-root/data
Total live blocks: 0
Total live bytes: 0
Total live bytes (after alignment): 0
Total number of LBM containers: 0 (0 full)
Did not check for missing blocks
Did not check for orphaned blocks
Total full LBM containers with extra space: 0 (0 repaired)
Total full LBM container extra space in bytes: 0 (0 repaired)
Total incomplete LBM containers: 0 (0 repaired)
Total LBM partial records: 0 (0 repaired)
Total corrupted LBM metadata records in RocksDB: 0 (0 repaired)
I20260630 12:10:51.625334  4931 rpc_server.cc:225] running with OpenSSL 1.1.1  11 Sep 2018
I20260630 12:10:51.626492  4931 kserver.cc:163] Server-wide thread pool size limit: 3276
I20260630 12:10:51.663247  4931 rpc_server.cc:307] RPC server started. Bound to: 127.4.208.254:46303
I20260630 12:10:51.663372  6057 acceptor_pool.cc:272] collecting diagnostics on the listening RPC socket 127.4.208.254:46303 every 8 connection(s)
I20260630 12:10:51.667043  6058 data_dirs.cc:400] Could only allocate 1 dirs of requested 3 for tablet 00000000000000000000000000000000. 1 dirs total, 0 dirs full, 0 dirs failed
I20260630 12:10:51.667318  4931 file_cache.cc:492] Constructed file cache file cache with capacity 419430
W20260630 12:10:51.672569  6060 instance_detector.cc:116] could not retrieve AWS instance metadata: Network error: curl error: HTTP response code said error: The requested URL returned error: 404
I20260630 12:10:51.674336  6058 sys_catalog.cc:422] member_type: VOTER last_known_addr { host: "127.4.208.254" port: 46303 } has no permanent_uuid. Determining permanent_uuid...
W20260630 12:10:51.674855  6061 instance_detector.cc:116] could not retrieve Azure instance metadata: Network error: curl error: HTTP response code said error: The requested URL returned error: 404
W20260630 12:10:51.679248  6063 instance_detector.cc:116] could not retrieve OpenStack instance metadata: Network error: curl error: HTTP response code said error: The requested URL returned error: 404
I20260630 12:10:51.681816  4931 server_base.cc:1061] running on GCE node
I20260630 12:10:51.682744  4931 hybrid_clock.cc:584] initializing the hybrid clock with 'system_unsync' time source
W20260630 12:10:51.682994  4931 system_unsync_time.cc:38] NTP support is disabled. Clock error bounds will not be accurate. This configuration is not suitable for distributed clusters.
I20260630 12:10:51.683169  4931 hybrid_clock.cc:648] HybridClock initialized: now 1782821451683147 us; error 0 us; skew 500 ppm
I20260630 12:10:51.683660  4931 server_base.cc:861] Flag tcmalloc_max_total_thread_cache_bytes is not working since tcmalloc is not enabled.
I20260630 12:10:51.686456  4931 webserver.cc:533] Webserver started at http://127.4.208.253:40279/ using document root <none> and password file <none>
I20260630 12:10:51.687039  4931 fs_manager.cc:362] Metadata directory not provided
I20260630 12:10:51.687295  4931 fs_manager.cc:368] Using write-ahead log directory (fs_wal_dir) as metadata directory
I20260630 12:10:51.687600  4931 server_base.cc:909] This appears to be a new deployment of Kudu; creating new FS layout
I20260630 12:10:51.688812  4931 fs_manager.cc:1068] Generated new instance metadata in path /tmp/dist-test-taskHepBll/test-tmp/auto_rebalancer-test.0.AutoRebalancerTest.NextLeaderResumesAutoRebalancing.1782821435766647-4931-0/minicluster-data/master-1-root/instance:
uuid: "5a3b614e73fd4b30b43def20d309d296"
format_stamp: "Formatted at 2026-06-30 12:10:51 on dist-test-slave-hwbx"
I20260630 12:10:51.689571  6058 sys_catalog.cc:422] member_type: VOTER last_known_addr { host: "127.4.208.253" port: 35597 } has no permanent_uuid. Determining permanent_uuid...
I20260630 12:10:51.693902  4931 fs_manager.cc:696] Time spent creating directory manager: real 0.005s	user 0.005s	sys 0.000s
W20260630 12:10:51.694931  6058 consensus_peers.cc:760] Error getting permanent uuid from config peer 127.4.208.253:35597: Network error: Client connection negotiation failed: client connection to 127.4.208.253:35597: connect: Connection refused (error 111)
I20260630 12:10:51.697639  6071 log_block_manager.cc:4031] Time spent loading block containers with low live blocks: real 0.000s	user 0.000s	sys 0.000s
I20260630 12:10:51.698407  4931 fs_manager.cc:730] Time spent opening block manager: real 0.002s	user 0.003s	sys 0.000s
I20260630 12:10:51.698683  4931 fs_manager.cc:647] Opened local filesystem: /tmp/dist-test-taskHepBll/test-tmp/auto_rebalancer-test.0.AutoRebalancerTest.NextLeaderResumesAutoRebalancing.1782821435766647-4931-0/minicluster-data/master-1-root
uuid: "5a3b614e73fd4b30b43def20d309d296"
format_stamp: "Formatted at 2026-06-30 12:10:51 on dist-test-slave-hwbx"
I20260630 12:10:51.698961  4931 fs_report.cc:389] FS layout report
--------------------
wal directory: /tmp/dist-test-taskHepBll/test-tmp/auto_rebalancer-test.0.AutoRebalancerTest.NextLeaderResumesAutoRebalancing.1782821435766647-4931-0/minicluster-data/master-1-root
metadata directory: /tmp/dist-test-taskHepBll/test-tmp/auto_rebalancer-test.0.AutoRebalancerTest.NextLeaderResumesAutoRebalancing.1782821435766647-4931-0/minicluster-data/master-1-root
1 data directories: /tmp/dist-test-taskHepBll/test-tmp/auto_rebalancer-test.0.AutoRebalancerTest.NextLeaderResumesAutoRebalancing.1782821435766647-4931-0/minicluster-data/master-1-root/data
Total live blocks: 0
Total live bytes: 0
Total live bytes (after alignment): 0
Total number of LBM containers: 0 (0 full)
Did not check for missing blocks
Did not check for orphaned blocks
Total full LBM containers with extra space: 0 (0 repaired)
Total full LBM container extra space in bytes: 0 (0 repaired)
Total incomplete LBM containers: 0 (0 repaired)
Total LBM partial records: 0 (0 repaired)
Total corrupted LBM metadata records in RocksDB: 0 (0 repaired)
I20260630 12:10:51.720317  4931 rpc_server.cc:225] running with OpenSSL 1.1.1  11 Sep 2018
I20260630 12:10:51.721484  4931 kserver.cc:163] Server-wide thread pool size limit: 3276
I20260630 12:10:51.721434  6058 consensus_peers.cc:770] Retrying to get permanent uuid for remote peer: member_type: VOTER last_known_addr { host: "127.4.208.253" port: 35597 } attempt: 1
W20260630 12:10:51.726833  6058 consensus_peers.cc:760] Error getting permanent uuid from config peer 127.4.208.253:35597: Network error: Client connection negotiation failed: client connection to 127.4.208.253:35597: connect: Connection refused (error 111)
I20260630 12:10:51.762151  4931 rpc_server.cc:307] RPC server started. Bound to: 127.4.208.253:35597
I20260630 12:10:51.762234  6122 acceptor_pool.cc:272] collecting diagnostics on the listening RPC socket 127.4.208.253:35597 every 8 connection(s)
I20260630 12:10:51.765884  6123 data_dirs.cc:400] Could only allocate 1 dirs of requested 3 for tablet 00000000000000000000000000000000. 1 dirs total, 0 dirs full, 0 dirs failed
I20260630 12:10:51.766139  4931 file_cache.cc:492] Constructed file cache file cache with capacity 419430
W20260630 12:10:51.771174  6125 instance_detector.cc:116] could not retrieve AWS instance metadata: Network error: curl error: HTTP response code said error: The requested URL returned error: 404
W20260630 12:10:51.773531  6126 instance_detector.cc:116] could not retrieve Azure instance metadata: Network error: curl error: HTTP response code said error: The requested URL returned error: 404
I20260630 12:10:51.774528  6123 sys_catalog.cc:422] member_type: VOTER last_known_addr { host: "127.4.208.254" port: 46303 } has no permanent_uuid. Determining permanent_uuid...
I20260630 12:10:51.776048  4931 server_base.cc:1061] running on GCE node
W20260630 12:10:51.776696  6128 instance_detector.cc:116] could not retrieve OpenStack instance metadata: Network error: curl error: HTTP response code said error: The requested URL returned error: 404
I20260630 12:10:51.777817  4931 hybrid_clock.cc:584] initializing the hybrid clock with 'system_unsync' time source
W20260630 12:10:51.778077  4931 system_unsync_time.cc:38] NTP support is disabled. Clock error bounds will not be accurate. This configuration is not suitable for distributed clusters.
I20260630 12:10:51.778313  4931 hybrid_clock.cc:648] HybridClock initialized: now 1782821451778264 us; error 0 us; skew 500 ppm
I20260630 12:10:51.778838  4931 server_base.cc:861] Flag tcmalloc_max_total_thread_cache_bytes is not working since tcmalloc is not enabled.
I20260630 12:10:51.781865  4931 webserver.cc:533] Webserver started at http://127.4.208.252:45367/ using document root <none> and password file <none>
I20260630 12:10:51.782419  4931 fs_manager.cc:362] Metadata directory not provided
I20260630 12:10:51.782655  4931 fs_manager.cc:368] Using write-ahead log directory (fs_wal_dir) as metadata directory
I20260630 12:10:51.782904  4931 server_base.cc:909] This appears to be a new deployment of Kudu; creating new FS layout
I20260630 12:10:51.784212  4931 fs_manager.cc:1068] Generated new instance metadata in path /tmp/dist-test-taskHepBll/test-tmp/auto_rebalancer-test.0.AutoRebalancerTest.NextLeaderResumesAutoRebalancing.1782821435766647-4931-0/minicluster-data/master-2-root/instance:
uuid: "378e7abff93e4db8b2749012e21ce9ed"
format_stamp: "Formatted at 2026-06-30 12:10:51 on dist-test-slave-hwbx"
I20260630 12:10:51.790385  4931 fs_manager.cc:696] Time spent creating directory manager: real 0.005s	user 0.005s	sys 0.000s
I20260630 12:10:51.790443  6123 sys_catalog.cc:422] member_type: VOTER last_known_addr { host: "127.4.208.253" port: 35597 } has no permanent_uuid. Determining permanent_uuid...
I20260630 12:10:51.794974  6135 log_block_manager.cc:4031] Time spent loading block containers with low live blocks: real 0.000s	user 0.000s	sys 0.000s
I20260630 12:10:51.795818  4931 fs_manager.cc:730] Time spent opening block manager: real 0.003s	user 0.002s	sys 0.000s
I20260630 12:10:51.796108  4931 fs_manager.cc:647] Opened local filesystem: /tmp/dist-test-taskHepBll/test-tmp/auto_rebalancer-test.0.AutoRebalancerTest.NextLeaderResumesAutoRebalancing.1782821435766647-4931-0/minicluster-data/master-2-root
uuid: "378e7abff93e4db8b2749012e21ce9ed"
format_stamp: "Formatted at 2026-06-30 12:10:51 on dist-test-slave-hwbx"
I20260630 12:10:51.796408  4931 fs_report.cc:389] FS layout report
--------------------
wal directory: /tmp/dist-test-taskHepBll/test-tmp/auto_rebalancer-test.0.AutoRebalancerTest.NextLeaderResumesAutoRebalancing.1782821435766647-4931-0/minicluster-data/master-2-root
metadata directory: /tmp/dist-test-taskHepBll/test-tmp/auto_rebalancer-test.0.AutoRebalancerTest.NextLeaderResumesAutoRebalancing.1782821435766647-4931-0/minicluster-data/master-2-root
1 data directories: /tmp/dist-test-taskHepBll/test-tmp/auto_rebalancer-test.0.AutoRebalancerTest.NextLeaderResumesAutoRebalancing.1782821435766647-4931-0/minicluster-data/master-2-root/data
Total live blocks: 0
Total live bytes: 0
Total live bytes (after alignment): 0
Total number of LBM containers: 0 (0 full)
Did not check for missing blocks
Did not check for orphaned blocks
Total full LBM containers with extra space: 0 (0 repaired)
Total full LBM container extra space in bytes: 0 (0 repaired)
Total incomplete LBM containers: 0 (0 repaired)
Total LBM partial records: 0 (0 repaired)
Total corrupted LBM metadata records in RocksDB: 0 (0 repaired)
I20260630 12:10:51.802424  6123 sys_catalog.cc:422] member_type: VOTER last_known_addr { host: "127.4.208.252" port: 33191 } has no permanent_uuid. Determining permanent_uuid...
I20260630 12:10:51.806277  6058 consensus_peers.cc:770] Retrying to get permanent uuid for remote peer: member_type: VOTER last_known_addr { host: "127.4.208.253" port: 35597 } attempt: 2
W20260630 12:10:51.808684  6123 consensus_peers.cc:760] Error getting permanent uuid from config peer 127.4.208.252:33191: Network error: Client connection negotiation failed: client connection to 127.4.208.252:33191: connect: Connection refused (error 111)
I20260630 12:10:51.816152  6058 sys_catalog.cc:422] member_type: VOTER last_known_addr { host: "127.4.208.252" port: 33191 } has no permanent_uuid. Determining permanent_uuid...
I20260630 12:10:51.818627  4931 rpc_server.cc:225] running with OpenSSL 1.1.1  11 Sep 2018
I20260630 12:10:51.819903  4931 kserver.cc:163] Server-wide thread pool size limit: 3276
W20260630 12:10:51.820832  6058 consensus_peers.cc:760] Error getting permanent uuid from config peer 127.4.208.252:33191: Network error: Client connection negotiation failed: client connection to 127.4.208.252:33191: connect: Connection refused (error 111)
I20260630 12:10:51.832209  6123 consensus_peers.cc:770] Retrying to get permanent uuid for remote peer: member_type: VOTER last_known_addr { host: "127.4.208.252" port: 33191 } attempt: 1
W20260630 12:10:51.837864  6123 consensus_peers.cc:760] Error getting permanent uuid from config peer 127.4.208.252:33191: Network error: Client connection negotiation failed: client connection to 127.4.208.252:33191: connect: Connection refused (error 111)
I20260630 12:10:51.855336  6058 consensus_peers.cc:770] Retrying to get permanent uuid for remote peer: member_type: VOTER last_known_addr { host: "127.4.208.252" port: 33191 } attempt: 1
I20260630 12:10:51.859382  4931 rpc_server.cc:307] RPC server started. Bound to: 127.4.208.252:33191
I20260630 12:10:51.859534  6187 acceptor_pool.cc:272] collecting diagnostics on the listening RPC socket 127.4.208.252:33191 every 8 connection(s)
I20260630 12:10:51.863005  4931 internal_mini_cluster.cc:184] Waiting to initialize catalog manager on master 0
I20260630 12:10:51.864107  6189 data_dirs.cc:400] Could only allocate 1 dirs of requested 3 for tablet 00000000000000000000000000000000. 1 dirs total, 0 dirs full, 0 dirs failed
I20260630 12:10:51.871542  6189 sys_catalog.cc:422] member_type: VOTER last_known_addr { host: "127.4.208.254" port: 46303 } has no permanent_uuid. Determining permanent_uuid...
I20260630 12:10:51.876989  6058 tablet_bootstrap.cc:492] T 00000000000000000000000000000000 P 0217d519dc964dfeacad35890748277b: Bootstrap starting.
I20260630 12:10:51.882767  6189 sys_catalog.cc:422] member_type: VOTER last_known_addr { host: "127.4.208.253" port: 35597 } has no permanent_uuid. Determining permanent_uuid...
I20260630 12:10:51.883042  6058 tablet_bootstrap.cc:654] T 00000000000000000000000000000000 P 0217d519dc964dfeacad35890748277b: Neither blocks nor log segments found. Creating new log.
I20260630 12:10:51.885367  6123 consensus_peers.cc:770] Retrying to get permanent uuid for remote peer: member_type: VOTER last_known_addr { host: "127.4.208.252" port: 33191 } attempt: 2
I20260630 12:10:51.889222  6058 tablet_bootstrap.cc:492] T 00000000000000000000000000000000 P 0217d519dc964dfeacad35890748277b: No bootstrap required, opened a new log
I20260630 12:10:51.892217  6058 raft_consensus.cc:359] T 00000000000000000000000000000000 P 0217d519dc964dfeacad35890748277b [term 0 FOLLOWER]: Replica starting. Triggering 0 pending ops. Active config: opid_index: -1 OBSOLETE_local: false peers { permanent_uuid: "0217d519dc964dfeacad35890748277b" member_type: VOTER last_known_addr { host: "127.4.208.254" port: 46303 } } peers { permanent_uuid: "5a3b614e73fd4b30b43def20d309d296" member_type: VOTER last_known_addr { host: "127.4.208.253" port: 35597 } } peers { permanent_uuid: "378e7abff93e4db8b2749012e21ce9ed" member_type: VOTER last_known_addr { host: "127.4.208.252" port: 33191 } }
I20260630 12:10:51.892961  6058 raft_consensus.cc:385] T 00000000000000000000000000000000 P 0217d519dc964dfeacad35890748277b [term 0 FOLLOWER]: Consensus starting up: Expiring failure detector timer to make a prompt election more likely
I20260630 12:10:51.893337  6058 raft_consensus.cc:740] T 00000000000000000000000000000000 P 0217d519dc964dfeacad35890748277b [term 0 FOLLOWER]: Becoming Follower/Learner. State: Replica: 0217d519dc964dfeacad35890748277b, State: Initialized, Role: FOLLOWER
I20260630 12:10:51.893607  6189 sys_catalog.cc:422] member_type: VOTER last_known_addr { host: "127.4.208.252" port: 33191 } has no permanent_uuid. Determining permanent_uuid...
I20260630 12:10:51.894101  6058 consensus_queue.cc:260] T 00000000000000000000000000000000 P 0217d519dc964dfeacad35890748277b [NON_LEADER]: Queue going to NON_LEADER mode. State: All replicated index: 0, Majority replicated index: 0, Committed index: 0, Last appended: 0.0, Last appended by leader: 0, Current term: 0, Majority size: -1, State: 0, Mode: NON_LEADER, active raft config: opid_index: -1 OBSOLETE_local: false peers { permanent_uuid: "0217d519dc964dfeacad35890748277b" member_type: VOTER last_known_addr { host: "127.4.208.254" port: 46303 } } peers { permanent_uuid: "5a3b614e73fd4b30b43def20d309d296" member_type: VOTER last_known_addr { host: "127.4.208.253" port: 35597 } } peers { permanent_uuid: "378e7abff93e4db8b2749012e21ce9ed" member_type: VOTER last_known_addr { host: "127.4.208.252" port: 33191 } }
I20260630 12:10:51.896490  6193 sys_catalog.cc:455] T 00000000000000000000000000000000 P 0217d519dc964dfeacad35890748277b [sys.catalog]: SysCatalogTable state changed. Reason: RaftConsensus started. Latest consensus state: current_term: 0 committed_config { opid_index: -1 OBSOLETE_local: false peers { permanent_uuid: "0217d519dc964dfeacad35890748277b" member_type: VOTER last_known_addr { host: "127.4.208.254" port: 46303 } } peers { permanent_uuid: "5a3b614e73fd4b30b43def20d309d296" member_type: VOTER last_known_addr { host: "127.4.208.253" port: 35597 } } peers { permanent_uuid: "378e7abff93e4db8b2749012e21ce9ed" member_type: VOTER last_known_addr { host: "127.4.208.252" port: 33191 } } }
I20260630 12:10:51.897284  6193 sys_catalog.cc:458] T 00000000000000000000000000000000 P 0217d519dc964dfeacad35890748277b [sys.catalog]: This master's current role is: FOLLOWER
I20260630 12:10:51.898058  6058 sys_catalog.cc:565] T 00000000000000000000000000000000 P 0217d519dc964dfeacad35890748277b [sys.catalog]: configured and running, proceeding with master startup.
I20260630 12:10:51.904838  6123 tablet_bootstrap.cc:492] T 00000000000000000000000000000000 P 5a3b614e73fd4b30b43def20d309d296: Bootstrap starting.
I20260630 12:10:51.910229  6123 tablet_bootstrap.cc:654] T 00000000000000000000000000000000 P 5a3b614e73fd4b30b43def20d309d296: Neither blocks nor log segments found. Creating new log.
I20260630 12:10:51.914940  6123 tablet_bootstrap.cc:492] T 00000000000000000000000000000000 P 5a3b614e73fd4b30b43def20d309d296: No bootstrap required, opened a new log
I20260630 12:10:51.917100  6189 tablet_bootstrap.cc:492] T 00000000000000000000000000000000 P 378e7abff93e4db8b2749012e21ce9ed: Bootstrap starting.
I20260630 12:10:51.918243  4931 internal_mini_cluster.cc:184] Waiting to initialize catalog manager on master 1
I20260630 12:10:51.917837  6123 raft_consensus.cc:359] T 00000000000000000000000000000000 P 5a3b614e73fd4b30b43def20d309d296 [term 0 FOLLOWER]: Replica starting. Triggering 0 pending ops. Active config: opid_index: -1 OBSOLETE_local: false peers { permanent_uuid: "0217d519dc964dfeacad35890748277b" member_type: VOTER last_known_addr { host: "127.4.208.254" port: 46303 } } peers { permanent_uuid: "5a3b614e73fd4b30b43def20d309d296" member_type: VOTER last_known_addr { host: "127.4.208.253" port: 35597 } } peers { permanent_uuid: "378e7abff93e4db8b2749012e21ce9ed" member_type: VOTER last_known_addr { host: "127.4.208.252" port: 33191 } }
I20260630 12:10:51.918609  6123 raft_consensus.cc:385] T 00000000000000000000000000000000 P 5a3b614e73fd4b30b43def20d309d296 [term 0 FOLLOWER]: Consensus starting up: Expiring failure detector timer to make a prompt election more likely
I20260630 12:10:51.918921  6123 raft_consensus.cc:740] T 00000000000000000000000000000000 P 5a3b614e73fd4b30b43def20d309d296 [term 0 FOLLOWER]: Becoming Follower/Learner. State: Replica: 5a3b614e73fd4b30b43def20d309d296, State: Initialized, Role: FOLLOWER
I20260630 12:10:51.919687  6123 consensus_queue.cc:260] T 00000000000000000000000000000000 P 5a3b614e73fd4b30b43def20d309d296 [NON_LEADER]: Queue going to NON_LEADER mode. State: All replicated index: 0, Majority replicated index: 0, Committed index: 0, Last appended: 0.0, Last appended by leader: 0, Current term: 0, Majority size: -1, State: 0, Mode: NON_LEADER, active raft config: opid_index: -1 OBSOLETE_local: false peers { permanent_uuid: "0217d519dc964dfeacad35890748277b" member_type: VOTER last_known_addr { host: "127.4.208.254" port: 46303 } } peers { permanent_uuid: "5a3b614e73fd4b30b43def20d309d296" member_type: VOTER last_known_addr { host: "127.4.208.253" port: 35597 } } peers { permanent_uuid: "378e7abff93e4db8b2749012e21ce9ed" member_type: VOTER last_known_addr { host: "127.4.208.252" port: 33191 } }
I20260630 12:10:51.921840  6206 sys_catalog.cc:455] T 00000000000000000000000000000000 P 5a3b614e73fd4b30b43def20d309d296 [sys.catalog]: SysCatalogTable state changed. Reason: RaftConsensus started. Latest consensus state: current_term: 0 committed_config { opid_index: -1 OBSOLETE_local: false peers { permanent_uuid: "0217d519dc964dfeacad35890748277b" member_type: VOTER last_known_addr { host: "127.4.208.254" port: 46303 } } peers { permanent_uuid: "5a3b614e73fd4b30b43def20d309d296" member_type: VOTER last_known_addr { host: "127.4.208.253" port: 35597 } } peers { permanent_uuid: "378e7abff93e4db8b2749012e21ce9ed" member_type: VOTER last_known_addr { host: "127.4.208.252" port: 33191 } } }
I20260630 12:10:51.922610  6206 sys_catalog.cc:458] T 00000000000000000000000000000000 P 5a3b614e73fd4b30b43def20d309d296 [sys.catalog]: This master's current role is: FOLLOWER
I20260630 12:10:51.923053  6189 tablet_bootstrap.cc:654] T 00000000000000000000000000000000 P 378e7abff93e4db8b2749012e21ce9ed: Neither blocks nor log segments found. Creating new log.
W20260630 12:10:51.923314  6205 catalog_manager.cc:1594] T 00000000000000000000000000000000 P 0217d519dc964dfeacad35890748277b: loading cluster ID for follower catalog manager: Not found: cluster ID entry not found
I20260630 12:10:51.923444  6123 sys_catalog.cc:565] T 00000000000000000000000000000000 P 5a3b614e73fd4b30b43def20d309d296 [sys.catalog]: configured and running, proceeding with master startup.
W20260630 12:10:51.923637  6205 catalog_manager.cc:883] Not found: cluster ID entry not found: failed to prepare follower catalog manager, will retry
I20260630 12:10:51.927547  6189 tablet_bootstrap.cc:492] T 00000000000000000000000000000000 P 378e7abff93e4db8b2749012e21ce9ed: No bootstrap required, opened a new log
I20260630 12:10:51.929746  6189 raft_consensus.cc:359] T 00000000000000000000000000000000 P 378e7abff93e4db8b2749012e21ce9ed [term 0 FOLLOWER]: Replica starting. Triggering 0 pending ops. Active config: opid_index: -1 OBSOLETE_local: false peers { permanent_uuid: "0217d519dc964dfeacad35890748277b" member_type: VOTER last_known_addr { host: "127.4.208.254" port: 46303 } } peers { permanent_uuid: "5a3b614e73fd4b30b43def20d309d296" member_type: VOTER last_known_addr { host: "127.4.208.253" port: 35597 } } peers { permanent_uuid: "378e7abff93e4db8b2749012e21ce9ed" member_type: VOTER last_known_addr { host: "127.4.208.252" port: 33191 } }
I20260630 12:10:51.930286  6189 raft_consensus.cc:385] T 00000000000000000000000000000000 P 378e7abff93e4db8b2749012e21ce9ed [term 0 FOLLOWER]: Consensus starting up: Expiring failure detector timer to make a prompt election more likely
I20260630 12:10:51.930522  6189 raft_consensus.cc:740] T 00000000000000000000000000000000 P 378e7abff93e4db8b2749012e21ce9ed [term 0 FOLLOWER]: Becoming Follower/Learner. State: Replica: 378e7abff93e4db8b2749012e21ce9ed, State: Initialized, Role: FOLLOWER
I20260630 12:10:51.931089  6189 consensus_queue.cc:260] T 00000000000000000000000000000000 P 378e7abff93e4db8b2749012e21ce9ed [NON_LEADER]: Queue going to NON_LEADER mode. State: All replicated index: 0, Majority replicated index: 0, Committed index: 0, Last appended: 0.0, Last appended by leader: 0, Current term: 0, Majority size: -1, State: 0, Mode: NON_LEADER, active raft config: opid_index: -1 OBSOLETE_local: false peers { permanent_uuid: "0217d519dc964dfeacad35890748277b" member_type: VOTER last_known_addr { host: "127.4.208.254" port: 46303 } } peers { permanent_uuid: "5a3b614e73fd4b30b43def20d309d296" member_type: VOTER last_known_addr { host: "127.4.208.253" port: 35597 } } peers { permanent_uuid: "378e7abff93e4db8b2749012e21ce9ed" member_type: VOTER last_known_addr { host: "127.4.208.252" port: 33191 } }
I20260630 12:10:51.933240  6214 sys_catalog.cc:455] T 00000000000000000000000000000000 P 378e7abff93e4db8b2749012e21ce9ed [sys.catalog]: SysCatalogTable state changed. Reason: RaftConsensus started. Latest consensus state: current_term: 0 committed_config { opid_index: -1 OBSOLETE_local: false peers { permanent_uuid: "0217d519dc964dfeacad35890748277b" member_type: VOTER last_known_addr { host: "127.4.208.254" port: 46303 } } peers { permanent_uuid: "5a3b614e73fd4b30b43def20d309d296" member_type: VOTER last_known_addr { host: "127.4.208.253" port: 35597 } } peers { permanent_uuid: "378e7abff93e4db8b2749012e21ce9ed" member_type: VOTER last_known_addr { host: "127.4.208.252" port: 33191 } } }
I20260630 12:10:51.933914  6206 raft_consensus.cc:493] T 00000000000000000000000000000000 P 5a3b614e73fd4b30b43def20d309d296 [term 0 FOLLOWER]: Starting pre-election (no leader contacted us within the election timeout)
I20260630 12:10:51.934240  6214 sys_catalog.cc:458] T 00000000000000000000000000000000 P 378e7abff93e4db8b2749012e21ce9ed [sys.catalog]: This master's current role is: FOLLOWER
I20260630 12:10:51.934715  6189 sys_catalog.cc:565] T 00000000000000000000000000000000 P 378e7abff93e4db8b2749012e21ce9ed [sys.catalog]: configured and running, proceeding with master startup.
I20260630 12:10:51.934408  6206 raft_consensus.cc:515] T 00000000000000000000000000000000 P 5a3b614e73fd4b30b43def20d309d296 [term 0 FOLLOWER]: Starting pre-election with config: opid_index: -1 OBSOLETE_local: false peers { permanent_uuid: "0217d519dc964dfeacad35890748277b" member_type: VOTER last_known_addr { host: "127.4.208.254" port: 46303 } } peers { permanent_uuid: "5a3b614e73fd4b30b43def20d309d296" member_type: VOTER last_known_addr { host: "127.4.208.253" port: 35597 } } peers { permanent_uuid: "378e7abff93e4db8b2749012e21ce9ed" member_type: VOTER last_known_addr { host: "127.4.208.252" port: 33191 } }
I20260630 12:10:51.936828  6206 leader_election.cc:290] T 00000000000000000000000000000000 P 5a3b614e73fd4b30b43def20d309d296 [CANDIDATE]: Term 1 pre-election: Requested pre-vote from peers 0217d519dc964dfeacad35890748277b (127.4.208.254:46303), 378e7abff93e4db8b2749012e21ce9ed (127.4.208.252:33191)
I20260630 12:10:51.937912  6033 tablet_service.cc:1917] Received RequestConsensusVote() RPC: tablet_id: "00000000000000000000000000000000" candidate_uuid: "5a3b614e73fd4b30b43def20d309d296" candidate_term: 1 candidate_status { last_received { term: 0 index: 0 } } ignore_live_leader: false dest_uuid: "0217d519dc964dfeacad35890748277b" is_pre_election: true
I20260630 12:10:51.938246  6163 tablet_service.cc:1917] Received RequestConsensusVote() RPC: tablet_id: "00000000000000000000000000000000" candidate_uuid: "5a3b614e73fd4b30b43def20d309d296" candidate_term: 1 candidate_status { last_received { term: 0 index: 0 } } ignore_live_leader: false dest_uuid: "378e7abff93e4db8b2749012e21ce9ed" is_pre_election: true
I20260630 12:10:51.938750  6033 raft_consensus.cc:2468] T 00000000000000000000000000000000 P 0217d519dc964dfeacad35890748277b [term 0 FOLLOWER]: Leader pre-election vote request: Granting yes vote for candidate 5a3b614e73fd4b30b43def20d309d296 in term 0.
I20260630 12:10:51.938988  6163 raft_consensus.cc:2468] T 00000000000000000000000000000000 P 378e7abff93e4db8b2749012e21ce9ed [term 0 FOLLOWER]: Leader pre-election vote request: Granting yes vote for candidate 5a3b614e73fd4b30b43def20d309d296 in term 0.
I20260630 12:10:51.940508  6075 leader_election.cc:304] T 00000000000000000000000000000000 P 5a3b614e73fd4b30b43def20d309d296 [CANDIDATE]: Term 1 pre-election: Election decided. Result: candidate won. Election summary: received 2 responses out of 3 voters: 2 yes votes; 0 no votes. yes voters: 0217d519dc964dfeacad35890748277b, 5a3b614e73fd4b30b43def20d309d296; no voters: 
I20260630 12:10:51.941948  6206 raft_consensus.cc:2804] T 00000000000000000000000000000000 P 5a3b614e73fd4b30b43def20d309d296 [term 0 FOLLOWER]: Leader pre-election won for term 1
I20260630 12:10:51.942351  6206 raft_consensus.cc:493] T 00000000000000000000000000000000 P 5a3b614e73fd4b30b43def20d309d296 [term 0 FOLLOWER]: Starting leader election (no leader contacted us within the election timeout)
I20260630 12:10:51.942708  6206 raft_consensus.cc:3060] T 00000000000000000000000000000000 P 5a3b614e73fd4b30b43def20d309d296 [term 0 FOLLOWER]: Advancing to term 1
I20260630 12:10:51.942909  6220 catalog_manager.cc:805] Waiting for catalog manager background task thread to start: Service unavailable: Catalog manager is not initialized. State: Starting
I20260630 12:10:51.943434  4931 internal_mini_cluster.cc:184] Waiting to initialize catalog manager on master 2
I20260630 12:10:51.948860  6206 raft_consensus.cc:515] T 00000000000000000000000000000000 P 5a3b614e73fd4b30b43def20d309d296 [term 1 FOLLOWER]: Starting leader election with config: opid_index: -1 OBSOLETE_local: false peers { permanent_uuid: "0217d519dc964dfeacad35890748277b" member_type: VOTER last_known_addr { host: "127.4.208.254" port: 46303 } } peers { permanent_uuid: "5a3b614e73fd4b30b43def20d309d296" member_type: VOTER last_known_addr { host: "127.4.208.253" port: 35597 } } peers { permanent_uuid: "378e7abff93e4db8b2749012e21ce9ed" member_type: VOTER last_known_addr { host: "127.4.208.252" port: 33191 } }
I20260630 12:10:51.950970  6206 leader_election.cc:290] T 00000000000000000000000000000000 P 5a3b614e73fd4b30b43def20d309d296 [CANDIDATE]: Term 1 election: Requested vote from peers 0217d519dc964dfeacad35890748277b (127.4.208.254:46303), 378e7abff93e4db8b2749012e21ce9ed (127.4.208.252:33191)
I20260630 12:10:51.951737  6033 tablet_service.cc:1917] Received RequestConsensusVote() RPC: tablet_id: "00000000000000000000000000000000" candidate_uuid: "5a3b614e73fd4b30b43def20d309d296" candidate_term: 1 candidate_status { last_received { term: 0 index: 0 } } ignore_live_leader: false dest_uuid: "0217d519dc964dfeacad35890748277b"
I20260630 12:10:51.952334  6033 raft_consensus.cc:3060] T 00000000000000000000000000000000 P 0217d519dc964dfeacad35890748277b [term 0 FOLLOWER]: Advancing to term 1
I20260630 12:10:51.952318  6163 tablet_service.cc:1917] Received RequestConsensusVote() RPC: tablet_id: "00000000000000000000000000000000" candidate_uuid: "5a3b614e73fd4b30b43def20d309d296" candidate_term: 1 candidate_status { last_received { term: 0 index: 0 } } ignore_live_leader: false dest_uuid: "378e7abff93e4db8b2749012e21ce9ed"
I20260630 12:10:51.953028  6163 raft_consensus.cc:3060] T 00000000000000000000000000000000 P 378e7abff93e4db8b2749012e21ce9ed [term 0 FOLLOWER]: Advancing to term 1
I20260630 12:10:51.954226  4931 file_cache.cc:492] Constructed file cache file cache with capacity 419430
I20260630 12:10:51.959383  6033 raft_consensus.cc:2468] T 00000000000000000000000000000000 P 0217d519dc964dfeacad35890748277b [term 1 FOLLOWER]: Leader election vote request: Granting yes vote for candidate 5a3b614e73fd4b30b43def20d309d296 in term 1.
I20260630 12:10:51.959432  6163 raft_consensus.cc:2468] T 00000000000000000000000000000000 P 378e7abff93e4db8b2749012e21ce9ed [term 1 FOLLOWER]: Leader election vote request: Granting yes vote for candidate 5a3b614e73fd4b30b43def20d309d296 in term 1.
I20260630 12:10:51.960817  6075 leader_election.cc:304] T 00000000000000000000000000000000 P 5a3b614e73fd4b30b43def20d309d296 [CANDIDATE]: Term 1 election: Election decided. Result: candidate won. Election summary: received 2 responses out of 3 voters: 2 yes votes; 0 no votes. yes voters: 0217d519dc964dfeacad35890748277b, 5a3b614e73fd4b30b43def20d309d296; no voters: 
W20260630 12:10:51.961032  6231 instance_detector.cc:116] could not retrieve AWS instance metadata: Network error: curl error: HTTP response code said error: The requested URL returned error: 404
I20260630 12:10:51.961771  6206 raft_consensus.cc:2804] T 00000000000000000000000000000000 P 5a3b614e73fd4b30b43def20d309d296 [term 1 FOLLOWER]: Leader election won for term 1
W20260630 12:10:51.963972  6232 instance_detector.cc:116] could not retrieve Azure instance metadata: Network error: curl error: HTTP response code said error: The requested URL returned error: 404
I20260630 12:10:51.964926  6206 raft_consensus.cc:697] T 00000000000000000000000000000000 P 5a3b614e73fd4b30b43def20d309d296 [term 1 LEADER]: Becoming Leader. State: Replica: 5a3b614e73fd4b30b43def20d309d296, State: Running, Role: LEADER
W20260630 12:10:51.966216  6230 catalog_manager.cc:1594] T 00000000000000000000000000000000 P 378e7abff93e4db8b2749012e21ce9ed: loading cluster ID for follower catalog manager: Not found: cluster ID entry not found
I20260630 12:10:51.965818  6206 consensus_queue.cc:237] T 00000000000000000000000000000000 P 5a3b614e73fd4b30b43def20d309d296 [LEADER]: Queue going to LEADER mode. State: All replicated index: 0, Majority replicated index: 0, Committed index: 0, Last appended: 0.0, Last appended by leader: 0, Current term: 1, Majority size: 2, State: 0, Mode: LEADER, active raft config: opid_index: -1 OBSOLETE_local: false peers { permanent_uuid: "0217d519dc964dfeacad35890748277b" member_type: VOTER last_known_addr { host: "127.4.208.254" port: 46303 } } peers { permanent_uuid: "5a3b614e73fd4b30b43def20d309d296" member_type: VOTER last_known_addr { host: "127.4.208.253" port: 35597 } } peers { permanent_uuid: "378e7abff93e4db8b2749012e21ce9ed" member_type: VOTER last_known_addr { host: "127.4.208.252" port: 33191 } }
W20260630 12:10:51.966548  6230 catalog_manager.cc:883] Not found: cluster ID entry not found: failed to prepare follower catalog manager, will retry
W20260630 12:10:51.969480  6235 instance_detector.cc:116] could not retrieve OpenStack instance metadata: Network error: curl error: HTTP response code said error: The requested URL returned error: 404
I20260630 12:10:51.970382  4931 server_base.cc:1061] running on GCE node
I20260630 12:10:51.971853  6234 sys_catalog.cc:455] T 00000000000000000000000000000000 P 5a3b614e73fd4b30b43def20d309d296 [sys.catalog]: SysCatalogTable state changed. Reason: New leader 5a3b614e73fd4b30b43def20d309d296. Latest consensus state: current_term: 1 leader_uuid: "5a3b614e73fd4b30b43def20d309d296" committed_config { opid_index: -1 OBSOLETE_local: false peers { permanent_uuid: "0217d519dc964dfeacad35890748277b" member_type: VOTER last_known_addr { host: "127.4.208.254" port: 46303 } } peers { permanent_uuid: "5a3b614e73fd4b30b43def20d309d296" member_type: VOTER last_known_addr { host: "127.4.208.253" port: 35597 } } peers { permanent_uuid: "378e7abff93e4db8b2749012e21ce9ed" member_type: VOTER last_known_addr { host: "127.4.208.252" port: 33191 } } }
I20260630 12:10:51.972616  6234 sys_catalog.cc:458] T 00000000000000000000000000000000 P 5a3b614e73fd4b30b43def20d309d296 [sys.catalog]: This master's current role is: LEADER
I20260630 12:10:51.973232  4931 hybrid_clock.cc:584] initializing the hybrid clock with 'system_unsync' time source
W20260630 12:10:51.973542  4931 system_unsync_time.cc:38] NTP support is disabled. Clock error bounds will not be accurate. This configuration is not suitable for distributed clusters.
I20260630 12:10:51.973807  4931 hybrid_clock.cc:648] HybridClock initialized: now 1782821451973789 us; error 0 us; skew 500 ppm
I20260630 12:10:51.974156  6238 catalog_manager.cc:1511] Loading table and tablet metadata into memory...
I20260630 12:10:51.974504  4931 server_base.cc:861] Flag tcmalloc_max_total_thread_cache_bytes is not working since tcmalloc is not enabled.
I20260630 12:10:51.977128  4931 webserver.cc:533] Webserver started at http://127.4.208.193:37659/ using document root <none> and password file <none>
I20260630 12:10:51.977576  4931 fs_manager.cc:362] Metadata directory not provided
I20260630 12:10:51.977767  4931 fs_manager.cc:368] Using write-ahead log directory (fs_wal_dir) as metadata directory
I20260630 12:10:51.978042  4931 server_base.cc:909] This appears to be a new deployment of Kudu; creating new FS layout
I20260630 12:10:51.979605  6238 catalog_manager.cc:1520] Initializing Kudu cluster ID...
I20260630 12:10:51.979655  4931 fs_manager.cc:1068] Generated new instance metadata in path /tmp/dist-test-taskHepBll/test-tmp/auto_rebalancer-test.0.AutoRebalancerTest.NextLeaderResumesAutoRebalancing.1782821435766647-4931-0/minicluster-data/ts-0-root/instance:
uuid: "aacfab6b33674a36be5b5d4be593ac7d"
format_stamp: "Formatted at 2026-06-30 12:10:51 on dist-test-slave-hwbx"
I20260630 12:10:51.984948  4931 fs_manager.cc:696] Time spent creating directory manager: real 0.005s	user 0.007s	sys 0.000s
