I20260630 12:12:25.513127  4931 file_cache.cc:492] Constructed file cache file cache with capacity 419430
W20260630 12:12:25.518989  9039 instance_detector.cc:116] could not retrieve AWS instance metadata: Network error: curl error: HTTP response code said error: The requested URL returned error: 404
W20260630 12:12:25.519927  9040 instance_detector.cc:116] could not retrieve Azure instance metadata: Network error: curl error: HTTP response code said error: The requested URL returned error: 404
W20260630 12:12:25.522874  9042 instance_detector.cc:116] could not retrieve OpenStack instance metadata: Network error: curl error: HTTP response code said error: The requested URL returned error: 404
I20260630 12:12:25.523985  4931 server_base.cc:1061] running on GCE node
I20260630 12:12:25.524943  4931 hybrid_clock.cc:584] initializing the hybrid clock with 'system_unsync' time source
W20260630 12:12:25.525151  4931 system_unsync_time.cc:38] NTP support is disabled. Clock error bounds will not be accurate. This configuration is not suitable for distributed clusters.
I20260630 12:12:25.525375  4931 hybrid_clock.cc:648] HybridClock initialized: now 1782821545525355 us; error 0 us; skew 500 ppm
I20260630 12:12:25.525895  4931 server_base.cc:861] Flag tcmalloc_max_total_thread_cache_bytes is not working since tcmalloc is not enabled.
I20260630 12:12:25.528451  4931 webserver.cc:533] Webserver started at http://127.4.208.193:37843/ using document root <none> and password file <none>
I20260630 12:12:25.528930  4931 fs_manager.cc:362] Metadata directory not provided
I20260630 12:12:25.529162  4931 fs_manager.cc:368] Using write-ahead log directory (fs_wal_dir) as metadata directory
I20260630 12:12:25.529440  4931 server_base.cc:909] This appears to be a new deployment of Kudu; creating new FS layout
I20260630 12:12:25.530534  4931 fs_manager.cc:1068] Generated new instance metadata in path /tmp/dist-test-taskHepBll/test-tmp/auto_rebalancer-test.0.AutoRebalancerTest.NoReplicaMovesIfCannotFixPlacementPolicy.1782821435766647-4931-0/minicluster-data/ts-0-root/instance:
uuid: "e17b02f322ae4b0d9b1142704de07179"
format_stamp: "Formatted at 2026-06-30 12:12:25 on dist-test-slave-hwbx"
I20260630 12:12:25.535013  4931 fs_manager.cc:696] Time spent creating directory manager: real 0.004s	user 0.006s	sys 0.000s
I20260630 12:12:25.538710  9047 log_block_manager.cc:4031] Time spent loading block containers with low live blocks: real 0.000s	user 0.000s	sys 0.000s
I20260630 12:12:25.539531  4931 fs_manager.cc:730] Time spent opening block manager: real 0.002s	user 0.002s	sys 0.000s
I20260630 12:12:25.539839  4931 fs_manager.cc:647] Opened local filesystem: /tmp/dist-test-taskHepBll/test-tmp/auto_rebalancer-test.0.AutoRebalancerTest.NoReplicaMovesIfCannotFixPlacementPolicy.1782821435766647-4931-0/minicluster-data/ts-0-root
uuid: "e17b02f322ae4b0d9b1142704de07179"
format_stamp: "Formatted at 2026-06-30 12:12:25 on dist-test-slave-hwbx"
I20260630 12:12:25.540128  4931 fs_report.cc:389] FS layout report
--------------------
wal directory: /tmp/dist-test-taskHepBll/test-tmp/auto_rebalancer-test.0.AutoRebalancerTest.NoReplicaMovesIfCannotFixPlacementPolicy.1782821435766647-4931-0/minicluster-data/ts-0-root
metadata directory: /tmp/dist-test-taskHepBll/test-tmp/auto_rebalancer-test.0.AutoRebalancerTest.NoReplicaMovesIfCannotFixPlacementPolicy.1782821435766647-4931-0/minicluster-data/ts-0-root
1 data directories: /tmp/dist-test-taskHepBll/test-tmp/auto_rebalancer-test.0.AutoRebalancerTest.NoReplicaMovesIfCannotFixPlacementPolicy.1782821435766647-4931-0/minicluster-data/ts-0-root/data
Total live blocks: 0
Total live bytes: 0
Total live bytes (after alignment): 0
Total number of LBM containers: 0 (0 full)
Did not check for missing blocks
Did not check for orphaned blocks
Total full LBM containers with extra space: 0 (0 repaired)
Total full LBM container extra space in bytes: 0 (0 repaired)
Total incomplete LBM containers: 0 (0 repaired)
Total LBM partial records: 0 (0 repaired)
Total corrupted LBM metadata records in RocksDB: 0 (0 repaired)
I20260630 12:12:25.583178  4931 rpc_server.cc:225] running with OpenSSL 1.1.1  11 Sep 2018
I20260630 12:12:25.584547  4931 kserver.cc:163] Server-wide thread pool size limit: 3276
I20260630 12:12:25.586024  4931 txn_system_client.cc:432] TxnSystemClient initialization is disabled...
I20260630 12:12:25.588330  4931 ts_tablet_manager.cc:585] Loaded tablet metadata (0 total tablets, 0 live tablets)
I20260630 12:12:25.588591  4931 ts_tablet_manager.cc:531] Time spent load tablet metadata: real 0.000s	user 0.000s	sys 0.000s
I20260630 12:12:25.588840  4931 ts_tablet_manager.cc:616] Registered 0 tablets
I20260630 12:12:25.589035  4931 ts_tablet_manager.cc:595] Time spent register tablets: real 0.000s	user 0.000s	sys 0.000s
I20260630 12:12:25.629801  4931 rpc_server.cc:307] RPC server started. Bound to: 127.4.208.193:33329
I20260630 12:12:25.629901  9109 acceptor_pool.cc:272] collecting diagnostics on the listening RPC socket 127.4.208.193:33329 every 8 connection(s)
I20260630 12:12:25.634999  4931 file_cache.cc:492] Constructed file cache file cache with capacity 419430
W20260630 12:12:25.643097  9115 instance_detector.cc:116] could not retrieve Azure instance metadata: Network error: curl error: HTTP response code said error: The requested URL returned error: 404
W20260630 12:12:25.643867  9114 instance_detector.cc:116] could not retrieve AWS instance metadata: Network error: curl error: HTTP response code said error: The requested URL returned error: 404
W20260630 12:12:25.647914  9117 instance_detector.cc:116] could not retrieve OpenStack instance metadata: Network error: curl error: HTTP response code said error: The requested URL returned error: 404
I20260630 12:12:25.648744  4931 server_base.cc:1061] running on GCE node
I20260630 12:12:25.649540  4931 hybrid_clock.cc:584] initializing the hybrid clock with 'system_unsync' time source
W20260630 12:12:25.649749  4931 system_unsync_time.cc:38] NTP support is disabled. Clock error bounds will not be accurate. This configuration is not suitable for distributed clusters.
I20260630 12:12:25.649935  4931 hybrid_clock.cc:648] HybridClock initialized: now 1782821545649915 us; error 0 us; skew 500 ppm
I20260630 12:12:25.650452  4931 server_base.cc:861] Flag tcmalloc_max_total_thread_cache_bytes is not working since tcmalloc is not enabled.
I20260630 12:12:25.653472  4931 webserver.cc:533] Webserver started at http://127.4.208.194:39399/ using document root <none> and password file <none>
I20260630 12:12:25.654023  4931 fs_manager.cc:362] Metadata directory not provided
I20260630 12:12:25.654240  4931 fs_manager.cc:368] Using write-ahead log directory (fs_wal_dir) as metadata directory
I20260630 12:12:25.654521  4931 server_base.cc:909] This appears to be a new deployment of Kudu; creating new FS layout
I20260630 12:12:25.655107  9110 heartbeater.cc:344] Connected to a master server at 127.4.208.254:37185
I20260630 12:12:25.655504  9110 heartbeater.cc:461] Registering TS with master...
I20260630 12:12:25.655779  4931 fs_manager.cc:1068] Generated new instance metadata in path /tmp/dist-test-taskHepBll/test-tmp/auto_rebalancer-test.0.AutoRebalancerTest.NoReplicaMovesIfCannotFixPlacementPolicy.1782821435766647-4931-0/minicluster-data/ts-1-root/instance:
uuid: "c155071ef7be458196e04eb76534c39d"
format_stamp: "Formatted at 2026-06-30 12:12:25 on dist-test-slave-hwbx"
I20260630 12:12:25.656240  9110 heartbeater.cc:507] Master 127.4.208.254:37185 requested a full tablet report, sending...
I20260630 12:12:25.658401  8983 ts_manager.cc:194] Registered new tserver with Master: e17b02f322ae4b0d9b1142704de07179 (127.4.208.193:33329)
I20260630 12:12:25.660610  8983 master_service.cc:502] Signed X509 certificate for tserver {username='slave'} at 127.0.0.1:41570
I20260630 12:12:25.660750  4931 fs_manager.cc:696] Time spent creating directory manager: real 0.004s	user 0.007s	sys 0.000s
I20260630 12:12:25.664579  9122 log_block_manager.cc:4031] Time spent loading block containers with low live blocks: real 0.000s	user 0.000s	sys 0.000s
I20260630 12:12:25.665506  4931 fs_manager.cc:730] Time spent opening block manager: real 0.003s	user 0.002s	sys 0.001s
I20260630 12:12:25.665859  4931 fs_manager.cc:647] Opened local filesystem: /tmp/dist-test-taskHepBll/test-tmp/auto_rebalancer-test.0.AutoRebalancerTest.NoReplicaMovesIfCannotFixPlacementPolicy.1782821435766647-4931-0/minicluster-data/ts-1-root
uuid: "c155071ef7be458196e04eb76534c39d"
format_stamp: "Formatted at 2026-06-30 12:12:25 on dist-test-slave-hwbx"
I20260630 12:12:25.666186  4931 fs_report.cc:389] FS layout report
--------------------
wal directory: /tmp/dist-test-taskHepBll/test-tmp/auto_rebalancer-test.0.AutoRebalancerTest.NoReplicaMovesIfCannotFixPlacementPolicy.1782821435766647-4931-0/minicluster-data/ts-1-root
metadata directory: /tmp/dist-test-taskHepBll/test-tmp/auto_rebalancer-test.0.AutoRebalancerTest.NoReplicaMovesIfCannotFixPlacementPolicy.1782821435766647-4931-0/minicluster-data/ts-1-root
1 data directories: /tmp/dist-test-taskHepBll/test-tmp/auto_rebalancer-test.0.AutoRebalancerTest.NoReplicaMovesIfCannotFixPlacementPolicy.1782821435766647-4931-0/minicluster-data/ts-1-root/data
Total live blocks: 0
Total live bytes: 0
Total live bytes (after alignment): 0
Total number of LBM containers: 0 (0 full)
Did not check for missing blocks
Did not check for orphaned blocks
Total full LBM containers with extra space: 0 (0 repaired)
Total full LBM container extra space in bytes: 0 (0 repaired)
Total incomplete LBM containers: 0 (0 repaired)
Total LBM partial records: 0 (0 repaired)
Total corrupted LBM metadata records in RocksDB: 0 (0 repaired)
I20260630 12:12:25.680632  4931 rpc_server.cc:225] running with OpenSSL 1.1.1  11 Sep 2018
I20260630 12:12:25.681877  4931 kserver.cc:163] Server-wide thread pool size limit: 3276
I20260630 12:12:25.683302  4931 txn_system_client.cc:432] TxnSystemClient initialization is disabled...
I20260630 12:12:25.685684  4931 ts_tablet_manager.cc:585] Loaded tablet metadata (0 total tablets, 0 live tablets)
I20260630 12:12:25.685923  4931 ts_tablet_manager.cc:531] Time spent load tablet metadata: real 0.000s	user 0.000s	sys 0.000s
I20260630 12:12:25.686161  4931 ts_tablet_manager.cc:616] Registered 0 tablets
I20260630 12:12:25.686331  4931 ts_tablet_manager.cc:595] Time spent register tablets: real 0.000s	user 0.000s	sys 0.000s
I20260630 12:12:25.726749  4931 rpc_server.cc:307] RPC server started. Bound to: 127.4.208.194:41905
I20260630 12:12:25.726852  9184 acceptor_pool.cc:272] collecting diagnostics on the listening RPC socket 127.4.208.194:41905 every 8 connection(s)
I20260630 12:12:25.731746  4931 file_cache.cc:492] Constructed file cache file cache with capacity 419430
W20260630 12:12:25.738974  9188 instance_detector.cc:116] could not retrieve AWS instance metadata: Network error: curl error: HTTP response code said error: The requested URL returned error: 404
W20260630 12:12:25.740007  9189 instance_detector.cc:116] could not retrieve Azure instance metadata: Network error: curl error: HTTP response code said error: The requested URL returned error: 404
I20260630 12:12:25.743089  4931 server_base.cc:1061] running on GCE node
W20260630 12:12:25.743269  9191 instance_detector.cc:116] could not retrieve OpenStack instance metadata: Network error: curl error: HTTP response code said error: The requested URL returned error: 404
I20260630 12:12:25.744275  9185 heartbeater.cc:344] Connected to a master server at 127.4.208.254:37185
I20260630 12:12:25.744483  4931 hybrid_clock.cc:584] initializing the hybrid clock with 'system_unsync' time source
I20260630 12:12:25.744678  9185 heartbeater.cc:461] Registering TS with master...
W20260630 12:12:25.744864  4931 system_unsync_time.cc:38] NTP support is disabled. Clock error bounds will not be accurate. This configuration is not suitable for distributed clusters.
I20260630 12:12:25.745090  4931 hybrid_clock.cc:648] HybridClock initialized: now 1782821545745073 us; error 0 us; skew 500 ppm
I20260630 12:12:25.745402  9185 heartbeater.cc:507] Master 127.4.208.254:37185 requested a full tablet report, sending...
I20260630 12:12:25.745738  4931 server_base.cc:861] Flag tcmalloc_max_total_thread_cache_bytes is not working since tcmalloc is not enabled.
I20260630 12:12:25.747656  8983 ts_manager.cc:194] Registered new tserver with Master: c155071ef7be458196e04eb76534c39d (127.4.208.194:41905)
I20260630 12:12:25.748773  4931 webserver.cc:533] Webserver started at http://127.4.208.195:36831/ using document root <none> and password file <none>
I20260630 12:12:25.749440  4931 fs_manager.cc:362] Metadata directory not provided
I20260630 12:12:25.749853  4931 fs_manager.cc:368] Using write-ahead log directory (fs_wal_dir) as metadata directory
I20260630 12:12:25.749749  8983 master_service.cc:502] Signed X509 certificate for tserver {username='slave'} at 127.0.0.1:41584
I20260630 12:12:25.750486  4931 server_base.cc:909] This appears to be a new deployment of Kudu; creating new FS layout
I20260630 12:12:25.752293  4931 fs_manager.cc:1068] Generated new instance metadata in path /tmp/dist-test-taskHepBll/test-tmp/auto_rebalancer-test.0.AutoRebalancerTest.NoReplicaMovesIfCannotFixPlacementPolicy.1782821435766647-4931-0/minicluster-data/ts-2-root/instance:
uuid: "4526e55a713d4cfabe00879be7d1d0e6"
format_stamp: "Formatted at 2026-06-30 12:12:25 on dist-test-slave-hwbx"
I20260630 12:12:25.759804  4931 fs_manager.cc:696] Time spent creating directory manager: real 0.007s	user 0.006s	sys 0.001s
I20260630 12:12:25.763969  9196 log_block_manager.cc:4031] Time spent loading block containers with low live blocks: real 0.000s	user 0.000s	sys 0.000s
I20260630 12:12:25.764830  4931 fs_manager.cc:730] Time spent opening block manager: real 0.002s	user 0.003s	sys 0.000s
I20260630 12:12:25.765141  4931 fs_manager.cc:647] Opened local filesystem: /tmp/dist-test-taskHepBll/test-tmp/auto_rebalancer-test.0.AutoRebalancerTest.NoReplicaMovesIfCannotFixPlacementPolicy.1782821435766647-4931-0/minicluster-data/ts-2-root
uuid: "4526e55a713d4cfabe00879be7d1d0e6"
format_stamp: "Formatted at 2026-06-30 12:12:25 on dist-test-slave-hwbx"
I20260630 12:12:25.765421  4931 fs_report.cc:389] FS layout report
--------------------
wal directory: /tmp/dist-test-taskHepBll/test-tmp/auto_rebalancer-test.0.AutoRebalancerTest.NoReplicaMovesIfCannotFixPlacementPolicy.1782821435766647-4931-0/minicluster-data/ts-2-root
metadata directory: /tmp/dist-test-taskHepBll/test-tmp/auto_rebalancer-test.0.AutoRebalancerTest.NoReplicaMovesIfCannotFixPlacementPolicy.1782821435766647-4931-0/minicluster-data/ts-2-root
1 data directories: /tmp/dist-test-taskHepBll/test-tmp/auto_rebalancer-test.0.AutoRebalancerTest.NoReplicaMovesIfCannotFixPlacementPolicy.1782821435766647-4931-0/minicluster-data/ts-2-root/data
Total live blocks: 0
Total live bytes: 0
Total live bytes (after alignment): 0
Total number of LBM containers: 0 (0 full)
Did not check for missing blocks
Did not check for orphaned blocks
Total full LBM containers with extra space: 0 (0 repaired)
Total full LBM container extra space in bytes: 0 (0 repaired)
Total incomplete LBM containers: 0 (0 repaired)
Total LBM partial records: 0 (0 repaired)
Total corrupted LBM metadata records in RocksDB: 0 (0 repaired)
I20260630 12:12:25.792981  4931 rpc_server.cc:225] running with OpenSSL 1.1.1  11 Sep 2018
I20260630 12:12:25.794148  4931 kserver.cc:163] Server-wide thread pool size limit: 3276
I20260630 12:12:25.795599  4931 txn_system_client.cc:432] TxnSystemClient initialization is disabled...
I20260630 12:12:25.797879  4931 ts_tablet_manager.cc:585] Loaded tablet metadata (0 total tablets, 0 live tablets)
I20260630 12:12:25.798056  4931 ts_tablet_manager.cc:531] Time spent load tablet metadata: real 0.000s	user 0.000s	sys 0.000s
I20260630 12:12:25.798355  4931 ts_tablet_manager.cc:616] Registered 0 tablets
I20260630 12:12:25.798519  4931 ts_tablet_manager.cc:595] Time spent register tablets: real 0.000s	user 0.000s	sys 0.000s
I20260630 12:12:25.839319  4931 rpc_server.cc:307] RPC server started. Bound to: 127.4.208.195:40505
I20260630 12:12:25.839411  9258 acceptor_pool.cc:272] collecting diagnostics on the listening RPC socket 127.4.208.195:40505 every 8 connection(s)
I20260630 12:12:25.852886  9259 heartbeater.cc:344] Connected to a master server at 127.4.208.254:37185
I20260630 12:12:25.853310  9259 heartbeater.cc:461] Registering TS with master...
I20260630 12:12:25.854094  9259 heartbeater.cc:507] Master 127.4.208.254:37185 requested a full tablet report, sending...
I20260630 12:12:25.855997  8983 ts_manager.cc:194] Registered new tserver with Master: 4526e55a713d4cfabe00879be7d1d0e6 (127.4.208.195:40505)
I20260630 12:12:25.856873  4931 internal_mini_cluster.cc:371] 3 TS(s) registered with all masters after 0.014507633s
I20260630 12:12:25.857452  8983 master_service.cc:502] Signed X509 certificate for tserver {username='slave'} at 127.0.0.1:41592
I20260630 12:12:26.663524  9110 heartbeater.cc:499] Master 127.4.208.254:37185 was elected leader, sending a full tablet report...
I20260630 12:12:26.753190  9185 heartbeater.cc:499] Master 127.4.208.254:37185 was elected leader, sending a full tablet report...
I20260630 12:12:26.860316  9259 heartbeater.cc:499] Master 127.4.208.254:37185 was elected leader, sending a full tablet report...
I20260630 12:12:26.928520  8983 catalog_manager.cc:2283] Servicing CreateTable request from {username='slave'} at 127.0.0.1:41614:
name: "test-workload"
schema {
  columns {
    name: "key"
    type: INT32
    is_key: true
    is_nullable: false
    encoding: AUTO_ENCODING
    compression: DEFAULT_COMPRESSION
    cfile_block_size: 0
    immutable: false
  }
  columns {
    name: "int_val"
    type: INT32
    is_key: false
    is_nullable: false
    encoding: AUTO_ENCODING
    compression: DEFAULT_COMPRESSION
    cfile_block_size: 0
    immutable: false
  }
  columns {
    name: "string_val"
    type: STRING
    is_key: false
    is_nullable: true
    encoding: AUTO_ENCODING
    compression: DEFAULT_COMPRESSION
    cfile_block_size: 0
    immutable: false
  }
}
num_replicas: 3
split_rows_range_bounds {
}
partition_schema {
  range_schema {
    columns {
      name: "key"
    }
  }
}
W20260630 12:12:26.930784  8983 catalog_manager.cc:7077] The number of live tablet servers is not enough to re-replicate a tablet replica of the newly created table test-workload in case of a server failure: 4 tablet servers would be needed, 3 are available. Consider bringing up more tablet servers.
I20260630 12:12:26.996330  9150 tablet_service.cc:1511] Processing CreateTablet for tablet 49db1c78595c4cbf9e0c5ae9c310bfc5 (DEFAULT_TABLE table=test-workload [id=fbe6f2295fba4f35bcadc41f1aba8afd]), partition=RANGE (key) PARTITION UNBOUNDED
I20260630 12:12:26.998113  9150 data_dirs.cc:400] Could only allocate 1 dirs of requested 3 for tablet 49db1c78595c4cbf9e0c5ae9c310bfc5. 1 dirs total, 0 dirs full, 0 dirs failed
I20260630 12:12:27.005362  9075 tablet_service.cc:1511] Processing CreateTablet for tablet 49db1c78595c4cbf9e0c5ae9c310bfc5 (DEFAULT_TABLE table=test-workload [id=fbe6f2295fba4f35bcadc41f1aba8afd]), partition=RANGE (key) PARTITION UNBOUNDED
I20260630 12:12:27.006431  9224 tablet_service.cc:1511] Processing CreateTablet for tablet 49db1c78595c4cbf9e0c5ae9c310bfc5 (DEFAULT_TABLE table=test-workload [id=fbe6f2295fba4f35bcadc41f1aba8afd]), partition=RANGE (key) PARTITION UNBOUNDED
I20260630 12:12:27.006994  9075 data_dirs.cc:400] Could only allocate 1 dirs of requested 3 for tablet 49db1c78595c4cbf9e0c5ae9c310bfc5. 1 dirs total, 0 dirs full, 0 dirs failed
I20260630 12:12:27.007982  9224 data_dirs.cc:400] Could only allocate 1 dirs of requested 3 for tablet 49db1c78595c4cbf9e0c5ae9c310bfc5. 1 dirs total, 0 dirs full, 0 dirs failed
I20260630 12:12:27.018985  9281 tablet_bootstrap.cc:492] T 49db1c78595c4cbf9e0c5ae9c310bfc5 P c155071ef7be458196e04eb76534c39d: Bootstrap starting.
I20260630 12:12:27.024818  9281 tablet_bootstrap.cc:654] T 49db1c78595c4cbf9e0c5ae9c310bfc5 P c155071ef7be458196e04eb76534c39d: Neither blocks nor log segments found. Creating new log.
I20260630 12:12:27.030017  9282 tablet_bootstrap.cc:492] T 49db1c78595c4cbf9e0c5ae9c310bfc5 P e17b02f322ae4b0d9b1142704de07179: Bootstrap starting.
I20260630 12:12:27.031906  9283 tablet_bootstrap.cc:492] T 49db1c78595c4cbf9e0c5ae9c310bfc5 P 4526e55a713d4cfabe00879be7d1d0e6: Bootstrap starting.
I20260630 12:12:27.039495  9283 tablet_bootstrap.cc:654] T 49db1c78595c4cbf9e0c5ae9c310bfc5 P 4526e55a713d4cfabe00879be7d1d0e6: Neither blocks nor log segments found. Creating new log.
I20260630 12:12:27.040119  9282 tablet_bootstrap.cc:654] T 49db1c78595c4cbf9e0c5ae9c310bfc5 P e17b02f322ae4b0d9b1142704de07179: Neither blocks nor log segments found. Creating new log.
I20260630 12:12:27.041831  9281 tablet_bootstrap.cc:492] T 49db1c78595c4cbf9e0c5ae9c310bfc5 P c155071ef7be458196e04eb76534c39d: No bootstrap required, opened a new log
I20260630 12:12:27.042420  9281 ts_tablet_manager.cc:1403] T 49db1c78595c4cbf9e0c5ae9c310bfc5 P c155071ef7be458196e04eb76534c39d: Time spent bootstrapping tablet: real 0.024s	user 0.007s	sys 0.015s
I20260630 12:12:27.045725  9281 raft_consensus.cc:359] T 49db1c78595c4cbf9e0c5ae9c310bfc5 P c155071ef7be458196e04eb76534c39d [term 0 FOLLOWER]: Replica starting. Triggering 0 pending ops. Active config: opid_index: -1 OBSOLETE_local: false peers { permanent_uuid: "c155071ef7be458196e04eb76534c39d" member_type: VOTER last_known_addr { host: "127.4.208.194" port: 41905 } } peers { permanent_uuid: "4526e55a713d4cfabe00879be7d1d0e6" member_type: VOTER last_known_addr { host: "127.4.208.195" port: 40505 } } peers { permanent_uuid: "e17b02f322ae4b0d9b1142704de07179" member_type: VOTER last_known_addr { host: "127.4.208.193" port: 33329 } }
I20260630 12:12:27.046253  9282 tablet_bootstrap.cc:492] T 49db1c78595c4cbf9e0c5ae9c310bfc5 P e17b02f322ae4b0d9b1142704de07179: No bootstrap required, opened a new log
I20260630 12:12:27.046416  9283 tablet_bootstrap.cc:492] T 49db1c78595c4cbf9e0c5ae9c310bfc5 P 4526e55a713d4cfabe00879be7d1d0e6: No bootstrap required, opened a new log
I20260630 12:12:27.046543  9281 raft_consensus.cc:385] T 49db1c78595c4cbf9e0c5ae9c310bfc5 P c155071ef7be458196e04eb76534c39d [term 0 FOLLOWER]: Consensus starting up: Expiring failure detector timer to make a prompt election more likely
I20260630 12:12:27.046792  9282 ts_tablet_manager.cc:1403] T 49db1c78595c4cbf9e0c5ae9c310bfc5 P e17b02f322ae4b0d9b1142704de07179: Time spent bootstrapping tablet: real 0.017s	user 0.008s	sys 0.007s
I20260630 12:12:27.046907  9283 ts_tablet_manager.cc:1403] T 49db1c78595c4cbf9e0c5ae9c310bfc5 P 4526e55a713d4cfabe00879be7d1d0e6: Time spent bootstrapping tablet: real 0.015s	user 0.005s	sys 0.006s
I20260630 12:12:27.046957  9281 raft_consensus.cc:740] T 49db1c78595c4cbf9e0c5ae9c310bfc5 P c155071ef7be458196e04eb76534c39d [term 0 FOLLOWER]: Becoming Follower/Learner. State: Replica: c155071ef7be458196e04eb76534c39d, State: Initialized, Role: FOLLOWER
I20260630 12:12:27.048055  9281 consensus_queue.cc:260] T 49db1c78595c4cbf9e0c5ae9c310bfc5 P c155071ef7be458196e04eb76534c39d [NON_LEADER]: Queue going to NON_LEADER mode. State: All replicated index: 0, Majority replicated index: 0, Committed index: 0, Last appended: 0.0, Last appended by leader: 0, Current term: 0, Majority size: -1, State: 0, Mode: NON_LEADER, active raft config: opid_index: -1 OBSOLETE_local: false peers { permanent_uuid: "c155071ef7be458196e04eb76534c39d" member_type: VOTER last_known_addr { host: "127.4.208.194" port: 41905 } } peers { permanent_uuid: "4526e55a713d4cfabe00879be7d1d0e6" member_type: VOTER last_known_addr { host: "127.4.208.195" port: 40505 } } peers { permanent_uuid: "e17b02f322ae4b0d9b1142704de07179" member_type: VOTER last_known_addr { host: "127.4.208.193" port: 33329 } }
I20260630 12:12:27.050078  9282 raft_consensus.cc:359] T 49db1c78595c4cbf9e0c5ae9c310bfc5 P e17b02f322ae4b0d9b1142704de07179 [term 0 FOLLOWER]: Replica starting. Triggering 0 pending ops. Active config: opid_index: -1 OBSOLETE_local: false peers { permanent_uuid: "c155071ef7be458196e04eb76534c39d" member_type: VOTER last_known_addr { host: "127.4.208.194" port: 41905 } } peers { permanent_uuid: "4526e55a713d4cfabe00879be7d1d0e6" member_type: VOTER last_known_addr { host: "127.4.208.195" port: 40505 } } peers { permanent_uuid: "e17b02f322ae4b0d9b1142704de07179" member_type: VOTER last_known_addr { host: "127.4.208.193" port: 33329 } }
I20260630 12:12:27.050272  9283 raft_consensus.cc:359] T 49db1c78595c4cbf9e0c5ae9c310bfc5 P 4526e55a713d4cfabe00879be7d1d0e6 [term 0 FOLLOWER]: Replica starting. Triggering 0 pending ops. Active config: opid_index: -1 OBSOLETE_local: false peers { permanent_uuid: "c155071ef7be458196e04eb76534c39d" member_type: VOTER last_known_addr { host: "127.4.208.194" port: 41905 } } peers { permanent_uuid: "4526e55a713d4cfabe00879be7d1d0e6" member_type: VOTER last_known_addr { host: "127.4.208.195" port: 40505 } } peers { permanent_uuid: "e17b02f322ae4b0d9b1142704de07179" member_type: VOTER last_known_addr { host: "127.4.208.193" port: 33329 } }
I20260630 12:12:27.050920  9282 raft_consensus.cc:385] T 49db1c78595c4cbf9e0c5ae9c310bfc5 P e17b02f322ae4b0d9b1142704de07179 [term 0 FOLLOWER]: Consensus starting up: Expiring failure detector timer to make a prompt election more likely
I20260630 12:12:27.051026  9281 ts_tablet_manager.cc:1434] T 49db1c78595c4cbf9e0c5ae9c310bfc5 P c155071ef7be458196e04eb76534c39d: Time spent starting tablet: real 0.008s	user 0.008s	sys 0.000s
I20260630 12:12:27.051036  9283 raft_consensus.cc:385] T 49db1c78595c4cbf9e0c5ae9c310bfc5 P 4526e55a713d4cfabe00879be7d1d0e6 [term 0 FOLLOWER]: Consensus starting up: Expiring failure detector timer to make a prompt election more likely
I20260630 12:12:27.051354  9282 raft_consensus.cc:740] T 49db1c78595c4cbf9e0c5ae9c310bfc5 P e17b02f322ae4b0d9b1142704de07179 [term 0 FOLLOWER]: Becoming Follower/Learner. State: Replica: e17b02f322ae4b0d9b1142704de07179, State: Initialized, Role: FOLLOWER
I20260630 12:12:27.051605  9283 raft_consensus.cc:740] T 49db1c78595c4cbf9e0c5ae9c310bfc5 P 4526e55a713d4cfabe00879be7d1d0e6 [term 0 FOLLOWER]: Becoming Follower/Learner. State: Replica: 4526e55a713d4cfabe00879be7d1d0e6, State: Initialized, Role: FOLLOWER
I20260630 12:12:27.052232  9282 consensus_queue.cc:260] T 49db1c78595c4cbf9e0c5ae9c310bfc5 P e17b02f322ae4b0d9b1142704de07179 [NON_LEADER]: Queue going to NON_LEADER mode. State: All replicated index: 0, Majority replicated index: 0, Committed index: 0, Last appended: 0.0, Last appended by leader: 0, Current term: 0, Majority size: -1, State: 0, Mode: NON_LEADER, active raft config: opid_index: -1 OBSOLETE_local: false peers { permanent_uuid: "c155071ef7be458196e04eb76534c39d" member_type: VOTER last_known_addr { host: "127.4.208.194" port: 41905 } } peers { permanent_uuid: "4526e55a713d4cfabe00879be7d1d0e6" member_type: VOTER last_known_addr { host: "127.4.208.195" port: 40505 } } peers { permanent_uuid: "e17b02f322ae4b0d9b1142704de07179" member_type: VOTER last_known_addr { host: "127.4.208.193" port: 33329 } }
I20260630 12:12:27.052475  9283 consensus_queue.cc:260] T 49db1c78595c4cbf9e0c5ae9c310bfc5 P 4526e55a713d4cfabe00879be7d1d0e6 [NON_LEADER]: Queue going to NON_LEADER mode. State: All replicated index: 0, Majority replicated index: 0, Committed index: 0, Last appended: 0.0, Last appended by leader: 0, Current term: 0, Majority size: -1, State: 0, Mode: NON_LEADER, active raft config: opid_index: -1 OBSOLETE_local: false peers { permanent_uuid: "c155071ef7be458196e04eb76534c39d" member_type: VOTER last_known_addr { host: "127.4.208.194" port: 41905 } } peers { permanent_uuid: "4526e55a713d4cfabe00879be7d1d0e6" member_type: VOTER last_known_addr { host: "127.4.208.195" port: 40505 } } peers { permanent_uuid: "e17b02f322ae4b0d9b1142704de07179" member_type: VOTER last_known_addr { host: "127.4.208.193" port: 33329 } }
I20260630 12:12:27.059593  9282 ts_tablet_manager.cc:1434] T 49db1c78595c4cbf9e0c5ae9c310bfc5 P e17b02f322ae4b0d9b1142704de07179: Time spent starting tablet: real 0.012s	user 0.004s	sys 0.008s
I20260630 12:12:27.060817  9283 ts_tablet_manager.cc:1434] T 49db1c78595c4cbf9e0c5ae9c310bfc5 P 4526e55a713d4cfabe00879be7d1d0e6: Time spent starting tablet: real 0.013s	user 0.012s	sys 0.000s
W20260630 12:12:27.094266  9260 tablet.cc:2406] T 49db1c78595c4cbf9e0c5ae9c310bfc5 P 4526e55a713d4cfabe00879be7d1d0e6: Can't schedule compaction. Clean time has not been advanced past its initial value.
I20260630 12:12:27.220402  9289 raft_consensus.cc:493] T 49db1c78595c4cbf9e0c5ae9c310bfc5 P 4526e55a713d4cfabe00879be7d1d0e6 [term 0 FOLLOWER]: Starting pre-election (no leader contacted us within the election timeout)
I20260630 12:12:27.220970  9289 raft_consensus.cc:515] T 49db1c78595c4cbf9e0c5ae9c310bfc5 P 4526e55a713d4cfabe00879be7d1d0e6 [term 0 FOLLOWER]: Starting pre-election with config: opid_index: -1 OBSOLETE_local: false peers { permanent_uuid: "c155071ef7be458196e04eb76534c39d" member_type: VOTER last_known_addr { host: "127.4.208.194" port: 41905 } } peers { permanent_uuid: "4526e55a713d4cfabe00879be7d1d0e6" member_type: VOTER last_known_addr { host: "127.4.208.195" port: 40505 } } peers { permanent_uuid: "e17b02f322ae4b0d9b1142704de07179" member_type: VOTER last_known_addr { host: "127.4.208.193" port: 33329 } }
I20260630 12:12:27.223297  9289 leader_election.cc:290] T 49db1c78595c4cbf9e0c5ae9c310bfc5 P 4526e55a713d4cfabe00879be7d1d0e6 [CANDIDATE]: Term 1 pre-election: Requested pre-vote from peers c155071ef7be458196e04eb76534c39d (127.4.208.194:41905), e17b02f322ae4b0d9b1142704de07179 (127.4.208.193:33329)
I20260630 12:12:27.231570  9287 raft_consensus.cc:493] T 49db1c78595c4cbf9e0c5ae9c310bfc5 P c155071ef7be458196e04eb76534c39d [term 0 FOLLOWER]: Starting pre-election (no leader contacted us within the election timeout)
I20260630 12:12:27.232138  9287 raft_consensus.cc:515] T 49db1c78595c4cbf9e0c5ae9c310bfc5 P c155071ef7be458196e04eb76534c39d [term 0 FOLLOWER]: Starting pre-election with config: opid_index: -1 OBSOLETE_local: false peers { permanent_uuid: "c155071ef7be458196e04eb76534c39d" member_type: VOTER last_known_addr { host: "127.4.208.194" port: 41905 } } peers { permanent_uuid: "4526e55a713d4cfabe00879be7d1d0e6" member_type: VOTER last_known_addr { host: "127.4.208.195" port: 40505 } } peers { permanent_uuid: "e17b02f322ae4b0d9b1142704de07179" member_type: VOTER last_known_addr { host: "127.4.208.193" port: 33329 } }
I20260630 12:12:27.234599  9160 tablet_service.cc:1917] Received RequestConsensusVote() RPC: tablet_id: "49db1c78595c4cbf9e0c5ae9c310bfc5" candidate_uuid: "4526e55a713d4cfabe00879be7d1d0e6" candidate_term: 1 candidate_status { last_received { term: 0 index: 0 } } ignore_live_leader: false dest_uuid: "c155071ef7be458196e04eb76534c39d" is_pre_election: true
I20260630 12:12:27.235486  9160 raft_consensus.cc:2468] T 49db1c78595c4cbf9e0c5ae9c310bfc5 P c155071ef7be458196e04eb76534c39d [term 0 FOLLOWER]: Leader pre-election vote request: Granting yes vote for candidate 4526e55a713d4cfabe00879be7d1d0e6 in term 0.
I20260630 12:12:27.236430  9085 tablet_service.cc:1917] Received RequestConsensusVote() RPC: tablet_id: "49db1c78595c4cbf9e0c5ae9c310bfc5" candidate_uuid: "4526e55a713d4cfabe00879be7d1d0e6" candidate_term: 1 candidate_status { last_received { term: 0 index: 0 } } ignore_live_leader: false dest_uuid: "e17b02f322ae4b0d9b1142704de07179" is_pre_election: true
I20260630 12:12:27.237097  9085 raft_consensus.cc:2468] T 49db1c78595c4cbf9e0c5ae9c310bfc5 P e17b02f322ae4b0d9b1142704de07179 [term 0 FOLLOWER]: Leader pre-election vote request: Granting yes vote for candidate 4526e55a713d4cfabe00879be7d1d0e6 in term 0.
I20260630 12:12:27.239096  9287 leader_election.cc:290] T 49db1c78595c4cbf9e0c5ae9c310bfc5 P c155071ef7be458196e04eb76534c39d [CANDIDATE]: Term 1 pre-election: Requested pre-vote from peers 4526e55a713d4cfabe00879be7d1d0e6 (127.4.208.195:40505), e17b02f322ae4b0d9b1142704de07179 (127.4.208.193:33329)
I20260630 12:12:27.240339  9200 leader_election.cc:304] T 49db1c78595c4cbf9e0c5ae9c310bfc5 P 4526e55a713d4cfabe00879be7d1d0e6 [CANDIDATE]: Term 1 pre-election: Election decided. Result: candidate won. Election summary: received 2 responses out of 3 voters: 2 yes votes; 0 no votes. yes voters: 4526e55a713d4cfabe00879be7d1d0e6, e17b02f322ae4b0d9b1142704de07179; no voters: 
I20260630 12:12:27.241256  9289 raft_consensus.cc:2804] T 49db1c78595c4cbf9e0c5ae9c310bfc5 P 4526e55a713d4cfabe00879be7d1d0e6 [term 0 FOLLOWER]: Leader pre-election won for term 1
I20260630 12:12:27.241709  9289 raft_consensus.cc:493] T 49db1c78595c4cbf9e0c5ae9c310bfc5 P 4526e55a713d4cfabe00879be7d1d0e6 [term 0 FOLLOWER]: Starting leader election (no leader contacted us within the election timeout)
I20260630 12:12:27.242045  9289 raft_consensus.cc:3060] T 49db1c78595c4cbf9e0c5ae9c310bfc5 P 4526e55a713d4cfabe00879be7d1d0e6 [term 0 FOLLOWER]: Advancing to term 1
I20260630 12:12:27.249257  9085 tablet_service.cc:1917] Received RequestConsensusVote() RPC: tablet_id: "49db1c78595c4cbf9e0c5ae9c310bfc5" candidate_uuid: "c155071ef7be458196e04eb76534c39d" candidate_term: 1 candidate_status { last_received { term: 0 index: 0 } } ignore_live_leader: false dest_uuid: "e17b02f322ae4b0d9b1142704de07179" is_pre_election: true
I20260630 12:12:27.249573  9289 raft_consensus.cc:515] T 49db1c78595c4cbf9e0c5ae9c310bfc5 P 4526e55a713d4cfabe00879be7d1d0e6 [term 1 FOLLOWER]: Starting leader election with config: opid_index: -1 OBSOLETE_local: false peers { permanent_uuid: "c155071ef7be458196e04eb76534c39d" member_type: VOTER last_known_addr { host: "127.4.208.194" port: 41905 } } peers { permanent_uuid: "4526e55a713d4cfabe00879be7d1d0e6" member_type: VOTER last_known_addr { host: "127.4.208.195" port: 40505 } } peers { permanent_uuid: "e17b02f322ae4b0d9b1142704de07179" member_type: VOTER last_known_addr { host: "127.4.208.193" port: 33329 } }
I20260630 12:12:27.249938  9085 raft_consensus.cc:2468] T 49db1c78595c4cbf9e0c5ae9c310bfc5 P e17b02f322ae4b0d9b1142704de07179 [term 0 FOLLOWER]: Leader pre-election vote request: Granting yes vote for candidate c155071ef7be458196e04eb76534c39d in term 0.
I20260630 12:12:27.251343  9126 leader_election.cc:304] T 49db1c78595c4cbf9e0c5ae9c310bfc5 P c155071ef7be458196e04eb76534c39d [CANDIDATE]: Term 1 pre-election: Election decided. Result: candidate won. Election summary: received 2 responses out of 3 voters: 2 yes votes; 0 no votes. yes voters: c155071ef7be458196e04eb76534c39d, e17b02f322ae4b0d9b1142704de07179; no voters: 
I20260630 12:12:27.251801  9289 leader_election.cc:290] T 49db1c78595c4cbf9e0c5ae9c310bfc5 P 4526e55a713d4cfabe00879be7d1d0e6 [CANDIDATE]: Term 1 election: Requested vote from peers c155071ef7be458196e04eb76534c39d (127.4.208.194:41905), e17b02f322ae4b0d9b1142704de07179 (127.4.208.193:33329)
I20260630 12:12:27.251734  9234 tablet_service.cc:1917] Received RequestConsensusVote() RPC: tablet_id: "49db1c78595c4cbf9e0c5ae9c310bfc5" candidate_uuid: "c155071ef7be458196e04eb76534c39d" candidate_term: 1 candidate_status { last_received { term: 0 index: 0 } } ignore_live_leader: false dest_uuid: "4526e55a713d4cfabe00879be7d1d0e6" is_pre_election: true
I20260630 12:12:27.252312  9287 raft_consensus.cc:2804] T 49db1c78595c4cbf9e0c5ae9c310bfc5 P c155071ef7be458196e04eb76534c39d [term 0 FOLLOWER]: Leader pre-election won for term 1
I20260630 12:12:27.252517  9160 tablet_service.cc:1917] Received RequestConsensusVote() RPC: tablet_id: "49db1c78595c4cbf9e0c5ae9c310bfc5" candidate_uuid: "4526e55a713d4cfabe00879be7d1d0e6" candidate_term: 1 candidate_status { last_received { term: 0 index: 0 } } ignore_live_leader: false dest_uuid: "c155071ef7be458196e04eb76534c39d"
I20260630 12:12:27.252759  9234 raft_consensus.cc:2393] T 49db1c78595c4cbf9e0c5ae9c310bfc5 P 4526e55a713d4cfabe00879be7d1d0e6 [term 1 FOLLOWER]: Leader pre-election vote request: Denying vote to candidate c155071ef7be458196e04eb76534c39d in current term 1: Already voted for candidate 4526e55a713d4cfabe00879be7d1d0e6 in this term.
I20260630 12:12:27.252734  9287 raft_consensus.cc:493] T 49db1c78595c4cbf9e0c5ae9c310bfc5 P c155071ef7be458196e04eb76534c39d [term 0 FOLLOWER]: Starting leader election (no leader contacted us within the election timeout)
I20260630 12:12:27.253330  9287 raft_consensus.cc:3060] T 49db1c78595c4cbf9e0c5ae9c310bfc5 P c155071ef7be458196e04eb76534c39d [term 0 FOLLOWER]: Advancing to term 1
I20260630 12:12:27.253618  9085 tablet_service.cc:1917] Received RequestConsensusVote() RPC: tablet_id: "49db1c78595c4cbf9e0c5ae9c310bfc5" candidate_uuid: "4526e55a713d4cfabe00879be7d1d0e6" candidate_term: 1 candidate_status { last_received { term: 0 index: 0 } } ignore_live_leader: false dest_uuid: "e17b02f322ae4b0d9b1142704de07179"
I20260630 12:12:27.254176  9085 raft_consensus.cc:3060] T 49db1c78595c4cbf9e0c5ae9c310bfc5 P e17b02f322ae4b0d9b1142704de07179 [term 0 FOLLOWER]: Advancing to term 1
I20260630 12:12:27.258924  9287 raft_consensus.cc:515] T 49db1c78595c4cbf9e0c5ae9c310bfc5 P c155071ef7be458196e04eb76534c39d [term 1 FOLLOWER]: Starting leader election with config: opid_index: -1 OBSOLETE_local: false peers { permanent_uuid: "c155071ef7be458196e04eb76534c39d" member_type: VOTER last_known_addr { host: "127.4.208.194" port: 41905 } } peers { permanent_uuid: "4526e55a713d4cfabe00879be7d1d0e6" member_type: VOTER last_known_addr { host: "127.4.208.195" port: 40505 } } peers { permanent_uuid: "e17b02f322ae4b0d9b1142704de07179" member_type: VOTER last_known_addr { host: "127.4.208.193" port: 33329 } }
I20260630 12:12:27.259822  9085 raft_consensus.cc:2468] T 49db1c78595c4cbf9e0c5ae9c310bfc5 P e17b02f322ae4b0d9b1142704de07179 [term 1 FOLLOWER]: Leader election vote request: Granting yes vote for candidate 4526e55a713d4cfabe00879be7d1d0e6 in term 1.
I20260630 12:12:27.259995  9160 raft_consensus.cc:2393] T 49db1c78595c4cbf9e0c5ae9c310bfc5 P c155071ef7be458196e04eb76534c39d [term 1 FOLLOWER]: Leader election vote request: Denying vote to candidate 4526e55a713d4cfabe00879be7d1d0e6 in current term 1: Already voted for candidate c155071ef7be458196e04eb76534c39d in this term.
I20260630 12:12:27.261420  9200 leader_election.cc:304] T 49db1c78595c4cbf9e0c5ae9c310bfc5 P 4526e55a713d4cfabe00879be7d1d0e6 [CANDIDATE]: Term 1 election: Election decided. Result: candidate won. Election summary: received 2 responses out of 3 voters: 2 yes votes; 0 no votes. yes voters: 4526e55a713d4cfabe00879be7d1d0e6, e17b02f322ae4b0d9b1142704de07179; no voters: 
I20260630 12:12:27.261715  9234 tablet_service.cc:1917] Received RequestConsensusVote() RPC: tablet_id: "49db1c78595c4cbf9e0c5ae9c310bfc5" candidate_uuid: "c155071ef7be458196e04eb76534c39d" candidate_term: 1 candidate_status { last_received { term: 0 index: 0 } } ignore_live_leader: false dest_uuid: "4526e55a713d4cfabe00879be7d1d0e6"
I20260630 12:12:27.261993  9287 leader_election.cc:290] T 49db1c78595c4cbf9e0c5ae9c310bfc5 P c155071ef7be458196e04eb76534c39d [CANDIDATE]: Term 1 election: Requested vote from peers 4526e55a713d4cfabe00879be7d1d0e6 (127.4.208.195:40505), e17b02f322ae4b0d9b1142704de07179 (127.4.208.193:33329)
I20260630 12:12:27.262730  9234 raft_consensus.cc:2393] T 49db1c78595c4cbf9e0c5ae9c310bfc5 P 4526e55a713d4cfabe00879be7d1d0e6 [term 1 FOLLOWER]: Leader election vote request: Denying vote to candidate c155071ef7be458196e04eb76534c39d in current term 1: Already voted for candidate 4526e55a713d4cfabe00879be7d1d0e6 in this term.
I20260630 12:12:27.263207  9289 raft_consensus.cc:2804] T 49db1c78595c4cbf9e0c5ae9c310bfc5 P 4526e55a713d4cfabe00879be7d1d0e6 [term 1 FOLLOWER]: Leader election won for term 1
I20260630 12:12:27.263705  9085 tablet_service.cc:1917] Received RequestConsensusVote() RPC: tablet_id: "49db1c78595c4cbf9e0c5ae9c310bfc5" candidate_uuid: "c155071ef7be458196e04eb76534c39d" candidate_term: 1 candidate_status { last_received { term: 0 index: 0 } } ignore_live_leader: false dest_uuid: "e17b02f322ae4b0d9b1142704de07179"
I20260630 12:12:27.264668  9085 raft_consensus.cc:2393] T 49db1c78595c4cbf9e0c5ae9c310bfc5 P e17b02f322ae4b0d9b1142704de07179 [term 1 FOLLOWER]: Leader election vote request: Denying vote to candidate c155071ef7be458196e04eb76534c39d in current term 1: Already voted for candidate 4526e55a713d4cfabe00879be7d1d0e6 in this term.
I20260630 12:12:27.264861  9289 raft_consensus.cc:697] T 49db1c78595c4cbf9e0c5ae9c310bfc5 P 4526e55a713d4cfabe00879be7d1d0e6 [term 1 LEADER]: Becoming Leader. State: Replica: 4526e55a713d4cfabe00879be7d1d0e6, State: Running, Role: LEADER
I20260630 12:12:27.265911  9289 consensus_queue.cc:237] T 49db1c78595c4cbf9e0c5ae9c310bfc5 P 4526e55a713d4cfabe00879be7d1d0e6 [LEADER]: Queue going to LEADER mode. State: All replicated index: 0, Majority replicated index: 0, Committed index: 0, Last appended: 0.0, Last appended by leader: 0, Current term: 1, Majority size: 2, State: 0, Mode: LEADER, active raft config: opid_index: -1 OBSOLETE_local: false peers { permanent_uuid: "c155071ef7be458196e04eb76534c39d" member_type: VOTER last_known_addr { host: "127.4.208.194" port: 41905 } } peers { permanent_uuid: "4526e55a713d4cfabe00879be7d1d0e6" member_type: VOTER last_known_addr { host: "127.4.208.195" port: 40505 } } peers { permanent_uuid: "e17b02f322ae4b0d9b1142704de07179" member_type: VOTER last_known_addr { host: "127.4.208.193" port: 33329 } }
I20260630 12:12:27.266346  9126 leader_election.cc:304] T 49db1c78595c4cbf9e0c5ae9c310bfc5 P c155071ef7be458196e04eb76534c39d [CANDIDATE]: Term 1 election: Election decided. Result: candidate lost. Election summary: received 3 responses out of 3 voters: 1 yes votes; 2 no votes. yes voters: c155071ef7be458196e04eb76534c39d; no voters: 4526e55a713d4cfabe00879be7d1d0e6, e17b02f322ae4b0d9b1142704de07179
I20260630 12:12:27.267300  9287 raft_consensus.cc:2749] T 49db1c78595c4cbf9e0c5ae9c310bfc5 P c155071ef7be458196e04eb76534c39d [term 1 FOLLOWER]: Leader election lost for term 1. Reason: could not achieve majority
I20260630 12:12:27.273607  8982 catalog_manager.cc:5697] T 49db1c78595c4cbf9e0c5ae9c310bfc5 P 4526e55a713d4cfabe00879be7d1d0e6 reported cstate change: term changed from 0 to 1, leader changed from <none> to 4526e55a713d4cfabe00879be7d1d0e6 (127.4.208.195). New cstate: current_term: 1 leader_uuid: "4526e55a713d4cfabe00879be7d1d0e6" committed_config { opid_index: -1 OBSOLETE_local: false peers { permanent_uuid: "c155071ef7be458196e04eb76534c39d" member_type: VOTER last_known_addr { host: "127.4.208.194" port: 41905 } health_report { overall_health: UNKNOWN } } peers { permanent_uuid: "4526e55a713d4cfabe00879be7d1d0e6" member_type: VOTER last_known_addr { host: "127.4.208.195" port: 40505 } health_report { overall_health: HEALTHY } } peers { permanent_uuid: "e17b02f322ae4b0d9b1142704de07179" member_type: VOTER last_known_addr { host: "127.4.208.193" port: 33329 } health_report { overall_health: UNKNOWN } } }
I20260630 12:12:27.441993  9031 placement_policy_util.cc:411] tablet 49db1c78595c4cbf9e0c5ae9c310bfc5: detected majority of replicas (2 of 3) at location L0
I20260630 12:12:27.443192  9036 auto_leader_rebalancer.cc:141] leader rebalance for table test-workload
I20260630 12:12:27.444546  9036 auto_leader_rebalancer.cc:440] table: test-workload, leader rebalance finish, leader transfer count: 0
I20260630 12:12:27.444867  9036 auto_leader_rebalancer.cc:515] All tables' leader rebalancing finished this round
I20260630 12:12:27.686826  9289 consensus_queue.cc:1048] T 49db1c78595c4cbf9e0c5ae9c310bfc5 P 4526e55a713d4cfabe00879be7d1d0e6 [LEADER]: Connected to new peer: Peer: permanent_uuid: "e17b02f322ae4b0d9b1142704de07179" member_type: VOTER last_known_addr { host: "127.4.208.193" port: 33329 }, Status: LMP_MISMATCH, Last received: 0.0, Next index: 1, Last known committed idx: 0, Time since last communication: 0.000s
I20260630 12:12:27.700421  9289 consensus_queue.cc:1048] T 49db1c78595c4cbf9e0c5ae9c310bfc5 P 4526e55a713d4cfabe00879be7d1d0e6 [LEADER]: Connected to new peer: Peer: permanent_uuid: "c155071ef7be458196e04eb76534c39d" member_type: VOTER last_known_addr { host: "127.4.208.194" port: 41905 }, Status: LMP_MISMATCH, Last received: 0.0, Next index: 1, Last known committed idx: 0, Time since last communication: 0.000s
I20260630 12:12:28.450364  9031 placement_policy_util.cc:411] tablet 49db1c78595c4cbf9e0c5ae9c310bfc5: detected majority of replicas (2 of 3) at location L0
I20260630 12:12:29.445827  9036 auto_leader_rebalancer.cc:141] leader rebalance for table test-workload
I20260630 12:12:29.447098  9036 auto_leader_rebalancer.cc:440] table: test-workload, leader rebalance finish, leader transfer count: 0
I20260630 12:12:29.447356  9036 auto_leader_rebalancer.cc:515] All tables' leader rebalancing finished this round
I20260630 12:12:29.458205  9031 placement_policy_util.cc:411] tablet 49db1c78595c4cbf9e0c5ae9c310bfc5: detected majority of replicas (2 of 3) at location L0
I20260630 12:12:30.465960  9031 placement_policy_util.cc:411] tablet 49db1c78595c4cbf9e0c5ae9c310bfc5: detected majority of replicas (2 of 3) at location L0
I20260630 12:12:31.448096  9036 auto_leader_rebalancer.cc:141] leader rebalance for table test-workload
I20260630 12:12:31.449383  9036 auto_leader_rebalancer.cc:440] table: test-workload, leader rebalance finish, leader transfer count: 0
I20260630 12:12:31.449644  9036 auto_leader_rebalancer.cc:515] All tables' leader rebalancing finished this round
I20260630 12:12:31.474081  9031 placement_policy_util.cc:411] tablet 49db1c78595c4cbf9e0c5ae9c310bfc5: detected majority of replicas (2 of 3) at location L0
I20260630 12:12:32.482017  9031 placement_policy_util.cc:411] tablet 49db1c78595c4cbf9e0c5ae9c310bfc5: detected majority of replicas (2 of 3) at location L0
I20260630 12:12:33.450487  9036 auto_leader_rebalancer.cc:141] leader rebalance for table test-workload
I20260630 12:12:33.451735  9036 auto_leader_rebalancer.cc:440] table: test-workload, leader rebalance finish, leader transfer count: 0
I20260630 12:12:33.451982  9036 auto_leader_rebalancer.cc:515] All tables' leader rebalancing finished this round
I20260630 12:12:33.489976  9031 placement_policy_util.cc:411] tablet 49db1c78595c4cbf9e0c5ae9c310bfc5: detected majority of replicas (2 of 3) at location L0
I20260630 12:12:34.497800  9031 placement_policy_util.cc:411] tablet 49db1c78595c4cbf9e0c5ae9c310bfc5: detected majority of replicas (2 of 3) at location L0
I20260630 12:12:35.452852  9036 auto_leader_rebalancer.cc:141] leader rebalance for table test-workload
I20260630 12:12:35.454102  9036 auto_leader_rebalancer.cc:440] table: test-workload, leader rebalance finish, leader transfer count: 0
I20260630 12:12:35.454370  9036 auto_leader_rebalancer.cc:515] All tables' leader rebalancing finished this round
I20260630 12:12:35.506759  9031 placement_policy_util.cc:411] tablet 49db1c78595c4cbf9e0c5ae9c310bfc5: detected majority of replicas (2 of 3) at location L0
I20260630 12:12:36.513933  9031 placement_policy_util.cc:411] tablet 49db1c78595c4cbf9e0c5ae9c310bfc5: detected majority of replicas (2 of 3) at location L0
I20260630 12:12:37.455343  9036 auto_leader_rebalancer.cc:141] leader rebalance for table test-workload
I20260630 12:12:37.456722  9036 auto_leader_rebalancer.cc:440] table: test-workload, leader rebalance finish, leader transfer count: 0
I20260630 12:12:37.457001  9036 auto_leader_rebalancer.cc:515] All tables' leader rebalancing finished this round
I20260630 12:12:37.520485  9031 placement_policy_util.cc:411] tablet 49db1c78595c4cbf9e0c5ae9c310bfc5: detected majority of replicas (2 of 3) at location L0
I20260630 12:12:38.361020  4931 tablet_server.cc:179] TabletServer@127.4.208.193:0 shutting down...
I20260630 12:12:38.385306  4931 ts_tablet_manager.cc:1507] Shutting down tablet manager...
I20260630 12:12:38.386044  4931 tablet_replica.cc:333] T 49db1c78595c4cbf9e0c5ae9c310bfc5 P e17b02f322ae4b0d9b1142704de07179: stopping tablet replica
I20260630 12:12:38.386670  4931 raft_consensus.cc:2243] T 49db1c78595c4cbf9e0c5ae9c310bfc5 P e17b02f322ae4b0d9b1142704de07179 [term 1 FOLLOWER]: Raft consensus shutting down.
I20260630 12:12:38.387291  4931 raft_consensus.cc:2272] T 49db1c78595c4cbf9e0c5ae9c310bfc5 P e17b02f322ae4b0d9b1142704de07179 [term 1 FOLLOWER]: Raft consensus is shut down!
I20260630 12:12:38.407930  4931 tablet_server.cc:196] TabletServer@127.4.208.193:0 shutdown complete.
I20260630 12:12:38.419591  4931 tablet_server.cc:179] TabletServer@127.4.208.194:0 shutting down...
W20260630 12:12:38.434556  9200 proxy.cc:239] Call had error, refreshing address and retrying: Remote error: Service unavailable: service kudu.consensus.ConsensusService not registered on TabletServer [suppressed 5 similar messages]
W20260630 12:12:38.439551  9200 consensus_peers.cc:597] T 49db1c78595c4cbf9e0c5ae9c310bfc5 P 4526e55a713d4cfabe00879be7d1d0e6 -> Peer c155071ef7be458196e04eb76534c39d (127.4.208.194:41905): Couldn't send request to peer c155071ef7be458196e04eb76534c39d. Status: Remote error: Service unavailable: service kudu.consensus.ConsensusService not registered on TabletServer. This is attempt 1: this message will repeat every 5th retry.
I20260630 12:12:38.440641  4931 ts_tablet_manager.cc:1507] Shutting down tablet manager...
I20260630 12:12:38.441291  4931 tablet_replica.cc:333] T 49db1c78595c4cbf9e0c5ae9c310bfc5 P c155071ef7be458196e04eb76534c39d: stopping tablet replica
I20260630 12:12:38.441799  4931 raft_consensus.cc:2243] T 49db1c78595c4cbf9e0c5ae9c310bfc5 P c155071ef7be458196e04eb76534c39d [term 1 FOLLOWER]: Raft consensus shutting down.
I20260630 12:12:38.442219  4931 raft_consensus.cc:2272] T 49db1c78595c4cbf9e0c5ae9c310bfc5 P c155071ef7be458196e04eb76534c39d [term 1 FOLLOWER]: Raft consensus is shut down!
I20260630 12:12:38.461597  4931 tablet_server.cc:196] TabletServer@127.4.208.194:0 shutdown complete.
