I20260630 12:29:50.556007 21290 consensus_queue.cc:1048] T 244a4d8836b24b1d9079a2fa487f8940 P 78f6e2a3603443ae8d71e2db633589be [LEADER]: Connected to new peer: Peer: permanent_uuid: "e5a7edf39c4a487780237c472692baf8" member_type: VOTER last_known_addr { host: "127.19.234.2" port: 43987 }, Status: LMP_MISMATCH, Last received: 0.0, Next index: 2, Last known committed idx: 1, Time since last communication: 0.000s
I20260630 12:29:50.563300 21418 raft_consensus.cc:2955] T 244a4d8836b24b1d9079a2fa487f8940 P 78f6e2a3603443ae8d71e2db633589be [term 1 LEADER]: Committing config change with OpId 1.2: config changed from index -1 to 2, NON_VOTER fa62586470af492682e7ab6d0f8ca861 (127.19.234.4) added. New config: { opid_index: 2 OBSOLETE_local: false peers { permanent_uuid: "78f6e2a3603443ae8d71e2db633589be" member_type: VOTER last_known_addr { host: "127.19.234.1" port: 38073 } } peers { permanent_uuid: "e5a7edf39c4a487780237c472692baf8" member_type: VOTER last_known_addr { host: "127.19.234.2" port: 43987 } } peers { permanent_uuid: "ef1e6550918e4f28b25328b5f2d34a1f" member_type: VOTER last_known_addr { host: "127.19.234.3" port: 39907 } attrs { replace: true } } peers { permanent_uuid: "fa62586470af492682e7ab6d0f8ca861" member_type: NON_VOTER last_known_addr { host: "127.19.234.4" port: 33353 } attrs { promote: true } } }
W20260630 12:29:50.565956 21028 consensus_peers.cc:597] T 244a4d8836b24b1d9079a2fa487f8940 P 78f6e2a3603443ae8d71e2db633589be -> Peer fa62586470af492682e7ab6d0f8ca861 (127.19.234.4:33353): Couldn't send request to peer fa62586470af492682e7ab6d0f8ca861. Error code: TABLET_NOT_FOUND (6). Status: Not found: Tablet not found: 244a4d8836b24b1d9079a2fa487f8940. This is attempt 1: this message will repeat every 5th retry.
I20260630 12:29:50.565536 21209 raft_consensus.cc:2955] T 244a4d8836b24b1d9079a2fa487f8940 P ef1e6550918e4f28b25328b5f2d34a1f [term 1 FOLLOWER]: Committing config change with OpId 1.2: config changed from index -1 to 2, NON_VOTER fa62586470af492682e7ab6d0f8ca861 (127.19.234.4) added. New config: { opid_index: 2 OBSOLETE_local: false peers { permanent_uuid: "78f6e2a3603443ae8d71e2db633589be" member_type: VOTER last_known_addr { host: "127.19.234.1" port: 38073 } } peers { permanent_uuid: "e5a7edf39c4a487780237c472692baf8" member_type: VOTER last_known_addr { host: "127.19.234.2" port: 43987 } } peers { permanent_uuid: "ef1e6550918e4f28b25328b5f2d34a1f" member_type: VOTER last_known_addr { host: "127.19.234.3" port: 39907 } attrs { replace: true } } peers { permanent_uuid: "fa62586470af492682e7ab6d0f8ca861" member_type: NON_VOTER last_known_addr { host: "127.19.234.4" port: 33353 } attrs { promote: true } } }
I20260630 12:29:50.567404 21137 raft_consensus.cc:2955] T 244a4d8836b24b1d9079a2fa487f8940 P e5a7edf39c4a487780237c472692baf8 [term 1 FOLLOWER]: Committing config change with OpId 1.2: config changed from index -1 to 2, NON_VOTER fa62586470af492682e7ab6d0f8ca861 (127.19.234.4) added. New config: { opid_index: 2 OBSOLETE_local: false peers { permanent_uuid: "78f6e2a3603443ae8d71e2db633589be" member_type: VOTER last_known_addr { host: "127.19.234.1" port: 38073 } } peers { permanent_uuid: "e5a7edf39c4a487780237c472692baf8" member_type: VOTER last_known_addr { host: "127.19.234.2" port: 43987 } } peers { permanent_uuid: "ef1e6550918e4f28b25328b5f2d34a1f" member_type: VOTER last_known_addr { host: "127.19.234.3" port: 39907 } attrs { replace: true } } peers { permanent_uuid: "fa62586470af492682e7ab6d0f8ca861" member_type: NON_VOTER last_known_addr { host: "127.19.234.4" port: 33353 } attrs { promote: true } } }
I20260630 12:29:50.579485 20960 catalog_manager.cc:5697] T 244a4d8836b24b1d9079a2fa487f8940 P e5a7edf39c4a487780237c472692baf8 reported cstate change: config changed from index -1 to 2, NON_VOTER fa62586470af492682e7ab6d0f8ca861 (127.19.234.4) added. New cstate: current_term: 1 leader_uuid: "78f6e2a3603443ae8d71e2db633589be" committed_config { opid_index: 2 OBSOLETE_local: false peers { permanent_uuid: "78f6e2a3603443ae8d71e2db633589be" member_type: VOTER last_known_addr { host: "127.19.234.1" port: 38073 } } peers { permanent_uuid: "e5a7edf39c4a487780237c472692baf8" member_type: VOTER last_known_addr { host: "127.19.234.2" port: 43987 } } peers { permanent_uuid: "ef1e6550918e4f28b25328b5f2d34a1f" member_type: VOTER last_known_addr { host: "127.19.234.3" port: 39907 } attrs { replace: true } } peers { permanent_uuid: "fa62586470af492682e7ab6d0f8ca861" member_type: NON_VOTER last_known_addr { host: "127.19.234.4" port: 33353 } attrs { promote: true } } }
I20260630 12:29:50.594237 21137 consensus_queue.cc:237] T 35800121af59442e8c287d72a7948f88 P e5a7edf39c4a487780237c472692baf8 [LEADER]: Queue going to LEADER mode. State: All replicated index: 0, Majority replicated index: 1, Committed index: 1, Last appended: 1.1, Last appended by leader: 0, Current term: 1, Majority size: 2, State: 0, Mode: LEADER, active raft config: opid_index: 2 OBSOLETE_local: false peers { permanent_uuid: "78f6e2a3603443ae8d71e2db633589be" member_type: VOTER last_known_addr { host: "127.19.234.1" port: 38073 } attrs { replace: true } } peers { permanent_uuid: "e5a7edf39c4a487780237c472692baf8" member_type: VOTER last_known_addr { host: "127.19.234.2" port: 43987 } } peers { permanent_uuid: "ef1e6550918e4f28b25328b5f2d34a1f" member_type: VOTER last_known_addr { host: "127.19.234.3" port: 39907 } } peers { permanent_uuid: "fa62586470af492682e7ab6d0f8ca861" member_type: NON_VOTER last_known_addr { host: "127.19.234.4" port: 33353 } attrs { promote: true } }
I20260630 12:29:50.604676 21209 raft_consensus.cc:1275] T 35800121af59442e8c287d72a7948f88 P ef1e6550918e4f28b25328b5f2d34a1f [term 1 FOLLOWER]: Refusing update from remote peer e5a7edf39c4a487780237c472692baf8: Log matching property violated. Preceding OpId in replica: term: 1 index: 1. Preceding OpId from leader: term: 1 index: 2. (index mismatch)
I20260630 12:29:50.607565 21413 consensus_queue.cc:1048] T 35800121af59442e8c287d72a7948f88 P e5a7edf39c4a487780237c472692baf8 [LEADER]: Connected to new peer: Peer: permanent_uuid: "ef1e6550918e4f28b25328b5f2d34a1f" member_type: VOTER last_known_addr { host: "127.19.234.3" port: 39907 }, Status: LMP_MISMATCH, Last received: 0.0, Next index: 2, Last known committed idx: 1, Time since last communication: 0.001s
I20260630 12:29:50.618505 21413 raft_consensus.cc:2955] T 35800121af59442e8c287d72a7948f88 P e5a7edf39c4a487780237c472692baf8 [term 1 LEADER]: Committing config change with OpId 1.2: config changed from index -1 to 2, NON_VOTER fa62586470af492682e7ab6d0f8ca861 (127.19.234.4) added. New config: { opid_index: 2 OBSOLETE_local: false peers { permanent_uuid: "78f6e2a3603443ae8d71e2db633589be" member_type: VOTER last_known_addr { host: "127.19.234.1" port: 38073 } attrs { replace: true } } peers { permanent_uuid: "e5a7edf39c4a487780237c472692baf8" member_type: VOTER last_known_addr { host: "127.19.234.2" port: 43987 } } peers { permanent_uuid: "ef1e6550918e4f28b25328b5f2d34a1f" member_type: VOTER last_known_addr { host: "127.19.234.3" port: 39907 } } peers { permanent_uuid: "fa62586470af492682e7ab6d0f8ca861" member_type: NON_VOTER last_known_addr { host: "127.19.234.4" port: 33353 } attrs { promote: true } } }
I20260630 12:29:50.620249 21061 raft_consensus.cc:1275] T 35800121af59442e8c287d72a7948f88 P 78f6e2a3603443ae8d71e2db633589be [term 1 FOLLOWER]: Refusing update from remote peer e5a7edf39c4a487780237c472692baf8: Log matching property violated. Preceding OpId in replica: term: 1 index: 1. Preceding OpId from leader: term: 1 index: 2. (index mismatch)
I20260630 12:29:50.620366 21209 raft_consensus.cc:2955] T 35800121af59442e8c287d72a7948f88 P ef1e6550918e4f28b25328b5f2d34a1f [term 1 FOLLOWER]: Committing config change with OpId 1.2: config changed from index -1 to 2, NON_VOTER fa62586470af492682e7ab6d0f8ca861 (127.19.234.4) added. New config: { opid_index: 2 OBSOLETE_local: false peers { permanent_uuid: "78f6e2a3603443ae8d71e2db633589be" member_type: VOTER last_known_addr { host: "127.19.234.1" port: 38073 } attrs { replace: true } } peers { permanent_uuid: "e5a7edf39c4a487780237c472692baf8" member_type: VOTER last_known_addr { host: "127.19.234.2" port: 43987 } } peers { permanent_uuid: "ef1e6550918e4f28b25328b5f2d34a1f" member_type: VOTER last_known_addr { host: "127.19.234.3" port: 39907 } } peers { permanent_uuid: "fa62586470af492682e7ab6d0f8ca861" member_type: NON_VOTER last_known_addr { host: "127.19.234.4" port: 33353 } attrs { promote: true } } }
I20260630 12:29:50.627534 21433 consensus_queue.cc:1048] T 35800121af59442e8c287d72a7948f88 P e5a7edf39c4a487780237c472692baf8 [LEADER]: Connected to new peer: Peer: permanent_uuid: "78f6e2a3603443ae8d71e2db633589be" member_type: VOTER last_known_addr { host: "127.19.234.1" port: 38073 } attrs { replace: true }, Status: LMP_MISMATCH, Last received: 0.0, Next index: 2, Last known committed idx: 1, Time since last communication: 0.001s
I20260630 12:29:50.636883 20959 catalog_manager.cc:5697] T 35800121af59442e8c287d72a7948f88 P ef1e6550918e4f28b25328b5f2d34a1f reported cstate change: config changed from index -1 to 2, NON_VOTER fa62586470af492682e7ab6d0f8ca861 (127.19.234.4) added. New cstate: current_term: 1 leader_uuid: "e5a7edf39c4a487780237c472692baf8" committed_config { opid_index: 2 OBSOLETE_local: false peers { permanent_uuid: "78f6e2a3603443ae8d71e2db633589be" member_type: VOTER last_known_addr { host: "127.19.234.1" port: 38073 } attrs { replace: true } } peers { permanent_uuid: "e5a7edf39c4a487780237c472692baf8" member_type: VOTER last_known_addr { host: "127.19.234.2" port: 43987 } } peers { permanent_uuid: "ef1e6550918e4f28b25328b5f2d34a1f" member_type: VOTER last_known_addr { host: "127.19.234.3" port: 39907 } } peers { permanent_uuid: "fa62586470af492682e7ab6d0f8ca861" member_type: NON_VOTER last_known_addr { host: "127.19.234.4" port: 33353 } attrs { promote: true } } }
W20260630 12:29:50.641150 21103 consensus_peers.cc:597] T 35800121af59442e8c287d72a7948f88 P e5a7edf39c4a487780237c472692baf8 -> Peer fa62586470af492682e7ab6d0f8ca861 (127.19.234.4:33353): Couldn't send request to peer fa62586470af492682e7ab6d0f8ca861. Error code: TABLET_NOT_FOUND (6). Status: Not found: Tablet not found: 35800121af59442e8c287d72a7948f88. This is attempt 1: this message will repeat every 5th retry.
I20260630 12:29:50.643249 21061 raft_consensus.cc:2955] T 35800121af59442e8c287d72a7948f88 P 78f6e2a3603443ae8d71e2db633589be [term 1 FOLLOWER]: Committing config change with OpId 1.2: config changed from index -1 to 2, NON_VOTER fa62586470af492682e7ab6d0f8ca861 (127.19.234.4) added. New config: { opid_index: 2 OBSOLETE_local: false peers { permanent_uuid: "78f6e2a3603443ae8d71e2db633589be" member_type: VOTER last_known_addr { host: "127.19.234.1" port: 38073 } attrs { replace: true } } peers { permanent_uuid: "e5a7edf39c4a487780237c472692baf8" member_type: VOTER last_known_addr { host: "127.19.234.2" port: 43987 } } peers { permanent_uuid: "ef1e6550918e4f28b25328b5f2d34a1f" member_type: VOTER last_known_addr { host: "127.19.234.3" port: 39907 } } peers { permanent_uuid: "fa62586470af492682e7ab6d0f8ca861" member_type: NON_VOTER last_known_addr { host: "127.19.234.4" port: 33353 } attrs { promote: true } } }
I20260630 12:29:50.650537 21209 consensus_queue.cc:237] T 8993e1a28d114f49a95032b41507479d P ef1e6550918e4f28b25328b5f2d34a1f [LEADER]: Queue going to LEADER mode. State: All replicated index: 0, Majority replicated index: 1, Committed index: 1, Last appended: 1.1, Last appended by leader: 0, Current term: 1, Majority size: 2, State: 0, Mode: LEADER, active raft config: opid_index: 2 OBSOLETE_local: false peers { permanent_uuid: "78f6e2a3603443ae8d71e2db633589be" member_type: VOTER last_known_addr { host: "127.19.234.1" port: 38073 } } peers { permanent_uuid: "e5a7edf39c4a487780237c472692baf8" member_type: VOTER last_known_addr { host: "127.19.234.2" port: 43987 } attrs { replace: true } } peers { permanent_uuid: "ef1e6550918e4f28b25328b5f2d34a1f" member_type: VOTER last_known_addr { host: "127.19.234.3" port: 39907 } } peers { permanent_uuid: "fa62586470af492682e7ab6d0f8ca861" member_type: NON_VOTER last_known_addr { host: "127.19.234.4" port: 33353 } attrs { promote: true } }
I20260630 12:29:50.658394 21137 raft_consensus.cc:1275] T 8993e1a28d114f49a95032b41507479d P e5a7edf39c4a487780237c472692baf8 [term 1 FOLLOWER]: Refusing update from remote peer ef1e6550918e4f28b25328b5f2d34a1f: Log matching property violated. Preceding OpId in replica: term: 1 index: 1. Preceding OpId from leader: term: 1 index: 2. (index mismatch)
I20260630 12:29:50.659266 21061 raft_consensus.cc:1275] T 8993e1a28d114f49a95032b41507479d P 78f6e2a3603443ae8d71e2db633589be [term 1 FOLLOWER]: Refusing update from remote peer ef1e6550918e4f28b25328b5f2d34a1f: Log matching property violated. Preceding OpId in replica: term: 1 index: 1. Preceding OpId from leader: term: 1 index: 2. (index mismatch)
I20260630 12:29:50.660742 21414 consensus_queue.cc:1048] T 8993e1a28d114f49a95032b41507479d P ef1e6550918e4f28b25328b5f2d34a1f [LEADER]: Connected to new peer: Peer: permanent_uuid: "78f6e2a3603443ae8d71e2db633589be" member_type: VOTER last_known_addr { host: "127.19.234.1" port: 38073 }, Status: LMP_MISMATCH, Last received: 0.0, Next index: 2, Last known committed idx: 1, Time since last communication: 0.001s
I20260630 12:29:50.661715 21411 consensus_queue.cc:1048] T 8993e1a28d114f49a95032b41507479d P ef1e6550918e4f28b25328b5f2d34a1f [LEADER]: Connected to new peer: Peer: permanent_uuid: "e5a7edf39c4a487780237c472692baf8" member_type: VOTER last_known_addr { host: "127.19.234.2" port: 43987 } attrs { replace: true }, Status: LMP_MISMATCH, Last received: 0.0, Next index: 2, Last known committed idx: 1, Time since last communication: 0.001s
I20260630 12:29:50.671258 21438 raft_consensus.cc:2955] T 8993e1a28d114f49a95032b41507479d P ef1e6550918e4f28b25328b5f2d34a1f [term 1 LEADER]: Committing config change with OpId 1.2: config changed from index -1 to 2, NON_VOTER fa62586470af492682e7ab6d0f8ca861 (127.19.234.4) added. New config: { opid_index: 2 OBSOLETE_local: false peers { permanent_uuid: "78f6e2a3603443ae8d71e2db633589be" member_type: VOTER last_known_addr { host: "127.19.234.1" port: 38073 } } peers { permanent_uuid: "e5a7edf39c4a487780237c472692baf8" member_type: VOTER last_known_addr { host: "127.19.234.2" port: 43987 } attrs { replace: true } } peers { permanent_uuid: "ef1e6550918e4f28b25328b5f2d34a1f" member_type: VOTER last_known_addr { host: "127.19.234.3" port: 39907 } } peers { permanent_uuid: "fa62586470af492682e7ab6d0f8ca861" member_type: NON_VOTER last_known_addr { host: "127.19.234.4" port: 33353 } attrs { promote: true } } }
I20260630 12:29:50.672989 21061 raft_consensus.cc:2955] T 8993e1a28d114f49a95032b41507479d P 78f6e2a3603443ae8d71e2db633589be [term 1 FOLLOWER]: Committing config change with OpId 1.2: config changed from index -1 to 2, NON_VOTER fa62586470af492682e7ab6d0f8ca861 (127.19.234.4) added. New config: { opid_index: 2 OBSOLETE_local: false peers { permanent_uuid: "78f6e2a3603443ae8d71e2db633589be" member_type: VOTER last_known_addr { host: "127.19.234.1" port: 38073 } } peers { permanent_uuid: "e5a7edf39c4a487780237c472692baf8" member_type: VOTER last_known_addr { host: "127.19.234.2" port: 43987 } attrs { replace: true } } peers { permanent_uuid: "ef1e6550918e4f28b25328b5f2d34a1f" member_type: VOTER last_known_addr { host: "127.19.234.3" port: 39907 } } peers { permanent_uuid: "fa62586470af492682e7ab6d0f8ca861" member_type: NON_VOTER last_known_addr { host: "127.19.234.4" port: 33353 } attrs { promote: true } } }
W20260630 12:29:50.679215 21177 consensus_peers.cc:597] T 8993e1a28d114f49a95032b41507479d P ef1e6550918e4f28b25328b5f2d34a1f -> Peer fa62586470af492682e7ab6d0f8ca861 (127.19.234.4:33353): Couldn't send request to peer fa62586470af492682e7ab6d0f8ca861. Error code: TABLET_NOT_FOUND (6). Status: Not found: Tablet not found: 8993e1a28d114f49a95032b41507479d. This is attempt 1: this message will repeat every 5th retry.
I20260630 12:29:50.687196 21061 consensus_queue.cc:237] T e333bbcd5fc24906bdd325956411ffa7 P 78f6e2a3603443ae8d71e2db633589be [LEADER]: Queue going to LEADER mode. State: All replicated index: 0, Majority replicated index: 1, Committed index: 1, Last appended: 1.1, Last appended by leader: 0, Current term: 1, Majority size: 2, State: 0, Mode: LEADER, active raft config: opid_index: 2 OBSOLETE_local: false peers { permanent_uuid: "78f6e2a3603443ae8d71e2db633589be" member_type: VOTER last_known_addr { host: "127.19.234.1" port: 38073 } } peers { permanent_uuid: "e5a7edf39c4a487780237c472692baf8" member_type: VOTER last_known_addr { host: "127.19.234.2" port: 43987 } attrs { replace: true } } peers { permanent_uuid: "ef1e6550918e4f28b25328b5f2d34a1f" member_type: VOTER last_known_addr { host: "127.19.234.3" port: 39907 } } peers { permanent_uuid: "fa62586470af492682e7ab6d0f8ca861" member_type: NON_VOTER last_known_addr { host: "127.19.234.4" port: 33353 } attrs { promote: true } }
I20260630 12:29:50.687335 20959 catalog_manager.cc:5697] T 8993e1a28d114f49a95032b41507479d P ef1e6550918e4f28b25328b5f2d34a1f reported cstate change: config changed from index -1 to 2, NON_VOTER fa62586470af492682e7ab6d0f8ca861 (127.19.234.4) added. New cstate: current_term: 1 leader_uuid: "ef1e6550918e4f28b25328b5f2d34a1f" committed_config { opid_index: 2 OBSOLETE_local: false peers { permanent_uuid: "78f6e2a3603443ae8d71e2db633589be" member_type: VOTER last_known_addr { host: "127.19.234.1" port: 38073 } health_report { overall_health: HEALTHY } } peers { permanent_uuid: "e5a7edf39c4a487780237c472692baf8" member_type: VOTER last_known_addr { host: "127.19.234.2" port: 43987 } attrs { replace: true } health_report { overall_health: UNKNOWN } } peers { permanent_uuid: "ef1e6550918e4f28b25328b5f2d34a1f" member_type: VOTER last_known_addr { host: "127.19.234.3" port: 39907 } health_report { overall_health: HEALTHY } } peers { permanent_uuid: "fa62586470af492682e7ab6d0f8ca861" member_type: NON_VOTER last_known_addr { host: "127.19.234.4" port: 33353 } attrs { promote: true } health_report { overall_health: UNKNOWN } } }
I20260630 12:29:50.689683 21137 raft_consensus.cc:2955] T 8993e1a28d114f49a95032b41507479d P e5a7edf39c4a487780237c472692baf8 [term 1 FOLLOWER]: Committing config change with OpId 1.2: config changed from index -1 to 2, NON_VOTER fa62586470af492682e7ab6d0f8ca861 (127.19.234.4) added. New config: { opid_index: 2 OBSOLETE_local: false peers { permanent_uuid: "78f6e2a3603443ae8d71e2db633589be" member_type: VOTER last_known_addr { host: "127.19.234.1" port: 38073 } } peers { permanent_uuid: "e5a7edf39c4a487780237c472692baf8" member_type: VOTER last_known_addr { host: "127.19.234.2" port: 43987 } attrs { replace: true } } peers { permanent_uuid: "ef1e6550918e4f28b25328b5f2d34a1f" member_type: VOTER last_known_addr { host: "127.19.234.3" port: 39907 } } peers { permanent_uuid: "fa62586470af492682e7ab6d0f8ca861" member_type: NON_VOTER last_known_addr { host: "127.19.234.4" port: 33353 } attrs { promote: true } } }
W20260630 12:29:50.700603 21028 consensus_peers.cc:597] T e333bbcd5fc24906bdd325956411ffa7 P 78f6e2a3603443ae8d71e2db633589be -> Peer fa62586470af492682e7ab6d0f8ca861 (127.19.234.4:33353): Couldn't send request to peer fa62586470af492682e7ab6d0f8ca861. Error code: TABLET_NOT_FOUND (6). Status: Not found: Tablet not found: e333bbcd5fc24906bdd325956411ffa7. This is attempt 1: this message will repeat every 5th retry.
I20260630 12:29:50.703227 21209 raft_consensus.cc:1275] T e333bbcd5fc24906bdd325956411ffa7 P ef1e6550918e4f28b25328b5f2d34a1f [term 1 FOLLOWER]: Refusing update from remote peer 78f6e2a3603443ae8d71e2db633589be: Log matching property violated. Preceding OpId in replica: term: 1 index: 1. Preceding OpId from leader: term: 1 index: 2. (index mismatch)
I20260630 12:29:50.703491 21137 raft_consensus.cc:1275] T e333bbcd5fc24906bdd325956411ffa7 P e5a7edf39c4a487780237c472692baf8 [term 1 FOLLOWER]: Refusing update from remote peer 78f6e2a3603443ae8d71e2db633589be: Log matching property violated. Preceding OpId in replica: term: 1 index: 1. Preceding OpId from leader: term: 1 index: 2. (index mismatch)
I20260630 12:29:50.704732 21290 consensus_queue.cc:1048] T e333bbcd5fc24906bdd325956411ffa7 P 78f6e2a3603443ae8d71e2db633589be [LEADER]: Connected to new peer: Peer: permanent_uuid: "ef1e6550918e4f28b25328b5f2d34a1f" member_type: VOTER last_known_addr { host: "127.19.234.3" port: 39907 }, Status: LMP_MISMATCH, Last received: 0.0, Next index: 2, Last known committed idx: 1, Time since last communication: 0.000s
I20260630 12:29:50.705823 21423 consensus_queue.cc:1048] T e333bbcd5fc24906bdd325956411ffa7 P 78f6e2a3603443ae8d71e2db633589be [LEADER]: Connected to new peer: Peer: permanent_uuid: "e5a7edf39c4a487780237c472692baf8" member_type: VOTER last_known_addr { host: "127.19.234.2" port: 43987 } attrs { replace: true }, Status: LMP_MISMATCH, Last received: 0.0, Next index: 2, Last known committed idx: 1, Time since last communication: 0.001s
I20260630 12:29:50.714327 21418 raft_consensus.cc:2955] T e333bbcd5fc24906bdd325956411ffa7 P 78f6e2a3603443ae8d71e2db633589be [term 1 LEADER]: Committing config change with OpId 1.2: config changed from index -1 to 2, NON_VOTER fa62586470af492682e7ab6d0f8ca861 (127.19.234.4) added. New config: { opid_index: 2 OBSOLETE_local: false peers { permanent_uuid: "78f6e2a3603443ae8d71e2db633589be" member_type: VOTER last_known_addr { host: "127.19.234.1" port: 38073 } } peers { permanent_uuid: "e5a7edf39c4a487780237c472692baf8" member_type: VOTER last_known_addr { host: "127.19.234.2" port: 43987 } attrs { replace: true } } peers { permanent_uuid: "ef1e6550918e4f28b25328b5f2d34a1f" member_type: VOTER last_known_addr { host: "127.19.234.3" port: 39907 } } peers { permanent_uuid: "fa62586470af492682e7ab6d0f8ca861" member_type: NON_VOTER last_known_addr { host: "127.19.234.4" port: 33353 } attrs { promote: true } } }
I20260630 12:29:50.716008 21137 raft_consensus.cc:2955] T e333bbcd5fc24906bdd325956411ffa7 P e5a7edf39c4a487780237c472692baf8 [term 1 FOLLOWER]: Committing config change with OpId 1.2: config changed from index -1 to 2, NON_VOTER fa62586470af492682e7ab6d0f8ca861 (127.19.234.4) added. New config: { opid_index: 2 OBSOLETE_local: false peers { permanent_uuid: "78f6e2a3603443ae8d71e2db633589be" member_type: VOTER last_known_addr { host: "127.19.234.1" port: 38073 } } peers { permanent_uuid: "e5a7edf39c4a487780237c472692baf8" member_type: VOTER last_known_addr { host: "127.19.234.2" port: 43987 } attrs { replace: true } } peers { permanent_uuid: "ef1e6550918e4f28b25328b5f2d34a1f" member_type: VOTER last_known_addr { host: "127.19.234.3" port: 39907 } } peers { permanent_uuid: "fa62586470af492682e7ab6d0f8ca861" member_type: NON_VOTER last_known_addr { host: "127.19.234.4" port: 33353 } attrs { promote: true } } }
I20260630 12:29:50.716331 21209 raft_consensus.cc:2955] T e333bbcd5fc24906bdd325956411ffa7 P ef1e6550918e4f28b25328b5f2d34a1f [term 1 FOLLOWER]: Committing config change with OpId 1.2: config changed from index -1 to 2, NON_VOTER fa62586470af492682e7ab6d0f8ca861 (127.19.234.4) added. New config: { opid_index: 2 OBSOLETE_local: false peers { permanent_uuid: "78f6e2a3603443ae8d71e2db633589be" member_type: VOTER last_known_addr { host: "127.19.234.1" port: 38073 } } peers { permanent_uuid: "e5a7edf39c4a487780237c472692baf8" member_type: VOTER last_known_addr { host: "127.19.234.2" port: 43987 } attrs { replace: true } } peers { permanent_uuid: "ef1e6550918e4f28b25328b5f2d34a1f" member_type: VOTER last_known_addr { host: "127.19.234.3" port: 39907 } } peers { permanent_uuid: "fa62586470af492682e7ab6d0f8ca861" member_type: NON_VOTER last_known_addr { host: "127.19.234.4" port: 33353 } attrs { promote: true } } }
I20260630 12:29:50.727784 20958 catalog_manager.cc:5697] T e333bbcd5fc24906bdd325956411ffa7 P e5a7edf39c4a487780237c472692baf8 reported cstate change: config changed from index -1 to 2, NON_VOTER fa62586470af492682e7ab6d0f8ca861 (127.19.234.4) added. New cstate: current_term: 1 leader_uuid: "78f6e2a3603443ae8d71e2db633589be" committed_config { opid_index: 2 OBSOLETE_local: false peers { permanent_uuid: "78f6e2a3603443ae8d71e2db633589be" member_type: VOTER last_known_addr { host: "127.19.234.1" port: 38073 } } peers { permanent_uuid: "e5a7edf39c4a487780237c472692baf8" member_type: VOTER last_known_addr { host: "127.19.234.2" port: 43987 } attrs { replace: true } } peers { permanent_uuid: "ef1e6550918e4f28b25328b5f2d34a1f" member_type: VOTER last_known_addr { host: "127.19.234.3" port: 39907 } } peers { permanent_uuid: "fa62586470af492682e7ab6d0f8ca861" member_type: NON_VOTER last_known_addr { host: "127.19.234.4" port: 33353 } attrs { promote: true } } }
I20260630 12:29:50.899132 20392 tablet_server.cc:179] TabletServer@127.19.234.1:0 shutting down...
I20260630 12:29:50.929212 20392 ts_tablet_manager.cc:1507] Shutting down tablet manager...
I20260630 12:29:50.930124 20392 tablet_replica.cc:333] T 35800121af59442e8c287d72a7948f88 P 78f6e2a3603443ae8d71e2db633589be: stopping tablet replica
I20260630 12:29:50.930917 20392 raft_consensus.cc:2243] T 35800121af59442e8c287d72a7948f88 P 78f6e2a3603443ae8d71e2db633589be [term 1 FOLLOWER]: Raft consensus shutting down.
I20260630 12:29:50.931485 20392 raft_consensus.cc:2272] T 35800121af59442e8c287d72a7948f88 P 78f6e2a3603443ae8d71e2db633589be [term 1 FOLLOWER]: Raft consensus is shut down!
I20260630 12:29:50.934403 20392 tablet_replica.cc:333] T e333bbcd5fc24906bdd325956411ffa7 P 78f6e2a3603443ae8d71e2db633589be: stopping tablet replica
I20260630 12:29:50.935124 20392 raft_consensus.cc:2243] T e333bbcd5fc24906bdd325956411ffa7 P 78f6e2a3603443ae8d71e2db633589be [term 1 LEADER]: Raft consensus shutting down.
I20260630 12:29:50.936275 20392 raft_consensus.cc:2272] T e333bbcd5fc24906bdd325956411ffa7 P 78f6e2a3603443ae8d71e2db633589be [term 1 FOLLOWER]: Raft consensus is shut down!
I20260630 12:29:50.938899 20392 tablet_replica.cc:333] T 8993e1a28d114f49a95032b41507479d P 78f6e2a3603443ae8d71e2db633589be: stopping tablet replica
I20260630 12:29:50.939610 20392 raft_consensus.cc:2243] T 8993e1a28d114f49a95032b41507479d P 78f6e2a3603443ae8d71e2db633589be [term 1 FOLLOWER]: Raft consensus shutting down.
I20260630 12:29:50.940106 20392 raft_consensus.cc:2272] T 8993e1a28d114f49a95032b41507479d P 78f6e2a3603443ae8d71e2db633589be [term 1 FOLLOWER]: Raft consensus is shut down!
I20260630 12:29:50.942620 20392 tablet_replica.cc:333] T 244a4d8836b24b1d9079a2fa487f8940 P 78f6e2a3603443ae8d71e2db633589be: stopping tablet replica
I20260630 12:29:50.943285 20392 raft_consensus.cc:2243] T 244a4d8836b24b1d9079a2fa487f8940 P 78f6e2a3603443ae8d71e2db633589be [term 1 LEADER]: Raft consensus shutting down.
I20260630 12:29:50.944423 20392 raft_consensus.cc:2272] T 244a4d8836b24b1d9079a2fa487f8940 P 78f6e2a3603443ae8d71e2db633589be [term 1 FOLLOWER]: Raft consensus is shut down!
I20260630 12:29:50.946870 20392 tablet_replica.cc:333] T 86287b1b24064b499513cb5d6e0a3012 P 78f6e2a3603443ae8d71e2db633589be: stopping tablet replica
I20260630 12:29:50.947577 20392 raft_consensus.cc:2243] T 86287b1b24064b499513cb5d6e0a3012 P 78f6e2a3603443ae8d71e2db633589be [term 1 FOLLOWER]: Raft consensus shutting down.
I20260630 12:29:50.947985 20392 raft_consensus.cc:2272] T 86287b1b24064b499513cb5d6e0a3012 P 78f6e2a3603443ae8d71e2db633589be [term 1 FOLLOWER]: Raft consensus is shut down!
I20260630 12:29:50.949605 20392 tablet_replica.cc:333] T cb2cbc6a63704d4f89ab486e7625e0f2 P 78f6e2a3603443ae8d71e2db633589be: stopping tablet replica
I20260630 12:29:50.950232 20392 raft_consensus.cc:2243] T cb2cbc6a63704d4f89ab486e7625e0f2 P 78f6e2a3603443ae8d71e2db633589be [term 1 FOLLOWER]: Raft consensus shutting down.
I20260630 12:29:50.950662 20392 raft_consensus.cc:2272] T cb2cbc6a63704d4f89ab486e7625e0f2 P 78f6e2a3603443ae8d71e2db633589be [term 1 FOLLOWER]: Raft consensus is shut down!
I20260630 12:29:50.952675 20392 tablet_replica.cc:333] T eb7942e421984d03a3c8f01de454077f P 78f6e2a3603443ae8d71e2db633589be: stopping tablet replica
I20260630 12:29:50.953286 20392 raft_consensus.cc:2243] T eb7942e421984d03a3c8f01de454077f P 78f6e2a3603443ae8d71e2db633589be [term 1 LEADER]: Raft consensus shutting down.
I20260630 12:29:50.954056 20392 raft_consensus.cc:2272] T eb7942e421984d03a3c8f01de454077f P 78f6e2a3603443ae8d71e2db633589be [term 1 FOLLOWER]: Raft consensus is shut down!
I20260630 12:29:50.955776 20392 tablet_replica.cc:333] T a3a0975e32784f358e1eaeab720f3c90 P 78f6e2a3603443ae8d71e2db633589be: stopping tablet replica
I20260630 12:29:50.956200 20392 raft_consensus.cc:2243] T a3a0975e32784f358e1eaeab720f3c90 P 78f6e2a3603443ae8d71e2db633589be [term 1 FOLLOWER]: Raft consensus shutting down.
I20260630 12:29:50.956609 20392 raft_consensus.cc:2272] T a3a0975e32784f358e1eaeab720f3c90 P 78f6e2a3603443ae8d71e2db633589be [term 1 FOLLOWER]: Raft consensus is shut down!
I20260630 12:29:50.985390 20392 tablet_server.cc:196] TabletServer@127.19.234.1:0 shutdown complete.
I20260630 12:29:51.004871 20392 tablet_server.cc:179] TabletServer@127.19.234.2:0 shutting down...
I20260630 12:29:51.030797 20392 ts_tablet_manager.cc:1507] Shutting down tablet manager...
I20260630 12:29:51.031685 20392 tablet_replica.cc:333] T 244a4d8836b24b1d9079a2fa487f8940 P e5a7edf39c4a487780237c472692baf8: stopping tablet replica
I20260630 12:29:51.032388 20392 raft_consensus.cc:2243] T 244a4d8836b24b1d9079a2fa487f8940 P e5a7edf39c4a487780237c472692baf8 [term 1 FOLLOWER]: Raft consensus shutting down.
I20260630 12:29:51.032883 20392 raft_consensus.cc:2272] T 244a4d8836b24b1d9079a2fa487f8940 P e5a7edf39c4a487780237c472692baf8 [term 1 FOLLOWER]: Raft consensus is shut down!
W20260630 12:29:51.036283 21102 proxy.cc:239] Call had error, refreshing address and retrying: Network error: Client connection negotiation failed: client connection to 127.19.234.1:38073: connect: Connection refused (error 111) [suppressed 5 similar messages]
I20260630 12:29:51.036605 20392 tablet_replica.cc:333] T 8993e1a28d114f49a95032b41507479d P e5a7edf39c4a487780237c472692baf8: stopping tablet replica
I20260630 12:29:51.037456 20392 raft_consensus.cc:2243] T 8993e1a28d114f49a95032b41507479d P e5a7edf39c4a487780237c472692baf8 [term 1 FOLLOWER]: Raft consensus shutting down.
I20260630 12:29:51.038165 20392 raft_consensus.cc:2272] T 8993e1a28d114f49a95032b41507479d P e5a7edf39c4a487780237c472692baf8 [term 1 FOLLOWER]: Raft consensus is shut down!
I20260630 12:29:51.041824 20392 tablet_replica.cc:333] T e333bbcd5fc24906bdd325956411ffa7 P e5a7edf39c4a487780237c472692baf8: stopping tablet replica
I20260630 12:29:51.042800 20392 raft_consensus.cc:2243] T e333bbcd5fc24906bdd325956411ffa7 P e5a7edf39c4a487780237c472692baf8 [term 1 FOLLOWER]: Raft consensus shutting down.
I20260630 12:29:51.043536 20392 raft_consensus.cc:2272] T e333bbcd5fc24906bdd325956411ffa7 P e5a7edf39c4a487780237c472692baf8 [term 1 FOLLOWER]: Raft consensus is shut down!
I20260630 12:29:51.046239 20392 tablet_replica.cc:333] T 35800121af59442e8c287d72a7948f88 P e5a7edf39c4a487780237c472692baf8: stopping tablet replica
W20260630 12:29:51.046752 21102 consensus_peers.cc:597] T 35800121af59442e8c287d72a7948f88 P e5a7edf39c4a487780237c472692baf8 -> Peer 78f6e2a3603443ae8d71e2db633589be (127.19.234.1:38073): Couldn't send request to peer 78f6e2a3603443ae8d71e2db633589be. Status: Network error: Client connection negotiation failed: client connection to 127.19.234.1:38073: connect: Connection refused (error 111). This is attempt 1: this message will repeat every 5th retry.
I20260630 12:29:51.046929 20392 raft_consensus.cc:2243] T 35800121af59442e8c287d72a7948f88 P e5a7edf39c4a487780237c472692baf8 [term 1 LEADER]: Raft consensus shutting down.
I20260630 12:29:51.047997 20392 raft_consensus.cc:2272] T 35800121af59442e8c287d72a7948f88 P e5a7edf39c4a487780237c472692baf8 [term 1 FOLLOWER]: Raft consensus is shut down!
I20260630 12:29:51.050140 20392 tablet_replica.cc:333] T eb7942e421984d03a3c8f01de454077f P e5a7edf39c4a487780237c472692baf8: stopping tablet replica
I20260630 12:29:51.050666 20392 raft_consensus.cc:2243] T eb7942e421984d03a3c8f01de454077f P e5a7edf39c4a487780237c472692baf8 [term 1 FOLLOWER]: Raft consensus shutting down.
I20260630 12:29:51.051079 20392 raft_consensus.cc:2272] T eb7942e421984d03a3c8f01de454077f P e5a7edf39c4a487780237c472692baf8 [term 1 FOLLOWER]: Raft consensus is shut down!
I20260630 12:29:51.052867 20392 tablet_replica.cc:333] T cb2cbc6a63704d4f89ab486e7625e0f2 P e5a7edf39c4a487780237c472692baf8: stopping tablet replica
I20260630 12:29:51.053334 20392 raft_consensus.cc:2243] T cb2cbc6a63704d4f89ab486e7625e0f2 P e5a7edf39c4a487780237c472692baf8 [term 1 FOLLOWER]: Raft consensus shutting down.
I20260630 12:29:51.053714 20392 raft_consensus.cc:2272] T cb2cbc6a63704d4f89ab486e7625e0f2 P e5a7edf39c4a487780237c472692baf8 [term 1 FOLLOWER]: Raft consensus is shut down!
I20260630 12:29:51.055837 20392 tablet_replica.cc:333] T 86287b1b24064b499513cb5d6e0a3012 P e5a7edf39c4a487780237c472692baf8: stopping tablet replica
I20260630 12:29:51.056293 20392 raft_consensus.cc:2243] T 86287b1b24064b499513cb5d6e0a3012 P e5a7edf39c4a487780237c472692baf8 [term 1 LEADER]: Raft consensus shutting down.
I20260630 12:29:51.056980 20392 raft_consensus.cc:2272] T 86287b1b24064b499513cb5d6e0a3012 P e5a7edf39c4a487780237c472692baf8 [term 1 FOLLOWER]: Raft consensus is shut down!
I20260630 12:29:51.058579 20392 tablet_replica.cc:333] T a3a0975e32784f358e1eaeab720f3c90 P e5a7edf39c4a487780237c472692baf8: stopping tablet replica
I20260630 12:29:51.059022 20392 raft_consensus.cc:2243] T a3a0975e32784f358e1eaeab720f3c90 P e5a7edf39c4a487780237c472692baf8 [term 1 FOLLOWER]: Raft consensus shutting down.
I20260630 12:29:51.059401 20392 raft_consensus.cc:2272] T a3a0975e32784f358e1eaeab720f3c90 P e5a7edf39c4a487780237c472692baf8 [term 1 FOLLOWER]: Raft consensus is shut down!
I20260630 12:29:51.080626 20392 tablet_server.cc:196] TabletServer@127.19.234.2:0 shutdown complete.
W20260630 12:29:51.080921 21176 consensus_peers.cc:597] T 8993e1a28d114f49a95032b41507479d P ef1e6550918e4f28b25328b5f2d34a1f -> Peer 78f6e2a3603443ae8d71e2db633589be (127.19.234.1:38073): Couldn't send request to peer 78f6e2a3603443ae8d71e2db633589be. Status: Network error: Client connection negotiation failed: client connection to 127.19.234.1:38073: connect: Connection refused (error 111). This is attempt 1: this message will repeat every 5th retry.
I20260630 12:29:51.098901 20392 tablet_server.cc:179] TabletServer@127.19.234.3:0 shutting down...
W20260630 12:29:51.124904 21176 consensus_peers.cc:597] T a3a0975e32784f358e1eaeab720f3c90 P ef1e6550918e4f28b25328b5f2d34a1f -> Peer 78f6e2a3603443ae8d71e2db633589be (127.19.234.1:38073): Couldn't send request to peer 78f6e2a3603443ae8d71e2db633589be. Status: Network error: Client connection negotiation failed: client connection to 127.19.234.1:38073: connect: Connection refused (error 111). This is attempt 1: this message will repeat every 5th retry.
I20260630 12:29:51.130712 20392 ts_tablet_manager.cc:1507] Shutting down tablet manager...
I20260630 12:29:51.131533 20392 tablet_replica.cc:333] T 35800121af59442e8c287d72a7948f88 P ef1e6550918e4f28b25328b5f2d34a1f: stopping tablet replica
I20260630 12:29:51.132339 20392 raft_consensus.cc:2243] T 35800121af59442e8c287d72a7948f88 P ef1e6550918e4f28b25328b5f2d34a1f [term 1 FOLLOWER]: Raft consensus shutting down.
I20260630 12:29:51.132922 20392 raft_consensus.cc:2272] T 35800121af59442e8c287d72a7948f88 P ef1e6550918e4f28b25328b5f2d34a1f [term 1 FOLLOWER]: Raft consensus is shut down!
I20260630 12:29:51.135622 20392 tablet_replica.cc:333] T 244a4d8836b24b1d9079a2fa487f8940 P ef1e6550918e4f28b25328b5f2d34a1f: stopping tablet replica
I20260630 12:29:51.136307 20392 raft_consensus.cc:2243] T 244a4d8836b24b1d9079a2fa487f8940 P ef1e6550918e4f28b25328b5f2d34a1f [term 1 FOLLOWER]: Raft consensus shutting down.
I20260630 12:29:51.136837 20392 raft_consensus.cc:2272] T 244a4d8836b24b1d9079a2fa487f8940 P ef1e6550918e4f28b25328b5f2d34a1f [term 1 FOLLOWER]: Raft consensus is shut down!
I20260630 12:29:51.139458 20392 tablet_replica.cc:333] T e333bbcd5fc24906bdd325956411ffa7 P ef1e6550918e4f28b25328b5f2d34a1f: stopping tablet replica
I20260630 12:29:51.140156 20392 raft_consensus.cc:2243] T e333bbcd5fc24906bdd325956411ffa7 P ef1e6550918e4f28b25328b5f2d34a1f [term 1 FOLLOWER]: Raft consensus shutting down.
I20260630 12:29:51.140654 20392 raft_consensus.cc:2272] T e333bbcd5fc24906bdd325956411ffa7 P ef1e6550918e4f28b25328b5f2d34a1f [term 1 FOLLOWER]: Raft consensus is shut down!
I20260630 12:29:51.143167 20392 tablet_replica.cc:333] T 8993e1a28d114f49a95032b41507479d P ef1e6550918e4f28b25328b5f2d34a1f: stopping tablet replica
I20260630 12:29:51.143853 20392 raft_consensus.cc:2243] T 8993e1a28d114f49a95032b41507479d P ef1e6550918e4f28b25328b5f2d34a1f [term 1 LEADER]: Raft consensus shutting down.
I20260630 12:29:51.144963 20392 raft_consensus.cc:2272] T 8993e1a28d114f49a95032b41507479d P ef1e6550918e4f28b25328b5f2d34a1f [term 1 FOLLOWER]: Raft consensus is shut down!
I20260630 12:29:51.147469 20392 tablet_replica.cc:333] T 86287b1b24064b499513cb5d6e0a3012 P ef1e6550918e4f28b25328b5f2d34a1f: stopping tablet replica
I20260630 12:29:51.148147 20392 raft_consensus.cc:2243] T 86287b1b24064b499513cb5d6e0a3012 P ef1e6550918e4f28b25328b5f2d34a1f [term 1 FOLLOWER]: Raft consensus shutting down.
I20260630 12:29:51.148573 20392 raft_consensus.cc:2272] T 86287b1b24064b499513cb5d6e0a3012 P ef1e6550918e4f28b25328b5f2d34a1f [term 1 FOLLOWER]: Raft consensus is shut down!
I20260630 12:29:51.150861 20392 tablet_replica.cc:333] T eb7942e421984d03a3c8f01de454077f P ef1e6550918e4f28b25328b5f2d34a1f: stopping tablet replica
I20260630 12:29:51.151511 20392 raft_consensus.cc:2243] T eb7942e421984d03a3c8f01de454077f P ef1e6550918e4f28b25328b5f2d34a1f [term 1 FOLLOWER]: Raft consensus shutting down.
I20260630 12:29:51.152031 20392 raft_consensus.cc:2272] T eb7942e421984d03a3c8f01de454077f P ef1e6550918e4f28b25328b5f2d34a1f [term 1 FOLLOWER]: Raft consensus is shut down!
I20260630 12:29:51.154330 20392 tablet_replica.cc:333] T cb2cbc6a63704d4f89ab486e7625e0f2 P ef1e6550918e4f28b25328b5f2d34a1f: stopping tablet replica
I20260630 12:29:51.154917 20392 raft_consensus.cc:2243] T cb2cbc6a63704d4f89ab486e7625e0f2 P ef1e6550918e4f28b25328b5f2d34a1f [term 1 LEADER]: Raft consensus shutting down.
I20260630 12:29:51.155794 20392 raft_consensus.cc:2272] T cb2cbc6a63704d4f89ab486e7625e0f2 P ef1e6550918e4f28b25328b5f2d34a1f [term 1 FOLLOWER]: Raft consensus is shut down!
I20260630 12:29:51.157891 20392 tablet_replica.cc:333] T a3a0975e32784f358e1eaeab720f3c90 P ef1e6550918e4f28b25328b5f2d34a1f: stopping tablet replica
I20260630 12:29:51.158437 20392 raft_consensus.cc:2243] T a3a0975e32784f358e1eaeab720f3c90 P ef1e6550918e4f28b25328b5f2d34a1f [term 1 LEADER]: Raft consensus shutting down.
I20260630 12:29:51.159289 20392 raft_consensus.cc:2272] T a3a0975e32784f358e1eaeab720f3c90 P ef1e6550918e4f28b25328b5f2d34a1f [term 1 FOLLOWER]: Raft consensus is shut down!
I20260630 12:29:51.188867 20392 tablet_server.cc:196] TabletServer@127.19.234.3:0 shutdown complete.
I20260630 12:29:51.208369 20392 tablet_server.cc:179] TabletServer@127.19.234.4:0 shutting down...
I20260630 12:29:51.235420 20392 ts_tablet_manager.cc:1507] Shutting down tablet manager...
I20260630 12:29:51.269809 20392 tablet_server.cc:196] TabletServer@127.19.234.4:0 shutdown complete.
I20260630 12:29:51.278285 20392 master.cc:562] Master@127.19.234.62:46653 shutting down...
W20260630 12:29:51.300477 21008 auto_rebalancer.cc:340] scheduled replica move failed to complete: Service unavailable: Catalog manager is not initialized. State: Closing
I20260630 12:29:51.301621 20392 raft_consensus.cc:2243] T 00000000000000000000000000000000 P 2aa16a17e936427aa65e2503b0b5601a [term 1 LEADER]: Raft consensus shutting down.
I20260630 12:29:51.302038 20392 raft_consensus.cc:2272] T 00000000000000000000000000000000 P 2aa16a17e936427aa65e2503b0b5601a [term 1 FOLLOWER]: Raft consensus is shut down!
I20260630 12:29:51.302315 20392 tablet_replica.cc:333] T 00000000000000000000000000000000 P 2aa16a17e936427aa65e2503b0b5601a: stopping tablet replica
I20260630 12:29:51.322288 20392 master.cc:584] Master@127.19.234.62:46653 shutdown complete.
[       OK ] AutoRebalancerTest.AutoRebalancingTurnOffAndOn (8976 ms)
[ RUN      ] AutoRebalancerTest.NextLeaderResumesAutoRebalancing
I20260630 12:29:51.362099 20392 internal_mini_cluster.cc:156] Creating distributed mini masters. Addrs: 127.19.234.62:43971,127.19.234.61:34431,127.19.234.60:39263
I20260630 12:29:51.363408 20392 file_cache.cc:492] Constructed file cache file cache with capacity 419430
W20260630 12:29:51.368709 21447 instance_detector.cc:116] could not retrieve AWS instance metadata: Network error: curl error: HTTP response code said error: The requested URL returned error: 404
W20260630 12:29:51.369421 21448 instance_detector.cc:116] could not retrieve Azure instance metadata: Network error: curl error: HTTP response code said error: The requested URL returned error: 404
W20260630 12:29:51.370119 21450 instance_detector.cc:116] could not retrieve OpenStack instance metadata: Network error: curl error: HTTP response code said error: The requested URL returned error: 404
I20260630 12:29:51.370934 20392 server_base.cc:1061] running on GCE node
I20260630 12:29:51.372053 20392 hybrid_clock.cc:584] initializing the hybrid clock with 'system_unsync' time source
W20260630 12:29:51.372225 20392 system_unsync_time.cc:38] NTP support is disabled. Clock error bounds will not be accurate. This configuration is not suitable for distributed clusters.
I20260630 12:29:51.372337 20392 hybrid_clock.cc:648] HybridClock initialized: now 1782822591372326 us; error 0 us; skew 500 ppm
I20260630 12:29:51.372746 20392 server_base.cc:861] Flag tcmalloc_max_total_thread_cache_bytes is not working since tcmalloc is not enabled.
I20260630 12:29:51.375008 20392 webserver.cc:533] Webserver started at http://127.19.234.62:46357/ using document root <none> and password file <none>
I20260630 12:29:51.375448 20392 fs_manager.cc:362] Metadata directory not provided
I20260630 12:29:51.375697 20392 fs_manager.cc:368] Using write-ahead log directory (fs_wal_dir) as metadata directory
I20260630 12:29:51.375931 20392 server_base.cc:909] This appears to be a new deployment of Kudu; creating new FS layout
I20260630 12:29:51.377028 20392 fs_manager.cc:1068] Generated new instance metadata in path /tmp/dist-test-taskWdBH__/test-tmp/auto_rebalancer-test.0.AutoRebalancerTest.NextLeaderResumesAutoRebalancing.1782822575361018-20392-0/minicluster-data/master-0-root/instance:
uuid: "87db4818a23047e98ded2e3f68ebab09"
format_stamp: "Formatted at 2026-06-30 12:29:51 on dist-test-slave-6svt"
I20260630 12:29:51.381319 20392 fs_manager.cc:696] Time spent creating directory manager: real 0.004s	user 0.005s	sys 0.000s
I20260630 12:29:51.384593 21455 log_block_manager.cc:4031] Time spent loading block containers with low live blocks: real 0.000s	user 0.000s	sys 0.000s
I20260630 12:29:51.385524 20392 fs_manager.cc:730] Time spent opening block manager: real 0.002s	user 0.003s	sys 0.000s
I20260630 12:29:51.385846 20392 fs_manager.cc:647] Opened local filesystem: /tmp/dist-test-taskWdBH__/test-tmp/auto_rebalancer-test.0.AutoRebalancerTest.NextLeaderResumesAutoRebalancing.1782822575361018-20392-0/minicluster-data/master-0-root
uuid: "87db4818a23047e98ded2e3f68ebab09"
format_stamp: "Formatted at 2026-06-30 12:29:51 on dist-test-slave-6svt"
I20260630 12:29:51.386116 20392 fs_report.cc:389] FS layout report
--------------------
wal directory: /tmp/dist-test-taskWdBH__/test-tmp/auto_rebalancer-test.0.AutoRebalancerTest.NextLeaderResumesAutoRebalancing.1782822575361018-20392-0/minicluster-data/master-0-root
metadata directory: /tmp/dist-test-taskWdBH__/test-tmp/auto_rebalancer-test.0.AutoRebalancerTest.NextLeaderResumesAutoRebalancing.1782822575361018-20392-0/minicluster-data/master-0-root
1 data directories: /tmp/dist-test-taskWdBH__/test-tmp/auto_rebalancer-test.0.AutoRebalancerTest.NextLeaderResumesAutoRebalancing.1782822575361018-20392-0/minicluster-data/master-0-root/data
Total live blocks: 0
Total live bytes: 0
Total live bytes (after alignment): 0
Total number of LBM containers: 0 (0 full)
Did not check for missing blocks
Did not check for orphaned blocks
Total full LBM containers with extra space: 0 (0 repaired)
Total full LBM container extra space in bytes: 0 (0 repaired)
Total incomplete LBM containers: 0 (0 repaired)
Total LBM partial records: 0 (0 repaired)
Total corrupted LBM metadata records in RocksDB: 0 (0 repaired)
I20260630 12:29:51.395345 20392 rpc_server.cc:225] running with OpenSSL 1.1.1  11 Sep 2018
I20260630 12:29:51.396569 20392 kserver.cc:163] Server-wide thread pool size limit: 3276
I20260630 12:29:51.433581 20392 rpc_server.cc:307] RPC server started. Bound to: 127.19.234.62:43971
I20260630 12:29:51.433705 21506 acceptor_pool.cc:272] collecting diagnostics on the listening RPC socket 127.19.234.62:43971 every 8 connection(s)
I20260630 12:29:51.437368 21507 data_dirs.cc:400] Could only allocate 1 dirs of requested 3 for tablet 00000000000000000000000000000000. 1 dirs total, 0 dirs full, 0 dirs failed
I20260630 12:29:51.437563 20392 file_cache.cc:492] Constructed file cache file cache with capacity 419430
W20260630 12:29:51.442824 21509 instance_detector.cc:116] could not retrieve AWS instance metadata: Network error: curl error: HTTP response code said error: The requested URL returned error: 404
I20260630 12:29:51.444506 21507 sys_catalog.cc:422] member_type: VOTER last_known_addr { host: "127.19.234.62" port: 43971 } has no permanent_uuid. Determining permanent_uuid...
W20260630 12:29:51.445138 21510 instance_detector.cc:116] could not retrieve Azure instance metadata: Network error: curl error: HTTP response code said error: The requested URL returned error: 404
W20260630 12:29:51.445915 21512 instance_detector.cc:116] could not retrieve OpenStack instance metadata: Network error: curl error: HTTP response code said error: The requested URL returned error: 404
I20260630 12:29:51.447739 20392 server_base.cc:1061] running on GCE node
I20260630 12:29:51.449162 20392 hybrid_clock.cc:584] initializing the hybrid clock with 'system_unsync' time source
W20260630 12:29:51.449391 20392 system_unsync_time.cc:38] NTP support is disabled. Clock error bounds will not be accurate. This configuration is not suitable for distributed clusters.
I20260630 12:29:51.449568 20392 hybrid_clock.cc:648] HybridClock initialized: now 1782822591449552 us; error 0 us; skew 500 ppm
I20260630 12:29:51.450058 20392 server_base.cc:861] Flag tcmalloc_max_total_thread_cache_bytes is not working since tcmalloc is not enabled.
I20260630 12:29:51.452803 20392 webserver.cc:533] Webserver started at http://127.19.234.61:39347/ using document root <none> and password file <none>
I20260630 12:29:51.453265 20392 fs_manager.cc:362] Metadata directory not provided
I20260630 12:29:51.453467 20392 fs_manager.cc:368] Using write-ahead log directory (fs_wal_dir) as metadata directory
I20260630 12:29:51.453723 20392 server_base.cc:909] This appears to be a new deployment of Kudu; creating new FS layout
I20260630 12:29:51.454821 20392 fs_manager.cc:1068] Generated new instance metadata in path /tmp/dist-test-taskWdBH__/test-tmp/auto_rebalancer-test.0.AutoRebalancerTest.NextLeaderResumesAutoRebalancing.1782822575361018-20392-0/minicluster-data/master-1-root/instance:
uuid: "d5d9b1e27a6a4ef2a2f5d40103b4c44f"
format_stamp: "Formatted at 2026-06-30 12:29:51 on dist-test-slave-6svt"
I20260630 12:29:51.458112 21507 sys_catalog.cc:422] member_type: VOTER last_known_addr { host: "127.19.234.61" port: 34431 } has no permanent_uuid. Determining permanent_uuid...
I20260630 12:29:51.459775 20392 fs_manager.cc:696] Time spent creating directory manager: real 0.004s	user 0.006s	sys 0.000s
W20260630 12:29:51.463807 21507 consensus_peers.cc:760] Error getting permanent uuid from config peer 127.19.234.61:34431: Network error: Client connection negotiation failed: client connection to 127.19.234.61:34431: connect: Connection refused (error 111)
I20260630 12:29:51.463856 21520 log_block_manager.cc:4031] Time spent loading block containers with low live blocks: real 0.000s	user 0.000s	sys 0.000s
I20260630 12:29:51.464865 20392 fs_manager.cc:730] Time spent opening block manager: real 0.003s	user 0.004s	sys 0.000s
I20260630 12:29:51.465096 20392 fs_manager.cc:647] Opened local filesystem: /tmp/dist-test-taskWdBH__/test-tmp/auto_rebalancer-test.0.AutoRebalancerTest.NextLeaderResumesAutoRebalancing.1782822575361018-20392-0/minicluster-data/master-1-root
uuid: "d5d9b1e27a6a4ef2a2f5d40103b4c44f"
format_stamp: "Formatted at 2026-06-30 12:29:51 on dist-test-slave-6svt"
I20260630 12:29:51.465327 20392 fs_report.cc:389] FS layout report
--------------------
wal directory: /tmp/dist-test-taskWdBH__/test-tmp/auto_rebalancer-test.0.AutoRebalancerTest.NextLeaderResumesAutoRebalancing.1782822575361018-20392-0/minicluster-data/master-1-root
metadata directory: /tmp/dist-test-taskWdBH__/test-tmp/auto_rebalancer-test.0.AutoRebalancerTest.NextLeaderResumesAutoRebalancing.1782822575361018-20392-0/minicluster-data/master-1-root
1 data directories: /tmp/dist-test-taskWdBH__/test-tmp/auto_rebalancer-test.0.AutoRebalancerTest.NextLeaderResumesAutoRebalancing.1782822575361018-20392-0/minicluster-data/master-1-root/data
Total live blocks: 0
Total live bytes: 0
Total live bytes (after alignment): 0
Total number of LBM containers: 0 (0 full)
Did not check for missing blocks
Did not check for orphaned blocks
Total full LBM containers with extra space: 0 (0 repaired)
Total full LBM container extra space in bytes: 0 (0 repaired)
Total incomplete LBM containers: 0 (0 repaired)
