I20260630 12:31:05.622725 23857 raft_consensus.cc:2955] T cba64c31170f42b9840b94f47f250812 P 816fc71dfb114120bf8d5b35ab317a4c [term 3 LEADER]: Committing config change with OpId 3.6: config changed from index 5 to 6, VOTER ca8e1750fa90489d94f1fc0bc8e5a8fc (127.19.234.2) evicted. New config: { opid_index: 6 OBSOLETE_local: false peers { permanent_uuid: "106e23feeeb7450598049077165a3061" member_type: VOTER last_known_addr { host: "127.19.234.1" port: 33557 } } peers { permanent_uuid: "816fc71dfb114120bf8d5b35ab317a4c" member_type: VOTER last_known_addr { host: "127.19.234.3" port: 34339 } } peers { permanent_uuid: "49797834473b40a9b036228e86f747ee" member_type: VOTER last_known_addr { host: "127.19.234.4" port: 37499 } attrs { promote: false } } }
I20260630 12:31:05.624670 23359 raft_consensus.cc:2955] T cba64c31170f42b9840b94f47f250812 P 106e23feeeb7450598049077165a3061 [term 3 FOLLOWER]: Committing config change with OpId 3.6: config changed from index 5 to 6, VOTER ca8e1750fa90489d94f1fc0bc8e5a8fc (127.19.234.2) evicted. New config: { opid_index: 6 OBSOLETE_local: false peers { permanent_uuid: "106e23feeeb7450598049077165a3061" member_type: VOTER last_known_addr { host: "127.19.234.1" port: 33557 } } peers { permanent_uuid: "816fc71dfb114120bf8d5b35ab317a4c" member_type: VOTER last_known_addr { host: "127.19.234.3" port: 34339 } } peers { permanent_uuid: "49797834473b40a9b036228e86f747ee" member_type: VOTER last_known_addr { host: "127.19.234.4" port: 37499 } attrs { promote: false } } }
I20260630 12:31:05.626937 23659 raft_consensus.cc:2955] T cba64c31170f42b9840b94f47f250812 P 49797834473b40a9b036228e86f747ee [term 3 FOLLOWER]: Committing config change with OpId 3.6: config changed from index 5 to 6, VOTER ca8e1750fa90489d94f1fc0bc8e5a8fc (127.19.234.2) evicted. New config: { opid_index: 6 OBSOLETE_local: false peers { permanent_uuid: "106e23feeeb7450598049077165a3061" member_type: VOTER last_known_addr { host: "127.19.234.1" port: 33557 } } peers { permanent_uuid: "816fc71dfb114120bf8d5b35ab317a4c" member_type: VOTER last_known_addr { host: "127.19.234.3" port: 34339 } } peers { permanent_uuid: "49797834473b40a9b036228e86f747ee" member_type: VOTER last_known_addr { host: "127.19.234.4" port: 37499 } attrs { promote: false } } }
I20260630 12:31:05.633154 23243 catalog_manager.cc:5210] ChangeConfig:REMOVE_PEER RPC for tablet cba64c31170f42b9840b94f47f250812 with cas_config_opid_index 5: ChangeConfig:REMOVE_PEER succeeded (attempt 1)
I20260630 12:31:05.638983 23257 catalog_manager.cc:5697] T cba64c31170f42b9840b94f47f250812 P 49797834473b40a9b036228e86f747ee reported cstate change: config changed from index 5 to 6, VOTER ca8e1750fa90489d94f1fc0bc8e5a8fc (127.19.234.2) evicted. New cstate: current_term: 3 leader_uuid: "816fc71dfb114120bf8d5b35ab317a4c" committed_config { opid_index: 6 OBSOLETE_local: false peers { permanent_uuid: "106e23feeeb7450598049077165a3061" member_type: VOTER last_known_addr { host: "127.19.234.1" port: 33557 } } peers { permanent_uuid: "816fc71dfb114120bf8d5b35ab317a4c" member_type: VOTER last_known_addr { host: "127.19.234.3" port: 34339 } } peers { permanent_uuid: "49797834473b40a9b036228e86f747ee" member_type: VOTER last_known_addr { host: "127.19.234.4" port: 37499 } attrs { promote: false } } }
I20260630 12:31:05.651023 23423 tablet_service.cc:1558] Processing DeleteTablet for tablet cba64c31170f42b9840b94f47f250812 with delete_type TABLET_DATA_TOMBSTONED (TS ca8e1750fa90489d94f1fc0bc8e5a8fc not found in new config with opid_index 6) from {username='slave'} at 127.0.0.1:42974
I20260630 12:31:05.660578 23886 tablet_replica.cc:333] T cba64c31170f42b9840b94f47f250812 P ca8e1750fa90489d94f1fc0bc8e5a8fc: stopping tablet replica
I20260630 12:31:05.661746 23886 raft_consensus.cc:2243] T cba64c31170f42b9840b94f47f250812 P ca8e1750fa90489d94f1fc0bc8e5a8fc [term 3 FOLLOWER]: Raft consensus shutting down.
I20260630 12:31:05.662595 23886 raft_consensus.cc:2272] T cba64c31170f42b9840b94f47f250812 P ca8e1750fa90489d94f1fc0bc8e5a8fc [term 3 FOLLOWER]: Raft consensus is shut down!
I20260630 12:31:05.665470 23886 ts_tablet_manager.cc:1916] T cba64c31170f42b9840b94f47f250812 P ca8e1750fa90489d94f1fc0bc8e5a8fc: Deleting tablet data with delete state TABLET_DATA_TOMBSTONED
I20260630 12:31:05.682658 23886 ts_tablet_manager.cc:1929] T cba64c31170f42b9840b94f47f250812 P ca8e1750fa90489d94f1fc0bc8e5a8fc: tablet deleted with delete type TABLET_DATA_TOMBSTONED: last-logged OpId 3.5
I20260630 12:31:05.683089 23886 log.cc:1199] T cba64c31170f42b9840b94f47f250812 P ca8e1750fa90489d94f1fc0bc8e5a8fc: Deleting WAL directory at /tmp/dist-test-taskWdBH__/test-tmp/auto_rebalancer-test.0.AutoRebalancerTest.RangeAwareRebalancesNewRangeReplicas.1782822575361018-20392-0/minicluster-data/ts-1-root/wals/cba64c31170f42b9840b94f47f250812
I20260630 12:31:05.684729 23245 catalog_manager.cc:5028] TS ca8e1750fa90489d94f1fc0bc8e5a8fc (127.19.234.2:46147): tablet cba64c31170f42b9840b94f47f250812 (table range_aware_rebalance_new_range [id=43d44e13d2d347e5bcf7ff5d2112780e]) successfully deleted
I20260630 12:31:06.369918 23311 auto_leader_rebalancer.cc:141] leader rebalance for table range_aware_rebalance_new_range
I20260630 12:31:06.384254 23507 tablet_service.cc:2072] Received LeaderStepDown RPC: tablet_id: "2d04e95141094146bfe72d1f46a55bcc"
dest_uuid: "816fc71dfb114120bf8d5b35ab317a4c"
mode: GRACEFUL
new_leader_uuid: "ca8e1750fa90489d94f1fc0bc8e5a8fc"
 from {username='slave'} at 127.0.0.1:59290
I20260630 12:31:06.385026 23507 raft_consensus.cc:606] T 2d04e95141094146bfe72d1f46a55bcc P 816fc71dfb114120bf8d5b35ab317a4c [term 1 LEADER]: Received request to transfer leadership to TS ca8e1750fa90489d94f1fc0bc8e5a8fc
I20260630 12:31:06.387806 23507 tablet_service.cc:2072] Received LeaderStepDown RPC: tablet_id: "7a5ca0af43da47389d76c0663a941d8a"
dest_uuid: "816fc71dfb114120bf8d5b35ab317a4c"
mode: GRACEFUL
new_leader_uuid: "106e23feeeb7450598049077165a3061"
 from {username='slave'} at 127.0.0.1:59290
I20260630 12:31:06.388259 23507 raft_consensus.cc:606] T 7a5ca0af43da47389d76c0663a941d8a P 816fc71dfb114120bf8d5b35ab317a4c [term 2 LEADER]: Received request to transfer leadership to TS 106e23feeeb7450598049077165a3061
I20260630 12:31:06.389304 23311 auto_leader_rebalancer.cc:440] table: range_aware_rebalance_new_range, leader rebalance finish, leader transfer count: 2
I20260630 12:31:06.390098 23311 auto_leader_rebalancer.cc:515] All tables' leader rebalancing finished this round
I20260630 12:31:06.478822 23857 raft_consensus.cc:993] T 2d04e95141094146bfe72d1f46a55bcc P 816fc71dfb114120bf8d5b35ab317a4c: : Instructing follower ca8e1750fa90489d94f1fc0bc8e5a8fc to start an election
I20260630 12:31:06.479403 23857 raft_consensus.cc:1081] T 2d04e95141094146bfe72d1f46a55bcc P 816fc71dfb114120bf8d5b35ab317a4c [term 1 LEADER]: Signalling peer ca8e1750fa90489d94f1fc0bc8e5a8fc to start an election
I20260630 12:31:06.481474 23433 tablet_service.cc:2044] Received Run Leader Election RPC: tablet_id: "2d04e95141094146bfe72d1f46a55bcc"
dest_uuid: "ca8e1750fa90489d94f1fc0bc8e5a8fc"
 from {username='slave'} at 127.0.0.1:42980
I20260630 12:31:06.481976 23433 raft_consensus.cc:493] T 2d04e95141094146bfe72d1f46a55bcc P ca8e1750fa90489d94f1fc0bc8e5a8fc [term 1 FOLLOWER]: Starting forced leader election (received explicit request)
I20260630 12:31:06.482329 23433 raft_consensus.cc:3060] T 2d04e95141094146bfe72d1f46a55bcc P ca8e1750fa90489d94f1fc0bc8e5a8fc [term 1 FOLLOWER]: Advancing to term 2
I20260630 12:31:06.487836 23433 raft_consensus.cc:515] T 2d04e95141094146bfe72d1f46a55bcc P ca8e1750fa90489d94f1fc0bc8e5a8fc [term 2 FOLLOWER]: Starting forced leader election with config: opid_index: -1 OBSOLETE_local: false peers { permanent_uuid: "106e23feeeb7450598049077165a3061" member_type: VOTER last_known_addr { host: "127.19.234.1" port: 33557 } } peers { permanent_uuid: "ca8e1750fa90489d94f1fc0bc8e5a8fc" member_type: VOTER last_known_addr { host: "127.19.234.2" port: 46147 } } peers { permanent_uuid: "816fc71dfb114120bf8d5b35ab317a4c" member_type: VOTER last_known_addr { host: "127.19.234.3" port: 34339 } }
I20260630 12:31:06.489591 23433 leader_election.cc:290] T 2d04e95141094146bfe72d1f46a55bcc P ca8e1750fa90489d94f1fc0bc8e5a8fc [CANDIDATE]: Term 2 election: Requested vote from peers 106e23feeeb7450598049077165a3061 (127.19.234.1:33557), 816fc71dfb114120bf8d5b35ab317a4c (127.19.234.3:34339)
I20260630 12:31:06.490716 23507 tablet_service.cc:1917] Received RequestConsensusVote() RPC: tablet_id: "2d04e95141094146bfe72d1f46a55bcc" candidate_uuid: "ca8e1750fa90489d94f1fc0bc8e5a8fc" candidate_term: 2 candidate_status { last_received { term: 1 index: 1 } } ignore_live_leader: true dest_uuid: "816fc71dfb114120bf8d5b35ab317a4c"
I20260630 12:31:06.490773 23359 tablet_service.cc:1917] Received RequestConsensusVote() RPC: tablet_id: "2d04e95141094146bfe72d1f46a55bcc" candidate_uuid: "ca8e1750fa90489d94f1fc0bc8e5a8fc" candidate_term: 2 candidate_status { last_received { term: 1 index: 1 } } ignore_live_leader: true dest_uuid: "106e23feeeb7450598049077165a3061"
I20260630 12:31:06.491617 23507 raft_consensus.cc:3055] T 2d04e95141094146bfe72d1f46a55bcc P 816fc71dfb114120bf8d5b35ab317a4c [term 1 LEADER]: Stepping down as leader of term 1
I20260630 12:31:06.491648 23359 raft_consensus.cc:3060] T 2d04e95141094146bfe72d1f46a55bcc P 106e23feeeb7450598049077165a3061 [term 1 FOLLOWER]: Advancing to term 2
I20260630 12:31:06.492161 23507 raft_consensus.cc:740] T 2d04e95141094146bfe72d1f46a55bcc P 816fc71dfb114120bf8d5b35ab317a4c [term 1 LEADER]: Becoming Follower/Learner. State: Replica: 816fc71dfb114120bf8d5b35ab317a4c, State: Running, Role: LEADER
I20260630 12:31:06.493171 23507 consensus_queue.cc:260] T 2d04e95141094146bfe72d1f46a55bcc P 816fc71dfb114120bf8d5b35ab317a4c [NON_LEADER]: Queue going to NON_LEADER mode. State: All replicated index: 0, Majority replicated index: 1, Committed index: 1, Last appended: 1.1, Last appended by leader: 1, Current term: 1, Majority size: -1, State: 0, Mode: NON_LEADER, active raft config: opid_index: -1 OBSOLETE_local: false peers { permanent_uuid: "106e23feeeb7450598049077165a3061" member_type: VOTER last_known_addr { host: "127.19.234.1" port: 33557 } } peers { permanent_uuid: "ca8e1750fa90489d94f1fc0bc8e5a8fc" member_type: VOTER last_known_addr { host: "127.19.234.2" port: 46147 } } peers { permanent_uuid: "816fc71dfb114120bf8d5b35ab317a4c" member_type: VOTER last_known_addr { host: "127.19.234.3" port: 34339 } }
I20260630 12:31:06.494483 23507 raft_consensus.cc:3060] T 2d04e95141094146bfe72d1f46a55bcc P 816fc71dfb114120bf8d5b35ab317a4c [term 1 FOLLOWER]: Advancing to term 2
I20260630 12:31:06.500025 23507 raft_consensus.cc:2468] T 2d04e95141094146bfe72d1f46a55bcc P 816fc71dfb114120bf8d5b35ab317a4c [term 2 FOLLOWER]: Leader election vote request: Granting yes vote for candidate ca8e1750fa90489d94f1fc0bc8e5a8fc in term 2.
I20260630 12:31:06.500283 23359 raft_consensus.cc:2468] T 2d04e95141094146bfe72d1f46a55bcc P 106e23feeeb7450598049077165a3061 [term 2 FOLLOWER]: Leader election vote request: Granting yes vote for candidate ca8e1750fa90489d94f1fc0bc8e5a8fc in term 2.
I20260630 12:31:06.501380 23399 leader_election.cc:304] T 2d04e95141094146bfe72d1f46a55bcc P ca8e1750fa90489d94f1fc0bc8e5a8fc [CANDIDATE]: Term 2 election: Election decided. Result: candidate won. Election summary: received 2 responses out of 3 voters: 2 yes votes; 0 no votes. yes voters: 816fc71dfb114120bf8d5b35ab317a4c, ca8e1750fa90489d94f1fc0bc8e5a8fc; no voters: 
I20260630 12:31:06.502409 23837 raft_consensus.cc:2804] T 2d04e95141094146bfe72d1f46a55bcc P ca8e1750fa90489d94f1fc0bc8e5a8fc [term 2 FOLLOWER]: Leader election won for term 2
I20260630 12:31:06.504889 23837 raft_consensus.cc:697] T 2d04e95141094146bfe72d1f46a55bcc P ca8e1750fa90489d94f1fc0bc8e5a8fc [term 2 LEADER]: Becoming Leader. State: Replica: ca8e1750fa90489d94f1fc0bc8e5a8fc, State: Running, Role: LEADER
I20260630 12:31:06.505786 23837 consensus_queue.cc:237] T 2d04e95141094146bfe72d1f46a55bcc P ca8e1750fa90489d94f1fc0bc8e5a8fc [LEADER]: Queue going to LEADER mode. State: All replicated index: 0, Majority replicated index: 1, Committed index: 1, Last appended: 1.1, Last appended by leader: 1, Current term: 2, Majority size: 2, State: 0, Mode: LEADER, active raft config: opid_index: -1 OBSOLETE_local: false peers { permanent_uuid: "106e23feeeb7450598049077165a3061" member_type: VOTER last_known_addr { host: "127.19.234.1" port: 33557 } } peers { permanent_uuid: "ca8e1750fa90489d94f1fc0bc8e5a8fc" member_type: VOTER last_known_addr { host: "127.19.234.2" port: 46147 } } peers { permanent_uuid: "816fc71dfb114120bf8d5b35ab317a4c" member_type: VOTER last_known_addr { host: "127.19.234.3" port: 34339 } }
I20260630 12:31:06.513372 23258 catalog_manager.cc:5697] T 2d04e95141094146bfe72d1f46a55bcc P ca8e1750fa90489d94f1fc0bc8e5a8fc reported cstate change: term changed from 1 to 2, leader changed from 816fc71dfb114120bf8d5b35ab317a4c (127.19.234.3) to ca8e1750fa90489d94f1fc0bc8e5a8fc (127.19.234.2). New cstate: current_term: 2 leader_uuid: "ca8e1750fa90489d94f1fc0bc8e5a8fc" committed_config { opid_index: -1 OBSOLETE_local: false peers { permanent_uuid: "106e23feeeb7450598049077165a3061" member_type: VOTER last_known_addr { host: "127.19.234.1" port: 33557 } health_report { overall_health: UNKNOWN } } peers { permanent_uuid: "ca8e1750fa90489d94f1fc0bc8e5a8fc" member_type: VOTER last_known_addr { host: "127.19.234.2" port: 46147 } health_report { overall_health: HEALTHY } } peers { permanent_uuid: "816fc71dfb114120bf8d5b35ab317a4c" member_type: VOTER last_known_addr { host: "127.19.234.3" port: 34339 } health_report { overall_health: UNKNOWN } } }
I20260630 12:31:06.554450 23433 consensus_queue.cc:237] T c48b68acfc7347e5a96ae3ed84b4e3b2 P ca8e1750fa90489d94f1fc0bc8e5a8fc [LEADER]: Queue going to LEADER mode. State: All replicated index: 0, Majority replicated index: 1, Committed index: 1, Last appended: 1.1, Last appended by leader: 0, Current term: 1, Majority size: 2, State: 0, Mode: LEADER, active raft config: opid_index: 2 OBSOLETE_local: false peers { permanent_uuid: "49797834473b40a9b036228e86f747ee" member_type: VOTER last_known_addr { host: "127.19.234.4" port: 37499 } attrs { replace: true } } peers { permanent_uuid: "106e23feeeb7450598049077165a3061" member_type: VOTER last_known_addr { host: "127.19.234.1" port: 33557 } } peers { permanent_uuid: "ca8e1750fa90489d94f1fc0bc8e5a8fc" member_type: VOTER last_known_addr { host: "127.19.234.2" port: 46147 } } peers { permanent_uuid: "816fc71dfb114120bf8d5b35ab317a4c" member_type: NON_VOTER last_known_addr { host: "127.19.234.3" port: 34339 } attrs { promote: true } }
I20260630 12:31:06.561060 23359 raft_consensus.cc:1275] T c48b68acfc7347e5a96ae3ed84b4e3b2 P 106e23feeeb7450598049077165a3061 [term 1 FOLLOWER]: Refusing update from remote peer ca8e1750fa90489d94f1fc0bc8e5a8fc: Log matching property violated. Preceding OpId in replica: term: 1 index: 1. Preceding OpId from leader: term: 1 index: 2. (index mismatch)
I20260630 12:31:06.562387 23659 raft_consensus.cc:1275] T c48b68acfc7347e5a96ae3ed84b4e3b2 P 49797834473b40a9b036228e86f747ee [term 1 FOLLOWER]: Refusing update from remote peer ca8e1750fa90489d94f1fc0bc8e5a8fc: Log matching property violated. Preceding OpId in replica: term: 1 index: 1. Preceding OpId from leader: term: 1 index: 2. (index mismatch)
W20260630 12:31:06.562470 23399 consensus_peers.cc:597] T c48b68acfc7347e5a96ae3ed84b4e3b2 P ca8e1750fa90489d94f1fc0bc8e5a8fc -> Peer 816fc71dfb114120bf8d5b35ab317a4c (127.19.234.3:34339): Couldn't send request to peer 816fc71dfb114120bf8d5b35ab317a4c. Error code: TABLET_NOT_FOUND (6). Status: Not found: Tablet not found: c48b68acfc7347e5a96ae3ed84b4e3b2. This is attempt 1: this message will repeat every 5th retry.
I20260630 12:31:06.563716 23837 consensus_queue.cc:1048] T c48b68acfc7347e5a96ae3ed84b4e3b2 P ca8e1750fa90489d94f1fc0bc8e5a8fc [LEADER]: Connected to new peer: Peer: permanent_uuid: "106e23feeeb7450598049077165a3061" member_type: VOTER last_known_addr { host: "127.19.234.1" port: 33557 }, Status: LMP_MISMATCH, Last received: 0.0, Next index: 2, Last known committed idx: 1, Time since last communication: 0.000s
I20260630 12:31:06.564772 23890 consensus_queue.cc:1048] T c48b68acfc7347e5a96ae3ed84b4e3b2 P ca8e1750fa90489d94f1fc0bc8e5a8fc [LEADER]: Connected to new peer: Peer: permanent_uuid: "49797834473b40a9b036228e86f747ee" member_type: VOTER last_known_addr { host: "127.19.234.4" port: 37499 } attrs { replace: true }, Status: LMP_MISMATCH, Last received: 0.0, Next index: 2, Last known committed idx: 1, Time since last communication: 0.000s
I20260630 12:31:06.574632 23890 raft_consensus.cc:2955] T c48b68acfc7347e5a96ae3ed84b4e3b2 P ca8e1750fa90489d94f1fc0bc8e5a8fc [term 1 LEADER]: Committing config change with OpId 1.2: config changed from index -1 to 2, NON_VOTER 816fc71dfb114120bf8d5b35ab317a4c (127.19.234.3) added. New config: { opid_index: 2 OBSOLETE_local: false peers { permanent_uuid: "49797834473b40a9b036228e86f747ee" member_type: VOTER last_known_addr { host: "127.19.234.4" port: 37499 } attrs { replace: true } } peers { permanent_uuid: "106e23feeeb7450598049077165a3061" member_type: VOTER last_known_addr { host: "127.19.234.1" port: 33557 } } peers { permanent_uuid: "ca8e1750fa90489d94f1fc0bc8e5a8fc" member_type: VOTER last_known_addr { host: "127.19.234.2" port: 46147 } } peers { permanent_uuid: "816fc71dfb114120bf8d5b35ab317a4c" member_type: NON_VOTER last_known_addr { host: "127.19.234.3" port: 34339 } attrs { promote: true } } }
I20260630 12:31:06.577826 23659 raft_consensus.cc:2955] T c48b68acfc7347e5a96ae3ed84b4e3b2 P 49797834473b40a9b036228e86f747ee [term 1 FOLLOWER]: Committing config change with OpId 1.2: config changed from index -1 to 2, NON_VOTER 816fc71dfb114120bf8d5b35ab317a4c (127.19.234.3) added. New config: { opid_index: 2 OBSOLETE_local: false peers { permanent_uuid: "49797834473b40a9b036228e86f747ee" member_type: VOTER last_known_addr { host: "127.19.234.4" port: 37499 } attrs { replace: true } } peers { permanent_uuid: "106e23feeeb7450598049077165a3061" member_type: VOTER last_known_addr { host: "127.19.234.1" port: 33557 } } peers { permanent_uuid: "ca8e1750fa90489d94f1fc0bc8e5a8fc" member_type: VOTER last_known_addr { host: "127.19.234.2" port: 46147 } } peers { permanent_uuid: "816fc71dfb114120bf8d5b35ab317a4c" member_type: NON_VOTER last_known_addr { host: "127.19.234.3" port: 34339 } attrs { promote: true } } }
I20260630 12:31:06.594569 23359 raft_consensus.cc:2955] T c48b68acfc7347e5a96ae3ed84b4e3b2 P 106e23feeeb7450598049077165a3061 [term 1 FOLLOWER]: Committing config change with OpId 1.2: config changed from index -1 to 2, NON_VOTER 816fc71dfb114120bf8d5b35ab317a4c (127.19.234.3) added. New config: { opid_index: 2 OBSOLETE_local: false peers { permanent_uuid: "49797834473b40a9b036228e86f747ee" member_type: VOTER last_known_addr { host: "127.19.234.4" port: 37499 } attrs { replace: true } } peers { permanent_uuid: "106e23feeeb7450598049077165a3061" member_type: VOTER last_known_addr { host: "127.19.234.1" port: 33557 } } peers { permanent_uuid: "ca8e1750fa90489d94f1fc0bc8e5a8fc" member_type: VOTER last_known_addr { host: "127.19.234.2" port: 46147 } } peers { permanent_uuid: "816fc71dfb114120bf8d5b35ab317a4c" member_type: NON_VOTER last_known_addr { host: "127.19.234.3" port: 34339 } attrs { promote: true } } }
W20260630 12:31:06.599259 23306 auto_rebalancer.cc:639] Failed to schedule move for tablet 2d04e95141094146bfe72d1f46a55bcc: Illegal state: Leader has not yet committed an operation in its own term
I20260630 12:31:06.606320 23357 consensus_queue.cc:237] T 0e72119472544be798191d96afa82457 P 106e23feeeb7450598049077165a3061 [LEADER]: Queue going to LEADER mode. State: All replicated index: 0, Majority replicated index: 1, Committed index: 1, Last appended: 1.1, Last appended by leader: 0, Current term: 1, Majority size: 2, State: 0, Mode: LEADER, active raft config: opid_index: 2 OBSOLETE_local: false peers { permanent_uuid: "49797834473b40a9b036228e86f747ee" member_type: VOTER last_known_addr { host: "127.19.234.4" port: 37499 } attrs { replace: true } } peers { permanent_uuid: "816fc71dfb114120bf8d5b35ab317a4c" member_type: VOTER last_known_addr { host: "127.19.234.3" port: 34339 } } peers { permanent_uuid: "106e23feeeb7450598049077165a3061" member_type: VOTER last_known_addr { host: "127.19.234.1" port: 33557 } } peers { permanent_uuid: "ca8e1750fa90489d94f1fc0bc8e5a8fc" member_type: NON_VOTER last_known_addr { host: "127.19.234.2" port: 46147 } attrs { promote: true } }
I20260630 12:31:06.606797 23258 catalog_manager.cc:5697] T c48b68acfc7347e5a96ae3ed84b4e3b2 P ca8e1750fa90489d94f1fc0bc8e5a8fc reported cstate change: config changed from index -1 to 2, NON_VOTER 816fc71dfb114120bf8d5b35ab317a4c (127.19.234.3) added. New cstate: current_term: 1 leader_uuid: "ca8e1750fa90489d94f1fc0bc8e5a8fc" committed_config { opid_index: 2 OBSOLETE_local: false peers { permanent_uuid: "49797834473b40a9b036228e86f747ee" member_type: VOTER last_known_addr { host: "127.19.234.4" port: 37499 } attrs { replace: true } health_report { overall_health: HEALTHY } } peers { permanent_uuid: "106e23feeeb7450598049077165a3061" member_type: VOTER last_known_addr { host: "127.19.234.1" port: 33557 } health_report { overall_health: HEALTHY } } peers { permanent_uuid: "ca8e1750fa90489d94f1fc0bc8e5a8fc" member_type: VOTER last_known_addr { host: "127.19.234.2" port: 46147 } health_report { overall_health: HEALTHY } } peers { permanent_uuid: "816fc71dfb114120bf8d5b35ab317a4c" member_type: NON_VOTER last_known_addr { host: "127.19.234.3" port: 34339 } attrs { promote: true } health_report { overall_health: UNKNOWN } } }
I20260630 12:31:06.618772 23508 raft_consensus.cc:1275] T 0e72119472544be798191d96afa82457 P 816fc71dfb114120bf8d5b35ab317a4c [term 1 FOLLOWER]: Refusing update from remote peer 106e23feeeb7450598049077165a3061: Log matching property violated. Preceding OpId in replica: term: 1 index: 1. Preceding OpId from leader: term: 1 index: 2. (index mismatch)
W20260630 12:31:06.619693 23326 consensus_peers.cc:597] T 0e72119472544be798191d96afa82457 P 106e23feeeb7450598049077165a3061 -> Peer ca8e1750fa90489d94f1fc0bc8e5a8fc (127.19.234.2:46147): Couldn't send request to peer ca8e1750fa90489d94f1fc0bc8e5a8fc. Error code: TABLET_NOT_FOUND (6). Status: Not found: Tablet not found: 0e72119472544be798191d96afa82457. This is attempt 1: this message will repeat every 5th retry.
I20260630 12:31:06.620222 23659 raft_consensus.cc:1275] T 0e72119472544be798191d96afa82457 P 49797834473b40a9b036228e86f747ee [term 1 FOLLOWER]: Refusing update from remote peer 106e23feeeb7450598049077165a3061: Log matching property violated. Preceding OpId in replica: term: 1 index: 1. Preceding OpId from leader: term: 1 index: 2. (index mismatch)
I20260630 12:31:06.621130 23885 consensus_queue.cc:1048] T 0e72119472544be798191d96afa82457 P 106e23feeeb7450598049077165a3061 [LEADER]: Connected to new peer: Peer: permanent_uuid: "816fc71dfb114120bf8d5b35ab317a4c" member_type: VOTER last_known_addr { host: "127.19.234.3" port: 34339 }, Status: LMP_MISMATCH, Last received: 0.0, Next index: 2, Last known committed idx: 1, Time since last communication: 0.001s
I20260630 12:31:06.623059 23885 consensus_queue.cc:1048] T 0e72119472544be798191d96afa82457 P 106e23feeeb7450598049077165a3061 [LEADER]: Connected to new peer: Peer: permanent_uuid: "49797834473b40a9b036228e86f747ee" member_type: VOTER last_known_addr { host: "127.19.234.4" port: 37499 } attrs { replace: true }, Status: LMP_MISMATCH, Last received: 0.0, Next index: 2, Last known committed idx: 1, Time since last communication: 0.000s
I20260630 12:31:06.638123 23885 raft_consensus.cc:2955] T 0e72119472544be798191d96afa82457 P 106e23feeeb7450598049077165a3061 [term 1 LEADER]: Committing config change with OpId 1.2: config changed from index -1 to 2, NON_VOTER ca8e1750fa90489d94f1fc0bc8e5a8fc (127.19.234.2) added. New config: { opid_index: 2 OBSOLETE_local: false peers { permanent_uuid: "49797834473b40a9b036228e86f747ee" member_type: VOTER last_known_addr { host: "127.19.234.4" port: 37499 } attrs { replace: true } } peers { permanent_uuid: "816fc71dfb114120bf8d5b35ab317a4c" member_type: VOTER last_known_addr { host: "127.19.234.3" port: 34339 } } peers { permanent_uuid: "106e23feeeb7450598049077165a3061" member_type: VOTER last_known_addr { host: "127.19.234.1" port: 33557 } } peers { permanent_uuid: "ca8e1750fa90489d94f1fc0bc8e5a8fc" member_type: NON_VOTER last_known_addr { host: "127.19.234.2" port: 46147 } attrs { promote: true } } }
I20260630 12:31:06.640791 23507 raft_consensus.cc:2955] T 0e72119472544be798191d96afa82457 P 816fc71dfb114120bf8d5b35ab317a4c [term 1 FOLLOWER]: Committing config change with OpId 1.2: config changed from index -1 to 2, NON_VOTER ca8e1750fa90489d94f1fc0bc8e5a8fc (127.19.234.2) added. New config: { opid_index: 2 OBSOLETE_local: false peers { permanent_uuid: "49797834473b40a9b036228e86f747ee" member_type: VOTER last_known_addr { host: "127.19.234.4" port: 37499 } attrs { replace: true } } peers { permanent_uuid: "816fc71dfb114120bf8d5b35ab317a4c" member_type: VOTER last_known_addr { host: "127.19.234.3" port: 34339 } } peers { permanent_uuid: "106e23feeeb7450598049077165a3061" member_type: VOTER last_known_addr { host: "127.19.234.1" port: 33557 } } peers { permanent_uuid: "ca8e1750fa90489d94f1fc0bc8e5a8fc" member_type: NON_VOTER last_known_addr { host: "127.19.234.2" port: 46147 } attrs { promote: true } } }
I20260630 12:31:06.646852 23659 raft_consensus.cc:2955] T 0e72119472544be798191d96afa82457 P 49797834473b40a9b036228e86f747ee [term 1 FOLLOWER]: Committing config change with OpId 1.2: config changed from index -1 to 2, NON_VOTER ca8e1750fa90489d94f1fc0bc8e5a8fc (127.19.234.2) added. New config: { opid_index: 2 OBSOLETE_local: false peers { permanent_uuid: "49797834473b40a9b036228e86f747ee" member_type: VOTER last_known_addr { host: "127.19.234.4" port: 37499 } attrs { replace: true } } peers { permanent_uuid: "816fc71dfb114120bf8d5b35ab317a4c" member_type: VOTER last_known_addr { host: "127.19.234.3" port: 34339 } } peers { permanent_uuid: "106e23feeeb7450598049077165a3061" member_type: VOTER last_known_addr { host: "127.19.234.1" port: 33557 } } peers { permanent_uuid: "ca8e1750fa90489d94f1fc0bc8e5a8fc" member_type: NON_VOTER last_known_addr { host: "127.19.234.2" port: 46147 } attrs { promote: true } } }
W20260630 12:31:06.654825 23306 auto_rebalancer.cc:639] Failed to schedule move for tablet 7a5ca0af43da47389d76c0663a941d8a: Remote error: Service unavailable: leader transfer in progress
I20260630 12:31:06.655277 23258 catalog_manager.cc:5697] T 0e72119472544be798191d96afa82457 P 106e23feeeb7450598049077165a3061 reported cstate change: config changed from index -1 to 2, NON_VOTER ca8e1750fa90489d94f1fc0bc8e5a8fc (127.19.234.2) added. New cstate: current_term: 1 leader_uuid: "106e23feeeb7450598049077165a3061" committed_config { opid_index: 2 OBSOLETE_local: false peers { permanent_uuid: "49797834473b40a9b036228e86f747ee" member_type: VOTER last_known_addr { host: "127.19.234.4" port: 37499 } attrs { replace: true } health_report { overall_health: HEALTHY } } peers { permanent_uuid: "816fc71dfb114120bf8d5b35ab317a4c" member_type: VOTER last_known_addr { host: "127.19.234.3" port: 34339 } health_report { overall_health: HEALTHY } } peers { permanent_uuid: "106e23feeeb7450598049077165a3061" member_type: VOTER last_known_addr { host: "127.19.234.1" port: 33557 } health_report { overall_health: HEALTHY } } peers { permanent_uuid: "ca8e1750fa90489d94f1fc0bc8e5a8fc" member_type: NON_VOTER last_known_addr { host: "127.19.234.2" port: 46147 } attrs { promote: true } health_report { overall_health: UNKNOWN } } }
I20260630 12:31:06.756708 23889 raft_consensus.cc:993] T 7a5ca0af43da47389d76c0663a941d8a P 816fc71dfb114120bf8d5b35ab317a4c: : Instructing follower 106e23feeeb7450598049077165a3061 to start an election
I20260630 12:31:06.757221 23857 raft_consensus.cc:1081] T 7a5ca0af43da47389d76c0663a941d8a P 816fc71dfb114120bf8d5b35ab317a4c [term 2 LEADER]: Signalling peer 106e23feeeb7450598049077165a3061 to start an election
I20260630 12:31:06.758939 23357 tablet_service.cc:2044] Received Run Leader Election RPC: tablet_id: "7a5ca0af43da47389d76c0663a941d8a"
dest_uuid: "106e23feeeb7450598049077165a3061"
 from {username='slave'} at 127.0.0.1:42256
I20260630 12:31:06.759573 23357 raft_consensus.cc:493] T 7a5ca0af43da47389d76c0663a941d8a P 106e23feeeb7450598049077165a3061 [term 2 FOLLOWER]: Starting forced leader election (received explicit request)
I20260630 12:31:06.759953 23357 raft_consensus.cc:3060] T 7a5ca0af43da47389d76c0663a941d8a P 106e23feeeb7450598049077165a3061 [term 2 FOLLOWER]: Advancing to term 3
I20260630 12:31:06.767901 23357 raft_consensus.cc:515] T 7a5ca0af43da47389d76c0663a941d8a P 106e23feeeb7450598049077165a3061 [term 3 FOLLOWER]: Starting forced leader election with config: opid_index: -1 OBSOLETE_local: false peers { permanent_uuid: "106e23feeeb7450598049077165a3061" member_type: VOTER last_known_addr { host: "127.19.234.1" port: 33557 } } peers { permanent_uuid: "ca8e1750fa90489d94f1fc0bc8e5a8fc" member_type: VOTER last_known_addr { host: "127.19.234.2" port: 46147 } } peers { permanent_uuid: "816fc71dfb114120bf8d5b35ab317a4c" member_type: VOTER last_known_addr { host: "127.19.234.3" port: 34339 } }
I20260630 12:31:06.770655 23433 tablet_service.cc:1917] Received RequestConsensusVote() RPC: tablet_id: "7a5ca0af43da47389d76c0663a941d8a" candidate_uuid: "106e23feeeb7450598049077165a3061" candidate_term: 3 candidate_status { last_received { term: 2 index: 2 } } ignore_live_leader: true dest_uuid: "ca8e1750fa90489d94f1fc0bc8e5a8fc"
I20260630 12:31:06.771205 23433 raft_consensus.cc:3060] T 7a5ca0af43da47389d76c0663a941d8a P ca8e1750fa90489d94f1fc0bc8e5a8fc [term 2 FOLLOWER]: Advancing to term 3
I20260630 12:31:06.774322 23357 leader_election.cc:290] T 7a5ca0af43da47389d76c0663a941d8a P 106e23feeeb7450598049077165a3061 [CANDIDATE]: Term 3 election: Requested vote from peers ca8e1750fa90489d94f1fc0bc8e5a8fc (127.19.234.2:46147), 816fc71dfb114120bf8d5b35ab317a4c (127.19.234.3:34339)
I20260630 12:31:06.774907 23508 tablet_service.cc:1917] Received RequestConsensusVote() RPC: tablet_id: "7a5ca0af43da47389d76c0663a941d8a" candidate_uuid: "106e23feeeb7450598049077165a3061" candidate_term: 3 candidate_status { last_received { term: 2 index: 2 } } ignore_live_leader: true dest_uuid: "816fc71dfb114120bf8d5b35ab317a4c"
I20260630 12:31:06.775512 23508 raft_consensus.cc:3055] T 7a5ca0af43da47389d76c0663a941d8a P 816fc71dfb114120bf8d5b35ab317a4c [term 2 LEADER]: Stepping down as leader of term 2
I20260630 12:31:06.775830 23508 raft_consensus.cc:740] T 7a5ca0af43da47389d76c0663a941d8a P 816fc71dfb114120bf8d5b35ab317a4c [term 2 LEADER]: Becoming Follower/Learner. State: Replica: 816fc71dfb114120bf8d5b35ab317a4c, State: Running, Role: LEADER
I20260630 12:31:06.776703 23508 consensus_queue.cc:260] T 7a5ca0af43da47389d76c0663a941d8a P 816fc71dfb114120bf8d5b35ab317a4c [NON_LEADER]: Queue going to NON_LEADER mode. State: All replicated index: 0, Majority replicated index: 2, Committed index: 2, Last appended: 2.2, Last appended by leader: 2, Current term: 2, Majority size: -1, State: 0, Mode: NON_LEADER, active raft config: opid_index: -1 OBSOLETE_local: false peers { permanent_uuid: "106e23feeeb7450598049077165a3061" member_type: VOTER last_known_addr { host: "127.19.234.1" port: 33557 } } peers { permanent_uuid: "ca8e1750fa90489d94f1fc0bc8e5a8fc" member_type: VOTER last_known_addr { host: "127.19.234.2" port: 46147 } } peers { permanent_uuid: "816fc71dfb114120bf8d5b35ab317a4c" member_type: VOTER last_known_addr { host: "127.19.234.3" port: 34339 } }
I20260630 12:31:06.777884 23508 raft_consensus.cc:3060] T 7a5ca0af43da47389d76c0663a941d8a P 816fc71dfb114120bf8d5b35ab317a4c [term 2 FOLLOWER]: Advancing to term 3
I20260630 12:31:06.779127 23433 raft_consensus.cc:2468] T 7a5ca0af43da47389d76c0663a941d8a P ca8e1750fa90489d94f1fc0bc8e5a8fc [term 3 FOLLOWER]: Leader election vote request: Granting yes vote for candidate 106e23feeeb7450598049077165a3061 in term 3.
I20260630 12:31:06.780453 23326 leader_election.cc:304] T 7a5ca0af43da47389d76c0663a941d8a P 106e23feeeb7450598049077165a3061 [CANDIDATE]: Term 3 election: Election decided. Result: candidate won. Election summary: received 2 responses out of 3 voters: 2 yes votes; 0 no votes. yes voters: 106e23feeeb7450598049077165a3061, ca8e1750fa90489d94f1fc0bc8e5a8fc; no voters: 
I20260630 12:31:06.781492 23902 raft_consensus.cc:2804] T 7a5ca0af43da47389d76c0663a941d8a P 106e23feeeb7450598049077165a3061 [term 3 FOLLOWER]: Leader election won for term 3
I20260630 12:31:06.781957 23902 raft_consensus.cc:697] T 7a5ca0af43da47389d76c0663a941d8a P 106e23feeeb7450598049077165a3061 [term 3 LEADER]: Becoming Leader. State: Replica: 106e23feeeb7450598049077165a3061, State: Running, Role: LEADER
I20260630 12:31:06.782799 23902 consensus_queue.cc:237] T 7a5ca0af43da47389d76c0663a941d8a P 106e23feeeb7450598049077165a3061 [LEADER]: Queue going to LEADER mode. State: All replicated index: 0, Majority replicated index: 2, Committed index: 2, Last appended: 2.2, Last appended by leader: 2, Current term: 3, Majority size: 2, State: 0, Mode: LEADER, active raft config: opid_index: -1 OBSOLETE_local: false peers { permanent_uuid: "106e23feeeb7450598049077165a3061" member_type: VOTER last_known_addr { host: "127.19.234.1" port: 33557 } } peers { permanent_uuid: "ca8e1750fa90489d94f1fc0bc8e5a8fc" member_type: VOTER last_known_addr { host: "127.19.234.2" port: 46147 } } peers { permanent_uuid: "816fc71dfb114120bf8d5b35ab317a4c" member_type: VOTER last_known_addr { host: "127.19.234.3" port: 34339 } }
I20260630 12:31:06.785099 23508 raft_consensus.cc:2468] T 7a5ca0af43da47389d76c0663a941d8a P 816fc71dfb114120bf8d5b35ab317a4c [term 3 FOLLOWER]: Leader election vote request: Granting yes vote for candidate 106e23feeeb7450598049077165a3061 in term 3.
I20260630 12:31:06.791620 23256 catalog_manager.cc:5697] T 7a5ca0af43da47389d76c0663a941d8a P 106e23feeeb7450598049077165a3061 reported cstate change: term changed from 2 to 3, leader changed from 816fc71dfb114120bf8d5b35ab317a4c (127.19.234.3) to 106e23feeeb7450598049077165a3061 (127.19.234.1). New cstate: current_term: 3 leader_uuid: "106e23feeeb7450598049077165a3061" committed_config { opid_index: -1 OBSOLETE_local: false peers { permanent_uuid: "106e23feeeb7450598049077165a3061" member_type: VOTER last_known_addr { host: "127.19.234.1" port: 33557 } health_report { overall_health: HEALTHY } } peers { permanent_uuid: "ca8e1750fa90489d94f1fc0bc8e5a8fc" member_type: VOTER last_known_addr { host: "127.19.234.2" port: 46147 } health_report { overall_health: UNKNOWN } } peers { permanent_uuid: "816fc71dfb114120bf8d5b35ab317a4c" member_type: VOTER last_known_addr { host: "127.19.234.3" port: 34339 } health_report { overall_health: UNKNOWN } } }
I20260630 12:31:06.915838 23357 raft_consensus.cc:1275] T 2d04e95141094146bfe72d1f46a55bcc P 106e23feeeb7450598049077165a3061 [term 2 FOLLOWER]: Refusing update from remote peer ca8e1750fa90489d94f1fc0bc8e5a8fc: Log matching property violated. Preceding OpId in replica: term: 1 index: 1. Preceding OpId from leader: term: 2 index: 2. (index mismatch)
I20260630 12:31:06.917411 23899 consensus_queue.cc:1048] T 2d04e95141094146bfe72d1f46a55bcc P ca8e1750fa90489d94f1fc0bc8e5a8fc [LEADER]: Connected to new peer: Peer: permanent_uuid: "106e23feeeb7450598049077165a3061" member_type: VOTER last_known_addr { host: "127.19.234.1" port: 33557 }, Status: LMP_MISMATCH, Last received: 0.0, Next index: 2, Last known committed idx: 1, Time since last communication: 0.000s
I20260630 12:31:06.938333 23508 raft_consensus.cc:1275] T 2d04e95141094146bfe72d1f46a55bcc P 816fc71dfb114120bf8d5b35ab317a4c [term 2 FOLLOWER]: Refusing update from remote peer ca8e1750fa90489d94f1fc0bc8e5a8fc: Log matching property violated. Preceding OpId in replica: term: 1 index: 1. Preceding OpId from leader: term: 2 index: 2. (index mismatch)
I20260630 12:31:06.942134 23890 consensus_queue.cc:1048] T 2d04e95141094146bfe72d1f46a55bcc P ca8e1750fa90489d94f1fc0bc8e5a8fc [LEADER]: Connected to new peer: Peer: permanent_uuid: "816fc71dfb114120bf8d5b35ab317a4c" member_type: VOTER last_known_addr { host: "127.19.234.3" port: 34339 }, Status: LMP_MISMATCH, Last received: 0.0, Next index: 2, Last known committed idx: 1, Time since last communication: 0.000s
I20260630 12:31:07.044523 23911 ts_tablet_manager.cc:933] T c48b68acfc7347e5a96ae3ed84b4e3b2 P 816fc71dfb114120bf8d5b35ab317a4c: Initiating tablet copy from peer ca8e1750fa90489d94f1fc0bc8e5a8fc (127.19.234.2:46147)
I20260630 12:31:07.053865 23911 tablet_copy_client.cc:323] T c48b68acfc7347e5a96ae3ed84b4e3b2 P 816fc71dfb114120bf8d5b35ab317a4c: tablet copy: Beginning tablet copy session from remote peer at address 127.19.234.2:46147
I20260630 12:31:07.056757 23445 tablet_copy_service.cc:140] P ca8e1750fa90489d94f1fc0bc8e5a8fc: Received BeginTabletCopySession request for tablet c48b68acfc7347e5a96ae3ed84b4e3b2 from peer 816fc71dfb114120bf8d5b35ab317a4c ({username='slave'} at 127.0.0.1:42980)
I20260630 12:31:07.057428 23445 tablet_copy_service.cc:161] P ca8e1750fa90489d94f1fc0bc8e5a8fc: Beginning new tablet copy session on tablet c48b68acfc7347e5a96ae3ed84b4e3b2 from peer 816fc71dfb114120bf8d5b35ab317a4c at {username='slave'} at 127.0.0.1:42980: session id = 816fc71dfb114120bf8d5b35ab317a4c-c48b68acfc7347e5a96ae3ed84b4e3b2
I20260630 12:31:07.062685 23912 ts_tablet_manager.cc:933] T 0e72119472544be798191d96afa82457 P ca8e1750fa90489d94f1fc0bc8e5a8fc: Initiating tablet copy from peer 106e23feeeb7450598049077165a3061 (127.19.234.1:33557)
I20260630 12:31:07.066901 23445 tablet_copy_source_session.cc:215] T c48b68acfc7347e5a96ae3ed84b4e3b2 P ca8e1750fa90489d94f1fc0bc8e5a8fc: Tablet Copy: opened 0 blocks and 1 log segments
I20260630 12:31:07.070045 23912 tablet_copy_client.cc:323] T 0e72119472544be798191d96afa82457 P ca8e1750fa90489d94f1fc0bc8e5a8fc: tablet copy: Beginning tablet copy session from remote peer at address 127.19.234.1:33557
I20260630 12:31:07.071767 23911 data_dirs.cc:400] Could only allocate 1 dirs of requested 3 for tablet c48b68acfc7347e5a96ae3ed84b4e3b2. 1 dirs total, 0 dirs full, 0 dirs failed
I20260630 12:31:07.072129 23370 tablet_copy_service.cc:140] P 106e23feeeb7450598049077165a3061: Received BeginTabletCopySession request for tablet 0e72119472544be798191d96afa82457 from peer ca8e1750fa90489d94f1fc0bc8e5a8fc ({username='slave'} at 127.0.0.1:42270)
I20260630 12:31:07.072696 23370 tablet_copy_service.cc:161] P 106e23feeeb7450598049077165a3061: Beginning new tablet copy session on tablet 0e72119472544be798191d96afa82457 from peer ca8e1750fa90489d94f1fc0bc8e5a8fc at {username='slave'} at 127.0.0.1:42270: session id = ca8e1750fa90489d94f1fc0bc8e5a8fc-0e72119472544be798191d96afa82457
I20260630 12:31:07.081099 23370 tablet_copy_source_session.cc:215] T 0e72119472544be798191d96afa82457 P 106e23feeeb7450598049077165a3061: Tablet Copy: opened 0 blocks and 1 log segments
I20260630 12:31:07.084911 23912 data_dirs.cc:400] Could only allocate 1 dirs of requested 3 for tablet 0e72119472544be798191d96afa82457. 1 dirs total, 0 dirs full, 0 dirs failed
I20260630 12:31:07.094610 23911 tablet_copy_client.cc:806] T c48b68acfc7347e5a96ae3ed84b4e3b2 P 816fc71dfb114120bf8d5b35ab317a4c: tablet copy: Starting download of 0 data blocks...
I20260630 12:31:07.095264 23911 tablet_copy_client.cc:670] T c48b68acfc7347e5a96ae3ed84b4e3b2 P 816fc71dfb114120bf8d5b35ab317a4c: tablet copy: Starting download of 1 WAL segments...
I20260630 12:31:07.099431 23911 tablet_copy_client.cc:538] T c48b68acfc7347e5a96ae3ed84b4e3b2 P 816fc71dfb114120bf8d5b35ab317a4c: tablet copy: Tablet Copy complete. Replacing tablet superblock.
I20260630 12:31:07.101744 23912 tablet_copy_client.cc:806] T 0e72119472544be798191d96afa82457 P ca8e1750fa90489d94f1fc0bc8e5a8fc: tablet copy: Starting download of 0 data blocks...
I20260630 12:31:07.102355 23912 tablet_copy_client.cc:670] T 0e72119472544be798191d96afa82457 P ca8e1750fa90489d94f1fc0bc8e5a8fc: tablet copy: Starting download of 1 WAL segments...
I20260630 12:31:07.110599 23912 tablet_copy_client.cc:538] T 0e72119472544be798191d96afa82457 P ca8e1750fa90489d94f1fc0bc8e5a8fc: tablet copy: Tablet Copy complete. Replacing tablet superblock.
I20260630 12:31:07.113044 23911 tablet_bootstrap.cc:492] T c48b68acfc7347e5a96ae3ed84b4e3b2 P 816fc71dfb114120bf8d5b35ab317a4c: Bootstrap starting.
I20260630 12:31:07.123785 23912 tablet_bootstrap.cc:492] T 0e72119472544be798191d96afa82457 P ca8e1750fa90489d94f1fc0bc8e5a8fc: Bootstrap starting.
I20260630 12:31:07.153689 23911 tablet_bootstrap.cc:492] T c48b68acfc7347e5a96ae3ed84b4e3b2 P 816fc71dfb114120bf8d5b35ab317a4c: Bootstrap replayed 1/1 log segments. Stats: ops{read=2 overwritten=0 applied=2 ignored=0} inserts{seen=0 ignored=0} mutations{seen=0 ignored=0} orphaned_commits=0. Pending: 0 replicates
I20260630 12:31:07.155043 23911 tablet_bootstrap.cc:492] T c48b68acfc7347e5a96ae3ed84b4e3b2 P 816fc71dfb114120bf8d5b35ab317a4c: Bootstrap complete.
I20260630 12:31:07.156010 23911 ts_tablet_manager.cc:1403] T c48b68acfc7347e5a96ae3ed84b4e3b2 P 816fc71dfb114120bf8d5b35ab317a4c: Time spent bootstrapping tablet: real 0.043s	user 0.020s	sys 0.019s
I20260630 12:31:07.162563 23912 tablet_bootstrap.cc:492] T 0e72119472544be798191d96afa82457 P ca8e1750fa90489d94f1fc0bc8e5a8fc: Bootstrap replayed 1/1 log segments. Stats: ops{read=2 overwritten=0 applied=2 ignored=0} inserts{seen=0 ignored=0} mutations{seen=0 ignored=0} orphaned_commits=0. Pending: 0 replicates
I20260630 12:31:07.163405 23912 tablet_bootstrap.cc:492] T 0e72119472544be798191d96afa82457 P ca8e1750fa90489d94f1fc0bc8e5a8fc: Bootstrap complete.
I20260630 12:31:07.164077 23912 ts_tablet_manager.cc:1403] T 0e72119472544be798191d96afa82457 P ca8e1750fa90489d94f1fc0bc8e5a8fc: Time spent bootstrapping tablet: real 0.041s	user 0.031s	sys 0.004s
I20260630 12:31:07.164842 23911 raft_consensus.cc:359] T c48b68acfc7347e5a96ae3ed84b4e3b2 P 816fc71dfb114120bf8d5b35ab317a4c [term 1 LEARNER]: Replica starting. Triggering 0 pending ops. Active config: opid_index: 2 OBSOLETE_local: false peers { permanent_uuid: "49797834473b40a9b036228e86f747ee" member_type: VOTER last_known_addr { host: "127.19.234.4" port: 37499 } attrs { replace: true } } peers { permanent_uuid: "106e23feeeb7450598049077165a3061" member_type: VOTER last_known_addr { host: "127.19.234.1" port: 33557 } } peers { permanent_uuid: "ca8e1750fa90489d94f1fc0bc8e5a8fc" member_type: VOTER last_known_addr { host: "127.19.234.2" port: 46147 } } peers { permanent_uuid: "816fc71dfb114120bf8d5b35ab317a4c" member_type: NON_VOTER last_known_addr { host: "127.19.234.3" port: 34339 } attrs { promote: true } }
I20260630 12:31:07.165776 23911 raft_consensus.cc:740] T c48b68acfc7347e5a96ae3ed84b4e3b2 P 816fc71dfb114120bf8d5b35ab317a4c [term 1 LEARNER]: Becoming Follower/Learner. State: Replica: 816fc71dfb114120bf8d5b35ab317a4c, State: Initialized, Role: LEARNER
I20260630 12:31:07.166451 23911 consensus_queue.cc:260] T c48b68acfc7347e5a96ae3ed84b4e3b2 P 816fc71dfb114120bf8d5b35ab317a4c [NON_LEADER]: Queue going to NON_LEADER mode. State: All replicated index: 0, Majority replicated index: 0, Committed index: 2, Last appended: 1.2, Last appended by leader: 2, Current term: 0, Majority size: -1, State: 0, Mode: NON_LEADER, active raft config: opid_index: 2 OBSOLETE_local: false peers { permanent_uuid: "49797834473b40a9b036228e86f747ee" member_type: VOTER last_known_addr { host: "127.19.234.4" port: 37499 } attrs { replace: true } } peers { permanent_uuid: "106e23feeeb7450598049077165a3061" member_type: VOTER last_known_addr { host: "127.19.234.1" port: 33557 } } peers { permanent_uuid: "ca8e1750fa90489d94f1fc0bc8e5a8fc" member_type: VOTER last_known_addr { host: "127.19.234.2" port: 46147 } } peers { permanent_uuid: "816fc71dfb114120bf8d5b35ab317a4c" member_type: NON_VOTER last_known_addr { host: "127.19.234.3" port: 34339 } attrs { promote: true } }
I20260630 12:31:07.166827 23912 raft_consensus.cc:359] T 0e72119472544be798191d96afa82457 P ca8e1750fa90489d94f1fc0bc8e5a8fc [term 1 LEARNER]: Replica starting. Triggering 0 pending ops. Active config: opid_index: 2 OBSOLETE_local: false peers { permanent_uuid: "49797834473b40a9b036228e86f747ee" member_type: VOTER last_known_addr { host: "127.19.234.4" port: 37499 } attrs { replace: true } } peers { permanent_uuid: "816fc71dfb114120bf8d5b35ab317a4c" member_type: VOTER last_known_addr { host: "127.19.234.3" port: 34339 } } peers { permanent_uuid: "106e23feeeb7450598049077165a3061" member_type: VOTER last_known_addr { host: "127.19.234.1" port: 33557 } } peers { permanent_uuid: "ca8e1750fa90489d94f1fc0bc8e5a8fc" member_type: NON_VOTER last_known_addr { host: "127.19.234.2" port: 46147 } attrs { promote: true } }
I20260630 12:31:07.167676 23912 raft_consensus.cc:740] T 0e72119472544be798191d96afa82457 P ca8e1750fa90489d94f1fc0bc8e5a8fc [term 1 LEARNER]: Becoming Follower/Learner. State: Replica: ca8e1750fa90489d94f1fc0bc8e5a8fc, State: Initialized, Role: LEARNER
I20260630 12:31:07.168318 23912 consensus_queue.cc:260] T 0e72119472544be798191d96afa82457 P ca8e1750fa90489d94f1fc0bc8e5a8fc [NON_LEADER]: Queue going to NON_LEADER mode. State: All replicated index: 0, Majority replicated index: 0, Committed index: 2, Last appended: 1.2, Last appended by leader: 2, Current term: 0, Majority size: -1, State: 0, Mode: NON_LEADER, active raft config: opid_index: 2 OBSOLETE_local: false peers { permanent_uuid: "49797834473b40a9b036228e86f747ee" member_type: VOTER last_known_addr { host: "127.19.234.4" port: 37499 } attrs { replace: true } } peers { permanent_uuid: "816fc71dfb114120bf8d5b35ab317a4c" member_type: VOTER last_known_addr { host: "127.19.234.3" port: 34339 } } peers { permanent_uuid: "106e23feeeb7450598049077165a3061" member_type: VOTER last_known_addr { host: "127.19.234.1" port: 33557 } } peers { permanent_uuid: "ca8e1750fa90489d94f1fc0bc8e5a8fc" member_type: NON_VOTER last_known_addr { host: "127.19.234.2" port: 46147 } attrs { promote: true } }
I20260630 12:31:07.171173 23912 ts_tablet_manager.cc:1434] T 0e72119472544be798191d96afa82457 P ca8e1750fa90489d94f1fc0bc8e5a8fc: Time spent starting tablet: real 0.007s	user 0.006s	sys 0.000s
I20260630 12:31:07.172755 23370 tablet_copy_service.cc:342] P 106e23feeeb7450598049077165a3061: Request end of tablet copy session ca8e1750fa90489d94f1fc0bc8e5a8fc-0e72119472544be798191d96afa82457 received from {username='slave'} at 127.0.0.1:42270
I20260630 12:31:07.173244 23370 tablet_copy_service.cc:434] P 106e23feeeb7450598049077165a3061: ending tablet copy session ca8e1750fa90489d94f1fc0bc8e5a8fc-0e72119472544be798191d96afa82457 on tablet 0e72119472544be798191d96afa82457 with peer ca8e1750fa90489d94f1fc0bc8e5a8fc
I20260630 12:31:07.175505 23911 ts_tablet_manager.cc:1434] T c48b68acfc7347e5a96ae3ed84b4e3b2 P 816fc71dfb114120bf8d5b35ab317a4c: Time spent starting tablet: real 0.019s	user 0.004s	sys 0.003s
I20260630 12:31:07.180665 23445 tablet_copy_service.cc:342] P ca8e1750fa90489d94f1fc0bc8e5a8fc: Request end of tablet copy session 816fc71dfb114120bf8d5b35ab317a4c-c48b68acfc7347e5a96ae3ed84b4e3b2 received from {username='slave'} at 127.0.0.1:42980
I20260630 12:31:07.181066 23445 tablet_copy_service.cc:434] P ca8e1750fa90489d94f1fc0bc8e5a8fc: ending tablet copy session 816fc71dfb114120bf8d5b35ab317a4c-c48b68acfc7347e5a96ae3ed84b4e3b2 on tablet c48b68acfc7347e5a96ae3ed84b4e3b2 with peer 816fc71dfb114120bf8d5b35ab317a4c
I20260630 12:31:07.181144 23508 raft_consensus.cc:1275] T 7a5ca0af43da47389d76c0663a941d8a P 816fc71dfb114120bf8d5b35ab317a4c [term 3 FOLLOWER]: Refusing update from remote peer 106e23feeeb7450598049077165a3061: Log matching property violated. Preceding OpId in replica: term: 2 index: 2. Preceding OpId from leader: term: 3 index: 3. (index mismatch)
I20260630 12:31:07.182680 23902 consensus_queue.cc:1048] T 7a5ca0af43da47389d76c0663a941d8a P 106e23feeeb7450598049077165a3061 [LEADER]: Connected to new peer: Peer: permanent_uuid: "816fc71dfb114120bf8d5b35ab317a4c" member_type: VOTER last_known_addr { host: "127.19.234.3" port: 34339 }, Status: LMP_MISMATCH, Last received: 0.0, Next index: 3, Last known committed idx: 2, Time since last communication: 0.000s
I20260630 12:31:07.198602 23433 raft_consensus.cc:1275] T 7a5ca0af43da47389d76c0663a941d8a P ca8e1750fa90489d94f1fc0bc8e5a8fc [term 3 FOLLOWER]: Refusing update from remote peer 106e23feeeb7450598049077165a3061: Log matching property violated. Preceding OpId in replica: term: 2 index: 2. Preceding OpId from leader: term: 3 index: 3. (index mismatch)
I20260630 12:31:07.200048 23885 consensus_queue.cc:1048] T 7a5ca0af43da47389d76c0663a941d8a P 106e23feeeb7450598049077165a3061 [LEADER]: Connected to new peer: Peer: permanent_uuid: "ca8e1750fa90489d94f1fc0bc8e5a8fc" member_type: VOTER last_known_addr { host: "127.19.234.2" port: 46147 }, Status: LMP_MISMATCH, Last received: 0.0, Next index: 3, Last known committed idx: 2, Time since last communication: 0.000s
I20260630 12:31:07.623720 23508 raft_consensus.cc:1217] T c48b68acfc7347e5a96ae3ed84b4e3b2 P 816fc71dfb114120bf8d5b35ab317a4c [term 1 LEARNER]: Deduplicated request from leader. Original: 1.1->[1.2-1.2]   Dedup: 1.2->[]
I20260630 12:31:07.631695 23433 raft_consensus.cc:1217] T 0e72119472544be798191d96afa82457 P ca8e1750fa90489d94f1fc0bc8e5a8fc [term 1 LEARNER]: Deduplicated request from leader. Original: 1.1->[1.2-1.2]   Dedup: 1.2->[]
I20260630 12:31:08.135586 23899 raft_consensus.cc:1064] T c48b68acfc7347e5a96ae3ed84b4e3b2 P ca8e1750fa90489d94f1fc0bc8e5a8fc: attempting to promote NON_VOTER 816fc71dfb114120bf8d5b35ab317a4c to VOTER
