I20260630 12:31:03.628307 23293 ts_tablet_manager.cc:1403] T 19adc976baf54bb9b8142fca1bfcfaca P bb17ff0af64648919436c165f7184530: Time spent bootstrapping tablet: real 0.098s	user 0.009s	sys 0.026s
I20260630 12:31:03.634582 23293 raft_consensus.cc:359] T 19adc976baf54bb9b8142fca1bfcfaca P bb17ff0af64648919436c165f7184530 [term 0 FOLLOWER]: Replica starting. Triggering 0 pending ops. Active config: opid_index: -1 OBSOLETE_local: false peers { permanent_uuid: "62c6e21915ef49069984c56f81e2231a" member_type: VOTER last_known_addr { host: "127.19.123.132" port: 34995 } } peers { permanent_uuid: "bb17ff0af64648919436c165f7184530" member_type: VOTER last_known_addr { host: "127.19.123.129" port: 34599 } } peers { permanent_uuid: "fdd8f1ddd72d473baf30febf32fcb4b7" member_type: VOTER last_known_addr { host: "127.19.123.130" port: 41973 } }
I20260630 12:31:03.635473 23293 raft_consensus.cc:385] T 19adc976baf54bb9b8142fca1bfcfaca P bb17ff0af64648919436c165f7184530 [term 0 FOLLOWER]: Consensus starting up: Expiring failure detector timer to make a prompt election more likely
I20260630 12:31:03.635794 23293 raft_consensus.cc:740] T 19adc976baf54bb9b8142fca1bfcfaca P bb17ff0af64648919436c165f7184530 [term 0 FOLLOWER]: Becoming Follower/Learner. State: Replica: bb17ff0af64648919436c165f7184530, State: Initialized, Role: FOLLOWER
I20260630 12:31:03.636705 23293 consensus_queue.cc:260] T 19adc976baf54bb9b8142fca1bfcfaca P bb17ff0af64648919436c165f7184530 [NON_LEADER]: Queue going to NON_LEADER mode. State: All replicated index: 0, Majority replicated index: 0, Committed index: 0, Last appended: 0.0, Last appended by leader: 0, Current term: 0, Majority size: -1, State: 0, Mode: NON_LEADER, active raft config: opid_index: -1 OBSOLETE_local: false peers { permanent_uuid: "62c6e21915ef49069984c56f81e2231a" member_type: VOTER last_known_addr { host: "127.19.123.132" port: 34995 } } peers { permanent_uuid: "bb17ff0af64648919436c165f7184530" member_type: VOTER last_known_addr { host: "127.19.123.129" port: 34599 } } peers { permanent_uuid: "fdd8f1ddd72d473baf30febf32fcb4b7" member_type: VOTER last_known_addr { host: "127.19.123.130" port: 41973 } }
I20260630 12:31:03.640031 23293 ts_tablet_manager.cc:1434] T 19adc976baf54bb9b8142fca1bfcfaca P bb17ff0af64648919436c165f7184530: Time spent starting tablet: real 0.011s	user 0.007s	sys 0.001s
I20260630 12:31:03.641243 23293 tablet_bootstrap.cc:492] T 00512688fae346fcaddf2c7324a6d0e0 P bb17ff0af64648919436c165f7184530: Bootstrap starting.
I20260630 12:31:03.645648 23294 tablet_bootstrap.cc:654] T 19adc976baf54bb9b8142fca1bfcfaca P fdd8f1ddd72d473baf30febf32fcb4b7: Neither blocks nor log segments found. Creating new log.
I20260630 12:31:03.651655 23293 tablet_bootstrap.cc:654] T 00512688fae346fcaddf2c7324a6d0e0 P bb17ff0af64648919436c165f7184530: Neither blocks nor log segments found. Creating new log.
I20260630 12:31:03.655329 23297 tablet_bootstrap.cc:492] T 00512688fae346fcaddf2c7324a6d0e0 P 62c6e21915ef49069984c56f81e2231a: Bootstrap starting.
I20260630 12:31:03.656952 23295 tablet_bootstrap.cc:492] T a4d977469f37454cbd7781f8a43f230a P 17df0dd9dd4d46b7b5d228c3d9bd63d1: No bootstrap required, opened a new log
I20260630 12:31:03.661528 23295 ts_tablet_manager.cc:1403] T a4d977469f37454cbd7781f8a43f230a P 17df0dd9dd4d46b7b5d228c3d9bd63d1: Time spent bootstrapping tablet: real 0.079s	user 0.009s	sys 0.017s
I20260630 12:31:03.681207 23295 raft_consensus.cc:359] T a4d977469f37454cbd7781f8a43f230a P 17df0dd9dd4d46b7b5d228c3d9bd63d1 [term 0 FOLLOWER]: Replica starting. Triggering 0 pending ops. Active config: opid_index: -1 OBSOLETE_local: false peers { permanent_uuid: "17df0dd9dd4d46b7b5d228c3d9bd63d1" member_type: VOTER last_known_addr { host: "127.19.123.131" port: 34479 } } peers { permanent_uuid: "62c6e21915ef49069984c56f81e2231a" member_type: VOTER last_known_addr { host: "127.19.123.132" port: 34995 } } peers { permanent_uuid: "bb17ff0af64648919436c165f7184530" member_type: VOTER last_known_addr { host: "127.19.123.129" port: 34599 } }
I20260630 12:31:03.682116 23295 raft_consensus.cc:385] T a4d977469f37454cbd7781f8a43f230a P 17df0dd9dd4d46b7b5d228c3d9bd63d1 [term 0 FOLLOWER]: Consensus starting up: Expiring failure detector timer to make a prompt election more likely
I20260630 12:31:03.682425 23295 raft_consensus.cc:740] T a4d977469f37454cbd7781f8a43f230a P 17df0dd9dd4d46b7b5d228c3d9bd63d1 [term 0 FOLLOWER]: Becoming Follower/Learner. State: Replica: 17df0dd9dd4d46b7b5d228c3d9bd63d1, State: Initialized, Role: FOLLOWER
I20260630 12:31:03.684801 23293 tablet_bootstrap.cc:492] T 00512688fae346fcaddf2c7324a6d0e0 P bb17ff0af64648919436c165f7184530: No bootstrap required, opened a new log
I20260630 12:31:03.685230 23294 tablet_bootstrap.cc:492] T 19adc976baf54bb9b8142fca1bfcfaca P fdd8f1ddd72d473baf30febf32fcb4b7: No bootstrap required, opened a new log
I20260630 12:31:03.683427 23295 consensus_queue.cc:260] T a4d977469f37454cbd7781f8a43f230a P 17df0dd9dd4d46b7b5d228c3d9bd63d1 [NON_LEADER]: Queue going to NON_LEADER mode. State: All replicated index: 0, Majority replicated index: 0, Committed index: 0, Last appended: 0.0, Last appended by leader: 0, Current term: 0, Majority size: -1, State: 0, Mode: NON_LEADER, active raft config: opid_index: -1 OBSOLETE_local: false peers { permanent_uuid: "17df0dd9dd4d46b7b5d228c3d9bd63d1" member_type: VOTER last_known_addr { host: "127.19.123.131" port: 34479 } } peers { permanent_uuid: "62c6e21915ef49069984c56f81e2231a" member_type: VOTER last_known_addr { host: "127.19.123.132" port: 34995 } } peers { permanent_uuid: "bb17ff0af64648919436c165f7184530" member_type: VOTER last_known_addr { host: "127.19.123.129" port: 34599 } }
I20260630 12:31:03.685366 23293 ts_tablet_manager.cc:1403] T 00512688fae346fcaddf2c7324a6d0e0 P bb17ff0af64648919436c165f7184530: Time spent bootstrapping tablet: real 0.044s	user 0.014s	sys 0.025s
I20260630 12:31:03.685751 23294 ts_tablet_manager.cc:1403] T 19adc976baf54bb9b8142fca1bfcfaca P fdd8f1ddd72d473baf30febf32fcb4b7: Time spent bootstrapping tablet: real 0.109s	user 0.014s	sys 0.012s
I20260630 12:31:03.687536 23295 ts_tablet_manager.cc:1434] T a4d977469f37454cbd7781f8a43f230a P 17df0dd9dd4d46b7b5d228c3d9bd63d1: Time spent starting tablet: real 0.026s	user 0.010s	sys 0.004s
I20260630 12:31:03.688675 23295 tablet_bootstrap.cc:492] T b828200187ae4f67a5b74caaf41003c8 P 17df0dd9dd4d46b7b5d228c3d9bd63d1: Bootstrap starting.
I20260630 12:31:03.688462 23293 raft_consensus.cc:359] T 00512688fae346fcaddf2c7324a6d0e0 P bb17ff0af64648919436c165f7184530 [term 0 FOLLOWER]: Replica starting. Triggering 0 pending ops. Active config: opid_index: -1 OBSOLETE_local: false peers { permanent_uuid: "62c6e21915ef49069984c56f81e2231a" member_type: VOTER last_known_addr { host: "127.19.123.132" port: 34995 } } peers { permanent_uuid: "bb17ff0af64648919436c165f7184530" member_type: VOTER last_known_addr { host: "127.19.123.129" port: 34599 } } peers { permanent_uuid: "17df0dd9dd4d46b7b5d228c3d9bd63d1" member_type: VOTER last_known_addr { host: "127.19.123.131" port: 34479 } }
I20260630 12:31:03.689235 23293 raft_consensus.cc:385] T 00512688fae346fcaddf2c7324a6d0e0 P bb17ff0af64648919436c165f7184530 [term 0 FOLLOWER]: Consensus starting up: Expiring failure detector timer to make a prompt election more likely
I20260630 12:31:03.689546 23293 raft_consensus.cc:740] T 00512688fae346fcaddf2c7324a6d0e0 P bb17ff0af64648919436c165f7184530 [term 0 FOLLOWER]: Becoming Follower/Learner. State: Replica: bb17ff0af64648919436c165f7184530, State: Initialized, Role: FOLLOWER
I20260630 12:31:03.690376 23293 consensus_queue.cc:260] T 00512688fae346fcaddf2c7324a6d0e0 P bb17ff0af64648919436c165f7184530 [NON_LEADER]: Queue going to NON_LEADER mode. State: All replicated index: 0, Majority replicated index: 0, Committed index: 0, Last appended: 0.0, Last appended by leader: 0, Current term: 0, Majority size: -1, State: 0, Mode: NON_LEADER, active raft config: opid_index: -1 OBSOLETE_local: false peers { permanent_uuid: "62c6e21915ef49069984c56f81e2231a" member_type: VOTER last_known_addr { host: "127.19.123.132" port: 34995 } } peers { permanent_uuid: "bb17ff0af64648919436c165f7184530" member_type: VOTER last_known_addr { host: "127.19.123.129" port: 34599 } } peers { permanent_uuid: "17df0dd9dd4d46b7b5d228c3d9bd63d1" member_type: VOTER last_known_addr { host: "127.19.123.131" port: 34479 } }
I20260630 12:31:03.692691 23293 ts_tablet_manager.cc:1434] T 00512688fae346fcaddf2c7324a6d0e0 P bb17ff0af64648919436c165f7184530: Time spent starting tablet: real 0.007s	user 0.003s	sys 0.001s
I20260630 12:31:03.693778 23293 tablet_bootstrap.cc:492] T e3f7407cce7840dfab60bc9a6843f0e3 P bb17ff0af64648919436c165f7184530: Bootstrap starting.
I20260630 12:31:03.696799 23295 tablet_bootstrap.cc:654] T b828200187ae4f67a5b74caaf41003c8 P 17df0dd9dd4d46b7b5d228c3d9bd63d1: Neither blocks nor log segments found. Creating new log.
I20260630 12:31:03.701244 23293 tablet_bootstrap.cc:654] T e3f7407cce7840dfab60bc9a6843f0e3 P bb17ff0af64648919436c165f7184530: Neither blocks nor log segments found. Creating new log.
I20260630 12:31:03.707155 23202 raft_consensus.cc:493] T a4d977469f37454cbd7781f8a43f230a P 17df0dd9dd4d46b7b5d228c3d9bd63d1 [term 0 FOLLOWER]: Starting pre-election (no leader contacted us within the election timeout)
I20260630 12:31:03.707705 23202 raft_consensus.cc:515] T a4d977469f37454cbd7781f8a43f230a P 17df0dd9dd4d46b7b5d228c3d9bd63d1 [term 0 FOLLOWER]: Starting pre-election with config: opid_index: -1 OBSOLETE_local: false peers { permanent_uuid: "17df0dd9dd4d46b7b5d228c3d9bd63d1" member_type: VOTER last_known_addr { host: "127.19.123.131" port: 34479 } } peers { permanent_uuid: "62c6e21915ef49069984c56f81e2231a" member_type: VOTER last_known_addr { host: "127.19.123.132" port: 34995 } } peers { permanent_uuid: "bb17ff0af64648919436c165f7184530" member_type: VOTER last_known_addr { host: "127.19.123.129" port: 34599 } }
I20260630 12:31:03.708546 23297 tablet_bootstrap.cc:654] T 00512688fae346fcaddf2c7324a6d0e0 P 62c6e21915ef49069984c56f81e2231a: Neither blocks nor log segments found. Creating new log.
I20260630 12:31:03.714160 23297 tablet_bootstrap.cc:492] T 00512688fae346fcaddf2c7324a6d0e0 P 62c6e21915ef49069984c56f81e2231a: No bootstrap required, opened a new log
I20260630 12:31:03.714638 23297 ts_tablet_manager.cc:1403] T 00512688fae346fcaddf2c7324a6d0e0 P 62c6e21915ef49069984c56f81e2231a: Time spent bootstrapping tablet: real 0.068s	user 0.010s	sys 0.004s
I20260630 12:31:03.719183 23202 leader_election.cc:290] T a4d977469f37454cbd7781f8a43f230a P 17df0dd9dd4d46b7b5d228c3d9bd63d1 [CANDIDATE]: Term 1 pre-election: Requested pre-vote from peers 62c6e21915ef49069984c56f81e2231a (127.19.123.132:34995), bb17ff0af64648919436c165f7184530 (127.19.123.129:34599)
I20260630 12:31:03.720790 22951 tablet_service.cc:1917] Received RequestConsensusVote() RPC: tablet_id: "a4d977469f37454cbd7781f8a43f230a" candidate_uuid: "17df0dd9dd4d46b7b5d228c3d9bd63d1" candidate_term: 1 candidate_status { last_received { term: 0 index: 0 } } ignore_live_leader: false dest_uuid: "bb17ff0af64648919436c165f7184530" is_pre_election: true
W20260630 12:31:03.722849 23066 leader_election.cc:343] T a4d977469f37454cbd7781f8a43f230a P 17df0dd9dd4d46b7b5d228c3d9bd63d1 [CANDIDATE]: Term 1 pre-election: Tablet error from VoteRequest() call to peer bb17ff0af64648919436c165f7184530 (127.19.123.129:34599): Illegal state: must be running to vote when last-logged opid is not known
I20260630 12:31:03.724135 23295 tablet_bootstrap.cc:492] T b828200187ae4f67a5b74caaf41003c8 P 17df0dd9dd4d46b7b5d228c3d9bd63d1: No bootstrap required, opened a new log
I20260630 12:31:03.724807 23295 ts_tablet_manager.cc:1403] T b828200187ae4f67a5b74caaf41003c8 P 17df0dd9dd4d46b7b5d228c3d9bd63d1: Time spent bootstrapping tablet: real 0.036s	user 0.018s	sys 0.014s
I20260630 12:31:03.726011 23297 raft_consensus.cc:359] T 00512688fae346fcaddf2c7324a6d0e0 P 62c6e21915ef49069984c56f81e2231a [term 0 FOLLOWER]: Replica starting. Triggering 0 pending ops. Active config: opid_index: -1 OBSOLETE_local: false peers { permanent_uuid: "62c6e21915ef49069984c56f81e2231a" member_type: VOTER last_known_addr { host: "127.19.123.132" port: 34995 } } peers { permanent_uuid: "bb17ff0af64648919436c165f7184530" member_type: VOTER last_known_addr { host: "127.19.123.129" port: 34599 } } peers { permanent_uuid: "17df0dd9dd4d46b7b5d228c3d9bd63d1" member_type: VOTER last_known_addr { host: "127.19.123.131" port: 34479 } }
I20260630 12:31:03.726807 23297 raft_consensus.cc:385] T 00512688fae346fcaddf2c7324a6d0e0 P 62c6e21915ef49069984c56f81e2231a [term 0 FOLLOWER]: Consensus starting up: Expiring failure detector timer to make a prompt election more likely
I20260630 12:31:03.727133 23297 raft_consensus.cc:740] T 00512688fae346fcaddf2c7324a6d0e0 P 62c6e21915ef49069984c56f81e2231a [term 0 FOLLOWER]: Becoming Follower/Learner. State: Replica: 62c6e21915ef49069984c56f81e2231a, State: Initialized, Role: FOLLOWER
I20260630 12:31:03.728031 23297 consensus_queue.cc:260] T 00512688fae346fcaddf2c7324a6d0e0 P 62c6e21915ef49069984c56f81e2231a [NON_LEADER]: Queue going to NON_LEADER mode. State: All replicated index: 0, Majority replicated index: 0, Committed index: 0, Last appended: 0.0, Last appended by leader: 0, Current term: 0, Majority size: -1, State: 0, Mode: NON_LEADER, active raft config: opid_index: -1 OBSOLETE_local: false peers { permanent_uuid: "62c6e21915ef49069984c56f81e2231a" member_type: VOTER last_known_addr { host: "127.19.123.132" port: 34995 } } peers { permanent_uuid: "bb17ff0af64648919436c165f7184530" member_type: VOTER last_known_addr { host: "127.19.123.129" port: 34599 } } peers { permanent_uuid: "17df0dd9dd4d46b7b5d228c3d9bd63d1" member_type: VOTER last_known_addr { host: "127.19.123.131" port: 34479 } }
I20260630 12:31:03.728972 23295 raft_consensus.cc:359] T b828200187ae4f67a5b74caaf41003c8 P 17df0dd9dd4d46b7b5d228c3d9bd63d1 [term 0 FOLLOWER]: Replica starting. Triggering 0 pending ops. Active config: opid_index: -1 OBSOLETE_local: false peers { permanent_uuid: "62c6e21915ef49069984c56f81e2231a" member_type: VOTER last_known_addr { host: "127.19.123.132" port: 34995 } } peers { permanent_uuid: "fdd8f1ddd72d473baf30febf32fcb4b7" member_type: VOTER last_known_addr { host: "127.19.123.130" port: 41973 } } peers { permanent_uuid: "17df0dd9dd4d46b7b5d228c3d9bd63d1" member_type: VOTER last_known_addr { host: "127.19.123.131" port: 34479 } }
I20260630 12:31:03.725822 23294 raft_consensus.cc:359] T 19adc976baf54bb9b8142fca1bfcfaca P fdd8f1ddd72d473baf30febf32fcb4b7 [term 0 FOLLOWER]: Replica starting. Triggering 0 pending ops. Active config: opid_index: -1 OBSOLETE_local: false peers { permanent_uuid: "62c6e21915ef49069984c56f81e2231a" member_type: VOTER last_known_addr { host: "127.19.123.132" port: 34995 } } peers { permanent_uuid: "bb17ff0af64648919436c165f7184530" member_type: VOTER last_known_addr { host: "127.19.123.129" port: 34599 } } peers { permanent_uuid: "fdd8f1ddd72d473baf30febf32fcb4b7" member_type: VOTER last_known_addr { host: "127.19.123.130" port: 41973 } }
I20260630 12:31:03.729949 23295 raft_consensus.cc:385] T b828200187ae4f67a5b74caaf41003c8 P 17df0dd9dd4d46b7b5d228c3d9bd63d1 [term 0 FOLLOWER]: Consensus starting up: Expiring failure detector timer to make a prompt election more likely
I20260630 12:31:03.730239 23294 raft_consensus.cc:385] T 19adc976baf54bb9b8142fca1bfcfaca P fdd8f1ddd72d473baf30febf32fcb4b7 [term 0 FOLLOWER]: Consensus starting up: Expiring failure detector timer to make a prompt election more likely
I20260630 12:31:03.730384 23295 raft_consensus.cc:740] T b828200187ae4f67a5b74caaf41003c8 P 17df0dd9dd4d46b7b5d228c3d9bd63d1 [term 0 FOLLOWER]: Becoming Follower/Learner. State: Replica: 17df0dd9dd4d46b7b5d228c3d9bd63d1, State: Initialized, Role: FOLLOWER
I20260630 12:31:03.730861 23294 raft_consensus.cc:740] T 19adc976baf54bb9b8142fca1bfcfaca P fdd8f1ddd72d473baf30febf32fcb4b7 [term 0 FOLLOWER]: Becoming Follower/Learner. State: Replica: fdd8f1ddd72d473baf30febf32fcb4b7, State: Initialized, Role: FOLLOWER
I20260630 12:31:03.732255 23294 consensus_queue.cc:260] T 19adc976baf54bb9b8142fca1bfcfaca P fdd8f1ddd72d473baf30febf32fcb4b7 [NON_LEADER]: Queue going to NON_LEADER mode. State: All replicated index: 0, Majority replicated index: 0, Committed index: 0, Last appended: 0.0, Last appended by leader: 0, Current term: 0, Majority size: -1, State: 0, Mode: NON_LEADER, active raft config: opid_index: -1 OBSOLETE_local: false peers { permanent_uuid: "62c6e21915ef49069984c56f81e2231a" member_type: VOTER last_known_addr { host: "127.19.123.132" port: 34995 } } peers { permanent_uuid: "bb17ff0af64648919436c165f7184530" member_type: VOTER last_known_addr { host: "127.19.123.129" port: 34599 } } peers { permanent_uuid: "fdd8f1ddd72d473baf30febf32fcb4b7" member_type: VOTER last_known_addr { host: "127.19.123.130" port: 41973 } }
I20260630 12:31:03.732373 23295 consensus_queue.cc:260] T b828200187ae4f67a5b74caaf41003c8 P 17df0dd9dd4d46b7b5d228c3d9bd63d1 [NON_LEADER]: Queue going to NON_LEADER mode. State: All replicated index: 0, Majority replicated index: 0, Committed index: 0, Last appended: 0.0, Last appended by leader: 0, Current term: 0, Majority size: -1, State: 0, Mode: NON_LEADER, active raft config: opid_index: -1 OBSOLETE_local: false peers { permanent_uuid: "62c6e21915ef49069984c56f81e2231a" member_type: VOTER last_known_addr { host: "127.19.123.132" port: 34995 } } peers { permanent_uuid: "fdd8f1ddd72d473baf30febf32fcb4b7" member_type: VOTER last_known_addr { host: "127.19.123.130" port: 41973 } } peers { permanent_uuid: "17df0dd9dd4d46b7b5d228c3d9bd63d1" member_type: VOTER last_known_addr { host: "127.19.123.131" port: 34479 } }
I20260630 12:31:03.735973 23295 ts_tablet_manager.cc:1434] T b828200187ae4f67a5b74caaf41003c8 P 17df0dd9dd4d46b7b5d228c3d9bd63d1: Time spent starting tablet: real 0.011s	user 0.004s	sys 0.005s
I20260630 12:31:03.736688 23254 tablet_service.cc:1917] Received RequestConsensusVote() RPC: tablet_id: "a4d977469f37454cbd7781f8a43f230a" candidate_uuid: "17df0dd9dd4d46b7b5d228c3d9bd63d1" candidate_term: 1 candidate_status { last_received { term: 0 index: 0 } } ignore_live_leader: false dest_uuid: "62c6e21915ef49069984c56f81e2231a" is_pre_election: true
W20260630 12:31:03.738816 23063 leader_election.cc:343] T a4d977469f37454cbd7781f8a43f230a P 17df0dd9dd4d46b7b5d228c3d9bd63d1 [CANDIDATE]: Term 1 pre-election: Tablet error from VoteRequest() call to peer 62c6e21915ef49069984c56f81e2231a (127.19.123.132:34995): Illegal state: must be running to vote when last-logged opid is not known
I20260630 12:31:03.739291 23063 leader_election.cc:304] T a4d977469f37454cbd7781f8a43f230a P 17df0dd9dd4d46b7b5d228c3d9bd63d1 [CANDIDATE]: Term 1 pre-election: Election decided. Result: candidate lost. Election summary: received 3 responses out of 3 voters: 1 yes votes; 2 no votes. yes voters: 17df0dd9dd4d46b7b5d228c3d9bd63d1; no voters: 62c6e21915ef49069984c56f81e2231a, bb17ff0af64648919436c165f7184530
I20260630 12:31:03.740229 23295 tablet_bootstrap.cc:492] T 7f3fac2dad0f4bea8831a67a1f1f2cd8 P 17df0dd9dd4d46b7b5d228c3d9bd63d1: Bootstrap starting.
I20260630 12:31:03.740371 23202 raft_consensus.cc:2749] T a4d977469f37454cbd7781f8a43f230a P 17df0dd9dd4d46b7b5d228c3d9bd63d1 [term 0 FOLLOWER]: Leader pre-election lost for term 1. Reason: could not achieve majority
I20260630 12:31:03.749915 23295 tablet_bootstrap.cc:654] T 7f3fac2dad0f4bea8831a67a1f1f2cd8 P 17df0dd9dd4d46b7b5d228c3d9bd63d1: Neither blocks nor log segments found. Creating new log.
I20260630 12:31:03.752283 23294 ts_tablet_manager.cc:1434] T 19adc976baf54bb9b8142fca1bfcfaca P fdd8f1ddd72d473baf30febf32fcb4b7: Time spent starting tablet: real 0.066s	user 0.002s	sys 0.006s
I20260630 12:31:03.758308 23297 ts_tablet_manager.cc:1434] T 00512688fae346fcaddf2c7324a6d0e0 P 62c6e21915ef49069984c56f81e2231a: Time spent starting tablet: real 0.043s	user 0.005s	sys 0.004s
I20260630 12:31:03.761394 23295 tablet_bootstrap.cc:492] T 7f3fac2dad0f4bea8831a67a1f1f2cd8 P 17df0dd9dd4d46b7b5d228c3d9bd63d1: No bootstrap required, opened a new log
I20260630 12:31:03.761874 23297 tablet_bootstrap.cc:492] T e3f7407cce7840dfab60bc9a6843f0e3 P 62c6e21915ef49069984c56f81e2231a: Bootstrap starting.
I20260630 12:31:03.762084 23295 ts_tablet_manager.cc:1403] T 7f3fac2dad0f4bea8831a67a1f1f2cd8 P 17df0dd9dd4d46b7b5d228c3d9bd63d1: Time spent bootstrapping tablet: real 0.025s	user 0.014s	sys 0.006s
I20260630 12:31:03.766160 23295 raft_consensus.cc:359] T 7f3fac2dad0f4bea8831a67a1f1f2cd8 P 17df0dd9dd4d46b7b5d228c3d9bd63d1 [term 0 FOLLOWER]: Replica starting. Triggering 0 pending ops. Active config: opid_index: -1 OBSOLETE_local: false peers { permanent_uuid: "bb17ff0af64648919436c165f7184530" member_type: VOTER last_known_addr { host: "127.19.123.129" port: 34599 } } peers { permanent_uuid: "62c6e21915ef49069984c56f81e2231a" member_type: VOTER last_known_addr { host: "127.19.123.132" port: 34995 } } peers { permanent_uuid: "17df0dd9dd4d46b7b5d228c3d9bd63d1" member_type: VOTER last_known_addr { host: "127.19.123.131" port: 34479 } }
I20260630 12:31:03.767037 23295 raft_consensus.cc:385] T 7f3fac2dad0f4bea8831a67a1f1f2cd8 P 17df0dd9dd4d46b7b5d228c3d9bd63d1 [term 0 FOLLOWER]: Consensus starting up: Expiring failure detector timer to make a prompt election more likely
I20260630 12:31:03.767316 23295 raft_consensus.cc:740] T 7f3fac2dad0f4bea8831a67a1f1f2cd8 P 17df0dd9dd4d46b7b5d228c3d9bd63d1 [term 0 FOLLOWER]: Becoming Follower/Learner. State: Replica: 17df0dd9dd4d46b7b5d228c3d9bd63d1, State: Initialized, Role: FOLLOWER
I20260630 12:31:03.759102 23279 heartbeater.cc:499] Master 127.19.123.190:35583 was elected leader, sending a full tablet report...
I20260630 12:31:03.768186 23295 consensus_queue.cc:260] T 7f3fac2dad0f4bea8831a67a1f1f2cd8 P 17df0dd9dd4d46b7b5d228c3d9bd63d1 [NON_LEADER]: Queue going to NON_LEADER mode. State: All replicated index: 0, Majority replicated index: 0, Committed index: 0, Last appended: 0.0, Last appended by leader: 0, Current term: 0, Majority size: -1, State: 0, Mode: NON_LEADER, active raft config: opid_index: -1 OBSOLETE_local: false peers { permanent_uuid: "bb17ff0af64648919436c165f7184530" member_type: VOTER last_known_addr { host: "127.19.123.129" port: 34599 } } peers { permanent_uuid: "62c6e21915ef49069984c56f81e2231a" member_type: VOTER last_known_addr { host: "127.19.123.132" port: 34995 } } peers { permanent_uuid: "17df0dd9dd4d46b7b5d228c3d9bd63d1" member_type: VOTER last_known_addr { host: "127.19.123.131" port: 34479 } }
I20260630 12:31:03.770318 23297 tablet_bootstrap.cc:654] T e3f7407cce7840dfab60bc9a6843f0e3 P 62c6e21915ef49069984c56f81e2231a: Neither blocks nor log segments found. Creating new log.
I20260630 12:31:03.770555 23295 ts_tablet_manager.cc:1434] T 7f3fac2dad0f4bea8831a67a1f1f2cd8 P 17df0dd9dd4d46b7b5d228c3d9bd63d1: Time spent starting tablet: real 0.008s	user 0.008s	sys 0.000s
I20260630 12:31:03.771551 23295 tablet_bootstrap.cc:492] T 5a18cb8169b942e0a98984f5ef5733a2 P 17df0dd9dd4d46b7b5d228c3d9bd63d1: Bootstrap starting.
I20260630 12:31:03.781414 23295 tablet_bootstrap.cc:654] T 5a18cb8169b942e0a98984f5ef5733a2 P 17df0dd9dd4d46b7b5d228c3d9bd63d1: Neither blocks nor log segments found. Creating new log.
I20260630 12:31:03.793540 23295 tablet_bootstrap.cc:492] T 5a18cb8169b942e0a98984f5ef5733a2 P 17df0dd9dd4d46b7b5d228c3d9bd63d1: No bootstrap required, opened a new log
I20260630 12:31:03.794225 23295 ts_tablet_manager.cc:1403] T 5a18cb8169b942e0a98984f5ef5733a2 P 17df0dd9dd4d46b7b5d228c3d9bd63d1: Time spent bootstrapping tablet: real 0.023s	user 0.007s	sys 0.013s
I20260630 12:31:03.798086 23295 raft_consensus.cc:359] T 5a18cb8169b942e0a98984f5ef5733a2 P 17df0dd9dd4d46b7b5d228c3d9bd63d1 [term 0 FOLLOWER]: Replica starting. Triggering 0 pending ops. Active config: opid_index: -1 OBSOLETE_local: false peers { permanent_uuid: "62c6e21915ef49069984c56f81e2231a" member_type: VOTER last_known_addr { host: "127.19.123.132" port: 34995 } } peers { permanent_uuid: "fdd8f1ddd72d473baf30febf32fcb4b7" member_type: VOTER last_known_addr { host: "127.19.123.130" port: 41973 } } peers { permanent_uuid: "17df0dd9dd4d46b7b5d228c3d9bd63d1" member_type: VOTER last_known_addr { host: "127.19.123.131" port: 34479 } }
I20260630 12:31:03.799176 23295 raft_consensus.cc:385] T 5a18cb8169b942e0a98984f5ef5733a2 P 17df0dd9dd4d46b7b5d228c3d9bd63d1 [term 0 FOLLOWER]: Consensus starting up: Expiring failure detector timer to make a prompt election more likely
I20260630 12:31:03.799589 23295 raft_consensus.cc:740] T 5a18cb8169b942e0a98984f5ef5733a2 P 17df0dd9dd4d46b7b5d228c3d9bd63d1 [term 0 FOLLOWER]: Becoming Follower/Learner. State: Replica: 17df0dd9dd4d46b7b5d228c3d9bd63d1, State: Initialized, Role: FOLLOWER
I20260630 12:31:03.800947 23295 consensus_queue.cc:260] T 5a18cb8169b942e0a98984f5ef5733a2 P 17df0dd9dd4d46b7b5d228c3d9bd63d1 [NON_LEADER]: Queue going to NON_LEADER mode. State: All replicated index: 0, Majority replicated index: 0, Committed index: 0, Last appended: 0.0, Last appended by leader: 0, Current term: 0, Majority size: -1, State: 0, Mode: NON_LEADER, active raft config: opid_index: -1 OBSOLETE_local: false peers { permanent_uuid: "62c6e21915ef49069984c56f81e2231a" member_type: VOTER last_known_addr { host: "127.19.123.132" port: 34995 } } peers { permanent_uuid: "fdd8f1ddd72d473baf30febf32fcb4b7" member_type: VOTER last_known_addr { host: "127.19.123.130" port: 41973 } } peers { permanent_uuid: "17df0dd9dd4d46b7b5d228c3d9bd63d1" member_type: VOTER last_known_addr { host: "127.19.123.131" port: 34479 } }
I20260630 12:31:03.809019 23295 ts_tablet_manager.cc:1434] T 5a18cb8169b942e0a98984f5ef5733a2 P 17df0dd9dd4d46b7b5d228c3d9bd63d1: Time spent starting tablet: real 0.014s	user 0.011s	sys 0.000s
I20260630 12:31:03.810524 23295 tablet_bootstrap.cc:492] T 00512688fae346fcaddf2c7324a6d0e0 P 17df0dd9dd4d46b7b5d228c3d9bd63d1: Bootstrap starting.
I20260630 12:31:03.811209 23294 tablet_bootstrap.cc:492] T 014a62a53fc24e7a941ebc5494ab7d8b P fdd8f1ddd72d473baf30febf32fcb4b7: Bootstrap starting.
I20260630 12:31:03.813280 23167 raft_consensus.cc:493] T 5a18cb8169b942e0a98984f5ef5733a2 P 17df0dd9dd4d46b7b5d228c3d9bd63d1 [term 0 FOLLOWER]: Starting pre-election (no leader contacted us within the election timeout)
I20260630 12:31:03.815491 23167 raft_consensus.cc:515] T 5a18cb8169b942e0a98984f5ef5733a2 P 17df0dd9dd4d46b7b5d228c3d9bd63d1 [term 0 FOLLOWER]: Starting pre-election with config: opid_index: -1 OBSOLETE_local: false peers { permanent_uuid: "62c6e21915ef49069984c56f81e2231a" member_type: VOTER last_known_addr { host: "127.19.123.132" port: 34995 } } peers { permanent_uuid: "fdd8f1ddd72d473baf30febf32fcb4b7" member_type: VOTER last_known_addr { host: "127.19.123.130" port: 41973 } } peers { permanent_uuid: "17df0dd9dd4d46b7b5d228c3d9bd63d1" member_type: VOTER last_known_addr { host: "127.19.123.131" port: 34479 } }
I20260630 12:31:03.818485 23167 leader_election.cc:290] T 5a18cb8169b942e0a98984f5ef5733a2 P 17df0dd9dd4d46b7b5d228c3d9bd63d1 [CANDIDATE]: Term 1 pre-election: Requested pre-vote from peers 62c6e21915ef49069984c56f81e2231a (127.19.123.132:34995), fdd8f1ddd72d473baf30febf32fcb4b7 (127.19.123.130:41973)
I20260630 12:31:03.820992 23254 tablet_service.cc:1917] Received RequestConsensusVote() RPC: tablet_id: "5a18cb8169b942e0a98984f5ef5733a2" candidate_uuid: "17df0dd9dd4d46b7b5d228c3d9bd63d1" candidate_term: 1 candidate_status { last_received { term: 0 index: 0 } } ignore_live_leader: false dest_uuid: "62c6e21915ef49069984c56f81e2231a" is_pre_election: true
W20260630 12:31:03.823274 23063 leader_election.cc:343] T 5a18cb8169b942e0a98984f5ef5733a2 P 17df0dd9dd4d46b7b5d228c3d9bd63d1 [CANDIDATE]: Term 1 pre-election: Tablet error from VoteRequest() call to peer 62c6e21915ef49069984c56f81e2231a (127.19.123.132:34995): Illegal state: must be running to vote when last-logged opid is not known
I20260630 12:31:03.823712 23295 tablet_bootstrap.cc:654] T 00512688fae346fcaddf2c7324a6d0e0 P 17df0dd9dd4d46b7b5d228c3d9bd63d1: Neither blocks nor log segments found. Creating new log.
I20260630 12:31:03.826553 23025 tablet_service.cc:1917] Received RequestConsensusVote() RPC: tablet_id: "5a18cb8169b942e0a98984f5ef5733a2" candidate_uuid: "17df0dd9dd4d46b7b5d228c3d9bd63d1" candidate_term: 1 candidate_status { last_received { term: 0 index: 0 } } ignore_live_leader: false dest_uuid: "fdd8f1ddd72d473baf30febf32fcb4b7" is_pre_election: true
W20260630 12:31:03.831048 23066 leader_election.cc:343] T 5a18cb8169b942e0a98984f5ef5733a2 P 17df0dd9dd4d46b7b5d228c3d9bd63d1 [CANDIDATE]: Term 1 pre-election: Tablet error from VoteRequest() call to peer fdd8f1ddd72d473baf30febf32fcb4b7 (127.19.123.130:41973): Illegal state: must be running to vote when last-logged opid is not known
I20260630 12:31:03.831743 23066 leader_election.cc:304] T 5a18cb8169b942e0a98984f5ef5733a2 P 17df0dd9dd4d46b7b5d228c3d9bd63d1 [CANDIDATE]: Term 1 pre-election: Election decided. Result: candidate lost. Election summary: received 3 responses out of 3 voters: 1 yes votes; 2 no votes. yes voters: 17df0dd9dd4d46b7b5d228c3d9bd63d1; no voters: 62c6e21915ef49069984c56f81e2231a, fdd8f1ddd72d473baf30febf32fcb4b7
I20260630 12:31:03.834185 23202 raft_consensus.cc:2749] T 5a18cb8169b942e0a98984f5ef5733a2 P 17df0dd9dd4d46b7b5d228c3d9bd63d1 [term 0 FOLLOWER]: Leader pre-election lost for term 1. Reason: could not achieve majority
I20260630 12:31:03.839869 23295 tablet_bootstrap.cc:492] T 00512688fae346fcaddf2c7324a6d0e0 P 17df0dd9dd4d46b7b5d228c3d9bd63d1: No bootstrap required, opened a new log
I20260630 12:31:03.840669 23295 ts_tablet_manager.cc:1403] T 00512688fae346fcaddf2c7324a6d0e0 P 17df0dd9dd4d46b7b5d228c3d9bd63d1: Time spent bootstrapping tablet: real 0.030s	user 0.009s	sys 0.011s
I20260630 12:31:03.845469 23295 raft_consensus.cc:359] T 00512688fae346fcaddf2c7324a6d0e0 P 17df0dd9dd4d46b7b5d228c3d9bd63d1 [term 0 FOLLOWER]: Replica starting. Triggering 0 pending ops. Active config: opid_index: -1 OBSOLETE_local: false peers { permanent_uuid: "62c6e21915ef49069984c56f81e2231a" member_type: VOTER last_known_addr { host: "127.19.123.132" port: 34995 } } peers { permanent_uuid: "bb17ff0af64648919436c165f7184530" member_type: VOTER last_known_addr { host: "127.19.123.129" port: 34599 } } peers { permanent_uuid: "17df0dd9dd4d46b7b5d228c3d9bd63d1" member_type: VOTER last_known_addr { host: "127.19.123.131" port: 34479 } }
I20260630 12:31:03.848800 23295 raft_consensus.cc:385] T 00512688fae346fcaddf2c7324a6d0e0 P 17df0dd9dd4d46b7b5d228c3d9bd63d1 [term 0 FOLLOWER]: Consensus starting up: Expiring failure detector timer to make a prompt election more likely
I20260630 12:31:03.849244 23295 raft_consensus.cc:740] T 00512688fae346fcaddf2c7324a6d0e0 P 17df0dd9dd4d46b7b5d228c3d9bd63d1 [term 0 FOLLOWER]: Becoming Follower/Learner. State: Replica: 17df0dd9dd4d46b7b5d228c3d9bd63d1, State: Initialized, Role: FOLLOWER
I20260630 12:31:03.850083 23295 consensus_queue.cc:260] T 00512688fae346fcaddf2c7324a6d0e0 P 17df0dd9dd4d46b7b5d228c3d9bd63d1 [NON_LEADER]: Queue going to NON_LEADER mode. State: All replicated index: 0, Majority replicated index: 0, Committed index: 0, Last appended: 0.0, Last appended by leader: 0, Current term: 0, Majority size: -1, State: 0, Mode: NON_LEADER, active raft config: opid_index: -1 OBSOLETE_local: false peers { permanent_uuid: "62c6e21915ef49069984c56f81e2231a" member_type: VOTER last_known_addr { host: "127.19.123.132" port: 34995 } } peers { permanent_uuid: "bb17ff0af64648919436c165f7184530" member_type: VOTER last_known_addr { host: "127.19.123.129" port: 34599 } } peers { permanent_uuid: "17df0dd9dd4d46b7b5d228c3d9bd63d1" member_type: VOTER last_known_addr { host: "127.19.123.131" port: 34479 } }
I20260630 12:31:03.852715 23295 ts_tablet_manager.cc:1434] T 00512688fae346fcaddf2c7324a6d0e0 P 17df0dd9dd4d46b7b5d228c3d9bd63d1: Time spent starting tablet: real 0.012s	user 0.008s	sys 0.000s
I20260630 12:31:03.853485 23151 raft_consensus.cc:493] T 00512688fae346fcaddf2c7324a6d0e0 P bb17ff0af64648919436c165f7184530 [term 0 FOLLOWER]: Starting pre-election (no leader contacted us within the election timeout)
I20260630 12:31:03.854206 23151 raft_consensus.cc:515] T 00512688fae346fcaddf2c7324a6d0e0 P bb17ff0af64648919436c165f7184530 [term 0 FOLLOWER]: Starting pre-election with config: opid_index: -1 OBSOLETE_local: false peers { permanent_uuid: "62c6e21915ef49069984c56f81e2231a" member_type: VOTER last_known_addr { host: "127.19.123.132" port: 34995 } } peers { permanent_uuid: "bb17ff0af64648919436c165f7184530" member_type: VOTER last_known_addr { host: "127.19.123.129" port: 34599 } } peers { permanent_uuid: "17df0dd9dd4d46b7b5d228c3d9bd63d1" member_type: VOTER last_known_addr { host: "127.19.123.131" port: 34479 } }
I20260630 12:31:03.862895 23151 leader_election.cc:290] T 00512688fae346fcaddf2c7324a6d0e0 P bb17ff0af64648919436c165f7184530 [CANDIDATE]: Term 1 pre-election: Requested pre-vote from peers 62c6e21915ef49069984c56f81e2231a (127.19.123.132:34995), 17df0dd9dd4d46b7b5d228c3d9bd63d1 (127.19.123.131:34479)
I20260630 12:31:03.865788 23100 tablet_service.cc:1917] Received RequestConsensusVote() RPC: tablet_id: "00512688fae346fcaddf2c7324a6d0e0" candidate_uuid: "bb17ff0af64648919436c165f7184530" candidate_term: 1 candidate_status { last_received { term: 0 index: 0 } } ignore_live_leader: false dest_uuid: "17df0dd9dd4d46b7b5d228c3d9bd63d1" is_pre_election: true
I20260630 12:31:03.867583 23293 tablet_bootstrap.cc:492] T e3f7407cce7840dfab60bc9a6843f0e3 P bb17ff0af64648919436c165f7184530: No bootstrap required, opened a new log
I20260630 12:31:03.868136 23293 ts_tablet_manager.cc:1403] T e3f7407cce7840dfab60bc9a6843f0e3 P bb17ff0af64648919436c165f7184530: Time spent bootstrapping tablet: real 0.175s	user 0.077s	sys 0.076s
I20260630 12:31:03.866802 23100 raft_consensus.cc:2468] T 00512688fae346fcaddf2c7324a6d0e0 P 17df0dd9dd4d46b7b5d228c3d9bd63d1 [term 0 FOLLOWER]: Leader pre-election vote request: Granting yes vote for candidate bb17ff0af64648919436c165f7184530 in term 0.
I20260630 12:31:03.871049 22916 leader_election.cc:304] T 00512688fae346fcaddf2c7324a6d0e0 P bb17ff0af64648919436c165f7184530 [CANDIDATE]: Term 1 pre-election: Election decided. Result: candidate won. Election summary: received 2 responses out of 3 voters: 2 yes votes; 0 no votes. yes voters: 17df0dd9dd4d46b7b5d228c3d9bd63d1, bb17ff0af64648919436c165f7184530; no voters: 
I20260630 12:31:03.871850 23293 raft_consensus.cc:359] T e3f7407cce7840dfab60bc9a6843f0e3 P bb17ff0af64648919436c165f7184530 [term 0 FOLLOWER]: Replica starting. Triggering 0 pending ops. Active config: opid_index: -1 OBSOLETE_local: false peers { permanent_uuid: "62c6e21915ef49069984c56f81e2231a" member_type: VOTER last_known_addr { host: "127.19.123.132" port: 34995 } } peers { permanent_uuid: "bb17ff0af64648919436c165f7184530" member_type: VOTER last_known_addr { host: "127.19.123.129" port: 34599 } } peers { permanent_uuid: "fdd8f1ddd72d473baf30febf32fcb4b7" member_type: VOTER last_known_addr { host: "127.19.123.130" port: 41973 } }
I20260630 12:31:03.872341 23151 raft_consensus.cc:2804] T 00512688fae346fcaddf2c7324a6d0e0 P bb17ff0af64648919436c165f7184530 [term 0 FOLLOWER]: Leader pre-election won for term 1
I20260630 12:31:03.872641 23293 raft_consensus.cc:385] T e3f7407cce7840dfab60bc9a6843f0e3 P bb17ff0af64648919436c165f7184530 [term 0 FOLLOWER]: Consensus starting up: Expiring failure detector timer to make a prompt election more likely
I20260630 12:31:03.872938 23151 raft_consensus.cc:493] T 00512688fae346fcaddf2c7324a6d0e0 P bb17ff0af64648919436c165f7184530 [term 0 FOLLOWER]: Starting leader election (no leader contacted us within the election timeout)
I20260630 12:31:03.873093 23293 raft_consensus.cc:740] T e3f7407cce7840dfab60bc9a6843f0e3 P bb17ff0af64648919436c165f7184530 [term 0 FOLLOWER]: Becoming Follower/Learner. State: Replica: bb17ff0af64648919436c165f7184530, State: Initialized, Role: FOLLOWER
I20260630 12:31:03.873529 23151 raft_consensus.cc:3060] T 00512688fae346fcaddf2c7324a6d0e0 P bb17ff0af64648919436c165f7184530 [term 0 FOLLOWER]: Advancing to term 1
I20260630 12:31:03.873927 23294 tablet_bootstrap.cc:654] T 014a62a53fc24e7a941ebc5494ab7d8b P fdd8f1ddd72d473baf30febf32fcb4b7: Neither blocks nor log segments found. Creating new log.
I20260630 12:31:03.873977 23293 consensus_queue.cc:260] T e3f7407cce7840dfab60bc9a6843f0e3 P bb17ff0af64648919436c165f7184530 [NON_LEADER]: Queue going to NON_LEADER mode. State: All replicated index: 0, Majority replicated index: 0, Committed index: 0, Last appended: 0.0, Last appended by leader: 0, Current term: 0, Majority size: -1, State: 0, Mode: NON_LEADER, active raft config: opid_index: -1 OBSOLETE_local: false peers { permanent_uuid: "62c6e21915ef49069984c56f81e2231a" member_type: VOTER last_known_addr { host: "127.19.123.132" port: 34995 } } peers { permanent_uuid: "bb17ff0af64648919436c165f7184530" member_type: VOTER last_known_addr { host: "127.19.123.129" port: 34599 } } peers { permanent_uuid: "fdd8f1ddd72d473baf30febf32fcb4b7" member_type: VOTER last_known_addr { host: "127.19.123.130" port: 41973 } }
I20260630 12:31:03.876528 23293 ts_tablet_manager.cc:1434] T e3f7407cce7840dfab60bc9a6843f0e3 P bb17ff0af64648919436c165f7184530: Time spent starting tablet: real 0.008s	user 0.004s	sys 0.003s
I20260630 12:31:03.879706 23297 tablet_bootstrap.cc:492] T e3f7407cce7840dfab60bc9a6843f0e3 P 62c6e21915ef49069984c56f81e2231a: No bootstrap required, opened a new log
I20260630 12:31:03.880218 23297 ts_tablet_manager.cc:1403] T e3f7407cce7840dfab60bc9a6843f0e3 P 62c6e21915ef49069984c56f81e2231a: Time spent bootstrapping tablet: real 0.119s	user 0.031s	sys 0.084s
I20260630 12:31:03.880060 23293 tablet_bootstrap.cc:492] T 014a62a53fc24e7a941ebc5494ab7d8b P bb17ff0af64648919436c165f7184530: Bootstrap starting.
I20260630 12:31:03.883785 23297 raft_consensus.cc:359] T e3f7407cce7840dfab60bc9a6843f0e3 P 62c6e21915ef49069984c56f81e2231a [term 0 FOLLOWER]: Replica starting. Triggering 0 pending ops. Active config: opid_index: -1 OBSOLETE_local: false peers { permanent_uuid: "62c6e21915ef49069984c56f81e2231a" member_type: VOTER last_known_addr { host: "127.19.123.132" port: 34995 } } peers { permanent_uuid: "bb17ff0af64648919436c165f7184530" member_type: VOTER last_known_addr { host: "127.19.123.129" port: 34599 } } peers { permanent_uuid: "fdd8f1ddd72d473baf30febf32fcb4b7" member_type: VOTER last_known_addr { host: "127.19.123.130" port: 41973 } }
I20260630 12:31:03.884560 23297 raft_consensus.cc:385] T e3f7407cce7840dfab60bc9a6843f0e3 P 62c6e21915ef49069984c56f81e2231a [term 0 FOLLOWER]: Consensus starting up: Expiring failure detector timer to make a prompt election more likely
I20260630 12:31:03.885669 23297 raft_consensus.cc:740] T e3f7407cce7840dfab60bc9a6843f0e3 P 62c6e21915ef49069984c56f81e2231a [term 0 FOLLOWER]: Becoming Follower/Learner. State: Replica: 62c6e21915ef49069984c56f81e2231a, State: Initialized, Role: FOLLOWER
I20260630 12:31:03.886551 23297 consensus_queue.cc:260] T e3f7407cce7840dfab60bc9a6843f0e3 P 62c6e21915ef49069984c56f81e2231a [NON_LEADER]: Queue going to NON_LEADER mode. State: All replicated index: 0, Majority replicated index: 0, Committed index: 0, Last appended: 0.0, Last appended by leader: 0, Current term: 0, Majority size: -1, State: 0, Mode: NON_LEADER, active raft config: opid_index: -1 OBSOLETE_local: false peers { permanent_uuid: "62c6e21915ef49069984c56f81e2231a" member_type: VOTER last_known_addr { host: "127.19.123.132" port: 34995 } } peers { permanent_uuid: "bb17ff0af64648919436c165f7184530" member_type: VOTER last_known_addr { host: "127.19.123.129" port: 34599 } } peers { permanent_uuid: "fdd8f1ddd72d473baf30febf32fcb4b7" member_type: VOTER last_known_addr { host: "127.19.123.130" port: 41973 } }
I20260630 12:31:03.887333 23293 tablet_bootstrap.cc:654] T 014a62a53fc24e7a941ebc5494ab7d8b P bb17ff0af64648919436c165f7184530: Neither blocks nor log segments found. Creating new log.
I20260630 12:31:03.888969 23297 ts_tablet_manager.cc:1434] T e3f7407cce7840dfab60bc9a6843f0e3 P 62c6e21915ef49069984c56f81e2231a: Time spent starting tablet: real 0.008s	user 0.004s	sys 0.006s
I20260630 12:31:03.890151 23297 tablet_bootstrap.cc:492] T 014a62a53fc24e7a941ebc5494ab7d8b P 62c6e21915ef49069984c56f81e2231a: Bootstrap starting.
I20260630 12:31:03.897099 23294 tablet_bootstrap.cc:492] T 014a62a53fc24e7a941ebc5494ab7d8b P fdd8f1ddd72d473baf30febf32fcb4b7: No bootstrap required, opened a new log
I20260630 12:31:03.897673 23294 ts_tablet_manager.cc:1403] T 014a62a53fc24e7a941ebc5494ab7d8b P fdd8f1ddd72d473baf30febf32fcb4b7: Time spent bootstrapping tablet: real 0.097s	user 0.008s	sys 0.006s
I20260630 12:31:03.897310 23151 raft_consensus.cc:515] T 00512688fae346fcaddf2c7324a6d0e0 P bb17ff0af64648919436c165f7184530 [term 1 FOLLOWER]: Starting leader election with config: opid_index: -1 OBSOLETE_local: false peers { permanent_uuid: "62c6e21915ef49069984c56f81e2231a" member_type: VOTER last_known_addr { host: "127.19.123.132" port: 34995 } } peers { permanent_uuid: "bb17ff0af64648919436c165f7184530" member_type: VOTER last_known_addr { host: "127.19.123.129" port: 34599 } } peers { permanent_uuid: "17df0dd9dd4d46b7b5d228c3d9bd63d1" member_type: VOTER last_known_addr { host: "127.19.123.131" port: 34479 } }
I20260630 12:31:03.902781 23294 raft_consensus.cc:359] T 014a62a53fc24e7a941ebc5494ab7d8b P fdd8f1ddd72d473baf30febf32fcb4b7 [term 0 FOLLOWER]: Replica starting. Triggering 0 pending ops. Active config: opid_index: -1 OBSOLETE_local: false peers { permanent_uuid: "fdd8f1ddd72d473baf30febf32fcb4b7" member_type: VOTER last_known_addr { host: "127.19.123.130" port: 41973 } } peers { permanent_uuid: "62c6e21915ef49069984c56f81e2231a" member_type: VOTER last_known_addr { host: "127.19.123.132" port: 34995 } } peers { permanent_uuid: "bb17ff0af64648919436c165f7184530" member_type: VOTER last_known_addr { host: "127.19.123.129" port: 34599 } }
I20260630 12:31:03.903568 23294 raft_consensus.cc:385] T 014a62a53fc24e7a941ebc5494ab7d8b P fdd8f1ddd72d473baf30febf32fcb4b7 [term 0 FOLLOWER]: Consensus starting up: Expiring failure detector timer to make a prompt election more likely
I20260630 12:31:03.903882 23294 raft_consensus.cc:740] T 014a62a53fc24e7a941ebc5494ab7d8b P fdd8f1ddd72d473baf30febf32fcb4b7 [term 0 FOLLOWER]: Becoming Follower/Learner. State: Replica: fdd8f1ddd72d473baf30febf32fcb4b7, State: Initialized, Role: FOLLOWER
I20260630 12:31:03.904692 23294 consensus_queue.cc:260] T 014a62a53fc24e7a941ebc5494ab7d8b P fdd8f1ddd72d473baf30febf32fcb4b7 [NON_LEADER]: Queue going to NON_LEADER mode. State: All replicated index: 0, Majority replicated index: 0, Committed index: 0, Last appended: 0.0, Last appended by leader: 0, Current term: 0, Majority size: -1, State: 0, Mode: NON_LEADER, active raft config: opid_index: -1 OBSOLETE_local: false peers { permanent_uuid: "fdd8f1ddd72d473baf30febf32fcb4b7" member_type: VOTER last_known_addr { host: "127.19.123.130" port: 41973 } } peers { permanent_uuid: "62c6e21915ef49069984c56f81e2231a" member_type: VOTER last_known_addr { host: "127.19.123.132" port: 34995 } } peers { permanent_uuid: "bb17ff0af64648919436c165f7184530" member_type: VOTER last_known_addr { host: "127.19.123.129" port: 34599 } }
I20260630 12:31:03.905519 23100 tablet_service.cc:1917] Received RequestConsensusVote() RPC: tablet_id: "00512688fae346fcaddf2c7324a6d0e0" candidate_uuid: "bb17ff0af64648919436c165f7184530" candidate_term: 1 candidate_status { last_received { term: 0 index: 0 } } ignore_live_leader: false dest_uuid: "17df0dd9dd4d46b7b5d228c3d9bd63d1"
I20260630 12:31:03.906109 23100 raft_consensus.cc:3060] T 00512688fae346fcaddf2c7324a6d0e0 P 17df0dd9dd4d46b7b5d228c3d9bd63d1 [term 0 FOLLOWER]: Advancing to term 1
I20260630 12:31:03.907218 23294 ts_tablet_manager.cc:1434] T 014a62a53fc24e7a941ebc5494ab7d8b P fdd8f1ddd72d473baf30febf32fcb4b7: Time spent starting tablet: real 0.009s	user 0.005s	sys 0.003s
I20260630 12:31:03.908298 23294 tablet_bootstrap.cc:492] T e3f7407cce7840dfab60bc9a6843f0e3 P fdd8f1ddd72d473baf30febf32fcb4b7: Bootstrap starting.
I20260630 12:31:03.914407 23294 tablet_bootstrap.cc:654] T e3f7407cce7840dfab60bc9a6843f0e3 P fdd8f1ddd72d473baf30febf32fcb4b7: Neither blocks nor log segments found. Creating new log.
I20260630 12:31:03.919435 23100 raft_consensus.cc:2468] T 00512688fae346fcaddf2c7324a6d0e0 P 17df0dd9dd4d46b7b5d228c3d9bd63d1 [term 1 FOLLOWER]: Leader election vote request: Granting yes vote for candidate bb17ff0af64648919436c165f7184530 in term 1.
I20260630 12:31:03.919917 23297 tablet_bootstrap.cc:654] T 014a62a53fc24e7a941ebc5494ab7d8b P 62c6e21915ef49069984c56f81e2231a: Neither blocks nor log segments found. Creating new log.
I20260630 12:31:03.925551 23151 leader_election.cc:290] T 00512688fae346fcaddf2c7324a6d0e0 P bb17ff0af64648919436c165f7184530 [CANDIDATE]: Term 1 election: Requested vote from peers 62c6e21915ef49069984c56f81e2231a (127.19.123.132:34995), 17df0dd9dd4d46b7b5d228c3d9bd63d1 (127.19.123.131:34479)
I20260630 12:31:03.927002 22916 leader_election.cc:304] T 00512688fae346fcaddf2c7324a6d0e0 P bb17ff0af64648919436c165f7184530 [CANDIDATE]: Term 1 election: Election decided. Result: candidate won. Election summary: received 2 responses out of 3 voters: 2 yes votes; 0 no votes. yes voters: 17df0dd9dd4d46b7b5d228c3d9bd63d1, bb17ff0af64648919436c165f7184530; no voters: 
I20260630 12:31:03.930348 23151 raft_consensus.cc:2804] T 00512688fae346fcaddf2c7324a6d0e0 P bb17ff0af64648919436c165f7184530 [term 1 FOLLOWER]: Leader election won for term 1
I20260630 12:31:03.932219 23151 raft_consensus.cc:697] T 00512688fae346fcaddf2c7324a6d0e0 P bb17ff0af64648919436c165f7184530 [term 1 LEADER]: Becoming Leader. State: Replica: bb17ff0af64648919436c165f7184530, State: Running, Role: LEADER
I20260630 12:31:03.933336 23151 consensus_queue.cc:237] T 00512688fae346fcaddf2c7324a6d0e0 P bb17ff0af64648919436c165f7184530 [LEADER]: Queue going to LEADER mode. State: All replicated index: 0, Majority replicated index: 0, Committed index: 0, Last appended: 0.0, Last appended by leader: 0, Current term: 1, Majority size: 2, State: 0, Mode: LEADER, active raft config: opid_index: -1 OBSOLETE_local: false peers { permanent_uuid: "62c6e21915ef49069984c56f81e2231a" member_type: VOTER last_known_addr { host: "127.19.123.132" port: 34995 } } peers { permanent_uuid: "bb17ff0af64648919436c165f7184530" member_type: VOTER last_known_addr { host: "127.19.123.129" port: 34599 } } peers { permanent_uuid: "17df0dd9dd4d46b7b5d228c3d9bd63d1" member_type: VOTER last_known_addr { host: "127.19.123.131" port: 34479 } }
I20260630 12:31:03.944384 23293 tablet_bootstrap.cc:492] T 014a62a53fc24e7a941ebc5494ab7d8b P bb17ff0af64648919436c165f7184530: No bootstrap required, opened a new log
I20260630 12:31:03.945259 23293 ts_tablet_manager.cc:1403] T 014a62a53fc24e7a941ebc5494ab7d8b P bb17ff0af64648919436c165f7184530: Time spent bootstrapping tablet: real 0.065s	user 0.022s	sys 0.039s
I20260630 12:31:03.950153 23254 tablet_service.cc:1917] Received RequestConsensusVote() RPC: tablet_id: "00512688fae346fcaddf2c7324a6d0e0" candidate_uuid: "bb17ff0af64648919436c165f7184530" candidate_term: 1 candidate_status { last_received { term: 0 index: 0 } } ignore_live_leader: false dest_uuid: "62c6e21915ef49069984c56f81e2231a" is_pre_election: true
I20260630 12:31:03.949536 23293 raft_consensus.cc:359] T 014a62a53fc24e7a941ebc5494ab7d8b P bb17ff0af64648919436c165f7184530 [term 0 FOLLOWER]: Replica starting. Triggering 0 pending ops. Active config: opid_index: -1 OBSOLETE_local: false peers { permanent_uuid: "fdd8f1ddd72d473baf30febf32fcb4b7" member_type: VOTER last_known_addr { host: "127.19.123.130" port: 41973 } } peers { permanent_uuid: "62c6e21915ef49069984c56f81e2231a" member_type: VOTER last_known_addr { host: "127.19.123.132" port: 34995 } } peers { permanent_uuid: "bb17ff0af64648919436c165f7184530" member_type: VOTER last_known_addr { host: "127.19.123.129" port: 34599 } }
I20260630 12:31:03.951122 23293 raft_consensus.cc:385] T 014a62a53fc24e7a941ebc5494ab7d8b P bb17ff0af64648919436c165f7184530 [term 0 FOLLOWER]: Consensus starting up: Expiring failure detector timer to make a prompt election more likely
I20260630 12:31:03.951802 23293 raft_consensus.cc:740] T 014a62a53fc24e7a941ebc5494ab7d8b P bb17ff0af64648919436c165f7184530 [term 0 FOLLOWER]: Becoming Follower/Learner. State: Replica: bb17ff0af64648919436c165f7184530, State: Initialized, Role: FOLLOWER
I20260630 12:31:03.952330 23253 tablet_service.cc:1917] Received RequestConsensusVote() RPC: tablet_id: "00512688fae346fcaddf2c7324a6d0e0" candidate_uuid: "bb17ff0af64648919436c165f7184530" candidate_term: 1 candidate_status { last_received { term: 0 index: 0 } } ignore_live_leader: false dest_uuid: "62c6e21915ef49069984c56f81e2231a"
I20260630 12:31:03.953080 23293 consensus_queue.cc:260] T 014a62a53fc24e7a941ebc5494ab7d8b P bb17ff0af64648919436c165f7184530 [NON_LEADER]: Queue going to NON_LEADER mode. State: All replicated index: 0, Majority replicated index: 0, Committed index: 0, Last appended: 0.0, Last appended by leader: 0, Current term: 0, Majority size: -1, State: 0, Mode: NON_LEADER, active raft config: opid_index: -1 OBSOLETE_local: false peers { permanent_uuid: "fdd8f1ddd72d473baf30febf32fcb4b7" member_type: VOTER last_known_addr { host: "127.19.123.130" port: 41973 } } peers { permanent_uuid: "62c6e21915ef49069984c56f81e2231a" member_type: VOTER last_known_addr { host: "127.19.123.132" port: 34995 } } peers { permanent_uuid: "bb17ff0af64648919436c165f7184530" member_type: VOTER last_known_addr { host: "127.19.123.129" port: 34599 } }
