I20260630 12:31:04.774778 23309 consensus_queue.cc:237] T 796d4305d09d4141855771e361931c33 P 64b2af4fbfeb4812bf066e9d296e441c [LEADER]: Queue going to LEADER mode. State: All replicated index: 0, Majority replicated index: 1, Committed index: 1, Last appended: 1.1, Last appended by leader: 0, Current term: 1, Majority size: 2, State: 0, Mode: LEADER, active raft config: opid_index: 2 OBSOLETE_local: false peers { permanent_uuid: "c497257803a24a698b95c8809205f7ad" member_type: VOTER last_known_addr { host: "127.19.168.129" port: 37105 } } peers { permanent_uuid: "5b293fc3b67540e3a983ba94376b1910" member_type: VOTER last_known_addr { host: "127.19.168.130" port: 39015 } attrs { replace: true } } peers { permanent_uuid: "64b2af4fbfeb4812bf066e9d296e441c" member_type: VOTER last_known_addr { host: "127.19.168.131" port: 45895 } } peers { permanent_uuid: "a680a28d59c64033a2659f625330c501" member_type: NON_VOTER last_known_addr { host: "127.19.168.132" port: 46493 } attrs { promote: true } }
I20260630 12:31:04.776443 23056 catalog_manager.cc:5697] T fb69b351e6374ab6bb4648904eee6ab3 P a680a28d59c64033a2659f625330c501 reported cstate change: config changed from index -1 to 2, NON_VOTER 5b293fc3b67540e3a983ba94376b1910 (127.19.168.130) added. New cstate: current_term: 1 leader_uuid: "c497257803a24a698b95c8809205f7ad" committed_config { opid_index: 2 OBSOLETE_local: false peers { permanent_uuid: "a680a28d59c64033a2659f625330c501" member_type: VOTER last_known_addr { host: "127.19.168.132" port: 46493 } attrs { replace: true } } peers { permanent_uuid: "64b2af4fbfeb4812bf066e9d296e441c" member_type: VOTER last_known_addr { host: "127.19.168.131" port: 45895 } } peers { permanent_uuid: "c497257803a24a698b95c8809205f7ad" member_type: VOTER last_known_addr { host: "127.19.168.129" port: 37105 } } peers { permanent_uuid: "5b293fc3b67540e3a983ba94376b1910" member_type: NON_VOTER last_known_addr { host: "127.19.168.130" port: 39015 } attrs { promote: true } } }
I20260630 12:31:04.781188 23236 raft_consensus.cc:1275] T 796d4305d09d4141855771e361931c33 P 5b293fc3b67540e3a983ba94376b1910 [term 1 FOLLOWER]: Refusing update from remote peer 64b2af4fbfeb4812bf066e9d296e441c: Log matching property violated. Preceding OpId in replica: term: 1 index: 1. Preceding OpId from leader: term: 1 index: 2. (index mismatch)
I20260630 12:31:04.782639 23640 consensus_queue.cc:1048] T 796d4305d09d4141855771e361931c33 P 64b2af4fbfeb4812bf066e9d296e441c [LEADER]: Connected to new peer: Peer: permanent_uuid: "5b293fc3b67540e3a983ba94376b1910" member_type: VOTER last_known_addr { host: "127.19.168.130" port: 39015 } attrs { replace: true }, Status: LMP_MISMATCH, Last received: 0.0, Next index: 2, Last known committed idx: 1, Time since last communication: 0.000s
I20260630 12:31:04.783924 23158 raft_consensus.cc:1275] T 796d4305d09d4141855771e361931c33 P c497257803a24a698b95c8809205f7ad [term 1 FOLLOWER]: Refusing update from remote peer 64b2af4fbfeb4812bf066e9d296e441c: Log matching property violated. Preceding OpId in replica: term: 1 index: 1. Preceding OpId from leader: term: 1 index: 2. (index mismatch)
W20260630 12:31:04.784343 23276 consensus_peers.cc:597] T 796d4305d09d4141855771e361931c33 P 64b2af4fbfeb4812bf066e9d296e441c -> Peer a680a28d59c64033a2659f625330c501 (127.19.168.132:46493): Couldn't send request to peer a680a28d59c64033a2659f625330c501. Error code: TABLET_NOT_FOUND (6). Status: Not found: Tablet not found: 796d4305d09d4141855771e361931c33. This is attempt 1: this message will repeat every 5th retry.
I20260630 12:31:04.785243 23640 consensus_queue.cc:1048] T 796d4305d09d4141855771e361931c33 P 64b2af4fbfeb4812bf066e9d296e441c [LEADER]: Connected to new peer: Peer: permanent_uuid: "c497257803a24a698b95c8809205f7ad" member_type: VOTER last_known_addr { host: "127.19.168.129" port: 37105 }, Status: LMP_MISMATCH, Last received: 0.0, Next index: 2, Last known committed idx: 1, Time since last communication: 0.000s
I20260630 12:31:04.798496 23640 raft_consensus.cc:2955] T 796d4305d09d4141855771e361931c33 P 64b2af4fbfeb4812bf066e9d296e441c [term 1 LEADER]: Committing config change with OpId 1.2: config changed from index -1 to 2, NON_VOTER a680a28d59c64033a2659f625330c501 (127.19.168.132) added. New config: { opid_index: 2 OBSOLETE_local: false peers { permanent_uuid: "c497257803a24a698b95c8809205f7ad" member_type: VOTER last_known_addr { host: "127.19.168.129" port: 37105 } } peers { permanent_uuid: "5b293fc3b67540e3a983ba94376b1910" member_type: VOTER last_known_addr { host: "127.19.168.130" port: 39015 } attrs { replace: true } } peers { permanent_uuid: "64b2af4fbfeb4812bf066e9d296e441c" member_type: VOTER last_known_addr { host: "127.19.168.131" port: 45895 } } peers { permanent_uuid: "a680a28d59c64033a2659f625330c501" member_type: NON_VOTER last_known_addr { host: "127.19.168.132" port: 46493 } attrs { promote: true } } }
I20260630 12:31:04.801442 23236 raft_consensus.cc:2955] T 796d4305d09d4141855771e361931c33 P 5b293fc3b67540e3a983ba94376b1910 [term 1 FOLLOWER]: Committing config change with OpId 1.2: config changed from index -1 to 2, NON_VOTER a680a28d59c64033a2659f625330c501 (127.19.168.132) added. New config: { opid_index: 2 OBSOLETE_local: false peers { permanent_uuid: "c497257803a24a698b95c8809205f7ad" member_type: VOTER last_known_addr { host: "127.19.168.129" port: 37105 } } peers { permanent_uuid: "5b293fc3b67540e3a983ba94376b1910" member_type: VOTER last_known_addr { host: "127.19.168.130" port: 39015 } attrs { replace: true } } peers { permanent_uuid: "64b2af4fbfeb4812bf066e9d296e441c" member_type: VOTER last_known_addr { host: "127.19.168.131" port: 45895 } } peers { permanent_uuid: "a680a28d59c64033a2659f625330c501" member_type: NON_VOTER last_known_addr { host: "127.19.168.132" port: 46493 } attrs { promote: true } } }
I20260630 12:31:04.805775 23158 raft_consensus.cc:2955] T 796d4305d09d4141855771e361931c33 P c497257803a24a698b95c8809205f7ad [term 1 FOLLOWER]: Committing config change with OpId 1.2: config changed from index -1 to 2, NON_VOTER a680a28d59c64033a2659f625330c501 (127.19.168.132) added. New config: { opid_index: 2 OBSOLETE_local: false peers { permanent_uuid: "c497257803a24a698b95c8809205f7ad" member_type: VOTER last_known_addr { host: "127.19.168.129" port: 37105 } } peers { permanent_uuid: "5b293fc3b67540e3a983ba94376b1910" member_type: VOTER last_known_addr { host: "127.19.168.130" port: 39015 } attrs { replace: true } } peers { permanent_uuid: "64b2af4fbfeb4812bf066e9d296e441c" member_type: VOTER last_known_addr { host: "127.19.168.131" port: 45895 } } peers { permanent_uuid: "a680a28d59c64033a2659f625330c501" member_type: NON_VOTER last_known_addr { host: "127.19.168.132" port: 46493 } attrs { promote: true } } }
I20260630 12:31:04.812104 23056 catalog_manager.cc:5697] T 796d4305d09d4141855771e361931c33 P 64b2af4fbfeb4812bf066e9d296e441c reported cstate change: config changed from index -1 to 2, NON_VOTER a680a28d59c64033a2659f625330c501 (127.19.168.132) added. New cstate: current_term: 1 leader_uuid: "64b2af4fbfeb4812bf066e9d296e441c" committed_config { opid_index: 2 OBSOLETE_local: false peers { permanent_uuid: "c497257803a24a698b95c8809205f7ad" member_type: VOTER last_known_addr { host: "127.19.168.129" port: 37105 } health_report { overall_health: HEALTHY } } peers { permanent_uuid: "5b293fc3b67540e3a983ba94376b1910" member_type: VOTER last_known_addr { host: "127.19.168.130" port: 39015 } attrs { replace: true } health_report { overall_health: HEALTHY } } peers { permanent_uuid: "64b2af4fbfeb4812bf066e9d296e441c" member_type: VOTER last_known_addr { host: "127.19.168.131" port: 45895 } health_report { overall_health: HEALTHY } } peers { permanent_uuid: "a680a28d59c64033a2659f625330c501" member_type: NON_VOTER last_known_addr { host: "127.19.168.132" port: 46493 } attrs { promote: true } health_report { overall_health: UNKNOWN } } }
I20260630 12:31:04.909209 23236 raft_consensus.cc:1275] T 74b9c994615a4fd88a5ac02473624098 P 5b293fc3b67540e3a983ba94376b1910 [term 2 FOLLOWER]: Refusing update from remote peer a680a28d59c64033a2659f625330c501: Log matching property violated. Preceding OpId in replica: term: 1 index: 1. Preceding OpId from leader: term: 2 index: 2. (index mismatch)
I20260630 12:31:04.910585 23653 consensus_queue.cc:1048] T 74b9c994615a4fd88a5ac02473624098 P a680a28d59c64033a2659f625330c501 [LEADER]: Connected to new peer: Peer: permanent_uuid: "5b293fc3b67540e3a983ba94376b1910" member_type: VOTER last_known_addr { host: "127.19.168.130" port: 39015 }, Status: LMP_MISMATCH, Last received: 0.0, Next index: 2, Last known committed idx: 1, Time since last communication: 0.000s
I20260630 12:31:04.924983 23309 raft_consensus.cc:1275] T 74b9c994615a4fd88a5ac02473624098 P 64b2af4fbfeb4812bf066e9d296e441c [term 2 FOLLOWER]: Refusing update from remote peer a680a28d59c64033a2659f625330c501: Log matching property violated. Preceding OpId in replica: term: 1 index: 1. Preceding OpId from leader: term: 2 index: 2. (index mismatch)
I20260630 12:31:04.927749 23653 consensus_queue.cc:1048] T 74b9c994615a4fd88a5ac02473624098 P a680a28d59c64033a2659f625330c501 [LEADER]: Connected to new peer: Peer: permanent_uuid: "64b2af4fbfeb4812bf066e9d296e441c" member_type: VOTER last_known_addr { host: "127.19.168.131" port: 45895 }, Status: LMP_MISMATCH, Last received: 0.0, Next index: 2, Last known committed idx: 1, Time since last communication: 0.000s
I20260630 12:31:05.047403 23309 raft_consensus.cc:1275] T cdf05a9a59c74e5da65e13337b9f48d8 P 64b2af4fbfeb4812bf066e9d296e441c [term 2 FOLLOWER]: Refusing update from remote peer a680a28d59c64033a2659f625330c501: Log matching property violated. Preceding OpId in replica: term: 1 index: 1. Preceding OpId from leader: term: 2 index: 2. (index mismatch)
I20260630 12:31:05.049073 23664 consensus_queue.cc:1048] T cdf05a9a59c74e5da65e13337b9f48d8 P a680a28d59c64033a2659f625330c501 [LEADER]: Connected to new peer: Peer: permanent_uuid: "64b2af4fbfeb4812bf066e9d296e441c" member_type: VOTER last_known_addr { host: "127.19.168.131" port: 45895 }, Status: LMP_MISMATCH, Last received: 0.0, Next index: 2, Last known committed idx: 1, Time since last communication: 0.001s
I20260630 12:31:05.054059 23158 raft_consensus.cc:1275] T cdf05a9a59c74e5da65e13337b9f48d8 P c497257803a24a698b95c8809205f7ad [term 2 FOLLOWER]: Refusing update from remote peer a680a28d59c64033a2659f625330c501: Log matching property violated. Preceding OpId in replica: term: 1 index: 1. Preceding OpId from leader: term: 2 index: 2. (index mismatch)
I20260630 12:31:05.055423 23664 consensus_queue.cc:1048] T cdf05a9a59c74e5da65e13337b9f48d8 P a680a28d59c64033a2659f625330c501 [LEADER]: Connected to new peer: Peer: permanent_uuid: "c497257803a24a698b95c8809205f7ad" member_type: VOTER last_known_addr { host: "127.19.168.129" port: 37105 }, Status: LMP_MISMATCH, Last received: 0.0, Next index: 2, Last known committed idx: 1, Time since last communication: 0.002s
I20260630 12:31:05.081089 23696 ts_tablet_manager.cc:933] T 117b0d7ce8ea4a9cb641da20aae0841d P 64b2af4fbfeb4812bf066e9d296e441c: Initiating tablet copy from peer 5b293fc3b67540e3a983ba94376b1910 (127.19.168.130:39015)
I20260630 12:31:05.087445 23696 tablet_copy_client.cc:323] T 117b0d7ce8ea4a9cb641da20aae0841d P 64b2af4fbfeb4812bf066e9d296e441c: tablet copy: Beginning tablet copy session from remote peer at address 127.19.168.130:39015
I20260630 12:31:05.089990 23246 tablet_copy_service.cc:140] P 5b293fc3b67540e3a983ba94376b1910: Received BeginTabletCopySession request for tablet 117b0d7ce8ea4a9cb641da20aae0841d from peer 64b2af4fbfeb4812bf066e9d296e441c ({username='slave'} at 127.0.0.1:53036)
I20260630 12:31:05.090590 23246 tablet_copy_service.cc:161] P 5b293fc3b67540e3a983ba94376b1910: Beginning new tablet copy session on tablet 117b0d7ce8ea4a9cb641da20aae0841d from peer 64b2af4fbfeb4812bf066e9d296e441c at {username='slave'} at 127.0.0.1:53036: session id = 64b2af4fbfeb4812bf066e9d296e441c-117b0d7ce8ea4a9cb641da20aae0841d
I20260630 12:31:05.100147 23246 tablet_copy_source_session.cc:215] T 117b0d7ce8ea4a9cb641da20aae0841d P 5b293fc3b67540e3a983ba94376b1910: Tablet Copy: opened 0 blocks and 1 log segments
I20260630 12:31:05.103188 23696 data_dirs.cc:400] Could only allocate 1 dirs of requested 3 for tablet 117b0d7ce8ea4a9cb641da20aae0841d. 1 dirs total, 0 dirs full, 0 dirs failed
I20260630 12:31:05.118465 23696 tablet_copy_client.cc:806] T 117b0d7ce8ea4a9cb641da20aae0841d P 64b2af4fbfeb4812bf066e9d296e441c: tablet copy: Starting download of 0 data blocks...
I20260630 12:31:05.119107 23696 tablet_copy_client.cc:670] T 117b0d7ce8ea4a9cb641da20aae0841d P 64b2af4fbfeb4812bf066e9d296e441c: tablet copy: Starting download of 1 WAL segments...
I20260630 12:31:05.122537 23696 tablet_copy_client.cc:538] T 117b0d7ce8ea4a9cb641da20aae0841d P 64b2af4fbfeb4812bf066e9d296e441c: tablet copy: Tablet Copy complete. Replacing tablet superblock.
I20260630 12:31:05.130695 23696 tablet_bootstrap.cc:492] T 117b0d7ce8ea4a9cb641da20aae0841d P 64b2af4fbfeb4812bf066e9d296e441c: Bootstrap starting.
I20260630 12:31:05.148540 23696 tablet_bootstrap.cc:492] T 117b0d7ce8ea4a9cb641da20aae0841d P 64b2af4fbfeb4812bf066e9d296e441c: Bootstrap replayed 1/1 log segments. Stats: ops{read=2 overwritten=0 applied=2 ignored=0} inserts{seen=0 ignored=0} mutations{seen=0 ignored=0} orphaned_commits=0. Pending: 0 replicates
I20260630 12:31:05.149276 23696 tablet_bootstrap.cc:492] T 117b0d7ce8ea4a9cb641da20aae0841d P 64b2af4fbfeb4812bf066e9d296e441c: Bootstrap complete.
I20260630 12:31:05.149874 23696 ts_tablet_manager.cc:1403] T 117b0d7ce8ea4a9cb641da20aae0841d P 64b2af4fbfeb4812bf066e9d296e441c: Time spent bootstrapping tablet: real 0.019s	user 0.010s	sys 0.009s
I20260630 12:31:05.153034 23696 raft_consensus.cc:359] T 117b0d7ce8ea4a9cb641da20aae0841d P 64b2af4fbfeb4812bf066e9d296e441c [term 1 LEARNER]: Replica starting. Triggering 0 pending ops. Active config: opid_index: 2 OBSOLETE_local: false peers { permanent_uuid: "5b293fc3b67540e3a983ba94376b1910" member_type: VOTER last_known_addr { host: "127.19.168.130" port: 39015 } } peers { permanent_uuid: "a680a28d59c64033a2659f625330c501" member_type: VOTER last_known_addr { host: "127.19.168.132" port: 46493 } attrs { replace: true } } peers { permanent_uuid: "c497257803a24a698b95c8809205f7ad" member_type: VOTER last_known_addr { host: "127.19.168.129" port: 37105 } } peers { permanent_uuid: "64b2af4fbfeb4812bf066e9d296e441c" member_type: NON_VOTER last_known_addr { host: "127.19.168.131" port: 45895 } attrs { promote: true } }
I20260630 12:31:05.153888 23696 raft_consensus.cc:740] T 117b0d7ce8ea4a9cb641da20aae0841d P 64b2af4fbfeb4812bf066e9d296e441c [term 1 LEARNER]: Becoming Follower/Learner. State: Replica: 64b2af4fbfeb4812bf066e9d296e441c, State: Initialized, Role: LEARNER
I20260630 12:31:05.154534 23696 consensus_queue.cc:260] T 117b0d7ce8ea4a9cb641da20aae0841d P 64b2af4fbfeb4812bf066e9d296e441c [NON_LEADER]: Queue going to NON_LEADER mode. State: All replicated index: 0, Majority replicated index: 0, Committed index: 2, Last appended: 1.2, Last appended by leader: 2, Current term: 0, Majority size: -1, State: 0, Mode: NON_LEADER, active raft config: opid_index: 2 OBSOLETE_local: false peers { permanent_uuid: "5b293fc3b67540e3a983ba94376b1910" member_type: VOTER last_known_addr { host: "127.19.168.130" port: 39015 } } peers { permanent_uuid: "a680a28d59c64033a2659f625330c501" member_type: VOTER last_known_addr { host: "127.19.168.132" port: 46493 } attrs { replace: true } } peers { permanent_uuid: "c497257803a24a698b95c8809205f7ad" member_type: VOTER last_known_addr { host: "127.19.168.129" port: 37105 } } peers { permanent_uuid: "64b2af4fbfeb4812bf066e9d296e441c" member_type: NON_VOTER last_known_addr { host: "127.19.168.131" port: 45895 } attrs { promote: true } }
I20260630 12:31:05.156644 23696 ts_tablet_manager.cc:1434] T 117b0d7ce8ea4a9cb641da20aae0841d P 64b2af4fbfeb4812bf066e9d296e441c: Time spent starting tablet: real 0.006s	user 0.004s	sys 0.004s
I20260630 12:31:05.158432 23246 tablet_copy_service.cc:342] P 5b293fc3b67540e3a983ba94376b1910: Request end of tablet copy session 64b2af4fbfeb4812bf066e9d296e441c-117b0d7ce8ea4a9cb641da20aae0841d received from {username='slave'} at 127.0.0.1:53036
I20260630 12:31:05.158830 23246 tablet_copy_service.cc:434] P 5b293fc3b67540e3a983ba94376b1910: ending tablet copy session 64b2af4fbfeb4812bf066e9d296e441c-117b0d7ce8ea4a9cb641da20aae0841d on tablet 117b0d7ce8ea4a9cb641da20aae0841d with peer 64b2af4fbfeb4812bf066e9d296e441c
I20260630 12:31:05.199826 23700 ts_tablet_manager.cc:933] T 6c514331c8ca46deb4280a7956e82be4 P a680a28d59c64033a2659f625330c501: Initiating tablet copy from peer c497257803a24a698b95c8809205f7ad (127.19.168.129:37105)
I20260630 12:31:05.201252 23700 tablet_copy_client.cc:323] T 6c514331c8ca46deb4280a7956e82be4 P a680a28d59c64033a2659f625330c501: tablet copy: Beginning tablet copy session from remote peer at address 127.19.168.129:37105
I20260630 12:31:05.202793 23171 tablet_copy_service.cc:140] P c497257803a24a698b95c8809205f7ad: Received BeginTabletCopySession request for tablet 6c514331c8ca46deb4280a7956e82be4 from peer a680a28d59c64033a2659f625330c501 ({username='slave'} at 127.0.0.1:32786)
I20260630 12:31:05.203239 23171 tablet_copy_service.cc:161] P c497257803a24a698b95c8809205f7ad: Beginning new tablet copy session on tablet 6c514331c8ca46deb4280a7956e82be4 from peer a680a28d59c64033a2659f625330c501 at {username='slave'} at 127.0.0.1:32786: session id = a680a28d59c64033a2659f625330c501-6c514331c8ca46deb4280a7956e82be4
I20260630 12:31:05.208794 23171 tablet_copy_source_session.cc:215] T 6c514331c8ca46deb4280a7956e82be4 P c497257803a24a698b95c8809205f7ad: Tablet Copy: opened 0 blocks and 1 log segments
I20260630 12:31:05.211524 23700 data_dirs.cc:400] Could only allocate 1 dirs of requested 3 for tablet 6c514331c8ca46deb4280a7956e82be4. 1 dirs total, 0 dirs full, 0 dirs failed
I20260630 12:31:05.223878 23700 tablet_copy_client.cc:806] T 6c514331c8ca46deb4280a7956e82be4 P a680a28d59c64033a2659f625330c501: tablet copy: Starting download of 0 data blocks...
I20260630 12:31:05.224483 23700 tablet_copy_client.cc:670] T 6c514331c8ca46deb4280a7956e82be4 P a680a28d59c64033a2659f625330c501: tablet copy: Starting download of 1 WAL segments...
I20260630 12:31:05.227936 23700 tablet_copy_client.cc:538] T 6c514331c8ca46deb4280a7956e82be4 P a680a28d59c64033a2659f625330c501: tablet copy: Tablet Copy complete. Replacing tablet superblock.
I20260630 12:31:05.233875 23700 tablet_bootstrap.cc:492] T 6c514331c8ca46deb4280a7956e82be4 P a680a28d59c64033a2659f625330c501: Bootstrap starting.
I20260630 12:31:05.245935 23703 ts_tablet_manager.cc:933] T 796d4305d09d4141855771e361931c33 P a680a28d59c64033a2659f625330c501: Initiating tablet copy from peer 64b2af4fbfeb4812bf066e9d296e441c (127.19.168.131:45895)
I20260630 12:31:05.249488 23700 tablet_bootstrap.cc:492] T 6c514331c8ca46deb4280a7956e82be4 P a680a28d59c64033a2659f625330c501: Bootstrap replayed 1/1 log segments. Stats: ops{read=2 overwritten=0 applied=2 ignored=0} inserts{seen=0 ignored=0} mutations{seen=0 ignored=0} orphaned_commits=0. Pending: 0 replicates
I20260630 12:31:05.250453 23700 tablet_bootstrap.cc:492] T 6c514331c8ca46deb4280a7956e82be4 P a680a28d59c64033a2659f625330c501: Bootstrap complete.
I20260630 12:31:05.251361 23700 ts_tablet_manager.cc:1403] T 6c514331c8ca46deb4280a7956e82be4 P a680a28d59c64033a2659f625330c501: Time spent bootstrapping tablet: real 0.018s	user 0.013s	sys 0.004s
I20260630 12:31:05.252628 23703 tablet_copy_client.cc:323] T 796d4305d09d4141855771e361931c33 P a680a28d59c64033a2659f625330c501: tablet copy: Beginning tablet copy session from remote peer at address 127.19.168.131:45895
I20260630 12:31:05.254331 23319 tablet_copy_service.cc:140] P 64b2af4fbfeb4812bf066e9d296e441c: Received BeginTabletCopySession request for tablet 796d4305d09d4141855771e361931c33 from peer a680a28d59c64033a2659f625330c501 ({username='slave'} at 127.0.0.1:49876)
I20260630 12:31:05.254835 23319 tablet_copy_service.cc:161] P 64b2af4fbfeb4812bf066e9d296e441c: Beginning new tablet copy session on tablet 796d4305d09d4141855771e361931c33 from peer a680a28d59c64033a2659f625330c501 at {username='slave'} at 127.0.0.1:49876: session id = a680a28d59c64033a2659f625330c501-796d4305d09d4141855771e361931c33
I20260630 12:31:05.254334 23700 raft_consensus.cc:359] T 6c514331c8ca46deb4280a7956e82be4 P a680a28d59c64033a2659f625330c501 [term 1 LEARNER]: Replica starting. Triggering 0 pending ops. Active config: opid_index: 2 OBSOLETE_local: false peers { permanent_uuid: "c497257803a24a698b95c8809205f7ad" member_type: VOTER last_known_addr { host: "127.19.168.129" port: 37105 } } peers { permanent_uuid: "5b293fc3b67540e3a983ba94376b1910" member_type: VOTER last_known_addr { host: "127.19.168.130" port: 39015 } } peers { permanent_uuid: "64b2af4fbfeb4812bf066e9d296e441c" member_type: VOTER last_known_addr { host: "127.19.168.131" port: 45895 } attrs { replace: true } } peers { permanent_uuid: "a680a28d59c64033a2659f625330c501" member_type: NON_VOTER last_known_addr { host: "127.19.168.132" port: 46493 } attrs { promote: true } }
I20260630 12:31:05.255326 23700 raft_consensus.cc:740] T 6c514331c8ca46deb4280a7956e82be4 P a680a28d59c64033a2659f625330c501 [term 1 LEARNER]: Becoming Follower/Learner. State: Replica: a680a28d59c64033a2659f625330c501, State: Initialized, Role: LEARNER
I20260630 12:31:05.256060 23700 consensus_queue.cc:260] T 6c514331c8ca46deb4280a7956e82be4 P a680a28d59c64033a2659f625330c501 [NON_LEADER]: Queue going to NON_LEADER mode. State: All replicated index: 0, Majority replicated index: 0, Committed index: 2, Last appended: 1.2, Last appended by leader: 2, Current term: 0, Majority size: -1, State: 0, Mode: NON_LEADER, active raft config: opid_index: 2 OBSOLETE_local: false peers { permanent_uuid: "c497257803a24a698b95c8809205f7ad" member_type: VOTER last_known_addr { host: "127.19.168.129" port: 37105 } } peers { permanent_uuid: "5b293fc3b67540e3a983ba94376b1910" member_type: VOTER last_known_addr { host: "127.19.168.130" port: 39015 } } peers { permanent_uuid: "64b2af4fbfeb4812bf066e9d296e441c" member_type: VOTER last_known_addr { host: "127.19.168.131" port: 45895 } attrs { replace: true } } peers { permanent_uuid: "a680a28d59c64033a2659f625330c501" member_type: NON_VOTER last_known_addr { host: "127.19.168.132" port: 46493 } attrs { promote: true } }
I20260630 12:31:05.261196 23700 ts_tablet_manager.cc:1434] T 6c514331c8ca46deb4280a7956e82be4 P a680a28d59c64033a2659f625330c501: Time spent starting tablet: real 0.009s	user 0.003s	sys 0.003s
I20260630 12:31:05.261596 23319 tablet_copy_source_session.cc:215] T 796d4305d09d4141855771e361931c33 P 64b2af4fbfeb4812bf066e9d296e441c: Tablet Copy: opened 0 blocks and 1 log segments
I20260630 12:31:05.262890 23171 tablet_copy_service.cc:342] P c497257803a24a698b95c8809205f7ad: Request end of tablet copy session a680a28d59c64033a2659f625330c501-6c514331c8ca46deb4280a7956e82be4 received from {username='slave'} at 127.0.0.1:32786
I20260630 12:31:05.263386 23171 tablet_copy_service.cc:434] P c497257803a24a698b95c8809205f7ad: ending tablet copy session a680a28d59c64033a2659f625330c501-6c514331c8ca46deb4280a7956e82be4 on tablet 6c514331c8ca46deb4280a7956e82be4 with peer a680a28d59c64033a2659f625330c501
I20260630 12:31:05.265887 23703 data_dirs.cc:400] Could only allocate 1 dirs of requested 3 for tablet 796d4305d09d4141855771e361931c33. 1 dirs total, 0 dirs full, 0 dirs failed
I20260630 12:31:05.277148 23703 tablet_copy_client.cc:806] T 796d4305d09d4141855771e361931c33 P a680a28d59c64033a2659f625330c501: tablet copy: Starting download of 0 data blocks...
I20260630 12:31:05.277719 23703 tablet_copy_client.cc:670] T 796d4305d09d4141855771e361931c33 P a680a28d59c64033a2659f625330c501: tablet copy: Starting download of 1 WAL segments...
I20260630 12:31:05.281642 23703 tablet_copy_client.cc:538] T 796d4305d09d4141855771e361931c33 P a680a28d59c64033a2659f625330c501: tablet copy: Tablet Copy complete. Replacing tablet superblock.
I20260630 12:31:05.288636 23703 tablet_bootstrap.cc:492] T 796d4305d09d4141855771e361931c33 P a680a28d59c64033a2659f625330c501: Bootstrap starting.
I20260630 12:31:05.303649 23703 tablet_bootstrap.cc:492] T 796d4305d09d4141855771e361931c33 P a680a28d59c64033a2659f625330c501: Bootstrap replayed 1/1 log segments. Stats: ops{read=2 overwritten=0 applied=2 ignored=0} inserts{seen=0 ignored=0} mutations{seen=0 ignored=0} orphaned_commits=0. Pending: 0 replicates
I20260630 12:31:05.304601 23703 tablet_bootstrap.cc:492] T 796d4305d09d4141855771e361931c33 P a680a28d59c64033a2659f625330c501: Bootstrap complete.
I20260630 12:31:05.305249 23703 ts_tablet_manager.cc:1403] T 796d4305d09d4141855771e361931c33 P a680a28d59c64033a2659f625330c501: Time spent bootstrapping tablet: real 0.017s	user 0.014s	sys 0.006s
I20260630 12:31:05.308003 23703 raft_consensus.cc:359] T 796d4305d09d4141855771e361931c33 P a680a28d59c64033a2659f625330c501 [term 1 LEARNER]: Replica starting. Triggering 0 pending ops. Active config: opid_index: 2 OBSOLETE_local: false peers { permanent_uuid: "c497257803a24a698b95c8809205f7ad" member_type: VOTER last_known_addr { host: "127.19.168.129" port: 37105 } } peers { permanent_uuid: "5b293fc3b67540e3a983ba94376b1910" member_type: VOTER last_known_addr { host: "127.19.168.130" port: 39015 } attrs { replace: true } } peers { permanent_uuid: "64b2af4fbfeb4812bf066e9d296e441c" member_type: VOTER last_known_addr { host: "127.19.168.131" port: 45895 } } peers { permanent_uuid: "a680a28d59c64033a2659f625330c501" member_type: NON_VOTER last_known_addr { host: "127.19.168.132" port: 46493 } attrs { promote: true } }
I20260630 12:31:05.308830 23703 raft_consensus.cc:740] T 796d4305d09d4141855771e361931c33 P a680a28d59c64033a2659f625330c501 [term 1 LEARNER]: Becoming Follower/Learner. State: Replica: a680a28d59c64033a2659f625330c501, State: Initialized, Role: LEARNER
I20260630 12:31:05.309544 23703 consensus_queue.cc:260] T 796d4305d09d4141855771e361931c33 P a680a28d59c64033a2659f625330c501 [NON_LEADER]: Queue going to NON_LEADER mode. State: All replicated index: 0, Majority replicated index: 0, Committed index: 2, Last appended: 1.2, Last appended by leader: 2, Current term: 0, Majority size: -1, State: 0, Mode: NON_LEADER, active raft config: opid_index: 2 OBSOLETE_local: false peers { permanent_uuid: "c497257803a24a698b95c8809205f7ad" member_type: VOTER last_known_addr { host: "127.19.168.129" port: 37105 } } peers { permanent_uuid: "5b293fc3b67540e3a983ba94376b1910" member_type: VOTER last_known_addr { host: "127.19.168.130" port: 39015 } attrs { replace: true } } peers { permanent_uuid: "64b2af4fbfeb4812bf066e9d296e441c" member_type: VOTER last_known_addr { host: "127.19.168.131" port: 45895 } } peers { permanent_uuid: "a680a28d59c64033a2659f625330c501" member_type: NON_VOTER last_known_addr { host: "127.19.168.132" port: 46493 } attrs { promote: true } }
I20260630 12:31:05.311450 23703 ts_tablet_manager.cc:1434] T 796d4305d09d4141855771e361931c33 P a680a28d59c64033a2659f625330c501: Time spent starting tablet: real 0.006s	user 0.001s	sys 0.004s
I20260630 12:31:05.313378 23319 tablet_copy_service.cc:342] P 64b2af4fbfeb4812bf066e9d296e441c: Request end of tablet copy session a680a28d59c64033a2659f625330c501-796d4305d09d4141855771e361931c33 received from {username='slave'} at 127.0.0.1:49876
I20260630 12:31:05.313800 23319 tablet_copy_service.cc:434] P 64b2af4fbfeb4812bf066e9d296e441c: ending tablet copy session a680a28d59c64033a2659f625330c501-796d4305d09d4141855771e361931c33 on tablet 796d4305d09d4141855771e361931c33 with peer a680a28d59c64033a2659f625330c501
I20260630 12:31:05.348078 23706 ts_tablet_manager.cc:933] T fb69b351e6374ab6bb4648904eee6ab3 P 5b293fc3b67540e3a983ba94376b1910: Initiating tablet copy from peer c497257803a24a698b95c8809205f7ad (127.19.168.129:37105)
I20260630 12:31:05.349840 23706 tablet_copy_client.cc:323] T fb69b351e6374ab6bb4648904eee6ab3 P 5b293fc3b67540e3a983ba94376b1910: tablet copy: Beginning tablet copy session from remote peer at address 127.19.168.129:37105
I20260630 12:31:05.351320 23171 tablet_copy_service.cc:140] P c497257803a24a698b95c8809205f7ad: Received BeginTabletCopySession request for tablet fb69b351e6374ab6bb4648904eee6ab3 from peer 5b293fc3b67540e3a983ba94376b1910 ({username='slave'} at 127.0.0.1:32770)
I20260630 12:31:05.351810 23171 tablet_copy_service.cc:161] P c497257803a24a698b95c8809205f7ad: Beginning new tablet copy session on tablet fb69b351e6374ab6bb4648904eee6ab3 from peer 5b293fc3b67540e3a983ba94376b1910 at {username='slave'} at 127.0.0.1:32770: session id = 5b293fc3b67540e3a983ba94376b1910-fb69b351e6374ab6bb4648904eee6ab3
I20260630 12:31:05.359362 23171 tablet_copy_source_session.cc:215] T fb69b351e6374ab6bb4648904eee6ab3 P c497257803a24a698b95c8809205f7ad: Tablet Copy: opened 0 blocks and 1 log segments
I20260630 12:31:05.362145 23706 data_dirs.cc:400] Could only allocate 1 dirs of requested 3 for tablet fb69b351e6374ab6bb4648904eee6ab3. 1 dirs total, 0 dirs full, 0 dirs failed
I20260630 12:31:05.377049 23706 tablet_copy_client.cc:806] T fb69b351e6374ab6bb4648904eee6ab3 P 5b293fc3b67540e3a983ba94376b1910: tablet copy: Starting download of 0 data blocks...
I20260630 12:31:05.377619 23706 tablet_copy_client.cc:670] T fb69b351e6374ab6bb4648904eee6ab3 P 5b293fc3b67540e3a983ba94376b1910: tablet copy: Starting download of 1 WAL segments...
I20260630 12:31:05.380966 23706 tablet_copy_client.cc:538] T fb69b351e6374ab6bb4648904eee6ab3 P 5b293fc3b67540e3a983ba94376b1910: tablet copy: Tablet Copy complete. Replacing tablet superblock.
I20260630 12:31:05.388862 23706 tablet_bootstrap.cc:492] T fb69b351e6374ab6bb4648904eee6ab3 P 5b293fc3b67540e3a983ba94376b1910: Bootstrap starting.
I20260630 12:31:05.408228 23706 tablet_bootstrap.cc:492] T fb69b351e6374ab6bb4648904eee6ab3 P 5b293fc3b67540e3a983ba94376b1910: Bootstrap replayed 1/1 log segments. Stats: ops{read=2 overwritten=0 applied=2 ignored=0} inserts{seen=0 ignored=0} mutations{seen=0 ignored=0} orphaned_commits=0. Pending: 0 replicates
I20260630 12:31:05.409180 23706 tablet_bootstrap.cc:492] T fb69b351e6374ab6bb4648904eee6ab3 P 5b293fc3b67540e3a983ba94376b1910: Bootstrap complete.
I20260630 12:31:05.409835 23706 ts_tablet_manager.cc:1403] T fb69b351e6374ab6bb4648904eee6ab3 P 5b293fc3b67540e3a983ba94376b1910: Time spent bootstrapping tablet: real 0.021s	user 0.019s	sys 0.000s
I20260630 12:31:05.412940 23706 raft_consensus.cc:359] T fb69b351e6374ab6bb4648904eee6ab3 P 5b293fc3b67540e3a983ba94376b1910 [term 1 LEARNER]: Replica starting. Triggering 0 pending ops. Active config: opid_index: 2 OBSOLETE_local: false peers { permanent_uuid: "a680a28d59c64033a2659f625330c501" member_type: VOTER last_known_addr { host: "127.19.168.132" port: 46493 } attrs { replace: true } } peers { permanent_uuid: "64b2af4fbfeb4812bf066e9d296e441c" member_type: VOTER last_known_addr { host: "127.19.168.131" port: 45895 } } peers { permanent_uuid: "c497257803a24a698b95c8809205f7ad" member_type: VOTER last_known_addr { host: "127.19.168.129" port: 37105 } } peers { permanent_uuid: "5b293fc3b67540e3a983ba94376b1910" member_type: NON_VOTER last_known_addr { host: "127.19.168.130" port: 39015 } attrs { promote: true } }
I20260630 12:31:05.413808 23706 raft_consensus.cc:740] T fb69b351e6374ab6bb4648904eee6ab3 P 5b293fc3b67540e3a983ba94376b1910 [term 1 LEARNER]: Becoming Follower/Learner. State: Replica: 5b293fc3b67540e3a983ba94376b1910, State: Initialized, Role: LEARNER
I20260630 12:31:05.414454 23706 consensus_queue.cc:260] T fb69b351e6374ab6bb4648904eee6ab3 P 5b293fc3b67540e3a983ba94376b1910 [NON_LEADER]: Queue going to NON_LEADER mode. State: All replicated index: 0, Majority replicated index: 0, Committed index: 2, Last appended: 1.2, Last appended by leader: 2, Current term: 0, Majority size: -1, State: 0, Mode: NON_LEADER, active raft config: opid_index: 2 OBSOLETE_local: false peers { permanent_uuid: "a680a28d59c64033a2659f625330c501" member_type: VOTER last_known_addr { host: "127.19.168.132" port: 46493 } attrs { replace: true } } peers { permanent_uuid: "64b2af4fbfeb4812bf066e9d296e441c" member_type: VOTER last_known_addr { host: "127.19.168.131" port: 45895 } } peers { permanent_uuid: "c497257803a24a698b95c8809205f7ad" member_type: VOTER last_known_addr { host: "127.19.168.129" port: 37105 } } peers { permanent_uuid: "5b293fc3b67540e3a983ba94376b1910" member_type: NON_VOTER last_known_addr { host: "127.19.168.130" port: 39015 } attrs { promote: true } }
I20260630 12:31:05.417297 23706 ts_tablet_manager.cc:1434] T fb69b351e6374ab6bb4648904eee6ab3 P 5b293fc3b67540e3a983ba94376b1910: Time spent starting tablet: real 0.007s	user 0.008s	sys 0.000s
I20260630 12:31:05.418884 23171 tablet_copy_service.cc:342] P c497257803a24a698b95c8809205f7ad: Request end of tablet copy session 5b293fc3b67540e3a983ba94376b1910-fb69b351e6374ab6bb4648904eee6ab3 received from {username='slave'} at 127.0.0.1:32770
I20260630 12:31:05.419287 23171 tablet_copy_service.cc:434] P c497257803a24a698b95c8809205f7ad: ending tablet copy session 5b293fc3b67540e3a983ba94376b1910-fb69b351e6374ab6bb4648904eee6ab3 on tablet fb69b351e6374ab6bb4648904eee6ab3 with peer 5b293fc3b67540e3a983ba94376b1910
I20260630 12:31:05.626579 23310 raft_consensus.cc:1217] T 117b0d7ce8ea4a9cb641da20aae0841d P 64b2af4fbfeb4812bf066e9d296e441c [term 1 LEARNER]: Deduplicated request from leader. Original: 1.1->[1.2-1.2]   Dedup: 1.2->[]
I20260630 12:31:05.647939 23459 raft_consensus.cc:1217] T 6c514331c8ca46deb4280a7956e82be4 P a680a28d59c64033a2659f625330c501 [term 1 LEARNER]: Deduplicated request from leader. Original: 1.1->[1.2-1.2]   Dedup: 1.2->[]
I20260630 12:31:05.813649 23459 raft_consensus.cc:1217] T 796d4305d09d4141855771e361931c33 P a680a28d59c64033a2659f625330c501 [term 1 LEARNER]: Deduplicated request from leader. Original: 1.1->[1.2-1.2]   Dedup: 1.2->[]
I20260630 12:31:05.885159 23236 raft_consensus.cc:1217] T fb69b351e6374ab6bb4648904eee6ab3 P 5b293fc3b67540e3a983ba94376b1910 [term 1 LEARNER]: Deduplicated request from leader. Original: 1.1->[1.2-1.2]   Dedup: 1.2->[]
I20260630 12:31:06.051613 23663 raft_consensus.cc:1064] T 117b0d7ce8ea4a9cb641da20aae0841d P 5b293fc3b67540e3a983ba94376b1910: attempting to promote NON_VOTER 64b2af4fbfeb4812bf066e9d296e441c to VOTER
I20260630 12:31:06.053678 23663 consensus_queue.cc:237] T 117b0d7ce8ea4a9cb641da20aae0841d P 5b293fc3b67540e3a983ba94376b1910 [LEADER]: Queue going to LEADER mode. State: All replicated index: 0, Majority replicated index: 2, Committed index: 2, Last appended: 1.2, Last appended by leader: 0, Current term: 1, Majority size: 3, State: 0, Mode: LEADER, active raft config: opid_index: 3 OBSOLETE_local: false peers { permanent_uuid: "5b293fc3b67540e3a983ba94376b1910" member_type: VOTER last_known_addr { host: "127.19.168.130" port: 39015 } } peers { permanent_uuid: "a680a28d59c64033a2659f625330c501" member_type: VOTER last_known_addr { host: "127.19.168.132" port: 46493 } attrs { replace: true } } peers { permanent_uuid: "c497257803a24a698b95c8809205f7ad" member_type: VOTER last_known_addr { host: "127.19.168.129" port: 37105 } } peers { permanent_uuid: "64b2af4fbfeb4812bf066e9d296e441c" member_type: VOTER last_known_addr { host: "127.19.168.131" port: 45895 } attrs { promote: false } }
I20260630 12:31:06.061692 23160 raft_consensus.cc:1275] T 117b0d7ce8ea4a9cb641da20aae0841d P c497257803a24a698b95c8809205f7ad [term 1 FOLLOWER]: Refusing update from remote peer 5b293fc3b67540e3a983ba94376b1910: Log matching property violated. Preceding OpId in replica: term: 1 index: 2. Preceding OpId from leader: term: 1 index: 3. (index mismatch)
I20260630 12:31:06.062592 23310 raft_consensus.cc:1275] T 117b0d7ce8ea4a9cb641da20aae0841d P 64b2af4fbfeb4812bf066e9d296e441c [term 1 LEARNER]: Refusing update from remote peer 5b293fc3b67540e3a983ba94376b1910: Log matching property violated. Preceding OpId in replica: term: 1 index: 2. Preceding OpId from leader: term: 1 index: 3. (index mismatch)
I20260630 12:31:06.063546 23710 consensus_queue.cc:1048] T 117b0d7ce8ea4a9cb641da20aae0841d P 5b293fc3b67540e3a983ba94376b1910 [LEADER]: Connected to new peer: Peer: permanent_uuid: "c497257803a24a698b95c8809205f7ad" member_type: VOTER last_known_addr { host: "127.19.168.129" port: 37105 }, Status: LMP_MISMATCH, Last received: 0.0, Next index: 3, Last known committed idx: 2, Time since last communication: 0.001s
I20260630 12:31:06.065492 23459 raft_consensus.cc:1275] T 117b0d7ce8ea4a9cb641da20aae0841d P a680a28d59c64033a2659f625330c501 [term 1 FOLLOWER]: Refusing update from remote peer 5b293fc3b67540e3a983ba94376b1910: Log matching property violated. Preceding OpId in replica: term: 1 index: 2. Preceding OpId from leader: term: 1 index: 3. (index mismatch)
I20260630 12:31:06.066772 23710 consensus_queue.cc:1048] T 117b0d7ce8ea4a9cb641da20aae0841d P 5b293fc3b67540e3a983ba94376b1910 [LEADER]: Connected to new peer: Peer: permanent_uuid: "64b2af4fbfeb4812bf066e9d296e441c" member_type: VOTER last_known_addr { host: "127.19.168.131" port: 45895 } attrs { promote: false }, Status: LMP_MISMATCH, Last received: 0.0, Next index: 3, Last known committed idx: 2, Time since last communication: 0.000s
I20260630 12:31:06.067654 23663 consensus_queue.cc:1048] T 117b0d7ce8ea4a9cb641da20aae0841d P 5b293fc3b67540e3a983ba94376b1910 [LEADER]: Connected to new peer: Peer: permanent_uuid: "a680a28d59c64033a2659f625330c501" member_type: VOTER last_known_addr { host: "127.19.168.132" port: 46493 } attrs { replace: true }, Status: LMP_MISMATCH, Last received: 0.0, Next index: 3, Last known committed idx: 2, Time since last communication: 0.000s
I20260630 12:31:06.077179 23663 raft_consensus.cc:2955] T 117b0d7ce8ea4a9cb641da20aae0841d P 5b293fc3b67540e3a983ba94376b1910 [term 1 LEADER]: Committing config change with OpId 1.3: config changed from index 2 to 3, 64b2af4fbfeb4812bf066e9d296e441c (127.19.168.131) changed from NON_VOTER to VOTER. New config: { opid_index: 3 OBSOLETE_local: false peers { permanent_uuid: "5b293fc3b67540e3a983ba94376b1910" member_type: VOTER last_known_addr { host: "127.19.168.130" port: 39015 } } peers { permanent_uuid: "a680a28d59c64033a2659f625330c501" member_type: VOTER last_known_addr { host: "127.19.168.132" port: 46493 } attrs { replace: true } } peers { permanent_uuid: "c497257803a24a698b95c8809205f7ad" member_type: VOTER last_known_addr { host: "127.19.168.129" port: 37105 } } peers { permanent_uuid: "64b2af4fbfeb4812bf066e9d296e441c" member_type: VOTER last_known_addr { host: "127.19.168.131" port: 45895 } attrs { promote: false } } }
I20260630 12:31:06.085958 23459 raft_consensus.cc:2955] T 117b0d7ce8ea4a9cb641da20aae0841d P a680a28d59c64033a2659f625330c501 [term 1 FOLLOWER]: Committing config change with OpId 1.3: config changed from index 2 to 3, 64b2af4fbfeb4812bf066e9d296e441c (127.19.168.131) changed from NON_VOTER to VOTER. New config: { opid_index: 3 OBSOLETE_local: false peers { permanent_uuid: "5b293fc3b67540e3a983ba94376b1910" member_type: VOTER last_known_addr { host: "127.19.168.130" port: 39015 } } peers { permanent_uuid: "a680a28d59c64033a2659f625330c501" member_type: VOTER last_known_addr { host: "127.19.168.132" port: 46493 } attrs { replace: true } } peers { permanent_uuid: "c497257803a24a698b95c8809205f7ad" member_type: VOTER last_known_addr { host: "127.19.168.129" port: 37105 } } peers { permanent_uuid: "64b2af4fbfeb4812bf066e9d296e441c" member_type: VOTER last_known_addr { host: "127.19.168.131" port: 45895 } attrs { promote: false } } }
I20260630 12:31:06.086587 23310 raft_consensus.cc:2955] T 117b0d7ce8ea4a9cb641da20aae0841d P 64b2af4fbfeb4812bf066e9d296e441c [term 1 FOLLOWER]: Committing config change with OpId 1.3: config changed from index 2 to 3, 64b2af4fbfeb4812bf066e9d296e441c (127.19.168.131) changed from NON_VOTER to VOTER. New config: { opid_index: 3 OBSOLETE_local: false peers { permanent_uuid: "5b293fc3b67540e3a983ba94376b1910" member_type: VOTER last_known_addr { host: "127.19.168.130" port: 39015 } } peers { permanent_uuid: "a680a28d59c64033a2659f625330c501" member_type: VOTER last_known_addr { host: "127.19.168.132" port: 46493 } attrs { replace: true } } peers { permanent_uuid: "c497257803a24a698b95c8809205f7ad" member_type: VOTER last_known_addr { host: "127.19.168.129" port: 37105 } } peers { permanent_uuid: "64b2af4fbfeb4812bf066e9d296e441c" member_type: VOTER last_known_addr { host: "127.19.168.131" port: 45895 } attrs { promote: false } } }
I20260630 12:31:06.095904 23160 raft_consensus.cc:2955] T 117b0d7ce8ea4a9cb641da20aae0841d P c497257803a24a698b95c8809205f7ad [term 1 FOLLOWER]: Committing config change with OpId 1.3: config changed from index 2 to 3, 64b2af4fbfeb4812bf066e9d296e441c (127.19.168.131) changed from NON_VOTER to VOTER. New config: { opid_index: 3 OBSOLETE_local: false peers { permanent_uuid: "5b293fc3b67540e3a983ba94376b1910" member_type: VOTER last_known_addr { host: "127.19.168.130" port: 39015 } } peers { permanent_uuid: "a680a28d59c64033a2659f625330c501" member_type: VOTER last_known_addr { host: "127.19.168.132" port: 46493 } attrs { replace: true } } peers { permanent_uuid: "c497257803a24a698b95c8809205f7ad" member_type: VOTER last_known_addr { host: "127.19.168.129" port: 37105 } } peers { permanent_uuid: "64b2af4fbfeb4812bf066e9d296e441c" member_type: VOTER last_known_addr { host: "127.19.168.131" port: 45895 } attrs { promote: false } } }
I20260630 12:31:06.105492 23059 catalog_manager.cc:5697] T 117b0d7ce8ea4a9cb641da20aae0841d P 64b2af4fbfeb4812bf066e9d296e441c reported cstate change: config changed from index 2 to 3, 64b2af4fbfeb4812bf066e9d296e441c (127.19.168.131) changed from NON_VOTER to VOTER. New cstate: current_term: 1 leader_uuid: "5b293fc3b67540e3a983ba94376b1910" committed_config { opid_index: 3 OBSOLETE_local: false peers { permanent_uuid: "5b293fc3b67540e3a983ba94376b1910" member_type: VOTER last_known_addr { host: "127.19.168.130" port: 39015 } } peers { permanent_uuid: "a680a28d59c64033a2659f625330c501" member_type: VOTER last_known_addr { host: "127.19.168.132" port: 46493 } attrs { replace: true } } peers { permanent_uuid: "c497257803a24a698b95c8809205f7ad" member_type: VOTER last_known_addr { host: "127.19.168.129" port: 37105 } } peers { permanent_uuid: "64b2af4fbfeb4812bf066e9d296e441c" member_type: VOTER last_known_addr { host: "127.19.168.131" port: 45895 } attrs { promote: false } } }
I20260630 12:31:06.129040 23235 consensus_queue.cc:237] T 117b0d7ce8ea4a9cb641da20aae0841d P 5b293fc3b67540e3a983ba94376b1910 [LEADER]: Queue going to LEADER mode. State: All replicated index: 0, Majority replicated index: 3, Committed index: 3, Last appended: 1.3, Last appended by leader: 0, Current term: 1, Majority size: 2, State: 0, Mode: LEADER, active raft config: opid_index: 4 OBSOLETE_local: false peers { permanent_uuid: "5b293fc3b67540e3a983ba94376b1910" member_type: VOTER last_known_addr { host: "127.19.168.130" port: 39015 } } peers { permanent_uuid: "c497257803a24a698b95c8809205f7ad" member_type: VOTER last_known_addr { host: "127.19.168.129" port: 37105 } } peers { permanent_uuid: "64b2af4fbfeb4812bf066e9d296e441c" member_type: VOTER last_known_addr { host: "127.19.168.131" port: 45895 } attrs { promote: false } }
I20260630 12:31:06.135133 23310 raft_consensus.cc:1275] T 117b0d7ce8ea4a9cb641da20aae0841d P 64b2af4fbfeb4812bf066e9d296e441c [term 1 FOLLOWER]: Refusing update from remote peer 5b293fc3b67540e3a983ba94376b1910: Log matching property violated. Preceding OpId in replica: term: 1 index: 3. Preceding OpId from leader: term: 1 index: 4. (index mismatch)
I20260630 12:31:06.136593 23720 consensus_queue.cc:1048] T 117b0d7ce8ea4a9cb641da20aae0841d P 5b293fc3b67540e3a983ba94376b1910 [LEADER]: Connected to new peer: Peer: permanent_uuid: "64b2af4fbfeb4812bf066e9d296e441c" member_type: VOTER last_known_addr { host: "127.19.168.131" port: 45895 } attrs { promote: false }, Status: LMP_MISMATCH, Last received: 0.0, Next index: 4, Last known committed idx: 3, Time since last communication: 0.000s
I20260630 12:31:06.136968 23160 raft_consensus.cc:1275] T 117b0d7ce8ea4a9cb641da20aae0841d P c497257803a24a698b95c8809205f7ad [term 1 FOLLOWER]: Refusing update from remote peer 5b293fc3b67540e3a983ba94376b1910: Log matching property violated. Preceding OpId in replica: term: 1 index: 3. Preceding OpId from leader: term: 1 index: 4. (index mismatch)
I20260630 12:31:06.138739 23720 consensus_queue.cc:1048] T 117b0d7ce8ea4a9cb641da20aae0841d P 5b293fc3b67540e3a983ba94376b1910 [LEADER]: Connected to new peer: Peer: permanent_uuid: "c497257803a24a698b95c8809205f7ad" member_type: VOTER last_known_addr { host: "127.19.168.129" port: 37105 }, Status: LMP_MISMATCH, Last received: 0.0, Next index: 4, Last known committed idx: 3, Time since last communication: 0.000s
I20260630 12:31:06.145399 23663 raft_consensus.cc:2955] T 117b0d7ce8ea4a9cb641da20aae0841d P 5b293fc3b67540e3a983ba94376b1910 [term 1 LEADER]: Committing config change with OpId 1.4: config changed from index 3 to 4, VOTER a680a28d59c64033a2659f625330c501 (127.19.168.132) evicted. New config: { opid_index: 4 OBSOLETE_local: false peers { permanent_uuid: "5b293fc3b67540e3a983ba94376b1910" member_type: VOTER last_known_addr { host: "127.19.168.130" port: 39015 } } peers { permanent_uuid: "c497257803a24a698b95c8809205f7ad" member_type: VOTER last_known_addr { host: "127.19.168.129" port: 37105 } } peers { permanent_uuid: "64b2af4fbfeb4812bf066e9d296e441c" member_type: VOTER last_known_addr { host: "127.19.168.131" port: 45895 } attrs { promote: false } } }
I20260630 12:31:06.146447 23160 raft_consensus.cc:2955] T 117b0d7ce8ea4a9cb641da20aae0841d P c497257803a24a698b95c8809205f7ad [term 1 FOLLOWER]: Committing config change with OpId 1.4: config changed from index 3 to 4, VOTER a680a28d59c64033a2659f625330c501 (127.19.168.132) evicted. New config: { opid_index: 4 OBSOLETE_local: false peers { permanent_uuid: "5b293fc3b67540e3a983ba94376b1910" member_type: VOTER last_known_addr { host: "127.19.168.130" port: 39015 } } peers { permanent_uuid: "c497257803a24a698b95c8809205f7ad" member_type: VOTER last_known_addr { host: "127.19.168.129" port: 37105 } } peers { permanent_uuid: "64b2af4fbfeb4812bf066e9d296e441c" member_type: VOTER last_known_addr { host: "127.19.168.131" port: 45895 } attrs { promote: false } } }
I20260630 12:31:06.153354 23310 raft_consensus.cc:2955] T 117b0d7ce8ea4a9cb641da20aae0841d P 64b2af4fbfeb4812bf066e9d296e441c [term 1 FOLLOWER]: Committing config change with OpId 1.4: config changed from index 3 to 4, VOTER a680a28d59c64033a2659f625330c501 (127.19.168.132) evicted. New config: { opid_index: 4 OBSOLETE_local: false peers { permanent_uuid: "5b293fc3b67540e3a983ba94376b1910" member_type: VOTER last_known_addr { host: "127.19.168.130" port: 39015 } } peers { permanent_uuid: "c497257803a24a698b95c8809205f7ad" member_type: VOTER last_known_addr { host: "127.19.168.129" port: 37105 } } peers { permanent_uuid: "64b2af4fbfeb4812bf066e9d296e441c" member_type: VOTER last_known_addr { host: "127.19.168.131" port: 45895 } attrs { promote: false } } }
I20260630 12:31:06.162151 23058 catalog_manager.cc:5697] T 117b0d7ce8ea4a9cb641da20aae0841d P c497257803a24a698b95c8809205f7ad reported cstate change: config changed from index 3 to 4, VOTER a680a28d59c64033a2659f625330c501 (127.19.168.132) evicted. New cstate: current_term: 1 leader_uuid: "5b293fc3b67540e3a983ba94376b1910" committed_config { opid_index: 4 OBSOLETE_local: false peers { permanent_uuid: "5b293fc3b67540e3a983ba94376b1910" member_type: VOTER last_known_addr { host: "127.19.168.130" port: 39015 } } peers { permanent_uuid: "c497257803a24a698b95c8809205f7ad" member_type: VOTER last_known_addr { host: "127.19.168.129" port: 37105 } } peers { permanent_uuid: "64b2af4fbfeb4812bf066e9d296e441c" member_type: VOTER last_known_addr { host: "127.19.168.131" port: 45895 } attrs { promote: false } } }
I20260630 12:31:06.170497 23045 catalog_manager.cc:5210] ChangeConfig:REMOVE_PEER RPC for tablet 117b0d7ce8ea4a9cb641da20aae0841d with cas_config_opid_index 3: ChangeConfig:REMOVE_PEER succeeded (attempt 1)
I20260630 12:31:06.177222 23452 tablet_service.cc:1558] Processing DeleteTablet for tablet 117b0d7ce8ea4a9cb641da20aae0841d with delete_type TABLET_DATA_TOMBSTONED (TS a680a28d59c64033a2659f625330c501 not found in new config with opid_index 4) from {username='slave'} at 127.0.0.1:40900
I20260630 12:31:06.180248 23725 tablet_replica.cc:333] T 117b0d7ce8ea4a9cb641da20aae0841d P a680a28d59c64033a2659f625330c501: stopping tablet replica
I20260630 12:31:06.181160 23725 raft_consensus.cc:2243] T 117b0d7ce8ea4a9cb641da20aae0841d P a680a28d59c64033a2659f625330c501 [term 1 FOLLOWER]: Raft consensus shutting down.
I20260630 12:31:06.184882 23725 raft_consensus.cc:2272] T 117b0d7ce8ea4a9cb641da20aae0841d P a680a28d59c64033a2659f625330c501 [term 1 FOLLOWER]: Raft consensus is shut down!
I20260630 12:31:06.188791 23725 ts_tablet_manager.cc:1916] T 117b0d7ce8ea4a9cb641da20aae0841d P a680a28d59c64033a2659f625330c501: Deleting tablet data with delete state TABLET_DATA_TOMBSTONED
I20260630 12:31:06.189625 23713 raft_consensus.cc:1064] T 6c514331c8ca46deb4280a7956e82be4 P c497257803a24a698b95c8809205f7ad: attempting to promote NON_VOTER a680a28d59c64033a2659f625330c501 to VOTER
