I20260630 12:30:42.095613 20374 server_base.cc:861] Flag tcmalloc_max_total_thread_cache_bytes is not working since tcmalloc is not enabled.
I20260630 12:30:42.098208 20374 webserver.cc:533] Webserver started at http://127.19.229.129:35777/ using document root <none> and password file <none>
I20260630 12:30:42.098634 20374 fs_manager.cc:362] Metadata directory not provided
I20260630 12:30:42.098785 20374 fs_manager.cc:368] Using write-ahead log directory (fs_wal_dir) as metadata directory
I20260630 12:30:42.099009 20374 server_base.cc:909] This appears to be a new deployment of Kudu; creating new FS layout
I20260630 12:30:42.100157 20374 fs_manager.cc:1068] Generated new instance metadata in path /tmp/dist-test-taskOEv_6p/test-tmp/auto_rebalancer-test.0.AutoRebalancerTest.NoReplicaMovesIfNoTablets.1782822567841560-20374-0/minicluster-data/ts-0-root/instance:
uuid: "e92d8bd66d624524847d3db2833dbd86"
format_stamp: "Formatted at 2026-06-30 12:30:42 on dist-test-slave-jgf8"
I20260630 12:30:42.104995 20374 fs_manager.cc:696] Time spent creating directory manager: real 0.004s	user 0.004s	sys 0.000s
I20260630 12:30:42.108544 22730 log_block_manager.cc:4031] Time spent loading block containers with low live blocks: real 0.000s	user 0.000s	sys 0.000s
I20260630 12:30:42.109485 20374 fs_manager.cc:730] Time spent opening block manager: real 0.002s	user 0.003s	sys 0.000s
I20260630 12:30:42.109784 20374 fs_manager.cc:647] Opened local filesystem: /tmp/dist-test-taskOEv_6p/test-tmp/auto_rebalancer-test.0.AutoRebalancerTest.NoReplicaMovesIfNoTablets.1782822567841560-20374-0/minicluster-data/ts-0-root
uuid: "e92d8bd66d624524847d3db2833dbd86"
format_stamp: "Formatted at 2026-06-30 12:30:42 on dist-test-slave-jgf8"
I20260630 12:30:42.110183 20374 fs_report.cc:389] FS layout report
--------------------
wal directory: /tmp/dist-test-taskOEv_6p/test-tmp/auto_rebalancer-test.0.AutoRebalancerTest.NoReplicaMovesIfNoTablets.1782822567841560-20374-0/minicluster-data/ts-0-root
metadata directory: /tmp/dist-test-taskOEv_6p/test-tmp/auto_rebalancer-test.0.AutoRebalancerTest.NoReplicaMovesIfNoTablets.1782822567841560-20374-0/minicluster-data/ts-0-root
1 data directories: /tmp/dist-test-taskOEv_6p/test-tmp/auto_rebalancer-test.0.AutoRebalancerTest.NoReplicaMovesIfNoTablets.1782822567841560-20374-0/minicluster-data/ts-0-root/data
Total live blocks: 0
Total live bytes: 0
Total live bytes (after alignment): 0
Total number of LBM containers: 0 (0 full)
Did not check for missing blocks
Did not check for orphaned blocks
Total full LBM containers with extra space: 0 (0 repaired)
Total full LBM container extra space in bytes: 0 (0 repaired)
Total incomplete LBM containers: 0 (0 repaired)
Total LBM partial records: 0 (0 repaired)
Total corrupted LBM metadata records in RocksDB: 0 (0 repaired)
I20260630 12:30:42.127480 20374 rpc_server.cc:225] running with OpenSSL 1.1.1  11 Sep 2018
I20260630 12:30:42.128749 20374 kserver.cc:163] Server-wide thread pool size limit: 3276
I20260630 12:30:42.130360 20374 txn_system_client.cc:432] TxnSystemClient initialization is disabled...
I20260630 12:30:42.132704 20374 ts_tablet_manager.cc:585] Loaded tablet metadata (0 total tablets, 0 live tablets)
I20260630 12:30:42.132934 20374 ts_tablet_manager.cc:531] Time spent load tablet metadata: real 0.000s	user 0.000s	sys 0.000s
I20260630 12:30:42.133203 20374 ts_tablet_manager.cc:616] Registered 0 tablets
I20260630 12:30:42.133394 20374 ts_tablet_manager.cc:595] Time spent register tablets: real 0.000s	user 0.000s	sys 0.000s
I20260630 12:30:42.176085 20374 rpc_server.cc:307] RPC server started. Bound to: 127.19.229.129:40693
I20260630 12:30:42.176172 22792 acceptor_pool.cc:272] collecting diagnostics on the listening RPC socket 127.19.229.129:40693 every 8 connection(s)
I20260630 12:30:42.181644 20374 file_cache.cc:492] Constructed file cache file cache with capacity 419430
W20260630 12:30:42.189015 22797 instance_detector.cc:116] could not retrieve AWS instance metadata: Network error: curl error: HTTP response code said error: The requested URL returned error: 404
W20260630 12:30:42.189549 22798 instance_detector.cc:116] could not retrieve Azure instance metadata: Network error: curl error: HTTP response code said error: The requested URL returned error: 404
I20260630 12:30:42.193434 20374 server_base.cc:1061] running on GCE node
I20260630 12:30:42.194893 22793 heartbeater.cc:344] Connected to a master server at 127.19.229.190:44743
W20260630 12:30:42.195020 22801 instance_detector.cc:116] could not retrieve OpenStack instance metadata: Network error: curl error: HTTP response code said error: The requested URL returned error: 404
I20260630 12:30:42.195358 22793 heartbeater.cc:461] Registering TS with master...
I20260630 12:30:42.196036 20374 hybrid_clock.cc:584] initializing the hybrid clock with 'system_unsync' time source
I20260630 12:30:42.196125 22793 heartbeater.cc:507] Master 127.19.229.190:44743 requested a full tablet report, sending...
W20260630 12:30:42.196256 20374 system_unsync_time.cc:38] NTP support is disabled. Clock error bounds will not be accurate. This configuration is not suitable for distributed clusters.
I20260630 12:30:42.196643 20374 hybrid_clock.cc:648] HybridClock initialized: now 1782822642196615 us; error 0 us; skew 500 ppm
I20260630 12:30:42.197367 20374 server_base.cc:861] Flag tcmalloc_max_total_thread_cache_bytes is not working since tcmalloc is not enabled.
I20260630 12:30:42.198848 22666 ts_manager.cc:194] Registered new tserver with Master: e92d8bd66d624524847d3db2833dbd86 (127.19.229.129:40693)
I20260630 12:30:42.200723 22666 master_service.cc:502] Signed X509 certificate for tserver {username='slave'} at 127.0.0.1:36408
I20260630 12:30:42.203639 20374 webserver.cc:533] Webserver started at http://127.19.229.130:33925/ using document root <none> and password file <none>
I20260630 12:30:42.204085 20374 fs_manager.cc:362] Metadata directory not provided
I20260630 12:30:42.204246 20374 fs_manager.cc:368] Using write-ahead log directory (fs_wal_dir) as metadata directory
I20260630 12:30:42.204454 20374 server_base.cc:909] This appears to be a new deployment of Kudu; creating new FS layout
I20260630 12:30:42.205730 20374 fs_manager.cc:1068] Generated new instance metadata in path /tmp/dist-test-taskOEv_6p/test-tmp/auto_rebalancer-test.0.AutoRebalancerTest.NoReplicaMovesIfNoTablets.1782822567841560-20374-0/minicluster-data/ts-1-root/instance:
uuid: "203d80552d9645c09ddb62c691768edf"
format_stamp: "Formatted at 2026-06-30 12:30:42 on dist-test-slave-jgf8"
I20260630 12:30:42.210274 20374 fs_manager.cc:696] Time spent creating directory manager: real 0.004s	user 0.001s	sys 0.004s
I20260630 12:30:42.213835 22805 log_block_manager.cc:4031] Time spent loading block containers with low live blocks: real 0.000s	user 0.000s	sys 0.000s
I20260630 12:30:42.214600 20374 fs_manager.cc:730] Time spent opening block manager: real 0.002s	user 0.003s	sys 0.001s
I20260630 12:30:42.214845 20374 fs_manager.cc:647] Opened local filesystem: /tmp/dist-test-taskOEv_6p/test-tmp/auto_rebalancer-test.0.AutoRebalancerTest.NoReplicaMovesIfNoTablets.1782822567841560-20374-0/minicluster-data/ts-1-root
uuid: "203d80552d9645c09ddb62c691768edf"
format_stamp: "Formatted at 2026-06-30 12:30:42 on dist-test-slave-jgf8"
I20260630 12:30:42.215097 20374 fs_report.cc:389] FS layout report
--------------------
wal directory: /tmp/dist-test-taskOEv_6p/test-tmp/auto_rebalancer-test.0.AutoRebalancerTest.NoReplicaMovesIfNoTablets.1782822567841560-20374-0/minicluster-data/ts-1-root
metadata directory: /tmp/dist-test-taskOEv_6p/test-tmp/auto_rebalancer-test.0.AutoRebalancerTest.NoReplicaMovesIfNoTablets.1782822567841560-20374-0/minicluster-data/ts-1-root
1 data directories: /tmp/dist-test-taskOEv_6p/test-tmp/auto_rebalancer-test.0.AutoRebalancerTest.NoReplicaMovesIfNoTablets.1782822567841560-20374-0/minicluster-data/ts-1-root/data
Total live blocks: 0
Total live bytes: 0
Total live bytes (after alignment): 0
Total number of LBM containers: 0 (0 full)
Did not check for missing blocks
Did not check for orphaned blocks
Total full LBM containers with extra space: 0 (0 repaired)
Total full LBM container extra space in bytes: 0 (0 repaired)
Total incomplete LBM containers: 0 (0 repaired)
Total LBM partial records: 0 (0 repaired)
Total corrupted LBM metadata records in RocksDB: 0 (0 repaired)
I20260630 12:30:42.234879 20374 rpc_server.cc:225] running with OpenSSL 1.1.1  11 Sep 2018
I20260630 12:30:42.236028 20374 kserver.cc:163] Server-wide thread pool size limit: 3276
I20260630 12:30:42.237511 20374 txn_system_client.cc:432] TxnSystemClient initialization is disabled...
I20260630 12:30:42.239785 20374 ts_tablet_manager.cc:585] Loaded tablet metadata (0 total tablets, 0 live tablets)
I20260630 12:30:42.239966 20374 ts_tablet_manager.cc:531] Time spent load tablet metadata: real 0.000s	user 0.000s	sys 0.000s
I20260630 12:30:42.240271 20374 ts_tablet_manager.cc:616] Registered 0 tablets
I20260630 12:30:42.240432 20374 ts_tablet_manager.cc:595] Time spent register tablets: real 0.000s	user 0.000s	sys 0.000s
I20260630 12:30:42.281888 20374 rpc_server.cc:307] RPC server started. Bound to: 127.19.229.130:38883
I20260630 12:30:42.282008 22867 acceptor_pool.cc:272] collecting diagnostics on the listening RPC socket 127.19.229.130:38883 every 8 connection(s)
I20260630 12:30:42.286791 20374 file_cache.cc:492] Constructed file cache file cache with capacity 419430
W20260630 12:30:42.293993 22871 instance_detector.cc:116] could not retrieve AWS instance metadata: Network error: curl error: HTTP response code said error: The requested URL returned error: 404
W20260630 12:30:42.295238 22872 instance_detector.cc:116] could not retrieve Azure instance metadata: Network error: curl error: HTTP response code said error: The requested URL returned error: 404
I20260630 12:30:42.298585 20374 server_base.cc:1061] running on GCE node
W20260630 12:30:42.298822 22874 instance_detector.cc:116] could not retrieve OpenStack instance metadata: Network error: curl error: HTTP response code said error: The requested URL returned error: 404
I20260630 12:30:42.299995 22868 heartbeater.cc:344] Connected to a master server at 127.19.229.190:44743
I20260630 12:30:42.300202 20374 hybrid_clock.cc:584] initializing the hybrid clock with 'system_unsync' time source
I20260630 12:30:42.300386 22868 heartbeater.cc:461] Registering TS with master...
W20260630 12:30:42.300521 20374 system_unsync_time.cc:38] NTP support is disabled. Clock error bounds will not be accurate. This configuration is not suitable for distributed clusters.
I20260630 12:30:42.300796 20374 hybrid_clock.cc:648] HybridClock initialized: now 1782822642300777 us; error 0 us; skew 500 ppm
I20260630 12:30:42.301445 20374 server_base.cc:861] Flag tcmalloc_max_total_thread_cache_bytes is not working since tcmalloc is not enabled.
I20260630 12:30:42.301448 22868 heartbeater.cc:507] Master 127.19.229.190:44743 requested a full tablet report, sending...
I20260630 12:30:42.303576 22666 ts_manager.cc:194] Registered new tserver with Master: 203d80552d9645c09ddb62c691768edf (127.19.229.130:38883)
I20260630 12:30:42.304451 20374 webserver.cc:533] Webserver started at http://127.19.229.131:38329/ using document root <none> and password file <none>
I20260630 12:30:42.304936 20374 fs_manager.cc:362] Metadata directory not provided
I20260630 12:30:42.305171 20374 fs_manager.cc:368] Using write-ahead log directory (fs_wal_dir) as metadata directory
I20260630 12:30:42.305169 22666 master_service.cc:502] Signed X509 certificate for tserver {username='slave'} at 127.0.0.1:36414
I20260630 12:30:42.305719 20374 server_base.cc:909] This appears to be a new deployment of Kudu; creating new FS layout
I20260630 12:30:42.306910 20374 fs_manager.cc:1068] Generated new instance metadata in path /tmp/dist-test-taskOEv_6p/test-tmp/auto_rebalancer-test.0.AutoRebalancerTest.NoReplicaMovesIfNoTablets.1782822567841560-20374-0/minicluster-data/ts-2-root/instance:
uuid: "89f4a0af07ba4b53b1d6d7ae6d89c495"
format_stamp: "Formatted at 2026-06-30 12:30:42 on dist-test-slave-jgf8"
I20260630 12:30:42.311517 20374 fs_manager.cc:696] Time spent creating directory manager: real 0.004s	user 0.006s	sys 0.000s
I20260630 12:30:42.314857 22879 log_block_manager.cc:4031] Time spent loading block containers with low live blocks: real 0.000s	user 0.000s	sys 0.000s
I20260630 12:30:42.315776 20374 fs_manager.cc:730] Time spent opening block manager: real 0.002s	user 0.001s	sys 0.000s
I20260630 12:30:42.316035 20374 fs_manager.cc:647] Opened local filesystem: /tmp/dist-test-taskOEv_6p/test-tmp/auto_rebalancer-test.0.AutoRebalancerTest.NoReplicaMovesIfNoTablets.1782822567841560-20374-0/minicluster-data/ts-2-root
uuid: "89f4a0af07ba4b53b1d6d7ae6d89c495"
format_stamp: "Formatted at 2026-06-30 12:30:42 on dist-test-slave-jgf8"
I20260630 12:30:42.316265 20374 fs_report.cc:389] FS layout report
--------------------
wal directory: /tmp/dist-test-taskOEv_6p/test-tmp/auto_rebalancer-test.0.AutoRebalancerTest.NoReplicaMovesIfNoTablets.1782822567841560-20374-0/minicluster-data/ts-2-root
metadata directory: /tmp/dist-test-taskOEv_6p/test-tmp/auto_rebalancer-test.0.AutoRebalancerTest.NoReplicaMovesIfNoTablets.1782822567841560-20374-0/minicluster-data/ts-2-root
1 data directories: /tmp/dist-test-taskOEv_6p/test-tmp/auto_rebalancer-test.0.AutoRebalancerTest.NoReplicaMovesIfNoTablets.1782822567841560-20374-0/minicluster-data/ts-2-root/data
Total live blocks: 0
Total live bytes: 0
Total live bytes (after alignment): 0
Total number of LBM containers: 0 (0 full)
Did not check for missing blocks
Did not check for orphaned blocks
Total full LBM containers with extra space: 0 (0 repaired)
Total full LBM container extra space in bytes: 0 (0 repaired)
Total incomplete LBM containers: 0 (0 repaired)
Total LBM partial records: 0 (0 repaired)
Total corrupted LBM metadata records in RocksDB: 0 (0 repaired)
I20260630 12:30:42.339637 20374 rpc_server.cc:225] running with OpenSSL 1.1.1  11 Sep 2018
I20260630 12:30:42.340898 20374 kserver.cc:163] Server-wide thread pool size limit: 3276
I20260630 12:30:42.342662 20374 txn_system_client.cc:432] TxnSystemClient initialization is disabled...
I20260630 12:30:42.344951 20374 ts_tablet_manager.cc:585] Loaded tablet metadata (0 total tablets, 0 live tablets)
I20260630 12:30:42.345211 20374 ts_tablet_manager.cc:531] Time spent load tablet metadata: real 0.000s	user 0.000s	sys 0.000s
I20260630 12:30:42.345455 20374 ts_tablet_manager.cc:616] Registered 0 tablets
I20260630 12:30:42.345625 20374 ts_tablet_manager.cc:595] Time spent register tablets: real 0.000s	user 0.000s	sys 0.000s
I20260630 12:30:42.386587 20374 rpc_server.cc:307] RPC server started. Bound to: 127.19.229.131:44313
I20260630 12:30:42.386687 22941 acceptor_pool.cc:272] collecting diagnostics on the listening RPC socket 127.19.229.131:44313 every 8 connection(s)
I20260630 12:30:42.401736 22942 heartbeater.cc:344] Connected to a master server at 127.19.229.190:44743
I20260630 12:30:42.402077 22942 heartbeater.cc:461] Registering TS with master...
I20260630 12:30:42.402796 22942 heartbeater.cc:507] Master 127.19.229.190:44743 requested a full tablet report, sending...
I20260630 12:30:42.404604 22666 ts_manager.cc:194] Registered new tserver with Master: 89f4a0af07ba4b53b1d6d7ae6d89c495 (127.19.229.131:44313)
I20260630 12:30:42.404764 20374 internal_mini_cluster.cc:371] 3 TS(s) registered with all masters after 0.014938456s
I20260630 12:30:42.405987 22666 master_service.cc:502] Signed X509 certificate for tserver {username='slave'} at 127.0.0.1:36430
I20260630 12:30:43.203579 22793 heartbeater.cc:499] Master 127.19.229.190:44743 was elected leader, sending a full tablet report...
I20260630 12:30:43.307819 22868 heartbeater.cc:499] Master 127.19.229.190:44743 was elected leader, sending a full tablet report...
I20260630 12:30:43.408816 22942 heartbeater.cc:499] Master 127.19.229.190:44743 was elected leader, sending a full tablet report...
I20260630 12:30:44.016223 22719 auto_leader_rebalancer.cc:515] All tables' leader rebalancing finished this round
I20260630 12:30:46.017320 22719 auto_leader_rebalancer.cc:515] All tables' leader rebalancing finished this round
I20260630 12:30:48.018313 22719 auto_leader_rebalancer.cc:515] All tables' leader rebalancing finished this round
I20260630 12:30:50.019523 22719 auto_leader_rebalancer.cc:515] All tables' leader rebalancing finished this round
I20260630 12:30:52.020750 22719 auto_leader_rebalancer.cc:515] All tables' leader rebalancing finished this round
I20260630 12:30:54.021974 22719 auto_leader_rebalancer.cc:515] All tables' leader rebalancing finished this round
I20260630 12:30:54.501109 20374 tablet_server.cc:179] TabletServer@127.19.229.129:0 shutting down...
I20260630 12:30:54.527043 20374 ts_tablet_manager.cc:1507] Shutting down tablet manager...
I20260630 12:30:54.544123 20374 tablet_server.cc:196] TabletServer@127.19.229.129:0 shutdown complete.
I20260630 12:30:54.554697 20374 tablet_server.cc:179] TabletServer@127.19.229.130:0 shutting down...
I20260630 12:30:54.576481 20374 ts_tablet_manager.cc:1507] Shutting down tablet manager...
I20260630 12:30:54.592727 20374 tablet_server.cc:196] TabletServer@127.19.229.130:0 shutdown complete.
I20260630 12:30:54.602205 20374 tablet_server.cc:179] TabletServer@127.19.229.131:0 shutting down...
I20260630 12:30:54.622326 20374 ts_tablet_manager.cc:1507] Shutting down tablet manager...
I20260630 12:30:54.639010 20374 tablet_server.cc:196] TabletServer@127.19.229.131:0 shutdown complete.
I20260630 12:30:54.648181 20374 master.cc:562] Master@127.19.229.190:44743 shutting down...
I20260630 12:30:54.669096 20374 raft_consensus.cc:2243] T 00000000000000000000000000000000 P 1a862f2543a9436887f9a95ff896d368 [term 1 LEADER]: Raft consensus shutting down.
I20260630 12:30:54.669878 20374 raft_consensus.cc:2272] T 00000000000000000000000000000000 P 1a862f2543a9436887f9a95ff896d368 [term 1 FOLLOWER]: Raft consensus is shut down!
I20260630 12:30:54.670189 20374 tablet_replica.cc:333] T 00000000000000000000000000000000 P 1a862f2543a9436887f9a95ff896d368: stopping tablet replica
I20260630 12:30:54.688491 20374 master.cc:584] Master@127.19.229.190:44743 shutdown complete.
[       OK ] AutoRebalancerTest.NoReplicaMovesIfNoTablets (12847 ms)
[ RUN      ] AutoRebalancerTest.RangeAwareBuildClusterInfoGroupsByRange
I20260630 12:30:54.723029 20374 internal_mini_cluster.cc:156] Creating distributed mini masters. Addrs: 127.19.229.190:38593
I20260630 12:30:54.724191 20374 file_cache.cc:492] Constructed file cache file cache with capacity 419430
W20260630 12:30:54.730007 22947 instance_detector.cc:116] could not retrieve AWS instance metadata: Network error: curl error: HTTP response code said error: The requested URL returned error: 404
W20260630 12:30:54.731218 22948 instance_detector.cc:116] could not retrieve Azure instance metadata: Network error: curl error: HTTP response code said error: The requested URL returned error: 404
W20260630 12:30:54.731946 22950 instance_detector.cc:116] could not retrieve OpenStack instance metadata: Network error: curl error: HTTP response code said error: The requested URL returned error: 404
I20260630 12:30:54.732091 20374 server_base.cc:1061] running on GCE node
I20260630 12:30:54.733124 20374 hybrid_clock.cc:584] initializing the hybrid clock with 'system_unsync' time source
W20260630 12:30:54.733331 20374 system_unsync_time.cc:38] NTP support is disabled. Clock error bounds will not be accurate. This configuration is not suitable for distributed clusters.
I20260630 12:30:54.733497 20374 hybrid_clock.cc:648] HybridClock initialized: now 1782822654733465 us; error 0 us; skew 500 ppm
I20260630 12:30:54.733999 20374 server_base.cc:861] Flag tcmalloc_max_total_thread_cache_bytes is not working since tcmalloc is not enabled.
I20260630 12:30:54.736449 20374 webserver.cc:533] Webserver started at http://127.19.229.190:43087/ using document root <none> and password file <none>
I20260630 12:30:54.736941 20374 fs_manager.cc:362] Metadata directory not provided
I20260630 12:30:54.737172 20374 fs_manager.cc:368] Using write-ahead log directory (fs_wal_dir) as metadata directory
I20260630 12:30:54.737463 20374 server_base.cc:909] This appears to be a new deployment of Kudu; creating new FS layout
I20260630 12:30:54.738654 20374 fs_manager.cc:1068] Generated new instance metadata in path /tmp/dist-test-taskOEv_6p/test-tmp/auto_rebalancer-test.0.AutoRebalancerTest.RangeAwareBuildClusterInfoGroupsByRange.1782822567841560-20374-0/minicluster-data/master-0-root/instance:
uuid: "e1e211471585487e86f77a525ceeba90"
format_stamp: "Formatted at 2026-06-30 12:30:54 on dist-test-slave-jgf8"
I20260630 12:30:54.743276 20374 fs_manager.cc:696] Time spent creating directory manager: real 0.004s	user 0.005s	sys 0.000s
I20260630 12:30:54.746711 22955 log_block_manager.cc:4031] Time spent loading block containers with low live blocks: real 0.000s	user 0.000s	sys 0.000s
I20260630 12:30:54.747517 20374 fs_manager.cc:730] Time spent opening block manager: real 0.002s	user 0.001s	sys 0.000s
I20260630 12:30:54.747833 20374 fs_manager.cc:647] Opened local filesystem: /tmp/dist-test-taskOEv_6p/test-tmp/auto_rebalancer-test.0.AutoRebalancerTest.RangeAwareBuildClusterInfoGroupsByRange.1782822567841560-20374-0/minicluster-data/master-0-root
uuid: "e1e211471585487e86f77a525ceeba90"
format_stamp: "Formatted at 2026-06-30 12:30:54 on dist-test-slave-jgf8"
I20260630 12:30:54.748188 20374 fs_report.cc:389] FS layout report
--------------------
wal directory: /tmp/dist-test-taskOEv_6p/test-tmp/auto_rebalancer-test.0.AutoRebalancerTest.RangeAwareBuildClusterInfoGroupsByRange.1782822567841560-20374-0/minicluster-data/master-0-root
metadata directory: /tmp/dist-test-taskOEv_6p/test-tmp/auto_rebalancer-test.0.AutoRebalancerTest.RangeAwareBuildClusterInfoGroupsByRange.1782822567841560-20374-0/minicluster-data/master-0-root
1 data directories: /tmp/dist-test-taskOEv_6p/test-tmp/auto_rebalancer-test.0.AutoRebalancerTest.RangeAwareBuildClusterInfoGroupsByRange.1782822567841560-20374-0/minicluster-data/master-0-root/data
Total live blocks: 0
Total live bytes: 0
Total live bytes (after alignment): 0
Total number of LBM containers: 0 (0 full)
Did not check for missing blocks
Did not check for orphaned blocks
Total full LBM containers with extra space: 0 (0 repaired)
Total full LBM container extra space in bytes: 0 (0 repaired)
Total incomplete LBM containers: 0 (0 repaired)
Total LBM partial records: 0 (0 repaired)
Total corrupted LBM metadata records in RocksDB: 0 (0 repaired)
I20260630 12:30:54.762336 20374 rpc_server.cc:225] running with OpenSSL 1.1.1  11 Sep 2018
I20260630 12:30:54.763561 20374 kserver.cc:163] Server-wide thread pool size limit: 3276
I20260630 12:30:54.802788 20374 rpc_server.cc:307] RPC server started. Bound to: 127.19.229.190:38593
I20260630 12:30:54.802909 23006 acceptor_pool.cc:272] collecting diagnostics on the listening RPC socket 127.19.229.190:38593 every 8 connection(s)
I20260630 12:30:54.807088 23007 data_dirs.cc:400] Could only allocate 1 dirs of requested 3 for tablet 00000000000000000000000000000000. 1 dirs total, 0 dirs full, 0 dirs failed
I20260630 12:30:54.819311 23007 tablet_bootstrap.cc:492] T 00000000000000000000000000000000 P e1e211471585487e86f77a525ceeba90: Bootstrap starting.
I20260630 12:30:54.824528 23007 tablet_bootstrap.cc:654] T 00000000000000000000000000000000 P e1e211471585487e86f77a525ceeba90: Neither blocks nor log segments found. Creating new log.
I20260630 12:30:54.829128 23007 tablet_bootstrap.cc:492] T 00000000000000000000000000000000 P e1e211471585487e86f77a525ceeba90: No bootstrap required, opened a new log
I20260630 12:30:54.831363 23007 raft_consensus.cc:359] T 00000000000000000000000000000000 P e1e211471585487e86f77a525ceeba90 [term 0 FOLLOWER]: Replica starting. Triggering 0 pending ops. Active config: opid_index: -1 OBSOLETE_local: true peers { permanent_uuid: "e1e211471585487e86f77a525ceeba90" member_type: VOTER }
I20260630 12:30:54.831845 23007 raft_consensus.cc:385] T 00000000000000000000000000000000 P e1e211471585487e86f77a525ceeba90 [term 0 FOLLOWER]: Consensus starting up: Expiring failure detector timer to make a prompt election more likely
I20260630 12:30:54.832103 23007 raft_consensus.cc:740] T 00000000000000000000000000000000 P e1e211471585487e86f77a525ceeba90 [term 0 FOLLOWER]: Becoming Follower/Learner. State: Replica: e1e211471585487e86f77a525ceeba90, State: Initialized, Role: FOLLOWER
I20260630 12:30:54.832683 23007 consensus_queue.cc:260] T 00000000000000000000000000000000 P e1e211471585487e86f77a525ceeba90 [NON_LEADER]: Queue going to NON_LEADER mode. State: All replicated index: 0, Majority replicated index: 0, Committed index: 0, Last appended: 0.0, Last appended by leader: 0, Current term: 0, Majority size: -1, State: 0, Mode: NON_LEADER, active raft config: opid_index: -1 OBSOLETE_local: true peers { permanent_uuid: "e1e211471585487e86f77a525ceeba90" member_type: VOTER }
I20260630 12:30:54.833191 23007 raft_consensus.cc:399] T 00000000000000000000000000000000 P e1e211471585487e86f77a525ceeba90 [term 0 FOLLOWER]: Only one voter in the Raft config. Triggering election immediately
I20260630 12:30:54.833467 23007 raft_consensus.cc:493] T 00000000000000000000000000000000 P e1e211471585487e86f77a525ceeba90 [term 0 FOLLOWER]: Starting leader election (initial election of a single-replica configuration)
I20260630 12:30:54.833750 23007 raft_consensus.cc:3060] T 00000000000000000000000000000000 P e1e211471585487e86f77a525ceeba90 [term 0 FOLLOWER]: Advancing to term 1
I20260630 12:30:54.838282 23007 raft_consensus.cc:515] T 00000000000000000000000000000000 P e1e211471585487e86f77a525ceeba90 [term 1 FOLLOWER]: Starting leader election with config: opid_index: -1 OBSOLETE_local: true peers { permanent_uuid: "e1e211471585487e86f77a525ceeba90" member_type: VOTER }
I20260630 12:30:54.838828 23007 leader_election.cc:304] T 00000000000000000000000000000000 P e1e211471585487e86f77a525ceeba90 [CANDIDATE]: Term 1 election: Election decided. Result: candidate won. Election summary: received 1 responses out of 1 voters: 1 yes votes; 0 no votes. yes voters: e1e211471585487e86f77a525ceeba90; no voters: 
I20260630 12:30:54.839994 23007 leader_election.cc:290] T 00000000000000000000000000000000 P e1e211471585487e86f77a525ceeba90 [CANDIDATE]: Term 1 election: Requested vote from peers 
I20260630 12:30:54.840512 23010 raft_consensus.cc:2804] T 00000000000000000000000000000000 P e1e211471585487e86f77a525ceeba90 [term 1 FOLLOWER]: Leader election won for term 1
I20260630 12:30:54.842063 23010 raft_consensus.cc:697] T 00000000000000000000000000000000 P e1e211471585487e86f77a525ceeba90 [term 1 LEADER]: Becoming Leader. State: Replica: e1e211471585487e86f77a525ceeba90, State: Running, Role: LEADER
I20260630 12:30:54.842999 23007 sys_catalog.cc:565] T 00000000000000000000000000000000 P e1e211471585487e86f77a525ceeba90 [sys.catalog]: configured and running, proceeding with master startup.
I20260630 12:30:54.842849 23010 consensus_queue.cc:237] T 00000000000000000000000000000000 P e1e211471585487e86f77a525ceeba90 [LEADER]: Queue going to LEADER mode. State: All replicated index: 0, Majority replicated index: 0, Committed index: 0, Last appended: 0.0, Last appended by leader: 0, Current term: 1, Majority size: 1, State: 0, Mode: LEADER, active raft config: opid_index: -1 OBSOLETE_local: true peers { permanent_uuid: "e1e211471585487e86f77a525ceeba90" member_type: VOTER }
I20260630 12:30:54.846227 23011 sys_catalog.cc:455] T 00000000000000000000000000000000 P e1e211471585487e86f77a525ceeba90 [sys.catalog]: SysCatalogTable state changed. Reason: RaftConsensus started. Latest consensus state: current_term: 1 leader_uuid: "e1e211471585487e86f77a525ceeba90" committed_config { opid_index: -1 OBSOLETE_local: true peers { permanent_uuid: "e1e211471585487e86f77a525ceeba90" member_type: VOTER } }
I20260630 12:30:54.846289 23012 sys_catalog.cc:455] T 00000000000000000000000000000000 P e1e211471585487e86f77a525ceeba90 [sys.catalog]: SysCatalogTable state changed. Reason: New leader e1e211471585487e86f77a525ceeba90. Latest consensus state: current_term: 1 leader_uuid: "e1e211471585487e86f77a525ceeba90" committed_config { opid_index: -1 OBSOLETE_local: true peers { permanent_uuid: "e1e211471585487e86f77a525ceeba90" member_type: VOTER } }
I20260630 12:30:54.847074 23011 sys_catalog.cc:458] T 00000000000000000000000000000000 P e1e211471585487e86f77a525ceeba90 [sys.catalog]: This master's current role is: LEADER
I20260630 12:30:54.847108 23012 sys_catalog.cc:458] T 00000000000000000000000000000000 P e1e211471585487e86f77a525ceeba90 [sys.catalog]: This master's current role is: LEADER
I20260630 12:30:54.850461 23015 catalog_manager.cc:1511] Loading table and tablet metadata into memory...
I20260630 12:30:54.856159 23015 catalog_manager.cc:1520] Initializing Kudu cluster ID...
I20260630 12:30:54.859772 20374 internal_mini_cluster.cc:184] Waiting to initialize catalog manager on master 0
I20260630 12:30:54.866640 23015 catalog_manager.cc:1383] Generated new cluster ID: ecf3b96827064a65b355ad8b8aa496ae
I20260630 12:30:54.866963 23015 catalog_manager.cc:1531] Initializing Kudu internal certificate authority...
I20260630 12:30:54.896217 23015 catalog_manager.cc:1406] Generated new certificate authority record
I20260630 12:30:54.897573 23015 catalog_manager.cc:1540] Loading token signing keys...
I20260630 12:30:54.914255 23015 catalog_manager.cc:6070] T 00000000000000000000000000000000 P e1e211471585487e86f77a525ceeba90: Generated new TSK 0
I20260630 12:30:54.914893 23015 catalog_manager.cc:1550] Initializing in-progress tserver states...
I20260630 12:30:54.927199 20374 file_cache.cc:492] Constructed file cache file cache with capacity 419430
W20260630 12:30:54.933786 23028 instance_detector.cc:116] could not retrieve AWS instance metadata: Network error: curl error: HTTP response code said error: The requested URL returned error: 404
W20260630 12:30:54.935242 23029 instance_detector.cc:116] could not retrieve Azure instance metadata: Network error: curl error: HTTP response code said error: The requested URL returned error: 404
W20260630 12:30:54.936944 23031 instance_detector.cc:116] could not retrieve OpenStack instance metadata: Network error: curl error: HTTP response code said error: The requested URL returned error: 404
I20260630 12:30:54.937656 20374 server_base.cc:1061] running on GCE node
I20260630 12:30:54.938481 20374 hybrid_clock.cc:584] initializing the hybrid clock with 'system_unsync' time source
W20260630 12:30:54.938716 20374 system_unsync_time.cc:38] NTP support is disabled. Clock error bounds will not be accurate. This configuration is not suitable for distributed clusters.
I20260630 12:30:54.938889 20374 hybrid_clock.cc:648] HybridClock initialized: now 1782822654938865 us; error 0 us; skew 500 ppm
I20260630 12:30:54.939410 20374 server_base.cc:861] Flag tcmalloc_max_total_thread_cache_bytes is not working since tcmalloc is not enabled.
I20260630 12:30:54.942044 20374 webserver.cc:533] Webserver started at http://127.19.229.129:42503/ using document root <none> and password file <none>
I20260630 12:30:54.942543 20374 fs_manager.cc:362] Metadata directory not provided
I20260630 12:30:54.942754 20374 fs_manager.cc:368] Using write-ahead log directory (fs_wal_dir) as metadata directory
I20260630 12:30:54.943030 20374 server_base.cc:909] This appears to be a new deployment of Kudu; creating new FS layout
I20260630 12:30:54.944139 20374 fs_manager.cc:1068] Generated new instance metadata in path /tmp/dist-test-taskOEv_6p/test-tmp/auto_rebalancer-test.0.AutoRebalancerTest.RangeAwareBuildClusterInfoGroupsByRange.1782822567841560-20374-0/minicluster-data/ts-0-root/instance:
uuid: "0cea7e04193c4d1f9f9f422db8a622fd"
format_stamp: "Formatted at 2026-06-30 12:30:54 on dist-test-slave-jgf8"
I20260630 12:30:54.948807 20374 fs_manager.cc:696] Time spent creating directory manager: real 0.004s	user 0.002s	sys 0.004s
I20260630 12:30:54.952385 23036 log_block_manager.cc:4031] Time spent loading block containers with low live blocks: real 0.000s	user 0.000s	sys 0.000s
I20260630 12:30:54.953404 20374 fs_manager.cc:730] Time spent opening block manager: real 0.002s	user 0.003s	sys 0.000s
I20260630 12:30:54.953729 20374 fs_manager.cc:647] Opened local filesystem: /tmp/dist-test-taskOEv_6p/test-tmp/auto_rebalancer-test.0.AutoRebalancerTest.RangeAwareBuildClusterInfoGroupsByRange.1782822567841560-20374-0/minicluster-data/ts-0-root
uuid: "0cea7e04193c4d1f9f9f422db8a622fd"
format_stamp: "Formatted at 2026-06-30 12:30:54 on dist-test-slave-jgf8"
I20260630 12:30:54.953982 20374 fs_report.cc:389] FS layout report
--------------------
wal directory: /tmp/dist-test-taskOEv_6p/test-tmp/auto_rebalancer-test.0.AutoRebalancerTest.RangeAwareBuildClusterInfoGroupsByRange.1782822567841560-20374-0/minicluster-data/ts-0-root
metadata directory: /tmp/dist-test-taskOEv_6p/test-tmp/auto_rebalancer-test.0.AutoRebalancerTest.RangeAwareBuildClusterInfoGroupsByRange.1782822567841560-20374-0/minicluster-data/ts-0-root
1 data directories: /tmp/dist-test-taskOEv_6p/test-tmp/auto_rebalancer-test.0.AutoRebalancerTest.RangeAwareBuildClusterInfoGroupsByRange.1782822567841560-20374-0/minicluster-data/ts-0-root/data
Total live blocks: 0
Total live bytes: 0
Total live bytes (after alignment): 0
Total number of LBM containers: 0 (0 full)
Did not check for missing blocks
Did not check for orphaned blocks
Total full LBM containers with extra space: 0 (0 repaired)
Total full LBM container extra space in bytes: 0 (0 repaired)
Total incomplete LBM containers: 0 (0 repaired)
Total LBM partial records: 0 (0 repaired)
Total corrupted LBM metadata records in RocksDB: 0 (0 repaired)
I20260630 12:30:54.976261 20374 rpc_server.cc:225] running with OpenSSL 1.1.1  11 Sep 2018
I20260630 12:30:54.977677 20374 kserver.cc:163] Server-wide thread pool size limit: 3276
I20260630 12:30:54.979192 20374 txn_system_client.cc:432] TxnSystemClient initialization is disabled...
I20260630 12:30:54.981696 20374 ts_tablet_manager.cc:585] Loaded tablet metadata (0 total tablets, 0 live tablets)
I20260630 12:30:54.981923 20374 ts_tablet_manager.cc:531] Time spent load tablet metadata: real 0.000s	user 0.000s	sys 0.000s
I20260630 12:30:54.982174 20374 ts_tablet_manager.cc:616] Registered 0 tablets
I20260630 12:30:54.982366 20374 ts_tablet_manager.cc:595] Time spent register tablets: real 0.000s	user 0.000s	sys 0.000s
I20260630 12:30:55.025183 20374 rpc_server.cc:307] RPC server started. Bound to: 127.19.229.129:37933
I20260630 12:30:55.025333 23098 acceptor_pool.cc:272] collecting diagnostics on the listening RPC socket 127.19.229.129:37933 every 8 connection(s)
I20260630 12:30:55.030181 20374 file_cache.cc:492] Constructed file cache file cache with capacity 419430
W20260630 12:30:55.037410 23103 instance_detector.cc:116] could not retrieve AWS instance metadata: Network error: curl error: HTTP response code said error: The requested URL returned error: 404
W20260630 12:30:55.039101 23104 instance_detector.cc:116] could not retrieve Azure instance metadata: Network error: curl error: HTTP response code said error: The requested URL returned error: 404
W20260630 12:30:55.042079 23106 instance_detector.cc:116] could not retrieve OpenStack instance metadata: Network error: curl error: HTTP response code said error: The requested URL returned error: 404
I20260630 12:30:55.043546 20374 server_base.cc:1061] running on GCE node
I20260630 12:30:55.044623 20374 hybrid_clock.cc:584] initializing the hybrid clock with 'system_unsync' time source
W20260630 12:30:55.044896 20374 system_unsync_time.cc:38] NTP support is disabled. Clock error bounds will not be accurate. This configuration is not suitable for distributed clusters.
I20260630 12:30:55.045148 20374 hybrid_clock.cc:648] HybridClock initialized: now 1782822655045126 us; error 0 us; skew 500 ppm
I20260630 12:30:55.045717 20374 server_base.cc:861] Flag tcmalloc_max_total_thread_cache_bytes is not working since tcmalloc is not enabled.
I20260630 12:30:55.047504 23099 heartbeater.cc:344] Connected to a master server at 127.19.229.190:38593
I20260630 12:30:55.048064 23099 heartbeater.cc:461] Registering TS with master...
I20260630 12:30:55.048753 20374 webserver.cc:533] Webserver started at http://127.19.229.130:43859/ using document root <none> and password file <none>
I20260630 12:30:55.049115 23099 heartbeater.cc:507] Master 127.19.229.190:38593 requested a full tablet report, sending...
I20260630 12:30:55.049419 20374 fs_manager.cc:362] Metadata directory not provided
I20260630 12:30:55.049688 20374 fs_manager.cc:368] Using write-ahead log directory (fs_wal_dir) as metadata directory
I20260630 12:30:55.050009 20374 server_base.cc:909] This appears to be a new deployment of Kudu; creating new FS layout
I20260630 12:30:55.051263 20374 fs_manager.cc:1068] Generated new instance metadata in path /tmp/dist-test-taskOEv_6p/test-tmp/auto_rebalancer-test.0.AutoRebalancerTest.RangeAwareBuildClusterInfoGroupsByRange.1782822567841560-20374-0/minicluster-data/ts-1-root/instance:
uuid: "89bd3d5569204b70917840a01181f9fc"
format_stamp: "Formatted at 2026-06-30 12:30:55 on dist-test-slave-jgf8"
I20260630 12:30:55.051693 22972 ts_manager.cc:194] Registered new tserver with Master: 0cea7e04193c4d1f9f9f422db8a622fd (127.19.229.129:37933)
I20260630 12:30:55.053632 22972 master_service.cc:502] Signed X509 certificate for tserver {username='slave'} at 127.0.0.1:50666
I20260630 12:30:55.056416 20374 fs_manager.cc:696] Time spent creating directory manager: real 0.005s	user 0.003s	sys 0.004s
I20260630 12:30:55.059875 23111 log_block_manager.cc:4031] Time spent loading block containers with low live blocks: real 0.000s	user 0.000s	sys 0.000s
I20260630 12:30:55.060688 20374 fs_manager.cc:730] Time spent opening block manager: real 0.002s	user 0.002s	sys 0.000s
I20260630 12:30:55.060993 20374 fs_manager.cc:647] Opened local filesystem: /tmp/dist-test-taskOEv_6p/test-tmp/auto_rebalancer-test.0.AutoRebalancerTest.RangeAwareBuildClusterInfoGroupsByRange.1782822567841560-20374-0/minicluster-data/ts-1-root
uuid: "89bd3d5569204b70917840a01181f9fc"
format_stamp: "Formatted at 2026-06-30 12:30:55 on dist-test-slave-jgf8"
I20260630 12:30:55.061316 20374 fs_report.cc:389] FS layout report
--------------------
wal directory: /tmp/dist-test-taskOEv_6p/test-tmp/auto_rebalancer-test.0.AutoRebalancerTest.RangeAwareBuildClusterInfoGroupsByRange.1782822567841560-20374-0/minicluster-data/ts-1-root
metadata directory: /tmp/dist-test-taskOEv_6p/test-tmp/auto_rebalancer-test.0.AutoRebalancerTest.RangeAwareBuildClusterInfoGroupsByRange.1782822567841560-20374-0/minicluster-data/ts-1-root
1 data directories: /tmp/dist-test-taskOEv_6p/test-tmp/auto_rebalancer-test.0.AutoRebalancerTest.RangeAwareBuildClusterInfoGroupsByRange.1782822567841560-20374-0/minicluster-data/ts-1-root/data
Total live blocks: 0
Total live bytes: 0
Total live bytes (after alignment): 0
Total number of LBM containers: 0 (0 full)
Did not check for missing blocks
Did not check for orphaned blocks
Total full LBM containers with extra space: 0 (0 repaired)
Total full LBM container extra space in bytes: 0 (0 repaired)
Total incomplete LBM containers: 0 (0 repaired)
Total LBM partial records: 0 (0 repaired)
Total corrupted LBM metadata records in RocksDB: 0 (0 repaired)
I20260630 12:30:55.072615 20374 rpc_server.cc:225] running with OpenSSL 1.1.1  11 Sep 2018
I20260630 12:30:55.073830 20374 kserver.cc:163] Server-wide thread pool size limit: 3276
I20260630 12:30:55.075245 20374 txn_system_client.cc:432] TxnSystemClient initialization is disabled...
I20260630 12:30:55.077549 20374 ts_tablet_manager.cc:585] Loaded tablet metadata (0 total tablets, 0 live tablets)
I20260630 12:30:55.077745 20374 ts_tablet_manager.cc:531] Time spent load tablet metadata: real 0.000s	user 0.000s	sys 0.000s
I20260630 12:30:55.078018 20374 ts_tablet_manager.cc:616] Registered 0 tablets
I20260630 12:30:55.078190 20374 ts_tablet_manager.cc:595] Time spent register tablets: real 0.000s	user 0.000s	sys 0.000s
I20260630 12:30:55.117735 20374 rpc_server.cc:307] RPC server started. Bound to: 127.19.229.130:44123
I20260630 12:30:55.117828 23173 acceptor_pool.cc:272] collecting diagnostics on the listening RPC socket 127.19.229.130:44123 every 8 connection(s)
I20260630 12:30:55.122541 20374 file_cache.cc:492] Constructed file cache file cache with capacity 419430
W20260630 12:30:55.129832 23177 instance_detector.cc:116] could not retrieve AWS instance metadata: Network error: curl error: HTTP response code said error: The requested URL returned error: 404
W20260630 12:30:55.131007 23178 instance_detector.cc:116] could not retrieve Azure instance metadata: Network error: curl error: HTTP response code said error: The requested URL returned error: 404
I20260630 12:30:55.133755 20374 server_base.cc:1061] running on GCE node
W20260630 12:30:55.133989 23180 instance_detector.cc:116] could not retrieve OpenStack instance metadata: Network error: curl error: HTTP response code said error: The requested URL returned error: 404
I20260630 12:30:55.135543 23174 heartbeater.cc:344] Connected to a master server at 127.19.229.190:38593
I20260630 12:30:55.135625 20374 hybrid_clock.cc:584] initializing the hybrid clock with 'system_unsync' time source
W20260630 12:30:55.135972 20374 system_unsync_time.cc:38] NTP support is disabled. Clock error bounds will not be accurate. This configuration is not suitable for distributed clusters.
I20260630 12:30:55.136006 23174 heartbeater.cc:461] Registering TS with master...
I20260630 12:30:55.136197 20374 hybrid_clock.cc:648] HybridClock initialized: now 1782822655136185 us; error 0 us; skew 500 ppm
I20260630 12:30:55.136920 20374 server_base.cc:861] Flag tcmalloc_max_total_thread_cache_bytes is not working since tcmalloc is not enabled.
I20260630 12:30:55.136936 23174 heartbeater.cc:507] Master 127.19.229.190:38593 requested a full tablet report, sending...
I20260630 12:30:55.139510 22972 ts_manager.cc:194] Registered new tserver with Master: 89bd3d5569204b70917840a01181f9fc (127.19.229.130:44123)
I20260630 12:30:55.139761 20374 webserver.cc:533] Webserver started at http://127.19.229.131:33331/ using document root <none> and password file <none>
I20260630 12:30:55.140357 20374 fs_manager.cc:362] Metadata directory not provided
I20260630 12:30:55.140601 20374 fs_manager.cc:368] Using write-ahead log directory (fs_wal_dir) as metadata directory
I20260630 12:30:55.140879 20374 server_base.cc:909] This appears to be a new deployment of Kudu; creating new FS layout
I20260630 12:30:55.141218 22972 master_service.cc:502] Signed X509 certificate for tserver {username='slave'} at 127.0.0.1:50678
I20260630 12:30:55.142222 20374 fs_manager.cc:1068] Generated new instance metadata in path /tmp/dist-test-taskOEv_6p/test-tmp/auto_rebalancer-test.0.AutoRebalancerTest.RangeAwareBuildClusterInfoGroupsByRange.1782822567841560-20374-0/minicluster-data/ts-2-root/instance:
uuid: "cd10f787cdfa4bc28176a44670d889cf"
format_stamp: "Formatted at 2026-06-30 12:30:55 on dist-test-slave-jgf8"
I20260630 12:30:55.146840 20374 fs_manager.cc:696] Time spent creating directory manager: real 0.004s	user 0.005s	sys 0.000s
I20260630 12:30:55.150214 23185 log_block_manager.cc:4031] Time spent loading block containers with low live blocks: real 0.000s	user 0.000s	sys 0.000s
I20260630 12:30:55.151028 20374 fs_manager.cc:730] Time spent opening block manager: real 0.002s	user 0.003s	sys 0.000s
I20260630 12:30:55.151324 20374 fs_manager.cc:647] Opened local filesystem: /tmp/dist-test-taskOEv_6p/test-tmp/auto_rebalancer-test.0.AutoRebalancerTest.RangeAwareBuildClusterInfoGroupsByRange.1782822567841560-20374-0/minicluster-data/ts-2-root
uuid: "cd10f787cdfa4bc28176a44670d889cf"
format_stamp: "Formatted at 2026-06-30 12:30:55 on dist-test-slave-jgf8"
I20260630 12:30:55.151669 20374 fs_report.cc:389] FS layout report
--------------------
wal directory: /tmp/dist-test-taskOEv_6p/test-tmp/auto_rebalancer-test.0.AutoRebalancerTest.RangeAwareBuildClusterInfoGroupsByRange.1782822567841560-20374-0/minicluster-data/ts-2-root
metadata directory: /tmp/dist-test-taskOEv_6p/test-tmp/auto_rebalancer-test.0.AutoRebalancerTest.RangeAwareBuildClusterInfoGroupsByRange.1782822567841560-20374-0/minicluster-data/ts-2-root
1 data directories: /tmp/dist-test-taskOEv_6p/test-tmp/auto_rebalancer-test.0.AutoRebalancerTest.RangeAwareBuildClusterInfoGroupsByRange.1782822567841560-20374-0/minicluster-data/ts-2-root/data
Total live blocks: 0
Total live bytes: 0
Total live bytes (after alignment): 0
Total number of LBM containers: 0 (0 full)
Did not check for missing blocks
Did not check for orphaned blocks
Total full LBM containers with extra space: 0 (0 repaired)
Total full LBM container extra space in bytes: 0 (0 repaired)
Total incomplete LBM containers: 0 (0 repaired)
Total LBM partial records: 0 (0 repaired)
Total corrupted LBM metadata records in RocksDB: 0 (0 repaired)
I20260630 12:30:55.189050 20374 rpc_server.cc:225] running with OpenSSL 1.1.1  11 Sep 2018
I20260630 12:30:55.190362 20374 kserver.cc:163] Server-wide thread pool size limit: 3276
I20260630 12:30:55.191854 20374 txn_system_client.cc:432] TxnSystemClient initialization is disabled...
I20260630 12:30:55.194156 20374 ts_tablet_manager.cc:585] Loaded tablet metadata (0 total tablets, 0 live tablets)
I20260630 12:30:55.194387 20374 ts_tablet_manager.cc:531] Time spent load tablet metadata: real 0.000s	user 0.000s	sys 0.000s
I20260630 12:30:55.194643 20374 ts_tablet_manager.cc:616] Registered 0 tablets
I20260630 12:30:55.194815 20374 ts_tablet_manager.cc:595] Time spent register tablets: real 0.000s	user 0.000s	sys 0.000s
I20260630 12:30:55.406738 20374 rpc_server.cc:307] RPC server started. Bound to: 127.19.229.131:40145
I20260630 12:30:55.406827 23247 acceptor_pool.cc:272] collecting diagnostics on the listening RPC socket 127.19.229.131:40145 every 8 connection(s)
I20260630 12:30:55.443229 23248 heartbeater.cc:344] Connected to a master server at 127.19.229.190:38593
I20260630 12:30:55.443615 23248 heartbeater.cc:461] Registering TS with master...
I20260630 12:30:55.444363 23248 heartbeater.cc:507] Master 127.19.229.190:38593 requested a full tablet report, sending...
I20260630 12:30:55.446389 22972 ts_manager.cc:194] Registered new tserver with Master: cd10f787cdfa4bc28176a44670d889cf (127.19.229.131:40145)
I20260630 12:30:55.446815 20374 internal_mini_cluster.cc:371] 3 TS(s) registered with all masters after 0.035746147s
I20260630 12:30:55.447746 22972 master_service.cc:502] Signed X509 certificate for tserver {username='slave'} at 127.0.0.1:50694
I20260630 12:30:55.988830 22972 catalog_manager.cc:2283] Servicing CreateTable request from {username='slave'} at 127.0.0.1:50708:
name: "range_aware_auto_rebalancer_test"
schema {
  columns {
    name: "key"
    type: INT32
    is_key: true
    is_nullable: false
    encoding: AUTO_ENCODING
    compression: DEFAULT_COMPRESSION
    cfile_block_size: 0
    immutable: false
  }
}
num_replicas: 3
split_rows_range_bounds {
  rows: "\006\001\000\000\000\000\007\001\n\000\000\000\006\001\n\000\000\000\007\001\024\000\000\000""\006\001\000\000\000\000\007\001\n\000\000\000\006\001\n\000\000\000\007\001\024\000\000\000"
  indirect_data: """"
}
partition_schema {
  hash_schema {
    columns {
      name: "key"
    }
    num_buckets: 2
    seed: 0
  }
  range_schema {
    columns {
      name: "key"
    }
  }
}
W20260630 12:30:55.991367 22972 catalog_manager.cc:7077] The number of live tablet servers is not enough to re-replicate a tablet replica of the newly created table range_aware_auto_rebalancer_test in case of a server failure: 4 tablet servers would be needed, 3 are available. Consider bringing up more tablet servers.
I20260630 12:30:56.056506 23099 heartbeater.cc:499] Master 127.19.229.190:38593 was elected leader, sending a full tablet report...
I20260630 12:30:56.064126 23063 tablet_service.cc:1511] Processing CreateTablet for tablet 2a4ecd3279614ab8bfa37e0335b2e4cc (DEFAULT_TABLE table=range_aware_auto_rebalancer_test [id=51b39d00eb0e4a438a137dc7d3dcffd5]), partition=HASH (key) PARTITION 0, RANGE (key) PARTITION 10 <= VALUES < 20
I20260630 12:30:56.064718 23062 tablet_service.cc:1511] Processing CreateTablet for tablet 0cd6843d1ad149dc86245397b663f0a7 (DEFAULT_TABLE table=range_aware_auto_rebalancer_test [id=51b39d00eb0e4a438a137dc7d3dcffd5]), partition=HASH (key) PARTITION 1, RANGE (key) PARTITION 0 <= VALUES < 10
I20260630 12:30:56.065841 23063 data_dirs.cc:400] Could only allocate 1 dirs of requested 3 for tablet 2a4ecd3279614ab8bfa37e0335b2e4cc. 1 dirs total, 0 dirs full, 0 dirs failed
I20260630 12:30:56.066885 23061 tablet_service.cc:1511] Processing CreateTablet for tablet feeab277b99547cbb78f62254d65e4cd (DEFAULT_TABLE table=range_aware_auto_rebalancer_test [id=51b39d00eb0e4a438a137dc7d3dcffd5]), partition=HASH (key) PARTITION 1, RANGE (key) PARTITION 10 <= VALUES < 20
I20260630 12:30:56.067207 23137 tablet_service.cc:1511] Processing CreateTablet for tablet 0cd6843d1ad149dc86245397b663f0a7 (DEFAULT_TABLE table=range_aware_auto_rebalancer_test [id=51b39d00eb0e4a438a137dc7d3dcffd5]), partition=HASH (key) PARTITION 1, RANGE (key) PARTITION 0 <= VALUES < 10
I20260630 12:30:56.066963 23064 tablet_service.cc:1511] Processing CreateTablet for tablet d09fddf40998472da0c1a62807da8727 (DEFAULT_TABLE table=range_aware_auto_rebalancer_test [id=51b39d00eb0e4a438a137dc7d3dcffd5]), partition=HASH (key) PARTITION 0, RANGE (key) PARTITION 0 <= VALUES < 10
I20260630 12:30:56.068579 23061 data_dirs.cc:400] Could only allocate 1 dirs of requested 3 for tablet feeab277b99547cbb78f62254d65e4cd. 1 dirs total, 0 dirs full, 0 dirs failed
