I20260630 12:29:35.916643 21079 raft_consensus.cc:493] T d8f9034ad5ad4277a997db76a02e9840 P 2e202bb90ecf4a0dbb7174d89dcc562e [term 0 FOLLOWER]: Starting pre-election (no leader contacted us within the election timeout)
I20260630 12:29:35.918231 20855 raft_consensus.cc:2468] T a7c1747791dc4e3b92cf49bee56aa2c8 P 53f52e9d752f44dd80b8ccf7f388e70e [term 0 FOLLOWER]: Leader pre-election vote request: Granting yes vote for candidate b36d6c934b7240dda0fa4a9fa67fad9f in term 0.
I20260630 12:29:35.919826 20929 tablet_service.cc:1917] Received RequestConsensusVote() RPC: tablet_id: "33e3ba8ec6f247bbbe06ea09f23ca79e" candidate_uuid: "53f52e9d752f44dd80b8ccf7f388e70e" candidate_term: 1 candidate_status { last_received { term: 0 index: 0 } } ignore_live_leader: false dest_uuid: "b36d6c934b7240dda0fa4a9fa67fad9f" is_pre_election: true
I20260630 12:29:35.919999 20895 leader_election.cc:304] T a7c1747791dc4e3b92cf49bee56aa2c8 P b36d6c934b7240dda0fa4a9fa67fad9f [CANDIDATE]: Term 1 pre-election: Election decided. Result: candidate won. Election summary: received 2 responses out of 3 voters: 2 yes votes; 0 no votes. yes voters: 53f52e9d752f44dd80b8ccf7f388e70e, b36d6c934b7240dda0fa4a9fa67fad9f; no voters: 
I20260630 12:29:35.919220 20930 tablet_service.cc:1917] Received RequestConsensusVote() RPC: tablet_id: "6fddad43bc004b75851fc3b7394a3bbb" candidate_uuid: "53f52e9d752f44dd80b8ccf7f388e70e" candidate_term: 1 candidate_status { last_received { term: 0 index: 0 } } ignore_live_leader: false dest_uuid: "b36d6c934b7240dda0fa4a9fa67fad9f" is_pre_election: true
I20260630 12:29:35.921118 21003 tablet_service.cc:1917] Received RequestConsensusVote() RPC: tablet_id: "a7c1747791dc4e3b92cf49bee56aa2c8" candidate_uuid: "b36d6c934b7240dda0fa4a9fa67fad9f" candidate_term: 1 candidate_status { last_received { term: 0 index: 0 } } ignore_live_leader: false dest_uuid: "2e202bb90ecf4a0dbb7174d89dcc562e" is_pre_election: true
I20260630 12:29:35.921901 21004 tablet_service.cc:1917] Received RequestConsensusVote() RPC: tablet_id: "2a58c33693554668926bf6600344c43d" candidate_uuid: "b36d6c934b7240dda0fa4a9fa67fad9f" candidate_term: 1 candidate_status { last_received { term: 0 index: 0 } } ignore_live_leader: false dest_uuid: "2e202bb90ecf4a0dbb7174d89dcc562e" is_pre_election: true
I20260630 12:29:35.922676 21003 raft_consensus.cc:2468] T a7c1747791dc4e3b92cf49bee56aa2c8 P 2e202bb90ecf4a0dbb7174d89dcc562e [term 0 FOLLOWER]: Leader pre-election vote request: Granting yes vote for candidate b36d6c934b7240dda0fa4a9fa67fad9f in term 0.
I20260630 12:29:35.919480 21051 raft_consensus.cc:2804] T 33e3ba8ec6f247bbbe06ea09f23ca79e P 53f52e9d752f44dd80b8ccf7f388e70e [term 0 FOLLOWER]: Leader pre-election won for term 1
I20260630 12:29:35.922911 21004 raft_consensus.cc:2468] T 2a58c33693554668926bf6600344c43d P 2e202bb90ecf4a0dbb7174d89dcc562e [term 0 FOLLOWER]: Leader pre-election vote request: Granting yes vote for candidate b36d6c934b7240dda0fa4a9fa67fad9f in term 0.
I20260630 12:29:35.923032 21059 raft_consensus.cc:2804] T a7c1747791dc4e3b92cf49bee56aa2c8 P b36d6c934b7240dda0fa4a9fa67fad9f [term 0 FOLLOWER]: Leader pre-election won for term 1
I20260630 12:29:35.924952 21059 raft_consensus.cc:493] T a7c1747791dc4e3b92cf49bee56aa2c8 P b36d6c934b7240dda0fa4a9fa67fad9f [term 0 FOLLOWER]: Starting leader election (no leader contacted us within the election timeout)
W20260630 12:29:35.924252 20821 leader_election.cc:343] T 33e3ba8ec6f247bbbe06ea09f23ca79e P 53f52e9d752f44dd80b8ccf7f388e70e [CANDIDATE]: Term 1 pre-election: Tablet error from VoteRequest() call to peer b36d6c934b7240dda0fa4a9fa67fad9f (127.19.182.2:37253): Illegal state: must be running to vote when last-logged opid is not known
I20260630 12:29:35.925302 21059 raft_consensus.cc:3060] T a7c1747791dc4e3b92cf49bee56aa2c8 P b36d6c934b7240dda0fa4a9fa67fad9f [term 0 FOLLOWER]: Advancing to term 1
I20260630 12:29:35.922850 20930 raft_consensus.cc:2468] T 6fddad43bc004b75851fc3b7394a3bbb P b36d6c934b7240dda0fa4a9fa67fad9f [term 0 FOLLOWER]: Leader pre-election vote request: Granting yes vote for candidate 53f52e9d752f44dd80b8ccf7f388e70e in term 0.
I20260630 12:29:35.925900 20894 leader_election.cc:304] T 2a58c33693554668926bf6600344c43d P b36d6c934b7240dda0fa4a9fa67fad9f [CANDIDATE]: Term 1 pre-election: Election decided. Result: candidate won. Election summary: received 3 responses out of 3 voters: 2 yes votes; 1 no votes. yes voters: 2e202bb90ecf4a0dbb7174d89dcc562e, b36d6c934b7240dda0fa4a9fa67fad9f; no voters: 53f52e9d752f44dd80b8ccf7f388e70e
I20260630 12:29:35.924813 21051 raft_consensus.cc:493] T 33e3ba8ec6f247bbbe06ea09f23ca79e P 53f52e9d752f44dd80b8ccf7f388e70e [term 0 FOLLOWER]: Starting leader election (no leader contacted us within the election timeout)
I20260630 12:29:35.928474 21051 raft_consensus.cc:3060] T 33e3ba8ec6f247bbbe06ea09f23ca79e P 53f52e9d752f44dd80b8ccf7f388e70e [term 0 FOLLOWER]: Advancing to term 1
I20260630 12:29:35.932144 21083 raft_consensus.cc:2804] T 2a58c33693554668926bf6600344c43d P b36d6c934b7240dda0fa4a9fa67fad9f [term 0 FOLLOWER]: Leader pre-election won for term 1
I20260630 12:29:35.932157 20821 leader_election.cc:304] T 6fddad43bc004b75851fc3b7394a3bbb P 53f52e9d752f44dd80b8ccf7f388e70e [CANDIDATE]: Term 1 pre-election: Election decided. Result: candidate won. Election summary: received 3 responses out of 3 voters: 2 yes votes; 1 no votes. yes voters: 53f52e9d752f44dd80b8ccf7f388e70e, b36d6c934b7240dda0fa4a9fa67fad9f; no voters: 2e202bb90ecf4a0dbb7174d89dcc562e
I20260630 12:29:35.932705 21083 raft_consensus.cc:493] T 2a58c33693554668926bf6600344c43d P b36d6c934b7240dda0fa4a9fa67fad9f [term 0 FOLLOWER]: Starting leader election (no leader contacted us within the election timeout)
I20260630 12:29:35.933604 21083 raft_consensus.cc:3060] T 2a58c33693554668926bf6600344c43d P b36d6c934b7240dda0fa4a9fa67fad9f [term 0 FOLLOWER]: Advancing to term 1
I20260630 12:29:35.921586 21079 raft_consensus.cc:515] T d8f9034ad5ad4277a997db76a02e9840 P 2e202bb90ecf4a0dbb7174d89dcc562e [term 0 FOLLOWER]: Starting pre-election with config: opid_index: -1 OBSOLETE_local: false peers { permanent_uuid: "53f52e9d752f44dd80b8ccf7f388e70e" member_type: VOTER last_known_addr { host: "127.19.182.1" port: 43089 } } peers { permanent_uuid: "b36d6c934b7240dda0fa4a9fa67fad9f" member_type: VOTER last_known_addr { host: "127.19.182.2" port: 37253 } } peers { permanent_uuid: "2e202bb90ecf4a0dbb7174d89dcc562e" member_type: VOTER last_known_addr { host: "127.19.182.3" port: 38997 } }
I20260630 12:29:35.938319 20855 tablet_service.cc:1917] Received RequestConsensusVote() RPC: tablet_id: "4860b2c4e0e7402ca1fb1daca5843dc4" candidate_uuid: "2e202bb90ecf4a0dbb7174d89dcc562e" candidate_term: 1 candidate_status { last_received { term: 0 index: 0 } } ignore_live_leader: false dest_uuid: "53f52e9d752f44dd80b8ccf7f388e70e" is_pre_election: true
I20260630 12:29:35.938977 20855 raft_consensus.cc:2468] T 4860b2c4e0e7402ca1fb1daca5843dc4 P 53f52e9d752f44dd80b8ccf7f388e70e [term 0 FOLLOWER]: Leader pre-election vote request: Granting yes vote for candidate 2e202bb90ecf4a0dbb7174d89dcc562e in term 0.
I20260630 12:29:35.940822 20969 leader_election.cc:304] T 4860b2c4e0e7402ca1fb1daca5843dc4 P 2e202bb90ecf4a0dbb7174d89dcc562e [CANDIDATE]: Term 1 pre-election: Election decided. Result: candidate won. Election summary: received 2 responses out of 3 voters: 2 yes votes; 0 no votes. yes voters: 2e202bb90ecf4a0dbb7174d89dcc562e, 53f52e9d752f44dd80b8ccf7f388e70e; no voters: 
I20260630 12:29:35.941828 20855 tablet_service.cc:1917] Received RequestConsensusVote() RPC: tablet_id: "d8f9034ad5ad4277a997db76a02e9840" candidate_uuid: "2e202bb90ecf4a0dbb7174d89dcc562e" candidate_term: 1 candidate_status { last_received { term: 0 index: 0 } } ignore_live_leader: false dest_uuid: "53f52e9d752f44dd80b8ccf7f388e70e" is_pre_election: true
I20260630 12:29:35.942147 21057 raft_consensus.cc:2804] T 4860b2c4e0e7402ca1fb1daca5843dc4 P 2e202bb90ecf4a0dbb7174d89dcc562e [term 0 FOLLOWER]: Leader pre-election won for term 1
I20260630 12:29:35.942497 21057 raft_consensus.cc:493] T 4860b2c4e0e7402ca1fb1daca5843dc4 P 2e202bb90ecf4a0dbb7174d89dcc562e [term 0 FOLLOWER]: Starting leader election (no leader contacted us within the election timeout)
I20260630 12:29:35.942864 21057 raft_consensus.cc:3060] T 4860b2c4e0e7402ca1fb1daca5843dc4 P 2e202bb90ecf4a0dbb7174d89dcc562e [term 0 FOLLOWER]: Advancing to term 1
I20260630 12:29:35.942495 20855 raft_consensus.cc:2468] T d8f9034ad5ad4277a997db76a02e9840 P 53f52e9d752f44dd80b8ccf7f388e70e [term 0 FOLLOWER]: Leader pre-election vote request: Granting yes vote for candidate 2e202bb90ecf4a0dbb7174d89dcc562e in term 0.
I20260630 12:29:35.943886 21083 raft_consensus.cc:515] T 2a58c33693554668926bf6600344c43d P b36d6c934b7240dda0fa4a9fa67fad9f [term 1 FOLLOWER]: Starting leader election with config: opid_index: -1 OBSOLETE_local: false peers { permanent_uuid: "53f52e9d752f44dd80b8ccf7f388e70e" member_type: VOTER last_known_addr { host: "127.19.182.1" port: 43089 } } peers { permanent_uuid: "b36d6c934b7240dda0fa4a9fa67fad9f" member_type: VOTER last_known_addr { host: "127.19.182.2" port: 37253 } } peers { permanent_uuid: "2e202bb90ecf4a0dbb7174d89dcc562e" member_type: VOTER last_known_addr { host: "127.19.182.3" port: 38997 } }
I20260630 12:29:35.944836 20969 leader_election.cc:304] T d8f9034ad5ad4277a997db76a02e9840 P 2e202bb90ecf4a0dbb7174d89dcc562e [CANDIDATE]: Term 1 pre-election: Election decided. Result: candidate won. Election summary: received 2 responses out of 3 voters: 2 yes votes; 0 no votes. yes voters: 2e202bb90ecf4a0dbb7174d89dcc562e, 53f52e9d752f44dd80b8ccf7f388e70e; no voters: 
I20260630 12:29:35.946831 21083 leader_election.cc:290] T 2a58c33693554668926bf6600344c43d P b36d6c934b7240dda0fa4a9fa67fad9f [CANDIDATE]: Term 1 election: Requested vote from peers 53f52e9d752f44dd80b8ccf7f388e70e (127.19.182.1:43089), 2e202bb90ecf4a0dbb7174d89dcc562e (127.19.182.3:38997)
I20260630 12:29:35.947487 20855 tablet_service.cc:1917] Received RequestConsensusVote() RPC: tablet_id: "2a58c33693554668926bf6600344c43d" candidate_uuid: "b36d6c934b7240dda0fa4a9fa67fad9f" candidate_term: 1 candidate_status { last_received { term: 0 index: 0 } } ignore_live_leader: false dest_uuid: "53f52e9d752f44dd80b8ccf7f388e70e"
I20260630 12:29:35.948796 21004 tablet_service.cc:1917] Received RequestConsensusVote() RPC: tablet_id: "2a58c33693554668926bf6600344c43d" candidate_uuid: "b36d6c934b7240dda0fa4a9fa67fad9f" candidate_term: 1 candidate_status { last_received { term: 0 index: 0 } } ignore_live_leader: false dest_uuid: "2e202bb90ecf4a0dbb7174d89dcc562e"
I20260630 12:29:35.949249 21079 leader_election.cc:290] T d8f9034ad5ad4277a997db76a02e9840 P 2e202bb90ecf4a0dbb7174d89dcc562e [CANDIDATE]: Term 1 pre-election: Requested pre-vote from peers 53f52e9d752f44dd80b8ccf7f388e70e (127.19.182.1:43089), b36d6c934b7240dda0fa4a9fa67fad9f (127.19.182.2:37253)
I20260630 12:29:35.949326 21004 raft_consensus.cc:3060] T 2a58c33693554668926bf6600344c43d P 2e202bb90ecf4a0dbb7174d89dcc562e [term 0 FOLLOWER]: Advancing to term 1
I20260630 12:29:35.950449 21079 raft_consensus.cc:2804] T d8f9034ad5ad4277a997db76a02e9840 P 2e202bb90ecf4a0dbb7174d89dcc562e [term 0 FOLLOWER]: Leader pre-election won for term 1
I20260630 12:29:35.951218 21079 raft_consensus.cc:493] T d8f9034ad5ad4277a997db76a02e9840 P 2e202bb90ecf4a0dbb7174d89dcc562e [term 0 FOLLOWER]: Starting leader election (no leader contacted us within the election timeout)
W20260630 12:29:35.952040 20895 leader_election.cc:343] T 2a58c33693554668926bf6600344c43d P b36d6c934b7240dda0fa4a9fa67fad9f [CANDIDATE]: Term 1 election: Tablet error from VoteRequest() call to peer 53f52e9d752f44dd80b8ccf7f388e70e (127.19.182.1:43089): Illegal state: must be running to vote when last-logged opid is not known
I20260630 12:29:35.951244 21052 tablet_bootstrap.cc:654] T cb764c7be954443ca9b71f4730dee560 P b36d6c934b7240dda0fa4a9fa67fad9f: Neither blocks nor log segments found. Creating new log.
I20260630 12:29:35.952037 21079 raft_consensus.cc:3060] T d8f9034ad5ad4277a997db76a02e9840 P 2e202bb90ecf4a0dbb7174d89dcc562e [term 0 FOLLOWER]: Advancing to term 1
I20260630 12:29:35.943475 21059 raft_consensus.cc:515] T a7c1747791dc4e3b92cf49bee56aa2c8 P b36d6c934b7240dda0fa4a9fa67fad9f [term 1 FOLLOWER]: Starting leader election with config: opid_index: -1 OBSOLETE_local: false peers { permanent_uuid: "53f52e9d752f44dd80b8ccf7f388e70e" member_type: VOTER last_known_addr { host: "127.19.182.1" port: 43089 } } peers { permanent_uuid: "b36d6c934b7240dda0fa4a9fa67fad9f" member_type: VOTER last_known_addr { host: "127.19.182.2" port: 37253 } } peers { permanent_uuid: "2e202bb90ecf4a0dbb7174d89dcc562e" member_type: VOTER last_known_addr { host: "127.19.182.3" port: 38997 } }
I20260630 12:29:35.957589 21084 raft_consensus.cc:2804] T 6fddad43bc004b75851fc3b7394a3bbb P 53f52e9d752f44dd80b8ccf7f388e70e [term 0 FOLLOWER]: Leader pre-election won for term 1
I20260630 12:29:35.957975 21084 raft_consensus.cc:493] T 6fddad43bc004b75851fc3b7394a3bbb P 53f52e9d752f44dd80b8ccf7f388e70e [term 0 FOLLOWER]: Starting leader election (no leader contacted us within the election timeout)
I20260630 12:29:35.958249 21003 tablet_service.cc:1917] Received RequestConsensusVote() RPC: tablet_id: "a7c1747791dc4e3b92cf49bee56aa2c8" candidate_uuid: "b36d6c934b7240dda0fa4a9fa67fad9f" candidate_term: 1 candidate_status { last_received { term: 0 index: 0 } } ignore_live_leader: false dest_uuid: "2e202bb90ecf4a0dbb7174d89dcc562e"
I20260630 12:29:35.958981 21003 raft_consensus.cc:3060] T a7c1747791dc4e3b92cf49bee56aa2c8 P 2e202bb90ecf4a0dbb7174d89dcc562e [term 0 FOLLOWER]: Advancing to term 1
I20260630 12:29:35.960075 20855 tablet_service.cc:1917] Received RequestConsensusVote() RPC: tablet_id: "a7c1747791dc4e3b92cf49bee56aa2c8" candidate_uuid: "b36d6c934b7240dda0fa4a9fa67fad9f" candidate_term: 1 candidate_status { last_received { term: 0 index: 0 } } ignore_live_leader: false dest_uuid: "53f52e9d752f44dd80b8ccf7f388e70e"
I20260630 12:29:35.960505 21053 tablet_bootstrap.cc:654] T 6fddad43bc004b75851fc3b7394a3bbb P 2e202bb90ecf4a0dbb7174d89dcc562e: Neither blocks nor log segments found. Creating new log.
I20260630 12:29:35.960577 20855 raft_consensus.cc:3060] T a7c1747791dc4e3b92cf49bee56aa2c8 P 53f52e9d752f44dd80b8ccf7f388e70e [term 0 FOLLOWER]: Advancing to term 1
I20260630 12:29:35.956938 21059 leader_election.cc:290] T a7c1747791dc4e3b92cf49bee56aa2c8 P b36d6c934b7240dda0fa4a9fa67fad9f [CANDIDATE]: Term 1 election: Requested vote from peers 53f52e9d752f44dd80b8ccf7f388e70e (127.19.182.1:43089), 2e202bb90ecf4a0dbb7174d89dcc562e (127.19.182.3:38997)
I20260630 12:29:35.958287 21084 raft_consensus.cc:3060] T 6fddad43bc004b75851fc3b7394a3bbb P 53f52e9d752f44dd80b8ccf7f388e70e [term 0 FOLLOWER]: Advancing to term 1
I20260630 12:29:35.959712 21057 raft_consensus.cc:515] T 4860b2c4e0e7402ca1fb1daca5843dc4 P 2e202bb90ecf4a0dbb7174d89dcc562e [term 1 FOLLOWER]: Starting leader election with config: opid_index: -1 OBSOLETE_local: false peers { permanent_uuid: "53f52e9d752f44dd80b8ccf7f388e70e" member_type: VOTER last_known_addr { host: "127.19.182.1" port: 43089 } } peers { permanent_uuid: "2e202bb90ecf4a0dbb7174d89dcc562e" member_type: VOTER last_known_addr { host: "127.19.182.3" port: 38997 } } peers { permanent_uuid: "b36d6c934b7240dda0fa4a9fa67fad9f" member_type: VOTER last_known_addr { host: "127.19.182.2" port: 37253 } }
I20260630 12:29:35.967880 21051 raft_consensus.cc:515] T 33e3ba8ec6f247bbbe06ea09f23ca79e P 53f52e9d752f44dd80b8ccf7f388e70e [term 1 FOLLOWER]: Starting leader election with config: opid_index: -1 OBSOLETE_local: false peers { permanent_uuid: "53f52e9d752f44dd80b8ccf7f388e70e" member_type: VOTER last_known_addr { host: "127.19.182.1" port: 43089 } } peers { permanent_uuid: "b36d6c934b7240dda0fa4a9fa67fad9f" member_type: VOTER last_known_addr { host: "127.19.182.2" port: 37253 } } peers { permanent_uuid: "2e202bb90ecf4a0dbb7174d89dcc562e" member_type: VOTER last_known_addr { host: "127.19.182.3" port: 38997 } }
I20260630 12:29:35.969323 21003 raft_consensus.cc:2468] T a7c1747791dc4e3b92cf49bee56aa2c8 P 2e202bb90ecf4a0dbb7174d89dcc562e [term 1 FOLLOWER]: Leader election vote request: Granting yes vote for candidate b36d6c934b7240dda0fa4a9fa67fad9f in term 1.
I20260630 12:29:35.970826 21049 tablet_bootstrap.cc:654] T 2a58c33693554668926bf6600344c43d P 53f52e9d752f44dd80b8ccf7f388e70e: Neither blocks nor log segments found. Creating new log.
I20260630 12:29:35.971210 20930 tablet_service.cc:1917] Received RequestConsensusVote() RPC: tablet_id: "33e3ba8ec6f247bbbe06ea09f23ca79e" candidate_uuid: "53f52e9d752f44dd80b8ccf7f388e70e" candidate_term: 1 candidate_status { last_received { term: 0 index: 0 } } ignore_live_leader: false dest_uuid: "b36d6c934b7240dda0fa4a9fa67fad9f"
I20260630 12:29:35.970707 20894 leader_election.cc:304] T a7c1747791dc4e3b92cf49bee56aa2c8 P b36d6c934b7240dda0fa4a9fa67fad9f [CANDIDATE]: Term 1 election: Election decided. Result: candidate won. Election summary: received 2 responses out of 3 voters: 2 yes votes; 0 no votes. yes voters: 2e202bb90ecf4a0dbb7174d89dcc562e, b36d6c934b7240dda0fa4a9fa67fad9f; no voters: 
I20260630 12:29:35.972998 21059 raft_consensus.cc:2804] T a7c1747791dc4e3b92cf49bee56aa2c8 P b36d6c934b7240dda0fa4a9fa67fad9f [term 1 FOLLOWER]: Leader election won for term 1
I20260630 12:29:35.973716 21059 raft_consensus.cc:697] T a7c1747791dc4e3b92cf49bee56aa2c8 P b36d6c934b7240dda0fa4a9fa67fad9f [term 1 LEADER]: Becoming Leader. State: Replica: b36d6c934b7240dda0fa4a9fa67fad9f, State: Running, Role: LEADER
I20260630 12:29:35.974885 21051 leader_election.cc:290] T 33e3ba8ec6f247bbbe06ea09f23ca79e P 53f52e9d752f44dd80b8ccf7f388e70e [CANDIDATE]: Term 1 election: Requested vote from peers b36d6c934b7240dda0fa4a9fa67fad9f (127.19.182.2:37253), 2e202bb90ecf4a0dbb7174d89dcc562e (127.19.182.3:38997)
W20260630 12:29:35.973730 20821 leader_election.cc:343] T 33e3ba8ec6f247bbbe06ea09f23ca79e P 53f52e9d752f44dd80b8ccf7f388e70e [CANDIDATE]: Term 1 election: Tablet error from VoteRequest() call to peer b36d6c934b7240dda0fa4a9fa67fad9f (127.19.182.2:37253): Illegal state: must be running to vote when last-logged opid is not known
I20260630 12:29:35.975196 21059 consensus_queue.cc:237] T a7c1747791dc4e3b92cf49bee56aa2c8 P b36d6c934b7240dda0fa4a9fa67fad9f [LEADER]: Queue going to LEADER mode. State: All replicated index: 0, Majority replicated index: 0, Committed index: 0, Last appended: 0.0, Last appended by leader: 0, Current term: 1, Majority size: 2, State: 0, Mode: LEADER, active raft config: opid_index: -1 OBSOLETE_local: false peers { permanent_uuid: "53f52e9d752f44dd80b8ccf7f388e70e" member_type: VOTER last_known_addr { host: "127.19.182.1" port: 43089 } } peers { permanent_uuid: "b36d6c934b7240dda0fa4a9fa67fad9f" member_type: VOTER last_known_addr { host: "127.19.182.2" port: 37253 } } peers { permanent_uuid: "2e202bb90ecf4a0dbb7174d89dcc562e" member_type: VOTER last_known_addr { host: "127.19.182.3" port: 38997 } }
I20260630 12:29:35.973367 21004 raft_consensus.cc:2468] T 2a58c33693554668926bf6600344c43d P 2e202bb90ecf4a0dbb7174d89dcc562e [term 1 FOLLOWER]: Leader election vote request: Granting yes vote for candidate b36d6c934b7240dda0fa4a9fa67fad9f in term 1.
I20260630 12:29:35.975935 21003 tablet_service.cc:1917] Received RequestConsensusVote() RPC: tablet_id: "33e3ba8ec6f247bbbe06ea09f23ca79e" candidate_uuid: "53f52e9d752f44dd80b8ccf7f388e70e" candidate_term: 1 candidate_status { last_received { term: 0 index: 0 } } ignore_live_leader: false dest_uuid: "2e202bb90ecf4a0dbb7174d89dcc562e"
I20260630 12:29:35.977111 20894 leader_election.cc:304] T 2a58c33693554668926bf6600344c43d P b36d6c934b7240dda0fa4a9fa67fad9f [CANDIDATE]: Term 1 election: Election decided. Result: candidate won. Election summary: received 3 responses out of 3 voters: 2 yes votes; 1 no votes. yes voters: 2e202bb90ecf4a0dbb7174d89dcc562e, b36d6c934b7240dda0fa4a9fa67fad9f; no voters: 53f52e9d752f44dd80b8ccf7f388e70e
I20260630 12:29:35.977353 21057 leader_election.cc:290] T 4860b2c4e0e7402ca1fb1daca5843dc4 P 2e202bb90ecf4a0dbb7174d89dcc562e [CANDIDATE]: Term 1 election: Requested vote from peers 53f52e9d752f44dd80b8ccf7f388e70e (127.19.182.1:43089), b36d6c934b7240dda0fa4a9fa67fad9f (127.19.182.2:37253)
I20260630 12:29:35.978466 21083 raft_consensus.cc:2804] T 2a58c33693554668926bf6600344c43d P b36d6c934b7240dda0fa4a9fa67fad9f [term 1 FOLLOWER]: Leader election won for term 1
I20260630 12:29:35.978555 20930 tablet_service.cc:1917] Received RequestConsensusVote() RPC: tablet_id: "4860b2c4e0e7402ca1fb1daca5843dc4" candidate_uuid: "2e202bb90ecf4a0dbb7174d89dcc562e" candidate_term: 1 candidate_status { last_received { term: 0 index: 0 } } ignore_live_leader: false dest_uuid: "b36d6c934b7240dda0fa4a9fa67fad9f" is_pre_election: true
I20260630 12:29:35.979187 20930 raft_consensus.cc:2468] T 4860b2c4e0e7402ca1fb1daca5843dc4 P b36d6c934b7240dda0fa4a9fa67fad9f [term 0 FOLLOWER]: Leader pre-election vote request: Granting yes vote for candidate 2e202bb90ecf4a0dbb7174d89dcc562e in term 0.
I20260630 12:29:35.979247 20929 tablet_service.cc:1917] Received RequestConsensusVote() RPC: tablet_id: "d8f9034ad5ad4277a997db76a02e9840" candidate_uuid: "2e202bb90ecf4a0dbb7174d89dcc562e" candidate_term: 1 candidate_status { last_received { term: 0 index: 0 } } ignore_live_leader: false dest_uuid: "b36d6c934b7240dda0fa4a9fa67fad9f" is_pre_election: true
I20260630 12:29:35.979982 21003 raft_consensus.cc:3060] T 33e3ba8ec6f247bbbe06ea09f23ca79e P 2e202bb90ecf4a0dbb7174d89dcc562e [term 0 FOLLOWER]: Advancing to term 1
I20260630 12:29:35.980581 20929 raft_consensus.cc:2468] T d8f9034ad5ad4277a997db76a02e9840 P b36d6c934b7240dda0fa4a9fa67fad9f [term 0 FOLLOWER]: Leader pre-election vote request: Granting yes vote for candidate 2e202bb90ecf4a0dbb7174d89dcc562e in term 0.
I20260630 12:29:35.980548 20928 tablet_service.cc:1917] Received RequestConsensusVote() RPC: tablet_id: "4860b2c4e0e7402ca1fb1daca5843dc4" candidate_uuid: "2e202bb90ecf4a0dbb7174d89dcc562e" candidate_term: 1 candidate_status { last_received { term: 0 index: 0 } } ignore_live_leader: false dest_uuid: "b36d6c934b7240dda0fa4a9fa67fad9f"
I20260630 12:29:35.982216 20928 raft_consensus.cc:3060] T 4860b2c4e0e7402ca1fb1daca5843dc4 P b36d6c934b7240dda0fa4a9fa67fad9f [term 0 FOLLOWER]: Advancing to term 1
W20260630 12:29:35.983155 20801 auto_rebalancer.cc:298] Could not retrieve cluster info: Service unavailable: Tablet not running
I20260630 12:29:35.974431 20855 raft_consensus.cc:2468] T a7c1747791dc4e3b92cf49bee56aa2c8 P 53f52e9d752f44dd80b8ccf7f388e70e [term 1 FOLLOWER]: Leader election vote request: Granting yes vote for candidate b36d6c934b7240dda0fa4a9fa67fad9f in term 1.
I20260630 12:29:35.982187 20854 tablet_service.cc:1917] Received RequestConsensusVote() RPC: tablet_id: "4860b2c4e0e7402ca1fb1daca5843dc4" candidate_uuid: "2e202bb90ecf4a0dbb7174d89dcc562e" candidate_term: 1 candidate_status { last_received { term: 0 index: 0 } } ignore_live_leader: false dest_uuid: "53f52e9d752f44dd80b8ccf7f388e70e"
I20260630 12:29:35.988899 20806 auto_leader_rebalancer.cc:141] leader rebalance for table test-workload
W20260630 12:29:35.989868 20806 auto_leader_rebalancer.cc:524] the master instance isn't leader: Service unavailable: Tablet not running
I20260630 12:29:35.988181 20854 raft_consensus.cc:3060] T 4860b2c4e0e7402ca1fb1daca5843dc4 P 53f52e9d752f44dd80b8ccf7f388e70e [term 0 FOLLOWER]: Advancing to term 1
I20260630 12:29:35.983328 21079 raft_consensus.cc:515] T d8f9034ad5ad4277a997db76a02e9840 P 2e202bb90ecf4a0dbb7174d89dcc562e [term 1 FOLLOWER]: Starting leader election with config: opid_index: -1 OBSOLETE_local: false peers { permanent_uuid: "53f52e9d752f44dd80b8ccf7f388e70e" member_type: VOTER last_known_addr { host: "127.19.182.1" port: 43089 } } peers { permanent_uuid: "b36d6c934b7240dda0fa4a9fa67fad9f" member_type: VOTER last_known_addr { host: "127.19.182.2" port: 37253 } } peers { permanent_uuid: "2e202bb90ecf4a0dbb7174d89dcc562e" member_type: VOTER last_known_addr { host: "127.19.182.3" port: 38997 } }
I20260630 12:29:35.993924 20855 tablet_service.cc:1917] Received RequestConsensusVote() RPC: tablet_id: "d8f9034ad5ad4277a997db76a02e9840" candidate_uuid: "2e202bb90ecf4a0dbb7174d89dcc562e" candidate_term: 1 candidate_status { last_received { term: 0 index: 0 } } ignore_live_leader: false dest_uuid: "53f52e9d752f44dd80b8ccf7f388e70e"
I20260630 12:29:35.994467 20855 raft_consensus.cc:3060] T d8f9034ad5ad4277a997db76a02e9840 P 53f52e9d752f44dd80b8ccf7f388e70e [term 0 FOLLOWER]: Advancing to term 1
I20260630 12:29:35.994791 20929 tablet_service.cc:1917] Received RequestConsensusVote() RPC: tablet_id: "d8f9034ad5ad4277a997db76a02e9840" candidate_uuid: "2e202bb90ecf4a0dbb7174d89dcc562e" candidate_term: 1 candidate_status { last_received { term: 0 index: 0 } } ignore_live_leader: false dest_uuid: "b36d6c934b7240dda0fa4a9fa67fad9f"
I20260630 12:29:35.995343 20929 raft_consensus.cc:3060] T d8f9034ad5ad4277a997db76a02e9840 P b36d6c934b7240dda0fa4a9fa67fad9f [term 0 FOLLOWER]: Advancing to term 1
I20260630 12:29:35.997591 21079 leader_election.cc:290] T d8f9034ad5ad4277a997db76a02e9840 P 2e202bb90ecf4a0dbb7174d89dcc562e [CANDIDATE]: Term 1 election: Requested vote from peers 53f52e9d752f44dd80b8ccf7f388e70e (127.19.182.1:43089), b36d6c934b7240dda0fa4a9fa67fad9f (127.19.182.2:37253)
I20260630 12:29:36.005911 21052 tablet_bootstrap.cc:492] T cb764c7be954443ca9b71f4730dee560 P b36d6c934b7240dda0fa4a9fa67fad9f: No bootstrap required, opened a new log
I20260630 12:29:36.006398 21052 ts_tablet_manager.cc:1403] T cb764c7be954443ca9b71f4730dee560 P b36d6c934b7240dda0fa4a9fa67fad9f: Time spent bootstrapping tablet: real 0.095s	user 0.014s	sys 0.002s
I20260630 12:29:36.006357 20855 raft_consensus.cc:2468] T d8f9034ad5ad4277a997db76a02e9840 P 53f52e9d752f44dd80b8ccf7f388e70e [term 1 FOLLOWER]: Leader election vote request: Granting yes vote for candidate 2e202bb90ecf4a0dbb7174d89dcc562e in term 1.
I20260630 12:29:36.001107 21083 raft_consensus.cc:697] T 2a58c33693554668926bf6600344c43d P b36d6c934b7240dda0fa4a9fa67fad9f [term 1 LEADER]: Becoming Leader. State: Replica: b36d6c934b7240dda0fa4a9fa67fad9f, State: Running, Role: LEADER
I20260630 12:29:36.008343 20969 leader_election.cc:304] T d8f9034ad5ad4277a997db76a02e9840 P 2e202bb90ecf4a0dbb7174d89dcc562e [CANDIDATE]: Term 1 election: Election decided. Result: candidate won. Election summary: received 2 responses out of 3 voters: 2 yes votes; 0 no votes. yes voters: 2e202bb90ecf4a0dbb7174d89dcc562e, 53f52e9d752f44dd80b8ccf7f388e70e; no voters: 
I20260630 12:29:36.008435 21083 consensus_queue.cc:237] T 2a58c33693554668926bf6600344c43d P b36d6c934b7240dda0fa4a9fa67fad9f [LEADER]: Queue going to LEADER mode. State: All replicated index: 0, Majority replicated index: 0, Committed index: 0, Last appended: 0.0, Last appended by leader: 0, Current term: 1, Majority size: 2, State: 0, Mode: LEADER, active raft config: opid_index: -1 OBSOLETE_local: false peers { permanent_uuid: "53f52e9d752f44dd80b8ccf7f388e70e" member_type: VOTER last_known_addr { host: "127.19.182.1" port: 43089 } } peers { permanent_uuid: "b36d6c934b7240dda0fa4a9fa67fad9f" member_type: VOTER last_known_addr { host: "127.19.182.2" port: 37253 } } peers { permanent_uuid: "2e202bb90ecf4a0dbb7174d89dcc562e" member_type: VOTER last_known_addr { host: "127.19.182.3" port: 38997 } }
I20260630 12:29:36.009902 21052 raft_consensus.cc:359] T cb764c7be954443ca9b71f4730dee560 P b36d6c934b7240dda0fa4a9fa67fad9f [term 0 FOLLOWER]: Replica starting. Triggering 0 pending ops. Active config: opid_index: -1 OBSOLETE_local: false peers { permanent_uuid: "53f52e9d752f44dd80b8ccf7f388e70e" member_type: VOTER last_known_addr { host: "127.19.182.1" port: 43089 } } peers { permanent_uuid: "b36d6c934b7240dda0fa4a9fa67fad9f" member_type: VOTER last_known_addr { host: "127.19.182.2" port: 37253 } } peers { permanent_uuid: "2e202bb90ecf4a0dbb7174d89dcc562e" member_type: VOTER last_known_addr { host: "127.19.182.3" port: 38997 } }
I20260630 12:29:36.010461 20854 raft_consensus.cc:2468] T 4860b2c4e0e7402ca1fb1daca5843dc4 P 53f52e9d752f44dd80b8ccf7f388e70e [term 1 FOLLOWER]: Leader election vote request: Granting yes vote for candidate 2e202bb90ecf4a0dbb7174d89dcc562e in term 1.
I20260630 12:29:36.010587 21052 raft_consensus.cc:385] T cb764c7be954443ca9b71f4730dee560 P b36d6c934b7240dda0fa4a9fa67fad9f [term 0 FOLLOWER]: Consensus starting up: Expiring failure detector timer to make a prompt election more likely
I20260630 12:29:36.010982 21052 raft_consensus.cc:740] T cb764c7be954443ca9b71f4730dee560 P b36d6c934b7240dda0fa4a9fa67fad9f [term 0 FOLLOWER]: Becoming Follower/Learner. State: Replica: b36d6c934b7240dda0fa4a9fa67fad9f, State: Initialized, Role: FOLLOWER
I20260630 12:29:36.011698 20969 leader_election.cc:304] T 4860b2c4e0e7402ca1fb1daca5843dc4 P 2e202bb90ecf4a0dbb7174d89dcc562e [CANDIDATE]: Term 1 election: Election decided. Result: candidate won. Election summary: received 2 responses out of 3 voters: 2 yes votes; 0 no votes. yes voters: 2e202bb90ecf4a0dbb7174d89dcc562e, 53f52e9d752f44dd80b8ccf7f388e70e; no voters: 
I20260630 12:29:36.012089 21079 raft_consensus.cc:2804] T d8f9034ad5ad4277a997db76a02e9840 P 2e202bb90ecf4a0dbb7174d89dcc562e [term 1 FOLLOWER]: Leader election won for term 1
I20260630 12:29:36.011698 21052 consensus_queue.cc:260] T cb764c7be954443ca9b71f4730dee560 P b36d6c934b7240dda0fa4a9fa67fad9f [NON_LEADER]: Queue going to NON_LEADER mode. State: All replicated index: 0, Majority replicated index: 0, Committed index: 0, Last appended: 0.0, Last appended by leader: 0, Current term: 0, Majority size: -1, State: 0, Mode: NON_LEADER, active raft config: opid_index: -1 OBSOLETE_local: false peers { permanent_uuid: "53f52e9d752f44dd80b8ccf7f388e70e" member_type: VOTER last_known_addr { host: "127.19.182.1" port: 43089 } } peers { permanent_uuid: "b36d6c934b7240dda0fa4a9fa67fad9f" member_type: VOTER last_known_addr { host: "127.19.182.2" port: 37253 } } peers { permanent_uuid: "2e202bb90ecf4a0dbb7174d89dcc562e" member_type: VOTER last_known_addr { host: "127.19.182.3" port: 38997 } }
I20260630 12:29:36.012673 21057 raft_consensus.cc:2804] T 4860b2c4e0e7402ca1fb1daca5843dc4 P 2e202bb90ecf4a0dbb7174d89dcc562e [term 1 FOLLOWER]: Leader election won for term 1
I20260630 12:29:36.013547 21057 raft_consensus.cc:697] T 4860b2c4e0e7402ca1fb1daca5843dc4 P 2e202bb90ecf4a0dbb7174d89dcc562e [term 1 LEADER]: Becoming Leader. State: Replica: 2e202bb90ecf4a0dbb7174d89dcc562e, State: Running, Role: LEADER
I20260630 12:29:36.013304 21079 raft_consensus.cc:697] T d8f9034ad5ad4277a997db76a02e9840 P 2e202bb90ecf4a0dbb7174d89dcc562e [term 1 LEADER]: Becoming Leader. State: Replica: 2e202bb90ecf4a0dbb7174d89dcc562e, State: Running, Role: LEADER
I20260630 12:29:36.014609 21057 consensus_queue.cc:237] T 4860b2c4e0e7402ca1fb1daca5843dc4 P 2e202bb90ecf4a0dbb7174d89dcc562e [LEADER]: Queue going to LEADER mode. State: All replicated index: 0, Majority replicated index: 0, Committed index: 0, Last appended: 0.0, Last appended by leader: 0, Current term: 1, Majority size: 2, State: 0, Mode: LEADER, active raft config: opid_index: -1 OBSOLETE_local: false peers { permanent_uuid: "53f52e9d752f44dd80b8ccf7f388e70e" member_type: VOTER last_known_addr { host: "127.19.182.1" port: 43089 } } peers { permanent_uuid: "2e202bb90ecf4a0dbb7174d89dcc562e" member_type: VOTER last_known_addr { host: "127.19.182.3" port: 38997 } } peers { permanent_uuid: "b36d6c934b7240dda0fa4a9fa67fad9f" member_type: VOTER last_known_addr { host: "127.19.182.2" port: 37253 } }
I20260630 12:29:36.014436 21084 raft_consensus.cc:515] T 6fddad43bc004b75851fc3b7394a3bbb P 53f52e9d752f44dd80b8ccf7f388e70e [term 1 FOLLOWER]: Starting leader election with config: opid_index: -1 OBSOLETE_local: false peers { permanent_uuid: "53f52e9d752f44dd80b8ccf7f388e70e" member_type: VOTER last_known_addr { host: "127.19.182.1" port: 43089 } } peers { permanent_uuid: "b36d6c934b7240dda0fa4a9fa67fad9f" member_type: VOTER last_known_addr { host: "127.19.182.2" port: 37253 } } peers { permanent_uuid: "2e202bb90ecf4a0dbb7174d89dcc562e" member_type: VOTER last_known_addr { host: "127.19.182.3" port: 38997 } }
I20260630 12:29:36.010766 20929 raft_consensus.cc:2468] T d8f9034ad5ad4277a997db76a02e9840 P b36d6c934b7240dda0fa4a9fa67fad9f [term 1 FOLLOWER]: Leader election vote request: Granting yes vote for candidate 2e202bb90ecf4a0dbb7174d89dcc562e in term 1.
I20260630 12:29:36.014746 21079 consensus_queue.cc:237] T d8f9034ad5ad4277a997db76a02e9840 P 2e202bb90ecf4a0dbb7174d89dcc562e [LEADER]: Queue going to LEADER mode. State: All replicated index: 0, Majority replicated index: 0, Committed index: 0, Last appended: 0.0, Last appended by leader: 0, Current term: 1, Majority size: 2, State: 0, Mode: LEADER, active raft config: opid_index: -1 OBSOLETE_local: false peers { permanent_uuid: "53f52e9d752f44dd80b8ccf7f388e70e" member_type: VOTER last_known_addr { host: "127.19.182.1" port: 43089 } } peers { permanent_uuid: "b36d6c934b7240dda0fa4a9fa67fad9f" member_type: VOTER last_known_addr { host: "127.19.182.2" port: 37253 } } peers { permanent_uuid: "2e202bb90ecf4a0dbb7174d89dcc562e" member_type: VOTER last_known_addr { host: "127.19.182.3" port: 38997 } }
I20260630 12:29:36.021471 21084 leader_election.cc:290] T 6fddad43bc004b75851fc3b7394a3bbb P 53f52e9d752f44dd80b8ccf7f388e70e [CANDIDATE]: Term 1 election: Requested vote from peers b36d6c934b7240dda0fa4a9fa67fad9f (127.19.182.2:37253), 2e202bb90ecf4a0dbb7174d89dcc562e (127.19.182.3:38997)
I20260630 12:29:36.021607 21052 ts_tablet_manager.cc:1434] T cb764c7be954443ca9b71f4730dee560 P b36d6c934b7240dda0fa4a9fa67fad9f: Time spent starting tablet: real 0.015s	user 0.008s	sys 0.004s
I20260630 12:29:36.018321 21051 raft_consensus.cc:493] T cb764c7be954443ca9b71f4730dee560 P 53f52e9d752f44dd80b8ccf7f388e70e [term 0 FOLLOWER]: Starting pre-election (no leader contacted us within the election timeout)
I20260630 12:29:36.022279 20930 tablet_service.cc:1917] Received RequestConsensusVote() RPC: tablet_id: "6fddad43bc004b75851fc3b7394a3bbb" candidate_uuid: "53f52e9d752f44dd80b8ccf7f388e70e" candidate_term: 1 candidate_status { last_received { term: 0 index: 0 } } ignore_live_leader: false dest_uuid: "b36d6c934b7240dda0fa4a9fa67fad9f"
I20260630 12:29:36.022641 21051 raft_consensus.cc:515] T cb764c7be954443ca9b71f4730dee560 P 53f52e9d752f44dd80b8ccf7f388e70e [term 0 FOLLOWER]: Starting pre-election with config: opid_index: -1 OBSOLETE_local: false peers { permanent_uuid: "53f52e9d752f44dd80b8ccf7f388e70e" member_type: VOTER last_known_addr { host: "127.19.182.1" port: 43089 } } peers { permanent_uuid: "b36d6c934b7240dda0fa4a9fa67fad9f" member_type: VOTER last_known_addr { host: "127.19.182.2" port: 37253 } } peers { permanent_uuid: "2e202bb90ecf4a0dbb7174d89dcc562e" member_type: VOTER last_known_addr { host: "127.19.182.3" port: 38997 } }
I20260630 12:29:36.031637 21049 tablet_bootstrap.cc:492] T 2a58c33693554668926bf6600344c43d P 53f52e9d752f44dd80b8ccf7f388e70e: No bootstrap required, opened a new log
I20260630 12:29:36.032017 21049 ts_tablet_manager.cc:1403] T 2a58c33693554668926bf6600344c43d P 53f52e9d752f44dd80b8ccf7f388e70e: Time spent bootstrapping tablet: real 0.133s	user 0.007s	sys 0.015s
I20260630 12:29:36.036525 21051 leader_election.cc:290] T cb764c7be954443ca9b71f4730dee560 P 53f52e9d752f44dd80b8ccf7f388e70e [CANDIDATE]: Term 1 pre-election: Requested pre-vote from peers b36d6c934b7240dda0fa4a9fa67fad9f (127.19.182.2:37253), 2e202bb90ecf4a0dbb7174d89dcc562e (127.19.182.3:38997)
I20260630 12:29:36.027575 20930 raft_consensus.cc:3060] T 6fddad43bc004b75851fc3b7394a3bbb P b36d6c934b7240dda0fa4a9fa67fad9f [term 0 FOLLOWER]: Advancing to term 1
I20260630 12:29:36.040478 21002 tablet_service.cc:1917] Received RequestConsensusVote() RPC: tablet_id: "cb764c7be954443ca9b71f4730dee560" candidate_uuid: "53f52e9d752f44dd80b8ccf7f388e70e" candidate_term: 1 candidate_status { last_received { term: 0 index: 0 } } ignore_live_leader: false dest_uuid: "2e202bb90ecf4a0dbb7174d89dcc562e" is_pre_election: true
I20260630 12:29:36.032859 21004 tablet_service.cc:1917] Received RequestConsensusVote() RPC: tablet_id: "6fddad43bc004b75851fc3b7394a3bbb" candidate_uuid: "53f52e9d752f44dd80b8ccf7f388e70e" candidate_term: 1 candidate_status { last_received { term: 0 index: 0 } } ignore_live_leader: false dest_uuid: "2e202bb90ecf4a0dbb7174d89dcc562e"
I20260630 12:29:36.044740 20929 tablet_service.cc:1917] Received RequestConsensusVote() RPC: tablet_id: "cb764c7be954443ca9b71f4730dee560" candidate_uuid: "53f52e9d752f44dd80b8ccf7f388e70e" candidate_term: 1 candidate_status { last_received { term: 0 index: 0 } } ignore_live_leader: false dest_uuid: "b36d6c934b7240dda0fa4a9fa67fad9f" is_pre_election: true
I20260630 12:29:36.041889 20928 raft_consensus.cc:2468] T 4860b2c4e0e7402ca1fb1daca5843dc4 P b36d6c934b7240dda0fa4a9fa67fad9f [term 1 FOLLOWER]: Leader election vote request: Granting yes vote for candidate 2e202bb90ecf4a0dbb7174d89dcc562e in term 1.
I20260630 12:29:36.045367 20929 raft_consensus.cc:2468] T cb764c7be954443ca9b71f4730dee560 P b36d6c934b7240dda0fa4a9fa67fad9f [term 0 FOLLOWER]: Leader pre-election vote request: Granting yes vote for candidate 53f52e9d752f44dd80b8ccf7f388e70e in term 0.
W20260630 12:29:36.046478 20819 leader_election.cc:343] T 6fddad43bc004b75851fc3b7394a3bbb P 53f52e9d752f44dd80b8ccf7f388e70e [CANDIDATE]: Term 1 election: Tablet error from VoteRequest() call to peer 2e202bb90ecf4a0dbb7174d89dcc562e (127.19.182.3:38997): Illegal state: must be running to vote when last-logged opid is not known
W20260630 12:29:36.047163 20819 leader_election.cc:343] T cb764c7be954443ca9b71f4730dee560 P 53f52e9d752f44dd80b8ccf7f388e70e [CANDIDATE]: Term 1 pre-election: Tablet error from VoteRequest() call to peer 2e202bb90ecf4a0dbb7174d89dcc562e (127.19.182.3:38997): Illegal state: must be running to vote when last-logged opid is not known
I20260630 12:29:36.048197 20821 leader_election.cc:304] T cb764c7be954443ca9b71f4730dee560 P 53f52e9d752f44dd80b8ccf7f388e70e [CANDIDATE]: Term 1 pre-election: Election decided. Result: candidate won. Election summary: received 3 responses out of 3 voters: 2 yes votes; 1 no votes. yes voters: 53f52e9d752f44dd80b8ccf7f388e70e, b36d6c934b7240dda0fa4a9fa67fad9f; no voters: 2e202bb90ecf4a0dbb7174d89dcc562e
I20260630 12:29:36.048238 21049 raft_consensus.cc:359] T 2a58c33693554668926bf6600344c43d P 53f52e9d752f44dd80b8ccf7f388e70e [term 0 FOLLOWER]: Replica starting. Triggering 0 pending ops. Active config: opid_index: -1 OBSOLETE_local: false peers { permanent_uuid: "53f52e9d752f44dd80b8ccf7f388e70e" member_type: VOTER last_known_addr { host: "127.19.182.1" port: 43089 } } peers { permanent_uuid: "b36d6c934b7240dda0fa4a9fa67fad9f" member_type: VOTER last_known_addr { host: "127.19.182.2" port: 37253 } } peers { permanent_uuid: "2e202bb90ecf4a0dbb7174d89dcc562e" member_type: VOTER last_known_addr { host: "127.19.182.3" port: 38997 } }
I20260630 12:29:36.049013 21049 raft_consensus.cc:385] T 2a58c33693554668926bf6600344c43d P 53f52e9d752f44dd80b8ccf7f388e70e [term 0 FOLLOWER]: Consensus starting up: Expiring failure detector timer to make a prompt election more likely
I20260630 12:29:36.049275 21049 raft_consensus.cc:740] T 2a58c33693554668926bf6600344c43d P 53f52e9d752f44dd80b8ccf7f388e70e [term 0 FOLLOWER]: Becoming Follower/Learner. State: Replica: 53f52e9d752f44dd80b8ccf7f388e70e, State: Initialized, Role: FOLLOWER
I20260630 12:29:36.049331 21051 raft_consensus.cc:2804] T cb764c7be954443ca9b71f4730dee560 P 53f52e9d752f44dd80b8ccf7f388e70e [term 0 FOLLOWER]: Leader pre-election won for term 1
I20260630 12:29:36.048883 21052 tablet_bootstrap.cc:492] T 33e3ba8ec6f247bbbe06ea09f23ca79e P b36d6c934b7240dda0fa4a9fa67fad9f: Bootstrap starting.
I20260630 12:29:36.049779 21051 raft_consensus.cc:493] T cb764c7be954443ca9b71f4730dee560 P 53f52e9d752f44dd80b8ccf7f388e70e [term 0 FOLLOWER]: Starting leader election (no leader contacted us within the election timeout)
I20260630 12:29:36.050279 21051 raft_consensus.cc:3060] T cb764c7be954443ca9b71f4730dee560 P 53f52e9d752f44dd80b8ccf7f388e70e [term 0 FOLLOWER]: Advancing to term 1
I20260630 12:29:36.049957 21049 consensus_queue.cc:260] T 2a58c33693554668926bf6600344c43d P 53f52e9d752f44dd80b8ccf7f388e70e [NON_LEADER]: Queue going to NON_LEADER mode. State: All replicated index: 0, Majority replicated index: 0, Committed index: 0, Last appended: 0.0, Last appended by leader: 0, Current term: 0, Majority size: -1, State: 0, Mode: NON_LEADER, active raft config: opid_index: -1 OBSOLETE_local: false peers { permanent_uuid: "53f52e9d752f44dd80b8ccf7f388e70e" member_type: VOTER last_known_addr { host: "127.19.182.1" port: 43089 } } peers { permanent_uuid: "b36d6c934b7240dda0fa4a9fa67fad9f" member_type: VOTER last_known_addr { host: "127.19.182.2" port: 37253 } } peers { permanent_uuid: "2e202bb90ecf4a0dbb7174d89dcc562e" member_type: VOTER last_known_addr { host: "127.19.182.3" port: 38997 } }
I20260630 12:29:36.053791 20753 catalog_manager.cc:5697] T d8f9034ad5ad4277a997db76a02e9840 P 2e202bb90ecf4a0dbb7174d89dcc562e reported cstate change: term changed from 0 to 1, leader changed from <none> to 2e202bb90ecf4a0dbb7174d89dcc562e (127.19.182.3). New cstate: current_term: 1 leader_uuid: "2e202bb90ecf4a0dbb7174d89dcc562e" committed_config { opid_index: -1 OBSOLETE_local: false peers { permanent_uuid: "53f52e9d752f44dd80b8ccf7f388e70e" member_type: VOTER last_known_addr { host: "127.19.182.1" port: 43089 } health_report { overall_health: UNKNOWN } } peers { permanent_uuid: "b36d6c934b7240dda0fa4a9fa67fad9f" member_type: VOTER last_known_addr { host: "127.19.182.2" port: 37253 } health_report { overall_health: UNKNOWN } } peers { permanent_uuid: "2e202bb90ecf4a0dbb7174d89dcc562e" member_type: VOTER last_known_addr { host: "127.19.182.3" port: 38997 } health_report { overall_health: HEALTHY } } }
I20260630 12:29:36.045353 21003 raft_consensus.cc:2468] T 33e3ba8ec6f247bbbe06ea09f23ca79e P 2e202bb90ecf4a0dbb7174d89dcc562e [term 1 FOLLOWER]: Leader election vote request: Granting yes vote for candidate 53f52e9d752f44dd80b8ccf7f388e70e in term 1.
I20260630 12:29:36.056281 21049 ts_tablet_manager.cc:1434] T 2a58c33693554668926bf6600344c43d P 53f52e9d752f44dd80b8ccf7f388e70e: Time spent starting tablet: real 0.024s	user 0.005s	sys 0.000s
I20260630 12:29:36.056631 20819 leader_election.cc:304] T 33e3ba8ec6f247bbbe06ea09f23ca79e P 53f52e9d752f44dd80b8ccf7f388e70e [CANDIDATE]: Term 1 election: Election decided. Result: candidate won. Election summary: received 3 responses out of 3 voters: 2 yes votes; 1 no votes. yes voters: 2e202bb90ecf4a0dbb7174d89dcc562e, 53f52e9d752f44dd80b8ccf7f388e70e; no voters: b36d6c934b7240dda0fa4a9fa67fad9f
I20260630 12:29:36.056031 20751 catalog_manager.cc:5697] T a7c1747791dc4e3b92cf49bee56aa2c8 P b36d6c934b7240dda0fa4a9fa67fad9f reported cstate change: term changed from 0 to 1, leader changed from <none> to b36d6c934b7240dda0fa4a9fa67fad9f (127.19.182.2). New cstate: current_term: 1 leader_uuid: "b36d6c934b7240dda0fa4a9fa67fad9f" committed_config { opid_index: -1 OBSOLETE_local: false peers { permanent_uuid: "53f52e9d752f44dd80b8ccf7f388e70e" member_type: VOTER last_known_addr { host: "127.19.182.1" port: 43089 } health_report { overall_health: UNKNOWN } } peers { permanent_uuid: "b36d6c934b7240dda0fa4a9fa67fad9f" member_type: VOTER last_known_addr { host: "127.19.182.2" port: 37253 } health_report { overall_health: HEALTHY } } peers { permanent_uuid: "2e202bb90ecf4a0dbb7174d89dcc562e" member_type: VOTER last_known_addr { host: "127.19.182.3" port: 38997 } health_report { overall_health: UNKNOWN } } }
I20260630 12:29:36.058213 21084 raft_consensus.cc:2804] T 33e3ba8ec6f247bbbe06ea09f23ca79e P 53f52e9d752f44dd80b8ccf7f388e70e [term 1 FOLLOWER]: Leader election won for term 1
I20260630 12:29:36.060928 21052 tablet_bootstrap.cc:654] T 33e3ba8ec6f247bbbe06ea09f23ca79e P b36d6c934b7240dda0fa4a9fa67fad9f: Neither blocks nor log segments found. Creating new log.
I20260630 12:29:36.064208 21051 raft_consensus.cc:515] T cb764c7be954443ca9b71f4730dee560 P 53f52e9d752f44dd80b8ccf7f388e70e [term 1 FOLLOWER]: Starting leader election with config: opid_index: -1 OBSOLETE_local: false peers { permanent_uuid: "53f52e9d752f44dd80b8ccf7f388e70e" member_type: VOTER last_known_addr { host: "127.19.182.1" port: 43089 } } peers { permanent_uuid: "b36d6c934b7240dda0fa4a9fa67fad9f" member_type: VOTER last_known_addr { host: "127.19.182.2" port: 37253 } } peers { permanent_uuid: "2e202bb90ecf4a0dbb7174d89dcc562e" member_type: VOTER last_known_addr { host: "127.19.182.3" port: 38997 } }
I20260630 12:29:36.066604 20930 raft_consensus.cc:2468] T 6fddad43bc004b75851fc3b7394a3bbb P b36d6c934b7240dda0fa4a9fa67fad9f [term 1 FOLLOWER]: Leader election vote request: Granting yes vote for candidate 53f52e9d752f44dd80b8ccf7f388e70e in term 1.
I20260630 12:29:36.066898 20928 tablet_service.cc:1917] Received RequestConsensusVote() RPC: tablet_id: "cb764c7be954443ca9b71f4730dee560" candidate_uuid: "53f52e9d752f44dd80b8ccf7f388e70e" candidate_term: 1 candidate_status { last_received { term: 0 index: 0 } } ignore_live_leader: false dest_uuid: "b36d6c934b7240dda0fa4a9fa67fad9f"
I20260630 12:29:36.067955 20821 leader_election.cc:304] T 6fddad43bc004b75851fc3b7394a3bbb P 53f52e9d752f44dd80b8ccf7f388e70e [CANDIDATE]: Term 1 election: Election decided. Result: candidate won. Election summary: received 3 responses out of 3 voters: 2 yes votes; 1 no votes. yes voters: 53f52e9d752f44dd80b8ccf7f388e70e, b36d6c934b7240dda0fa4a9fa67fad9f; no voters: 2e202bb90ecf4a0dbb7174d89dcc562e
I20260630 12:29:36.070407 20928 raft_consensus.cc:3060] T cb764c7be954443ca9b71f4730dee560 P b36d6c934b7240dda0fa4a9fa67fad9f [term 0 FOLLOWER]: Advancing to term 1
I20260630 12:29:36.078428 21003 tablet_service.cc:1917] Received RequestConsensusVote() RPC: tablet_id: "cb764c7be954443ca9b71f4730dee560" candidate_uuid: "53f52e9d752f44dd80b8ccf7f388e70e" candidate_term: 1 candidate_status { last_received { term: 0 index: 0 } } ignore_live_leader: false dest_uuid: "2e202bb90ecf4a0dbb7174d89dcc562e"
I20260630 12:29:36.079267 21053 tablet_bootstrap.cc:492] T 6fddad43bc004b75851fc3b7394a3bbb P 2e202bb90ecf4a0dbb7174d89dcc562e: No bootstrap required, opened a new log
I20260630 12:29:36.079761 21053 ts_tablet_manager.cc:1403] T 6fddad43bc004b75851fc3b7394a3bbb P 2e202bb90ecf4a0dbb7174d89dcc562e: Time spent bootstrapping tablet: real 0.191s	user 0.006s	sys 0.013s
W20260630 12:29:36.079631 20819 leader_election.cc:343] T cb764c7be954443ca9b71f4730dee560 P 53f52e9d752f44dd80b8ccf7f388e70e [CANDIDATE]: Term 1 election: Tablet error from VoteRequest() call to peer 2e202bb90ecf4a0dbb7174d89dcc562e (127.19.182.3:38997): Illegal state: must be running to vote when last-logged opid is not known
I20260630 12:29:36.082571 21053 raft_consensus.cc:359] T 6fddad43bc004b75851fc3b7394a3bbb P 2e202bb90ecf4a0dbb7174d89dcc562e [term 0 FOLLOWER]: Replica starting. Triggering 0 pending ops. Active config: opid_index: -1 OBSOLETE_local: false peers { permanent_uuid: "53f52e9d752f44dd80b8ccf7f388e70e" member_type: VOTER last_known_addr { host: "127.19.182.1" port: 43089 } } peers { permanent_uuid: "b36d6c934b7240dda0fa4a9fa67fad9f" member_type: VOTER last_known_addr { host: "127.19.182.2" port: 37253 } } peers { permanent_uuid: "2e202bb90ecf4a0dbb7174d89dcc562e" member_type: VOTER last_known_addr { host: "127.19.182.3" port: 38997 } }
I20260630 12:29:36.083307 21053 raft_consensus.cc:385] T 6fddad43bc004b75851fc3b7394a3bbb P 2e202bb90ecf4a0dbb7174d89dcc562e [term 0 FOLLOWER]: Consensus starting up: Expiring failure detector timer to make a prompt election more likely
I20260630 12:29:36.083648 21053 raft_consensus.cc:740] T 6fddad43bc004b75851fc3b7394a3bbb P 2e202bb90ecf4a0dbb7174d89dcc562e [term 0 FOLLOWER]: Becoming Follower/Learner. State: Replica: 2e202bb90ecf4a0dbb7174d89dcc562e, State: Initialized, Role: FOLLOWER
I20260630 12:29:36.084471 21053 consensus_queue.cc:260] T 6fddad43bc004b75851fc3b7394a3bbb P 2e202bb90ecf4a0dbb7174d89dcc562e [NON_LEADER]: Queue going to NON_LEADER mode. State: All replicated index: 0, Majority replicated index: 0, Committed index: 0, Last appended: 0.0, Last appended by leader: 0, Current term: 0, Majority size: -1, State: 0, Mode: NON_LEADER, active raft config: opid_index: -1 OBSOLETE_local: false peers { permanent_uuid: "53f52e9d752f44dd80b8ccf7f388e70e" member_type: VOTER last_known_addr { host: "127.19.182.1" port: 43089 } } peers { permanent_uuid: "b36d6c934b7240dda0fa4a9fa67fad9f" member_type: VOTER last_known_addr { host: "127.19.182.2" port: 37253 } } peers { permanent_uuid: "2e202bb90ecf4a0dbb7174d89dcc562e" member_type: VOTER last_known_addr { host: "127.19.182.3" port: 38997 } }
I20260630 12:29:36.086349 21051 leader_election.cc:290] T cb764c7be954443ca9b71f4730dee560 P 53f52e9d752f44dd80b8ccf7f388e70e [CANDIDATE]: Term 1 election: Requested vote from peers b36d6c934b7240dda0fa4a9fa67fad9f (127.19.182.2:37253), 2e202bb90ecf4a0dbb7174d89dcc562e (127.19.182.3:38997)
I20260630 12:29:36.086621 21084 raft_consensus.cc:697] T 33e3ba8ec6f247bbbe06ea09f23ca79e P 53f52e9d752f44dd80b8ccf7f388e70e [term 1 LEADER]: Becoming Leader. State: Replica: 53f52e9d752f44dd80b8ccf7f388e70e, State: Running, Role: LEADER
I20260630 12:29:36.088244 21053 ts_tablet_manager.cc:1434] T 6fddad43bc004b75851fc3b7394a3bbb P 2e202bb90ecf4a0dbb7174d89dcc562e: Time spent starting tablet: real 0.008s	user 0.006s	sys 0.001s
I20260630 12:29:36.091511 21053 tablet_bootstrap.cc:492] T 51fd7854daa54dfd9ff4ba0fc2b40aee P 2e202bb90ecf4a0dbb7174d89dcc562e: Bootstrap starting.
I20260630 12:29:36.091630 21094 raft_consensus.cc:2804] T 6fddad43bc004b75851fc3b7394a3bbb P 53f52e9d752f44dd80b8ccf7f388e70e [term 1 FOLLOWER]: Leader election won for term 1
