I20260630 12:11:20.990309  1300 raft_consensus.cc:359] T 7b96b8085d804630a0dc3d13686938c0 P f81263205c684cf8a30d99df4ea29571 [term 0 FOLLOWER]: Replica starting. Triggering 0 pending ops. Active config: opid_index: -1 OBSOLETE_local: false peers { permanent_uuid: "f81263205c684cf8a30d99df4ea29571" member_type: VOTER last_known_addr { host: "127.0.107.193" port: 41015 } } peers { permanent_uuid: "70c979b012e24272abf59de0045e3871" member_type: VOTER last_known_addr { host: "127.0.107.194" port: 41595 } } peers { permanent_uuid: "4b34ec08920e48cd944379b67766a81f" member_type: VOTER last_known_addr { host: "127.0.107.195" port: 35291 } }
I20260630 12:11:20.991259  1300 raft_consensus.cc:385] T 7b96b8085d804630a0dc3d13686938c0 P f81263205c684cf8a30d99df4ea29571 [term 0 FOLLOWER]: Consensus starting up: Expiring failure detector timer to make a prompt election more likely
I20260630 12:11:20.991614  1300 raft_consensus.cc:740] T 7b96b8085d804630a0dc3d13686938c0 P f81263205c684cf8a30d99df4ea29571 [term 0 FOLLOWER]: Becoming Follower/Learner. State: Replica: f81263205c684cf8a30d99df4ea29571, State: Initialized, Role: FOLLOWER
I20260630 12:11:20.992512  1300 consensus_queue.cc:260] T 7b96b8085d804630a0dc3d13686938c0 P f81263205c684cf8a30d99df4ea29571 [NON_LEADER]: Queue going to NON_LEADER mode. State: All replicated index: 0, Majority replicated index: 0, Committed index: 0, Last appended: 0.0, Last appended by leader: 0, Current term: 0, Majority size: -1, State: 0, Mode: NON_LEADER, active raft config: opid_index: -1 OBSOLETE_local: false peers { permanent_uuid: "f81263205c684cf8a30d99df4ea29571" member_type: VOTER last_known_addr { host: "127.0.107.193" port: 41015 } } peers { permanent_uuid: "70c979b012e24272abf59de0045e3871" member_type: VOTER last_known_addr { host: "127.0.107.194" port: 41595 } } peers { permanent_uuid: "4b34ec08920e48cd944379b67766a81f" member_type: VOTER last_known_addr { host: "127.0.107.195" port: 35291 } }
I20260630 12:11:20.994690  1300 ts_tablet_manager.cc:1434] T 7b96b8085d804630a0dc3d13686938c0 P f81263205c684cf8a30d99df4ea29571: Time spent starting tablet: real 0.007s	user 0.003s	sys 0.002s
I20260630 12:11:20.995415  1303 raft_consensus.cc:493] T aa00f1befc5341c2b42b652d95bab67b P f81263205c684cf8a30d99df4ea29571 [term 0 FOLLOWER]: Starting pre-election (no leader contacted us within the election timeout)
I20260630 12:11:21.003511  1300 tablet_bootstrap.cc:492] T 01eb721516df490886c7a959861c76f9 P f81263205c684cf8a30d99df4ea29571: Bootstrap starting.
I20260630 12:11:21.003051  1303 raft_consensus.cc:515] T aa00f1befc5341c2b42b652d95bab67b P f81263205c684cf8a30d99df4ea29571 [term 0 FOLLOWER]: Starting pre-election with config: opid_index: -1 OBSOLETE_local: false peers { permanent_uuid: "f81263205c684cf8a30d99df4ea29571" member_type: VOTER last_known_addr { host: "127.0.107.193" port: 41015 } } peers { permanent_uuid: "70c979b012e24272abf59de0045e3871" member_type: VOTER last_known_addr { host: "127.0.107.194" port: 41595 } } peers { permanent_uuid: "4b34ec08920e48cd944379b67766a81f" member_type: VOTER last_known_addr { host: "127.0.107.195" port: 35291 } }
I20260630 12:11:21.005842  1297 tablet_bootstrap.cc:492] T 7b96b8085d804630a0dc3d13686938c0 P 70c979b012e24272abf59de0045e3871: No bootstrap required, opened a new log
I20260630 12:11:21.006417  1297 ts_tablet_manager.cc:1403] T 7b96b8085d804630a0dc3d13686938c0 P 70c979b012e24272abf59de0045e3871: Time spent bootstrapping tablet: real 0.046s	user 0.017s	sys 0.020s
I20260630 12:11:21.008005  1298 tablet_bootstrap.cc:492] T 7b96b8085d804630a0dc3d13686938c0 P 4b34ec08920e48cd944379b67766a81f: No bootstrap required, opened a new log
I20260630 12:11:21.008544  1298 ts_tablet_manager.cc:1403] T 7b96b8085d804630a0dc3d13686938c0 P 4b34ec08920e48cd944379b67766a81f: Time spent bootstrapping tablet: real 0.036s	user 0.017s	sys 0.012s
I20260630 12:11:21.009285  1300 tablet_bootstrap.cc:654] T 01eb721516df490886c7a959861c76f9 P f81263205c684cf8a30d99df4ea29571: Neither blocks nor log segments found. Creating new log.
I20260630 12:11:21.011348  1298 raft_consensus.cc:359] T 7b96b8085d804630a0dc3d13686938c0 P 4b34ec08920e48cd944379b67766a81f [term 0 FOLLOWER]: Replica starting. Triggering 0 pending ops. Active config: opid_index: -1 OBSOLETE_local: false peers { permanent_uuid: "f81263205c684cf8a30d99df4ea29571" member_type: VOTER last_known_addr { host: "127.0.107.193" port: 41015 } } peers { permanent_uuid: "70c979b012e24272abf59de0045e3871" member_type: VOTER last_known_addr { host: "127.0.107.194" port: 41595 } } peers { permanent_uuid: "4b34ec08920e48cd944379b67766a81f" member_type: VOTER last_known_addr { host: "127.0.107.195" port: 35291 } }
I20260630 12:11:21.011359  1297 raft_consensus.cc:359] T 7b96b8085d804630a0dc3d13686938c0 P 70c979b012e24272abf59de0045e3871 [term 0 FOLLOWER]: Replica starting. Triggering 0 pending ops. Active config: opid_index: -1 OBSOLETE_local: false peers { permanent_uuid: "f81263205c684cf8a30d99df4ea29571" member_type: VOTER last_known_addr { host: "127.0.107.193" port: 41015 } } peers { permanent_uuid: "70c979b012e24272abf59de0045e3871" member_type: VOTER last_known_addr { host: "127.0.107.194" port: 41595 } } peers { permanent_uuid: "4b34ec08920e48cd944379b67766a81f" member_type: VOTER last_known_addr { host: "127.0.107.195" port: 35291 } }
I20260630 12:11:21.012665  1298 raft_consensus.cc:385] T 7b96b8085d804630a0dc3d13686938c0 P 4b34ec08920e48cd944379b67766a81f [term 0 FOLLOWER]: Consensus starting up: Expiring failure detector timer to make a prompt election more likely
I20260630 12:11:21.012869  1297 raft_consensus.cc:385] T 7b96b8085d804630a0dc3d13686938c0 P 70c979b012e24272abf59de0045e3871 [term 0 FOLLOWER]: Consensus starting up: Expiring failure detector timer to make a prompt election more likely
I20260630 12:11:21.013233  1298 raft_consensus.cc:740] T 7b96b8085d804630a0dc3d13686938c0 P 4b34ec08920e48cd944379b67766a81f [term 0 FOLLOWER]: Becoming Follower/Learner. State: Replica: 4b34ec08920e48cd944379b67766a81f, State: Initialized, Role: FOLLOWER
I20260630 12:11:21.013453  1297 raft_consensus.cc:740] T 7b96b8085d804630a0dc3d13686938c0 P 70c979b012e24272abf59de0045e3871 [term 0 FOLLOWER]: Becoming Follower/Learner. State: Replica: 70c979b012e24272abf59de0045e3871, State: Initialized, Role: FOLLOWER
I20260630 12:11:21.013722  1303 leader_election.cc:290] T aa00f1befc5341c2b42b652d95bab67b P f81263205c684cf8a30d99df4ea29571 [CANDIDATE]: Term 1 pre-election: Requested pre-vote from peers 70c979b012e24272abf59de0045e3871 (127.0.107.194:41595), 4b34ec08920e48cd944379b67766a81f (127.0.107.195:35291)
I20260630 12:11:21.014488  1298 consensus_queue.cc:260] T 7b96b8085d804630a0dc3d13686938c0 P 4b34ec08920e48cd944379b67766a81f [NON_LEADER]: Queue going to NON_LEADER mode. State: All replicated index: 0, Majority replicated index: 0, Committed index: 0, Last appended: 0.0, Last appended by leader: 0, Current term: 0, Majority size: -1, State: 0, Mode: NON_LEADER, active raft config: opid_index: -1 OBSOLETE_local: false peers { permanent_uuid: "f81263205c684cf8a30d99df4ea29571" member_type: VOTER last_known_addr { host: "127.0.107.193" port: 41015 } } peers { permanent_uuid: "70c979b012e24272abf59de0045e3871" member_type: VOTER last_known_addr { host: "127.0.107.194" port: 41595 } } peers { permanent_uuid: "4b34ec08920e48cd944379b67766a81f" member_type: VOTER last_known_addr { host: "127.0.107.195" port: 35291 } }
I20260630 12:11:21.014822  1297 consensus_queue.cc:260] T 7b96b8085d804630a0dc3d13686938c0 P 70c979b012e24272abf59de0045e3871 [NON_LEADER]: Queue going to NON_LEADER mode. State: All replicated index: 0, Majority replicated index: 0, Committed index: 0, Last appended: 0.0, Last appended by leader: 0, Current term: 0, Majority size: -1, State: 0, Mode: NON_LEADER, active raft config: opid_index: -1 OBSOLETE_local: false peers { permanent_uuid: "f81263205c684cf8a30d99df4ea29571" member_type: VOTER last_known_addr { host: "127.0.107.193" port: 41015 } } peers { permanent_uuid: "70c979b012e24272abf59de0045e3871" member_type: VOTER last_known_addr { host: "127.0.107.194" port: 41595 } } peers { permanent_uuid: "4b34ec08920e48cd944379b67766a81f" member_type: VOTER last_known_addr { host: "127.0.107.195" port: 35291 } }
I20260630 12:11:21.017622  1298 ts_tablet_manager.cc:1434] T 7b96b8085d804630a0dc3d13686938c0 P 4b34ec08920e48cd944379b67766a81f: Time spent starting tablet: real 0.009s	user 0.007s	sys 0.000s
I20260630 12:11:21.019881  1298 tablet_bootstrap.cc:492] T aa00f1befc5341c2b42b652d95bab67b P 4b34ec08920e48cd944379b67766a81f: Bootstrap starting.
I20260630 12:11:21.027894  1298 tablet_bootstrap.cc:654] T aa00f1befc5341c2b42b652d95bab67b P 4b34ec08920e48cd944379b67766a81f: Neither blocks nor log segments found. Creating new log.
I20260630 12:11:21.037397  1297 ts_tablet_manager.cc:1434] T 7b96b8085d804630a0dc3d13686938c0 P 70c979b012e24272abf59de0045e3871: Time spent starting tablet: real 0.031s	user 0.007s	sys 0.000s
I20260630 12:11:21.039347  1297 tablet_bootstrap.cc:492] T 9d372872643c49529bad1ee97b11e61b P 70c979b012e24272abf59de0045e3871: Bootstrap starting.
I20260630 12:11:21.040879  1298 tablet_bootstrap.cc:492] T aa00f1befc5341c2b42b652d95bab67b P 4b34ec08920e48cd944379b67766a81f: No bootstrap required, opened a new log
I20260630 12:11:21.041525  1298 ts_tablet_manager.cc:1403] T aa00f1befc5341c2b42b652d95bab67b P 4b34ec08920e48cd944379b67766a81f: Time spent bootstrapping tablet: real 0.022s	user 0.017s	sys 0.004s
I20260630 12:11:21.045130  1298 raft_consensus.cc:359] T aa00f1befc5341c2b42b652d95bab67b P 4b34ec08920e48cd944379b67766a81f [term 0 FOLLOWER]: Replica starting. Triggering 0 pending ops. Active config: opid_index: -1 OBSOLETE_local: false peers { permanent_uuid: "f81263205c684cf8a30d99df4ea29571" member_type: VOTER last_known_addr { host: "127.0.107.193" port: 41015 } } peers { permanent_uuid: "70c979b012e24272abf59de0045e3871" member_type: VOTER last_known_addr { host: "127.0.107.194" port: 41595 } } peers { permanent_uuid: "4b34ec08920e48cd944379b67766a81f" member_type: VOTER last_known_addr { host: "127.0.107.195" port: 35291 } }
I20260630 12:11:21.045931  1298 raft_consensus.cc:385] T aa00f1befc5341c2b42b652d95bab67b P 4b34ec08920e48cd944379b67766a81f [term 0 FOLLOWER]: Consensus starting up: Expiring failure detector timer to make a prompt election more likely
I20260630 12:11:21.046265  1298 raft_consensus.cc:740] T aa00f1befc5341c2b42b652d95bab67b P 4b34ec08920e48cd944379b67766a81f [term 0 FOLLOWER]: Becoming Follower/Learner. State: Replica: 4b34ec08920e48cd944379b67766a81f, State: Initialized, Role: FOLLOWER
I20260630 12:11:21.047021  1298 consensus_queue.cc:260] T aa00f1befc5341c2b42b652d95bab67b P 4b34ec08920e48cd944379b67766a81f [NON_LEADER]: Queue going to NON_LEADER mode. State: All replicated index: 0, Majority replicated index: 0, Committed index: 0, Last appended: 0.0, Last appended by leader: 0, Current term: 0, Majority size: -1, State: 0, Mode: NON_LEADER, active raft config: opid_index: -1 OBSOLETE_local: false peers { permanent_uuid: "f81263205c684cf8a30d99df4ea29571" member_type: VOTER last_known_addr { host: "127.0.107.193" port: 41015 } } peers { permanent_uuid: "70c979b012e24272abf59de0045e3871" member_type: VOTER last_known_addr { host: "127.0.107.194" port: 41595 } } peers { permanent_uuid: "4b34ec08920e48cd944379b67766a81f" member_type: VOTER last_known_addr { host: "127.0.107.195" port: 35291 } }
I20260630 12:11:21.049249  1298 ts_tablet_manager.cc:1434] T aa00f1befc5341c2b42b652d95bab67b P 4b34ec08920e48cd944379b67766a81f: Time spent starting tablet: real 0.007s	user 0.006s	sys 0.000s
I20260630 12:11:21.050431  1298 tablet_bootstrap.cc:492] T 9d372872643c49529bad1ee97b11e61b P 4b34ec08920e48cd944379b67766a81f: Bootstrap starting.
I20260630 12:11:21.051332  1297 tablet_bootstrap.cc:654] T 9d372872643c49529bad1ee97b11e61b P 70c979b012e24272abf59de0045e3871: Neither blocks nor log segments found. Creating new log.
I20260630 12:11:21.056381  1298 tablet_bootstrap.cc:654] T 9d372872643c49529bad1ee97b11e61b P 4b34ec08920e48cd944379b67766a81f: Neither blocks nor log segments found. Creating new log.
I20260630 12:11:21.059624  1304 raft_consensus.cc:493] T 7b96b8085d804630a0dc3d13686938c0 P 70c979b012e24272abf59de0045e3871 [term 0 FOLLOWER]: Starting pre-election (no leader contacted us within the election timeout)
I20260630 12:11:21.060124  1304 raft_consensus.cc:515] T 7b96b8085d804630a0dc3d13686938c0 P 70c979b012e24272abf59de0045e3871 [term 0 FOLLOWER]: Starting pre-election with config: opid_index: -1 OBSOLETE_local: false peers { permanent_uuid: "f81263205c684cf8a30d99df4ea29571" member_type: VOTER last_known_addr { host: "127.0.107.193" port: 41015 } } peers { permanent_uuid: "70c979b012e24272abf59de0045e3871" member_type: VOTER last_known_addr { host: "127.0.107.194" port: 41595 } } peers { permanent_uuid: "4b34ec08920e48cd944379b67766a81f" member_type: VOTER last_known_addr { host: "127.0.107.195" port: 35291 } }
I20260630 12:11:21.062297  1252 tablet_service.cc:1917] Received RequestConsensusVote() RPC: tablet_id: "aa00f1befc5341c2b42b652d95bab67b" candidate_uuid: "f81263205c684cf8a30d99df4ea29571" candidate_term: 1 candidate_status { last_received { term: 0 index: 0 } } ignore_live_leader: false dest_uuid: "4b34ec08920e48cd944379b67766a81f" is_pre_election: true
I20260630 12:11:21.063009  1252 raft_consensus.cc:2468] T aa00f1befc5341c2b42b652d95bab67b P 4b34ec08920e48cd944379b67766a81f [term 0 FOLLOWER]: Leader pre-election vote request: Granting yes vote for candidate f81263205c684cf8a30d99df4ea29571 in term 0.
I20260630 12:11:21.066984  1067 leader_election.cc:304] T aa00f1befc5341c2b42b652d95bab67b P f81263205c684cf8a30d99df4ea29571 [CANDIDATE]: Term 1 pre-election: Election decided. Result: candidate won. Election summary: received 2 responses out of 3 voters: 2 yes votes; 0 no votes. yes voters: 4b34ec08920e48cd944379b67766a81f, f81263205c684cf8a30d99df4ea29571; no voters: 
I20260630 12:11:21.067967  1303 raft_consensus.cc:2804] T aa00f1befc5341c2b42b652d95bab67b P f81263205c684cf8a30d99df4ea29571 [term 0 FOLLOWER]: Leader pre-election won for term 1
I20260630 12:11:21.068328  1303 raft_consensus.cc:493] T aa00f1befc5341c2b42b652d95bab67b P f81263205c684cf8a30d99df4ea29571 [term 0 FOLLOWER]: Starting leader election (no leader contacted us within the election timeout)
I20260630 12:11:21.068688  1303 raft_consensus.cc:3060] T aa00f1befc5341c2b42b652d95bab67b P f81263205c684cf8a30d99df4ea29571 [term 0 FOLLOWER]: Advancing to term 1
I20260630 12:11:21.071101  1297 tablet_bootstrap.cc:492] T 9d372872643c49529bad1ee97b11e61b P 70c979b012e24272abf59de0045e3871: No bootstrap required, opened a new log
I20260630 12:11:21.071265  1298 tablet_bootstrap.cc:492] T 9d372872643c49529bad1ee97b11e61b P 4b34ec08920e48cd944379b67766a81f: No bootstrap required, opened a new log
I20260630 12:11:21.071878  1297 ts_tablet_manager.cc:1403] T 9d372872643c49529bad1ee97b11e61b P 70c979b012e24272abf59de0045e3871: Time spent bootstrapping tablet: real 0.033s	user 0.007s	sys 0.018s
I20260630 12:11:21.072068  1298 ts_tablet_manager.cc:1403] T 9d372872643c49529bad1ee97b11e61b P 4b34ec08920e48cd944379b67766a81f: Time spent bootstrapping tablet: real 0.022s	user 0.013s	sys 0.007s
I20260630 12:11:21.072628  1304 leader_election.cc:290] T 7b96b8085d804630a0dc3d13686938c0 P 70c979b012e24272abf59de0045e3871 [CANDIDATE]: Term 1 pre-election: Requested pre-vote from peers f81263205c684cf8a30d99df4ea29571 (127.0.107.193:41015), 4b34ec08920e48cd944379b67766a81f (127.0.107.195:35291)
I20260630 12:11:21.074826  1298 raft_consensus.cc:359] T 9d372872643c49529bad1ee97b11e61b P 4b34ec08920e48cd944379b67766a81f [term 0 FOLLOWER]: Replica starting. Triggering 0 pending ops. Active config: opid_index: -1 OBSOLETE_local: false peers { permanent_uuid: "f81263205c684cf8a30d99df4ea29571" member_type: VOTER last_known_addr { host: "127.0.107.193" port: 41015 } } peers { permanent_uuid: "70c979b012e24272abf59de0045e3871" member_type: VOTER last_known_addr { host: "127.0.107.194" port: 41595 } } peers { permanent_uuid: "4b34ec08920e48cd944379b67766a81f" member_type: VOTER last_known_addr { host: "127.0.107.195" port: 35291 } }
I20260630 12:11:21.075634  1298 raft_consensus.cc:385] T 9d372872643c49529bad1ee97b11e61b P 4b34ec08920e48cd944379b67766a81f [term 0 FOLLOWER]: Consensus starting up: Expiring failure detector timer to make a prompt election more likely
I20260630 12:11:21.075651  1303 raft_consensus.cc:515] T aa00f1befc5341c2b42b652d95bab67b P f81263205c684cf8a30d99df4ea29571 [term 1 FOLLOWER]: Starting leader election with config: opid_index: -1 OBSOLETE_local: false peers { permanent_uuid: "f81263205c684cf8a30d99df4ea29571" member_type: VOTER last_known_addr { host: "127.0.107.193" port: 41015 } } peers { permanent_uuid: "70c979b012e24272abf59de0045e3871" member_type: VOTER last_known_addr { host: "127.0.107.194" port: 41595 } } peers { permanent_uuid: "4b34ec08920e48cd944379b67766a81f" member_type: VOTER last_known_addr { host: "127.0.107.195" port: 35291 } }
I20260630 12:11:21.076301  1298 raft_consensus.cc:740] T 9d372872643c49529bad1ee97b11e61b P 4b34ec08920e48cd944379b67766a81f [term 0 FOLLOWER]: Becoming Follower/Learner. State: Replica: 4b34ec08920e48cd944379b67766a81f, State: Initialized, Role: FOLLOWER
I20260630 12:11:21.075605  1297 raft_consensus.cc:359] T 9d372872643c49529bad1ee97b11e61b P 70c979b012e24272abf59de0045e3871 [term 0 FOLLOWER]: Replica starting. Triggering 0 pending ops. Active config: opid_index: -1 OBSOLETE_local: false peers { permanent_uuid: "f81263205c684cf8a30d99df4ea29571" member_type: VOTER last_known_addr { host: "127.0.107.193" port: 41015 } } peers { permanent_uuid: "70c979b012e24272abf59de0045e3871" member_type: VOTER last_known_addr { host: "127.0.107.194" port: 41595 } } peers { permanent_uuid: "4b34ec08920e48cd944379b67766a81f" member_type: VOTER last_known_addr { host: "127.0.107.195" port: 35291 } }
I20260630 12:11:21.076929  1297 raft_consensus.cc:385] T 9d372872643c49529bad1ee97b11e61b P 70c979b012e24272abf59de0045e3871 [term 0 FOLLOWER]: Consensus starting up: Expiring failure detector timer to make a prompt election more likely
I20260630 12:11:21.077370  1297 raft_consensus.cc:740] T 9d372872643c49529bad1ee97b11e61b P 70c979b012e24272abf59de0045e3871 [term 0 FOLLOWER]: Becoming Follower/Learner. State: Replica: 70c979b012e24272abf59de0045e3871, State: Initialized, Role: FOLLOWER
I20260630 12:11:21.077200  1298 consensus_queue.cc:260] T 9d372872643c49529bad1ee97b11e61b P 4b34ec08920e48cd944379b67766a81f [NON_LEADER]: Queue going to NON_LEADER mode. State: All replicated index: 0, Majority replicated index: 0, Committed index: 0, Last appended: 0.0, Last appended by leader: 0, Current term: 0, Majority size: -1, State: 0, Mode: NON_LEADER, active raft config: opid_index: -1 OBSOLETE_local: false peers { permanent_uuid: "f81263205c684cf8a30d99df4ea29571" member_type: VOTER last_known_addr { host: "127.0.107.193" port: 41015 } } peers { permanent_uuid: "70c979b012e24272abf59de0045e3871" member_type: VOTER last_known_addr { host: "127.0.107.194" port: 41595 } } peers { permanent_uuid: "4b34ec08920e48cd944379b67766a81f" member_type: VOTER last_known_addr { host: "127.0.107.195" port: 35291 } }
I20260630 12:11:21.078936  1297 consensus_queue.cc:260] T 9d372872643c49529bad1ee97b11e61b P 70c979b012e24272abf59de0045e3871 [NON_LEADER]: Queue going to NON_LEADER mode. State: All replicated index: 0, Majority replicated index: 0, Committed index: 0, Last appended: 0.0, Last appended by leader: 0, Current term: 0, Majority size: -1, State: 0, Mode: NON_LEADER, active raft config: opid_index: -1 OBSOLETE_local: false peers { permanent_uuid: "f81263205c684cf8a30d99df4ea29571" member_type: VOTER last_known_addr { host: "127.0.107.193" port: 41015 } } peers { permanent_uuid: "70c979b012e24272abf59de0045e3871" member_type: VOTER last_known_addr { host: "127.0.107.194" port: 41595 } } peers { permanent_uuid: "4b34ec08920e48cd944379b67766a81f" member_type: VOTER last_known_addr { host: "127.0.107.195" port: 35291 } }
I20260630 12:11:21.080185  1298 ts_tablet_manager.cc:1434] T 9d372872643c49529bad1ee97b11e61b P 4b34ec08920e48cd944379b67766a81f: Time spent starting tablet: real 0.008s	user 0.007s	sys 0.000s
I20260630 12:11:21.081177  1298 tablet_bootstrap.cc:492] T 2c67740f54ed429d991c4f53acabb502 P 4b34ec08920e48cd944379b67766a81f: Bootstrap starting.
I20260630 12:11:21.082047  1297 ts_tablet_manager.cc:1434] T 9d372872643c49529bad1ee97b11e61b P 70c979b012e24272abf59de0045e3871: Time spent starting tablet: real 0.010s	user 0.007s	sys 0.000s
I20260630 12:11:21.083038  1297 tablet_bootstrap.cc:492] T aa00f1befc5341c2b42b652d95bab67b P 70c979b012e24272abf59de0045e3871: Bootstrap starting.
I20260630 12:11:21.087108  1298 tablet_bootstrap.cc:654] T 2c67740f54ed429d991c4f53acabb502 P 4b34ec08920e48cd944379b67766a81f: Neither blocks nor log segments found. Creating new log.
I20260630 12:11:21.088502  1252 tablet_service.cc:1917] Received RequestConsensusVote() RPC: tablet_id: "aa00f1befc5341c2b42b652d95bab67b" candidate_uuid: "f81263205c684cf8a30d99df4ea29571" candidate_term: 1 candidate_status { last_received { term: 0 index: 0 } } ignore_live_leader: false dest_uuid: "4b34ec08920e48cd944379b67766a81f"
I20260630 12:11:21.089118  1252 raft_consensus.cc:3060] T aa00f1befc5341c2b42b652d95bab67b P 4b34ec08920e48cd944379b67766a81f [term 0 FOLLOWER]: Advancing to term 1
I20260630 12:11:21.089522  1297 tablet_bootstrap.cc:654] T aa00f1befc5341c2b42b652d95bab67b P 70c979b012e24272abf59de0045e3871: Neither blocks nor log segments found. Creating new log.
I20260630 12:11:21.090157  1300 tablet_bootstrap.cc:492] T 01eb721516df490886c7a959861c76f9 P f81263205c684cf8a30d99df4ea29571: No bootstrap required, opened a new log
I20260630 12:11:21.090660  1300 ts_tablet_manager.cc:1403] T 01eb721516df490886c7a959861c76f9 P f81263205c684cf8a30d99df4ea29571: Time spent bootstrapping tablet: real 0.087s	user 0.012s	sys 0.029s
I20260630 12:11:21.093947  1300 raft_consensus.cc:359] T 01eb721516df490886c7a959861c76f9 P f81263205c684cf8a30d99df4ea29571 [term 0 FOLLOWER]: Replica starting. Triggering 0 pending ops. Active config: opid_index: -1 OBSOLETE_local: false peers { permanent_uuid: "f81263205c684cf8a30d99df4ea29571" member_type: VOTER last_known_addr { host: "127.0.107.193" port: 41015 } } peers { permanent_uuid: "70c979b012e24272abf59de0045e3871" member_type: VOTER last_known_addr { host: "127.0.107.194" port: 41595 } } peers { permanent_uuid: "4b34ec08920e48cd944379b67766a81f" member_type: VOTER last_known_addr { host: "127.0.107.195" port: 35291 } }
I20260630 12:11:21.094913  1300 raft_consensus.cc:385] T 01eb721516df490886c7a959861c76f9 P f81263205c684cf8a30d99df4ea29571 [term 0 FOLLOWER]: Consensus starting up: Expiring failure detector timer to make a prompt election more likely
I20260630 12:11:21.095265  1300 raft_consensus.cc:740] T 01eb721516df490886c7a959861c76f9 P f81263205c684cf8a30d99df4ea29571 [term 0 FOLLOWER]: Becoming Follower/Learner. State: Replica: f81263205c684cf8a30d99df4ea29571, State: Initialized, Role: FOLLOWER
I20260630 12:11:21.096211  1300 consensus_queue.cc:260] T 01eb721516df490886c7a959861c76f9 P f81263205c684cf8a30d99df4ea29571 [NON_LEADER]: Queue going to NON_LEADER mode. State: All replicated index: 0, Majority replicated index: 0, Committed index: 0, Last appended: 0.0, Last appended by leader: 0, Current term: 0, Majority size: -1, State: 0, Mode: NON_LEADER, active raft config: opid_index: -1 OBSOLETE_local: false peers { permanent_uuid: "f81263205c684cf8a30d99df4ea29571" member_type: VOTER last_known_addr { host: "127.0.107.193" port: 41015 } } peers { permanent_uuid: "70c979b012e24272abf59de0045e3871" member_type: VOTER last_known_addr { host: "127.0.107.194" port: 41595 } } peers { permanent_uuid: "4b34ec08920e48cd944379b67766a81f" member_type: VOTER last_known_addr { host: "127.0.107.195" port: 35291 } }
I20260630 12:11:21.098568  1297 tablet_bootstrap.cc:492] T aa00f1befc5341c2b42b652d95bab67b P 70c979b012e24272abf59de0045e3871: No bootstrap required, opened a new log
I20260630 12:11:21.099244  1303 leader_election.cc:290] T aa00f1befc5341c2b42b652d95bab67b P f81263205c684cf8a30d99df4ea29571 [CANDIDATE]: Term 1 election: Requested vote from peers 70c979b012e24272abf59de0045e3871 (127.0.107.194:41595), 4b34ec08920e48cd944379b67766a81f (127.0.107.195:35291)
I20260630 12:11:21.099275  1297 ts_tablet_manager.cc:1403] T aa00f1befc5341c2b42b652d95bab67b P 70c979b012e24272abf59de0045e3871: Time spent bootstrapping tablet: real 0.016s	user 0.005s	sys 0.010s
I20260630 12:11:21.102509  1298 tablet_bootstrap.cc:492] T 2c67740f54ed429d991c4f53acabb502 P 4b34ec08920e48cd944379b67766a81f: No bootstrap required, opened a new log
I20260630 12:11:21.104079  1298 ts_tablet_manager.cc:1403] T 2c67740f54ed429d991c4f53acabb502 P 4b34ec08920e48cd944379b67766a81f: Time spent bootstrapping tablet: real 0.023s	user 0.009s	sys 0.011s
I20260630 12:11:21.105006  1300 ts_tablet_manager.cc:1434] T 01eb721516df490886c7a959861c76f9 P f81263205c684cf8a30d99df4ea29571: Time spent starting tablet: real 0.014s	user 0.008s	sys 0.000s
I20260630 12:11:21.102856  1297 raft_consensus.cc:359] T aa00f1befc5341c2b42b652d95bab67b P 70c979b012e24272abf59de0045e3871 [term 0 FOLLOWER]: Replica starting. Triggering 0 pending ops. Active config: opid_index: -1 OBSOLETE_local: false peers { permanent_uuid: "f81263205c684cf8a30d99df4ea29571" member_type: VOTER last_known_addr { host: "127.0.107.193" port: 41015 } } peers { permanent_uuid: "70c979b012e24272abf59de0045e3871" member_type: VOTER last_known_addr { host: "127.0.107.194" port: 41595 } } peers { permanent_uuid: "4b34ec08920e48cd944379b67766a81f" member_type: VOTER last_known_addr { host: "127.0.107.195" port: 35291 } }
I20260630 12:11:21.112671  1297 raft_consensus.cc:385] T aa00f1befc5341c2b42b652d95bab67b P 70c979b012e24272abf59de0045e3871 [term 0 FOLLOWER]: Consensus starting up: Expiring failure detector timer to make a prompt election more likely
I20260630 12:11:21.112771  1177 tablet_service.cc:1917] Received RequestConsensusVote() RPC: tablet_id: "aa00f1befc5341c2b42b652d95bab67b" candidate_uuid: "f81263205c684cf8a30d99df4ea29571" candidate_term: 1 candidate_status { last_received { term: 0 index: 0 } } ignore_live_leader: false dest_uuid: "70c979b012e24272abf59de0045e3871"
I20260630 12:11:21.113126  1297 raft_consensus.cc:740] T aa00f1befc5341c2b42b652d95bab67b P 70c979b012e24272abf59de0045e3871 [term 0 FOLLOWER]: Becoming Follower/Learner. State: Replica: 70c979b012e24272abf59de0045e3871, State: Initialized, Role: FOLLOWER
I20260630 12:11:21.113968  1297 consensus_queue.cc:260] T aa00f1befc5341c2b42b652d95bab67b P 70c979b012e24272abf59de0045e3871 [NON_LEADER]: Queue going to NON_LEADER mode. State: All replicated index: 0, Majority replicated index: 0, Committed index: 0, Last appended: 0.0, Last appended by leader: 0, Current term: 0, Majority size: -1, State: 0, Mode: NON_LEADER, active raft config: opid_index: -1 OBSOLETE_local: false peers { permanent_uuid: "f81263205c684cf8a30d99df4ea29571" member_type: VOTER last_known_addr { host: "127.0.107.193" port: 41015 } } peers { permanent_uuid: "70c979b012e24272abf59de0045e3871" member_type: VOTER last_known_addr { host: "127.0.107.194" port: 41595 } } peers { permanent_uuid: "4b34ec08920e48cd944379b67766a81f" member_type: VOTER last_known_addr { host: "127.0.107.195" port: 35291 } }
I20260630 12:11:21.114377  1178 tablet_service.cc:1917] Received RequestConsensusVote() RPC: tablet_id: "aa00f1befc5341c2b42b652d95bab67b" candidate_uuid: "f81263205c684cf8a30d99df4ea29571" candidate_term: 1 candidate_status { last_received { term: 0 index: 0 } } ignore_live_leader: false dest_uuid: "70c979b012e24272abf59de0045e3871" is_pre_election: true
I20260630 12:11:21.115670  1177 raft_consensus.cc:3060] T aa00f1befc5341c2b42b652d95bab67b P 70c979b012e24272abf59de0045e3871 [term 0 FOLLOWER]: Advancing to term 1
I20260630 12:11:21.116120  1252 raft_consensus.cc:2468] T aa00f1befc5341c2b42b652d95bab67b P 4b34ec08920e48cd944379b67766a81f [term 1 FOLLOWER]: Leader election vote request: Granting yes vote for candidate f81263205c684cf8a30d99df4ea29571 in term 1.
I20260630 12:11:21.116415  1297 ts_tablet_manager.cc:1434] T aa00f1befc5341c2b42b652d95bab67b P 70c979b012e24272abf59de0045e3871: Time spent starting tablet: real 0.016s	user 0.006s	sys 0.000s
I20260630 12:11:21.117503  1297 tablet_bootstrap.cc:492] T 75f06c4c03e24cb2850570a910861f94 P 70c979b012e24272abf59de0045e3871: Bootstrap starting.
I20260630 12:11:21.118022  1067 leader_election.cc:304] T aa00f1befc5341c2b42b652d95bab67b P f81263205c684cf8a30d99df4ea29571 [CANDIDATE]: Term 1 election: Election decided. Result: candidate won. Election summary: received 2 responses out of 3 voters: 2 yes votes; 0 no votes. yes voters: 4b34ec08920e48cd944379b67766a81f, f81263205c684cf8a30d99df4ea29571; no voters: 
I20260630 12:11:21.107268  1298 raft_consensus.cc:359] T 2c67740f54ed429d991c4f53acabb502 P 4b34ec08920e48cd944379b67766a81f [term 0 FOLLOWER]: Replica starting. Triggering 0 pending ops. Active config: opid_index: -1 OBSOLETE_local: false peers { permanent_uuid: "f81263205c684cf8a30d99df4ea29571" member_type: VOTER last_known_addr { host: "127.0.107.193" port: 41015 } } peers { permanent_uuid: "70c979b012e24272abf59de0045e3871" member_type: VOTER last_known_addr { host: "127.0.107.194" port: 41595 } } peers { permanent_uuid: "4b34ec08920e48cd944379b67766a81f" member_type: VOTER last_known_addr { host: "127.0.107.195" port: 35291 } }
I20260630 12:11:21.119093  1319 raft_consensus.cc:2804] T aa00f1befc5341c2b42b652d95bab67b P f81263205c684cf8a30d99df4ea29571 [term 1 FOLLOWER]: Leader election won for term 1
I20260630 12:11:21.119278  1298 raft_consensus.cc:385] T 2c67740f54ed429d991c4f53acabb502 P 4b34ec08920e48cd944379b67766a81f [term 0 FOLLOWER]: Consensus starting up: Expiring failure detector timer to make a prompt election more likely
I20260630 12:11:21.119627  1298 raft_consensus.cc:740] T 2c67740f54ed429d991c4f53acabb502 P 4b34ec08920e48cd944379b67766a81f [term 0 FOLLOWER]: Becoming Follower/Learner. State: Replica: 4b34ec08920e48cd944379b67766a81f, State: Initialized, Role: FOLLOWER
I20260630 12:11:21.119696  1319 raft_consensus.cc:697] T aa00f1befc5341c2b42b652d95bab67b P f81263205c684cf8a30d99df4ea29571 [term 1 LEADER]: Becoming Leader. State: Replica: f81263205c684cf8a30d99df4ea29571, State: Running, Role: LEADER
I20260630 12:11:21.120404  1298 consensus_queue.cc:260] T 2c67740f54ed429d991c4f53acabb502 P 4b34ec08920e48cd944379b67766a81f [NON_LEADER]: Queue going to NON_LEADER mode. State: All replicated index: 0, Majority replicated index: 0, Committed index: 0, Last appended: 0.0, Last appended by leader: 0, Current term: 0, Majority size: -1, State: 0, Mode: NON_LEADER, active raft config: opid_index: -1 OBSOLETE_local: false peers { permanent_uuid: "f81263205c684cf8a30d99df4ea29571" member_type: VOTER last_known_addr { host: "127.0.107.193" port: 41015 } } peers { permanent_uuid: "70c979b012e24272abf59de0045e3871" member_type: VOTER last_known_addr { host: "127.0.107.194" port: 41595 } } peers { permanent_uuid: "4b34ec08920e48cd944379b67766a81f" member_type: VOTER last_known_addr { host: "127.0.107.195" port: 35291 } }
I20260630 12:11:21.120621  1319 consensus_queue.cc:237] T aa00f1befc5341c2b42b652d95bab67b P f81263205c684cf8a30d99df4ea29571 [LEADER]: Queue going to LEADER mode. State: All replicated index: 0, Majority replicated index: 0, Committed index: 0, Last appended: 0.0, Last appended by leader: 0, Current term: 1, Majority size: 2, State: 0, Mode: LEADER, active raft config: opid_index: -1 OBSOLETE_local: false peers { permanent_uuid: "f81263205c684cf8a30d99df4ea29571" member_type: VOTER last_known_addr { host: "127.0.107.193" port: 41015 } } peers { permanent_uuid: "70c979b012e24272abf59de0045e3871" member_type: VOTER last_known_addr { host: "127.0.107.194" port: 41595 } } peers { permanent_uuid: "4b34ec08920e48cd944379b67766a81f" member_type: VOTER last_known_addr { host: "127.0.107.195" port: 35291 } }
I20260630 12:11:21.124972  1177 raft_consensus.cc:2468] T aa00f1befc5341c2b42b652d95bab67b P 70c979b012e24272abf59de0045e3871 [term 1 FOLLOWER]: Leader election vote request: Granting yes vote for candidate f81263205c684cf8a30d99df4ea29571 in term 1.
I20260630 12:11:21.127305  1298 ts_tablet_manager.cc:1434] T 2c67740f54ed429d991c4f53acabb502 P 4b34ec08920e48cd944379b67766a81f: Time spent starting tablet: real 0.023s	user 0.004s	sys 0.004s
I20260630 12:11:21.129137  1298 tablet_bootstrap.cc:492] T 75f06c4c03e24cb2850570a910861f94 P 4b34ec08920e48cd944379b67766a81f: Bootstrap starting.
I20260630 12:11:21.129248  1251 tablet_service.cc:1917] Received RequestConsensusVote() RPC: tablet_id: "7b96b8085d804630a0dc3d13686938c0" candidate_uuid: "70c979b012e24272abf59de0045e3871" candidate_term: 1 candidate_status { last_received { term: 0 index: 0 } } ignore_live_leader: false dest_uuid: "4b34ec08920e48cd944379b67766a81f" is_pre_election: true
I20260630 12:11:21.129925  1251 raft_consensus.cc:2468] T 7b96b8085d804630a0dc3d13686938c0 P 4b34ec08920e48cd944379b67766a81f [term 0 FOLLOWER]: Leader pre-election vote request: Granting yes vote for candidate 70c979b012e24272abf59de0045e3871 in term 0.
I20260630 12:11:21.131793  1142 leader_election.cc:304] T 7b96b8085d804630a0dc3d13686938c0 P 70c979b012e24272abf59de0045e3871 [CANDIDATE]: Term 1 pre-election: Election decided. Result: candidate won. Election summary: received 2 responses out of 3 voters: 2 yes votes; 0 no votes. yes voters: 4b34ec08920e48cd944379b67766a81f, 70c979b012e24272abf59de0045e3871; no voters: 
I20260630 12:11:21.132697  1304 raft_consensus.cc:2804] T 7b96b8085d804630a0dc3d13686938c0 P 70c979b012e24272abf59de0045e3871 [term 0 FOLLOWER]: Leader pre-election won for term 1
I20260630 12:11:21.133067  1304 raft_consensus.cc:493] T 7b96b8085d804630a0dc3d13686938c0 P 70c979b012e24272abf59de0045e3871 [term 0 FOLLOWER]: Starting leader election (no leader contacted us within the election timeout)
I20260630 12:11:21.133479  1304 raft_consensus.cc:3060] T 7b96b8085d804630a0dc3d13686938c0 P 70c979b012e24272abf59de0045e3871 [term 0 FOLLOWER]: Advancing to term 1
I20260630 12:11:21.128098  1297 tablet_bootstrap.cc:654] T 75f06c4c03e24cb2850570a910861f94 P 70c979b012e24272abf59de0045e3871: Neither blocks nor log segments found. Creating new log.
I20260630 12:11:21.138274  1300 tablet_bootstrap.cc:492] T 9d372872643c49529bad1ee97b11e61b P f81263205c684cf8a30d99df4ea29571: Bootstrap starting.
I20260630 12:11:21.143182  1298 tablet_bootstrap.cc:654] T 75f06c4c03e24cb2850570a910861f94 P 4b34ec08920e48cd944379b67766a81f: Neither blocks nor log segments found. Creating new log.
I20260630 12:11:21.147845  1304 raft_consensus.cc:515] T 7b96b8085d804630a0dc3d13686938c0 P 70c979b012e24272abf59de0045e3871 [term 1 FOLLOWER]: Starting leader election with config: opid_index: -1 OBSOLETE_local: false peers { permanent_uuid: "f81263205c684cf8a30d99df4ea29571" member_type: VOTER last_known_addr { host: "127.0.107.193" port: 41015 } } peers { permanent_uuid: "70c979b012e24272abf59de0045e3871" member_type: VOTER last_known_addr { host: "127.0.107.194" port: 41595 } } peers { permanent_uuid: "4b34ec08920e48cd944379b67766a81f" member_type: VOTER last_known_addr { host: "127.0.107.195" port: 35291 } }
I20260630 12:11:21.149677  1300 tablet_bootstrap.cc:654] T 9d372872643c49529bad1ee97b11e61b P f81263205c684cf8a30d99df4ea29571: Neither blocks nor log segments found. Creating new log.
I20260630 12:11:21.154141  1103 tablet_service.cc:1917] Received RequestConsensusVote() RPC: tablet_id: "7b96b8085d804630a0dc3d13686938c0" candidate_uuid: "70c979b012e24272abf59de0045e3871" candidate_term: 1 candidate_status { last_received { term: 0 index: 0 } } ignore_live_leader: false dest_uuid: "f81263205c684cf8a30d99df4ea29571" is_pre_election: true
I20260630 12:11:21.155016  1103 raft_consensus.cc:2468] T 7b96b8085d804630a0dc3d13686938c0 P f81263205c684cf8a30d99df4ea29571 [term 0 FOLLOWER]: Leader pre-election vote request: Granting yes vote for candidate 70c979b012e24272abf59de0045e3871 in term 0.
I20260630 12:11:21.154066  1304 leader_election.cc:290] T 7b96b8085d804630a0dc3d13686938c0 P 70c979b012e24272abf59de0045e3871 [CANDIDATE]: Term 1 election: Requested vote from peers f81263205c684cf8a30d99df4ea29571 (127.0.107.193:41015), 4b34ec08920e48cd944379b67766a81f (127.0.107.195:35291)
I20260630 12:11:21.156790  1102 tablet_service.cc:1917] Received RequestConsensusVote() RPC: tablet_id: "7b96b8085d804630a0dc3d13686938c0" candidate_uuid: "70c979b012e24272abf59de0045e3871" candidate_term: 1 candidate_status { last_received { term: 0 index: 0 } } ignore_live_leader: false dest_uuid: "f81263205c684cf8a30d99df4ea29571"
I20260630 12:11:21.157483  1102 raft_consensus.cc:3060] T 7b96b8085d804630a0dc3d13686938c0 P f81263205c684cf8a30d99df4ea29571 [term 0 FOLLOWER]: Advancing to term 1
I20260630 12:11:21.158625  1298 tablet_bootstrap.cc:492] T 75f06c4c03e24cb2850570a910861f94 P 4b34ec08920e48cd944379b67766a81f: No bootstrap required, opened a new log
I20260630 12:11:21.157971   999 catalog_manager.cc:5697] T aa00f1befc5341c2b42b652d95bab67b P f81263205c684cf8a30d99df4ea29571 reported cstate change: term changed from 0 to 1, leader changed from <none> to f81263205c684cf8a30d99df4ea29571 (127.0.107.193). New cstate: current_term: 1 leader_uuid: "f81263205c684cf8a30d99df4ea29571" committed_config { opid_index: -1 OBSOLETE_local: false peers { permanent_uuid: "f81263205c684cf8a30d99df4ea29571" member_type: VOTER last_known_addr { host: "127.0.107.193" port: 41015 } health_report { overall_health: HEALTHY } } peers { permanent_uuid: "70c979b012e24272abf59de0045e3871" member_type: VOTER last_known_addr { host: "127.0.107.194" port: 41595 } health_report { overall_health: UNKNOWN } } peers { permanent_uuid: "4b34ec08920e48cd944379b67766a81f" member_type: VOTER last_known_addr { host: "127.0.107.195" port: 35291 } health_report { overall_health: UNKNOWN } } }
I20260630 12:11:21.160084  1298 ts_tablet_manager.cc:1403] T 75f06c4c03e24cb2850570a910861f94 P 4b34ec08920e48cd944379b67766a81f: Time spent bootstrapping tablet: real 0.031s	user 0.009s	sys 0.007s
I20260630 12:11:21.162088  1251 tablet_service.cc:1917] Received RequestConsensusVote() RPC: tablet_id: "7b96b8085d804630a0dc3d13686938c0" candidate_uuid: "70c979b012e24272abf59de0045e3871" candidate_term: 1 candidate_status { last_received { term: 0 index: 0 } } ignore_live_leader: false dest_uuid: "4b34ec08920e48cd944379b67766a81f"
I20260630 12:11:21.162808  1251 raft_consensus.cc:3060] T 7b96b8085d804630a0dc3d13686938c0 P 4b34ec08920e48cd944379b67766a81f [term 0 FOLLOWER]: Advancing to term 1
I20260630 12:11:21.163952  1297 tablet_bootstrap.cc:492] T 75f06c4c03e24cb2850570a910861f94 P 70c979b012e24272abf59de0045e3871: No bootstrap required, opened a new log
I20260630 12:11:21.164695  1297 ts_tablet_manager.cc:1403] T 75f06c4c03e24cb2850570a910861f94 P 70c979b012e24272abf59de0045e3871: Time spent bootstrapping tablet: real 0.047s	user 0.012s	sys 0.001s
I20260630 12:11:21.164319  1298 raft_consensus.cc:359] T 75f06c4c03e24cb2850570a910861f94 P 4b34ec08920e48cd944379b67766a81f [term 0 FOLLOWER]: Replica starting. Triggering 0 pending ops. Active config: opid_index: -1 OBSOLETE_local: false peers { permanent_uuid: "f81263205c684cf8a30d99df4ea29571" member_type: VOTER last_known_addr { host: "127.0.107.193" port: 41015 } } peers { permanent_uuid: "70c979b012e24272abf59de0045e3871" member_type: VOTER last_known_addr { host: "127.0.107.194" port: 41595 } } peers { permanent_uuid: "4b34ec08920e48cd944379b67766a81f" member_type: VOTER last_known_addr { host: "127.0.107.195" port: 35291 } }
I20260630 12:11:21.165243  1298 raft_consensus.cc:385] T 75f06c4c03e24cb2850570a910861f94 P 4b34ec08920e48cd944379b67766a81f [term 0 FOLLOWER]: Consensus starting up: Expiring failure detector timer to make a prompt election more likely
I20260630 12:11:21.167301  1298 raft_consensus.cc:740] T 75f06c4c03e24cb2850570a910861f94 P 4b34ec08920e48cd944379b67766a81f [term 0 FOLLOWER]: Becoming Follower/Learner. State: Replica: 4b34ec08920e48cd944379b67766a81f, State: Initialized, Role: FOLLOWER
I20260630 12:11:21.166462  1102 raft_consensus.cc:2468] T 7b96b8085d804630a0dc3d13686938c0 P f81263205c684cf8a30d99df4ea29571 [term 1 FOLLOWER]: Leader election vote request: Granting yes vote for candidate 70c979b012e24272abf59de0045e3871 in term 1.
I20260630 12:11:21.168386  1297 raft_consensus.cc:359] T 75f06c4c03e24cb2850570a910861f94 P 70c979b012e24272abf59de0045e3871 [term 0 FOLLOWER]: Replica starting. Triggering 0 pending ops. Active config: opid_index: -1 OBSOLETE_local: false peers { permanent_uuid: "f81263205c684cf8a30d99df4ea29571" member_type: VOTER last_known_addr { host: "127.0.107.193" port: 41015 } } peers { permanent_uuid: "70c979b012e24272abf59de0045e3871" member_type: VOTER last_known_addr { host: "127.0.107.194" port: 41595 } } peers { permanent_uuid: "4b34ec08920e48cd944379b67766a81f" member_type: VOTER last_known_addr { host: "127.0.107.195" port: 35291 } }
I20260630 12:11:21.168980  1300 tablet_bootstrap.cc:492] T 9d372872643c49529bad1ee97b11e61b P f81263205c684cf8a30d99df4ea29571: No bootstrap required, opened a new log
I20260630 12:11:21.168831  1298 consensus_queue.cc:260] T 75f06c4c03e24cb2850570a910861f94 P 4b34ec08920e48cd944379b67766a81f [NON_LEADER]: Queue going to NON_LEADER mode. State: All replicated index: 0, Majority replicated index: 0, Committed index: 0, Last appended: 0.0, Last appended by leader: 0, Current term: 0, Majority size: -1, State: 0, Mode: NON_LEADER, active raft config: opid_index: -1 OBSOLETE_local: false peers { permanent_uuid: "f81263205c684cf8a30d99df4ea29571" member_type: VOTER last_known_addr { host: "127.0.107.193" port: 41015 } } peers { permanent_uuid: "70c979b012e24272abf59de0045e3871" member_type: VOTER last_known_addr { host: "127.0.107.194" port: 41595 } } peers { permanent_uuid: "4b34ec08920e48cd944379b67766a81f" member_type: VOTER last_known_addr { host: "127.0.107.195" port: 35291 } }
I20260630 12:11:21.169171  1297 raft_consensus.cc:385] T 75f06c4c03e24cb2850570a910861f94 P 70c979b012e24272abf59de0045e3871 [term 0 FOLLOWER]: Consensus starting up: Expiring failure detector timer to make a prompt election more likely
I20260630 12:11:21.169155  1143 leader_election.cc:304] T 7b96b8085d804630a0dc3d13686938c0 P 70c979b012e24272abf59de0045e3871 [CANDIDATE]: Term 1 election: Election decided. Result: candidate won. Election summary: received 2 responses out of 3 voters: 2 yes votes; 0 no votes. yes voters: 70c979b012e24272abf59de0045e3871, f81263205c684cf8a30d99df4ea29571; no voters: 
I20260630 12:11:21.169689  1297 raft_consensus.cc:740] T 75f06c4c03e24cb2850570a910861f94 P 70c979b012e24272abf59de0045e3871 [term 0 FOLLOWER]: Becoming Follower/Learner. State: Replica: 70c979b012e24272abf59de0045e3871, State: Initialized, Role: FOLLOWER
I20260630 12:11:21.169504  1300 ts_tablet_manager.cc:1403] T 9d372872643c49529bad1ee97b11e61b P f81263205c684cf8a30d99df4ea29571: Time spent bootstrapping tablet: real 0.031s	user 0.012s	sys 0.000s
I20260630 12:11:21.170306  1304 raft_consensus.cc:2804] T 7b96b8085d804630a0dc3d13686938c0 P 70c979b012e24272abf59de0045e3871 [term 1 FOLLOWER]: Leader election won for term 1
I20260630 12:11:21.171795  1298 ts_tablet_manager.cc:1434] T 75f06c4c03e24cb2850570a910861f94 P 4b34ec08920e48cd944379b67766a81f: Time spent starting tablet: real 0.011s	user 0.006s	sys 0.003s
I20260630 12:11:21.170671  1297 consensus_queue.cc:260] T 75f06c4c03e24cb2850570a910861f94 P 70c979b012e24272abf59de0045e3871 [NON_LEADER]: Queue going to NON_LEADER mode. State: All replicated index: 0, Majority replicated index: 0, Committed index: 0, Last appended: 0.0, Last appended by leader: 0, Current term: 0, Majority size: -1, State: 0, Mode: NON_LEADER, active raft config: opid_index: -1 OBSOLETE_local: false peers { permanent_uuid: "f81263205c684cf8a30d99df4ea29571" member_type: VOTER last_known_addr { host: "127.0.107.193" port: 41015 } } peers { permanent_uuid: "70c979b012e24272abf59de0045e3871" member_type: VOTER last_known_addr { host: "127.0.107.194" port: 41595 } } peers { permanent_uuid: "4b34ec08920e48cd944379b67766a81f" member_type: VOTER last_known_addr { host: "127.0.107.195" port: 35291 } }
I20260630 12:11:21.172991  1298 tablet_bootstrap.cc:492] T 2334a1db1d484d96a4494f999719ae53 P 4b34ec08920e48cd944379b67766a81f: Bootstrap starting.
I20260630 12:11:21.173642  1300 raft_consensus.cc:359] T 9d372872643c49529bad1ee97b11e61b P f81263205c684cf8a30d99df4ea29571 [term 0 FOLLOWER]: Replica starting. Triggering 0 pending ops. Active config: opid_index: -1 OBSOLETE_local: false peers { permanent_uuid: "f81263205c684cf8a30d99df4ea29571" member_type: VOTER last_known_addr { host: "127.0.107.193" port: 41015 } } peers { permanent_uuid: "70c979b012e24272abf59de0045e3871" member_type: VOTER last_known_addr { host: "127.0.107.194" port: 41595 } } peers { permanent_uuid: "4b34ec08920e48cd944379b67766a81f" member_type: VOTER last_known_addr { host: "127.0.107.195" port: 35291 } }
I20260630 12:11:21.174362  1300 raft_consensus.cc:385] T 9d372872643c49529bad1ee97b11e61b P f81263205c684cf8a30d99df4ea29571 [term 0 FOLLOWER]: Consensus starting up: Expiring failure detector timer to make a prompt election more likely
I20260630 12:11:21.175081  1300 raft_consensus.cc:740] T 9d372872643c49529bad1ee97b11e61b P f81263205c684cf8a30d99df4ea29571 [term 0 FOLLOWER]: Becoming Follower/Learner. State: Replica: f81263205c684cf8a30d99df4ea29571, State: Initialized, Role: FOLLOWER
I20260630 12:11:21.180764  1251 raft_consensus.cc:2468] T 7b96b8085d804630a0dc3d13686938c0 P 4b34ec08920e48cd944379b67766a81f [term 1 FOLLOWER]: Leader election vote request: Granting yes vote for candidate 70c979b012e24272abf59de0045e3871 in term 1.
I20260630 12:11:21.182816  1298 tablet_bootstrap.cc:654] T 2334a1db1d484d96a4494f999719ae53 P 4b34ec08920e48cd944379b67766a81f: Neither blocks nor log segments found. Creating new log.
I20260630 12:11:21.182490  1300 consensus_queue.cc:260] T 9d372872643c49529bad1ee97b11e61b P f81263205c684cf8a30d99df4ea29571 [NON_LEADER]: Queue going to NON_LEADER mode. State: All replicated index: 0, Majority replicated index: 0, Committed index: 0, Last appended: 0.0, Last appended by leader: 0, Current term: 0, Majority size: -1, State: 0, Mode: NON_LEADER, active raft config: opid_index: -1 OBSOLETE_local: false peers { permanent_uuid: "f81263205c684cf8a30d99df4ea29571" member_type: VOTER last_known_addr { host: "127.0.107.193" port: 41015 } } peers { permanent_uuid: "70c979b012e24272abf59de0045e3871" member_type: VOTER last_known_addr { host: "127.0.107.194" port: 41595 } } peers { permanent_uuid: "4b34ec08920e48cd944379b67766a81f" member_type: VOTER last_known_addr { host: "127.0.107.195" port: 35291 } }
I20260630 12:11:21.187196  1300 ts_tablet_manager.cc:1434] T 9d372872643c49529bad1ee97b11e61b P f81263205c684cf8a30d99df4ea29571: Time spent starting tablet: real 0.017s	user 0.008s	sys 0.000s
I20260630 12:11:21.188251  1300 tablet_bootstrap.cc:492] T 2c67740f54ed429d991c4f53acabb502 P f81263205c684cf8a30d99df4ea29571: Bootstrap starting.
I20260630 12:11:21.193758  1304 raft_consensus.cc:697] T 7b96b8085d804630a0dc3d13686938c0 P 70c979b012e24272abf59de0045e3871 [term 1 LEADER]: Becoming Leader. State: Replica: 70c979b012e24272abf59de0045e3871, State: Running, Role: LEADER
I20260630 12:11:21.195178  1304 consensus_queue.cc:237] T 7b96b8085d804630a0dc3d13686938c0 P 70c979b012e24272abf59de0045e3871 [LEADER]: Queue going to LEADER mode. State: All replicated index: 0, Majority replicated index: 0, Committed index: 0, Last appended: 0.0, Last appended by leader: 0, Current term: 1, Majority size: 2, State: 0, Mode: LEADER, active raft config: opid_index: -1 OBSOLETE_local: false peers { permanent_uuid: "f81263205c684cf8a30d99df4ea29571" member_type: VOTER last_known_addr { host: "127.0.107.193" port: 41015 } } peers { permanent_uuid: "70c979b012e24272abf59de0045e3871" member_type: VOTER last_known_addr { host: "127.0.107.194" port: 41595 } } peers { permanent_uuid: "4b34ec08920e48cd944379b67766a81f" member_type: VOTER last_known_addr { host: "127.0.107.195" port: 35291 } }
I20260630 12:11:21.198691  1298 tablet_bootstrap.cc:492] T 2334a1db1d484d96a4494f999719ae53 P 4b34ec08920e48cd944379b67766a81f: No bootstrap required, opened a new log
I20260630 12:11:21.199251  1298 ts_tablet_manager.cc:1403] T 2334a1db1d484d96a4494f999719ae53 P 4b34ec08920e48cd944379b67766a81f: Time spent bootstrapping tablet: real 0.027s	user 0.010s	sys 0.006s
I20260630 12:11:21.202502  1298 raft_consensus.cc:359] T 2334a1db1d484d96a4494f999719ae53 P 4b34ec08920e48cd944379b67766a81f [term 0 FOLLOWER]: Replica starting. Triggering 0 pending ops. Active config: opid_index: -1 OBSOLETE_local: false peers { permanent_uuid: "f81263205c684cf8a30d99df4ea29571" member_type: VOTER last_known_addr { host: "127.0.107.193" port: 41015 } } peers { permanent_uuid: "70c979b012e24272abf59de0045e3871" member_type: VOTER last_known_addr { host: "127.0.107.194" port: 41595 } } peers { permanent_uuid: "4b34ec08920e48cd944379b67766a81f" member_type: VOTER last_known_addr { host: "127.0.107.195" port: 35291 } }
I20260630 12:11:21.203337  1298 raft_consensus.cc:385] T 2334a1db1d484d96a4494f999719ae53 P 4b34ec08920e48cd944379b67766a81f [term 0 FOLLOWER]: Consensus starting up: Expiring failure detector timer to make a prompt election more likely
I20260630 12:11:21.203672  1298 raft_consensus.cc:740] T 2334a1db1d484d96a4494f999719ae53 P 4b34ec08920e48cd944379b67766a81f [term 0 FOLLOWER]: Becoming Follower/Learner. State: Replica: 4b34ec08920e48cd944379b67766a81f, State: Initialized, Role: FOLLOWER
