I20260630 12:31:00.618163 23840 consensus_queue.cc:260] T 8024f8aef5644ae187535e9dafa8958c P ba4ce362673f4e71ba6aca00087beef1 [NON_LEADER]: Queue going to NON_LEADER mode. State: All replicated index: 0, Majority replicated index: 0, Committed index: 2, Last appended: 1.2, Last appended by leader: 2, Current term: 0, Majority size: -1, State: 0, Mode: NON_LEADER, active raft config: opid_index: 2 OBSOLETE_local: false peers { permanent_uuid: "e5163bd8915948339c5b433423ac779a" member_type: VOTER last_known_addr { host: "127.19.213.4" port: 34825 } attrs { replace: true } } peers { permanent_uuid: "69571a62ea0e4d128c06e5b36a6d5271" member_type: VOTER last_known_addr { host: "127.19.213.1" port: 41581 } } peers { permanent_uuid: "0f522b5517bc44fa8fbe6807328edb28" member_type: VOTER last_known_addr { host: "127.19.213.2" port: 35877 } } peers { permanent_uuid: "ba4ce362673f4e71ba6aca00087beef1" member_type: NON_VOTER last_known_addr { host: "127.19.213.3" port: 36557 } attrs { promote: true } }
I20260630 12:31:00.619498 23843 tablet_copy_client.cc:538] T 75bacff636c04154b6a399ca8dd3226b P 0f522b5517bc44fa8fbe6807328edb28: tablet copy: Tablet Copy complete. Replacing tablet superblock.
I20260630 12:31:00.620271 23840 ts_tablet_manager.cc:1434] T 8024f8aef5644ae187535e9dafa8958c P ba4ce362673f4e71ba6aca00087beef1: Time spent starting tablet: real 0.006s	user 0.004s	sys 0.000s
I20260630 12:31:00.622061 23372 tablet_copy_service.cc:342] P 0f522b5517bc44fa8fbe6807328edb28: Request end of tablet copy session ba4ce362673f4e71ba6aca00087beef1-8024f8aef5644ae187535e9dafa8958c received from {username='slave'} at 127.0.0.1:49402
I20260630 12:31:00.622458 23372 tablet_copy_service.cc:434] P 0f522b5517bc44fa8fbe6807328edb28: ending tablet copy session ba4ce362673f4e71ba6aca00087beef1-8024f8aef5644ae187535e9dafa8958c on tablet 8024f8aef5644ae187535e9dafa8958c with peer ba4ce362673f4e71ba6aca00087beef1
I20260630 12:31:00.629041 23843 tablet_bootstrap.cc:492] T 75bacff636c04154b6a399ca8dd3226b P 0f522b5517bc44fa8fbe6807328edb28: Bootstrap starting.
I20260630 12:31:00.645002 23843 tablet_bootstrap.cc:492] T 75bacff636c04154b6a399ca8dd3226b P 0f522b5517bc44fa8fbe6807328edb28: Bootstrap replayed 1/1 log segments. Stats: ops{read=2 overwritten=0 applied=2 ignored=0} inserts{seen=0 ignored=0} mutations{seen=0 ignored=0} orphaned_commits=0. Pending: 0 replicates
I20260630 12:31:00.645833 23843 tablet_bootstrap.cc:492] T 75bacff636c04154b6a399ca8dd3226b P 0f522b5517bc44fa8fbe6807328edb28: Bootstrap complete.
I20260630 12:31:00.646471 23843 ts_tablet_manager.cc:1403] T 75bacff636c04154b6a399ca8dd3226b P 0f522b5517bc44fa8fbe6807328edb28: Time spent bootstrapping tablet: real 0.018s	user 0.018s	sys 0.000s
I20260630 12:31:00.649233 23843 raft_consensus.cc:359] T 75bacff636c04154b6a399ca8dd3226b P 0f522b5517bc44fa8fbe6807328edb28 [term 1 LEARNER]: Replica starting. Triggering 0 pending ops. Active config: opid_index: 2 OBSOLETE_local: false peers { permanent_uuid: "e5163bd8915948339c5b433423ac779a" member_type: VOTER last_known_addr { host: "127.19.213.4" port: 34825 } attrs { replace: true } } peers { permanent_uuid: "ba4ce362673f4e71ba6aca00087beef1" member_type: VOTER last_known_addr { host: "127.19.213.3" port: 36557 } } peers { permanent_uuid: "69571a62ea0e4d128c06e5b36a6d5271" member_type: VOTER last_known_addr { host: "127.19.213.1" port: 41581 } } peers { permanent_uuid: "0f522b5517bc44fa8fbe6807328edb28" member_type: NON_VOTER last_known_addr { host: "127.19.213.2" port: 35877 } attrs { promote: true } }
I20260630 12:31:00.650063 23843 raft_consensus.cc:740] T 75bacff636c04154b6a399ca8dd3226b P 0f522b5517bc44fa8fbe6807328edb28 [term 1 LEARNER]: Becoming Follower/Learner. State: Replica: 0f522b5517bc44fa8fbe6807328edb28, State: Initialized, Role: LEARNER
I20260630 12:31:00.650621 23843 consensus_queue.cc:260] T 75bacff636c04154b6a399ca8dd3226b P 0f522b5517bc44fa8fbe6807328edb28 [NON_LEADER]: Queue going to NON_LEADER mode. State: All replicated index: 0, Majority replicated index: 0, Committed index: 2, Last appended: 1.2, Last appended by leader: 2, Current term: 0, Majority size: -1, State: 0, Mode: NON_LEADER, active raft config: opid_index: 2 OBSOLETE_local: false peers { permanent_uuid: "e5163bd8915948339c5b433423ac779a" member_type: VOTER last_known_addr { host: "127.19.213.4" port: 34825 } attrs { replace: true } } peers { permanent_uuid: "ba4ce362673f4e71ba6aca00087beef1" member_type: VOTER last_known_addr { host: "127.19.213.3" port: 36557 } } peers { permanent_uuid: "69571a62ea0e4d128c06e5b36a6d5271" member_type: VOTER last_known_addr { host: "127.19.213.1" port: 41581 } } peers { permanent_uuid: "0f522b5517bc44fa8fbe6807328edb28" member_type: NON_VOTER last_known_addr { host: "127.19.213.2" port: 35877 } attrs { promote: true } }
I20260630 12:31:00.652686 23843 ts_tablet_manager.cc:1434] T 75bacff636c04154b6a399ca8dd3226b P 0f522b5517bc44fa8fbe6807328edb28: Time spent starting tablet: real 0.006s	user 0.004s	sys 0.000s
I20260630 12:31:00.654404 23446 tablet_copy_service.cc:342] P ba4ce362673f4e71ba6aca00087beef1: Request end of tablet copy session 0f522b5517bc44fa8fbe6807328edb28-75bacff636c04154b6a399ca8dd3226b received from {username='slave'} at 127.0.0.1:42920
I20260630 12:31:00.654815 23446 tablet_copy_service.cc:434] P ba4ce362673f4e71ba6aca00087beef1: ending tablet copy session 0f522b5517bc44fa8fbe6807328edb28-75bacff636c04154b6a399ca8dd3226b on tablet 75bacff636c04154b6a399ca8dd3226b with peer 0f522b5517bc44fa8fbe6807328edb28
I20260630 12:31:00.726251 23833 ts_tablet_manager.cc:933] T 6ec986e9baf444deb1de8750a08ecd7f P e5163bd8915948339c5b433423ac779a: Initiating tablet copy from peer 69571a62ea0e4d128c06e5b36a6d5271 (127.19.213.1:41581)
I20260630 12:31:00.727906 23833 tablet_copy_client.cc:323] T 6ec986e9baf444deb1de8750a08ecd7f P e5163bd8915948339c5b433423ac779a: tablet copy: Beginning tablet copy session from remote peer at address 127.19.213.1:41581
I20260630 12:31:00.729287 23297 tablet_copy_service.cc:140] P 69571a62ea0e4d128c06e5b36a6d5271: Received BeginTabletCopySession request for tablet 6ec986e9baf444deb1de8750a08ecd7f from peer e5163bd8915948339c5b433423ac779a ({username='slave'} at 127.0.0.1:37084)
I20260630 12:31:00.729804 23297 tablet_copy_service.cc:161] P 69571a62ea0e4d128c06e5b36a6d5271: Beginning new tablet copy session on tablet 6ec986e9baf444deb1de8750a08ecd7f from peer e5163bd8915948339c5b433423ac779a at {username='slave'} at 127.0.0.1:37084: session id = e5163bd8915948339c5b433423ac779a-6ec986e9baf444deb1de8750a08ecd7f
I20260630 12:31:00.736778 23297 tablet_copy_source_session.cc:215] T 6ec986e9baf444deb1de8750a08ecd7f P 69571a62ea0e4d128c06e5b36a6d5271: Tablet Copy: opened 0 blocks and 1 log segments
I20260630 12:31:00.739388 23833 data_dirs.cc:400] Could only allocate 1 dirs of requested 3 for tablet 6ec986e9baf444deb1de8750a08ecd7f. 1 dirs total, 0 dirs full, 0 dirs failed
I20260630 12:31:00.748798 23833 tablet_copy_client.cc:806] T 6ec986e9baf444deb1de8750a08ecd7f P e5163bd8915948339c5b433423ac779a: tablet copy: Starting download of 0 data blocks...
I20260630 12:31:00.749291 23833 tablet_copy_client.cc:670] T 6ec986e9baf444deb1de8750a08ecd7f P e5163bd8915948339c5b433423ac779a: tablet copy: Starting download of 1 WAL segments...
I20260630 12:31:00.752497 23833 tablet_copy_client.cc:538] T 6ec986e9baf444deb1de8750a08ecd7f P e5163bd8915948339c5b433423ac779a: tablet copy: Tablet Copy complete. Replacing tablet superblock.
I20260630 12:31:00.758457 23833 tablet_bootstrap.cc:492] T 6ec986e9baf444deb1de8750a08ecd7f P e5163bd8915948339c5b433423ac779a: Bootstrap starting.
I20260630 12:31:00.772620 23833 tablet_bootstrap.cc:492] T 6ec986e9baf444deb1de8750a08ecd7f P e5163bd8915948339c5b433423ac779a: Bootstrap replayed 1/1 log segments. Stats: ops{read=2 overwritten=0 applied=2 ignored=0} inserts{seen=0 ignored=0} mutations{seen=0 ignored=0} orphaned_commits=0. Pending: 0 replicates
I20260630 12:31:00.773288 23833 tablet_bootstrap.cc:492] T 6ec986e9baf444deb1de8750a08ecd7f P e5163bd8915948339c5b433423ac779a: Bootstrap complete.
I20260630 12:31:00.773818 23833 ts_tablet_manager.cc:1403] T 6ec986e9baf444deb1de8750a08ecd7f P e5163bd8915948339c5b433423ac779a: Time spent bootstrapping tablet: real 0.016s	user 0.011s	sys 0.000s
I20260630 12:31:00.775928 23833 raft_consensus.cc:359] T 6ec986e9baf444deb1de8750a08ecd7f P e5163bd8915948339c5b433423ac779a [term 1 LEARNER]: Replica starting. Triggering 0 pending ops. Active config: opid_index: 2 OBSOLETE_local: false peers { permanent_uuid: "69571a62ea0e4d128c06e5b36a6d5271" member_type: VOTER last_known_addr { host: "127.19.213.1" port: 41581 } } peers { permanent_uuid: "0f522b5517bc44fa8fbe6807328edb28" member_type: VOTER last_known_addr { host: "127.19.213.2" port: 35877 } } peers { permanent_uuid: "ba4ce362673f4e71ba6aca00087beef1" member_type: VOTER last_known_addr { host: "127.19.213.3" port: 36557 } attrs { replace: true } } peers { permanent_uuid: "e5163bd8915948339c5b433423ac779a" member_type: NON_VOTER last_known_addr { host: "127.19.213.4" port: 34825 } attrs { promote: true } }
I20260630 12:31:00.776471 23833 raft_consensus.cc:740] T 6ec986e9baf444deb1de8750a08ecd7f P e5163bd8915948339c5b433423ac779a [term 1 LEARNER]: Becoming Follower/Learner. State: Replica: e5163bd8915948339c5b433423ac779a, State: Initialized, Role: LEARNER
I20260630 12:31:00.777010 23833 consensus_queue.cc:260] T 6ec986e9baf444deb1de8750a08ecd7f P e5163bd8915948339c5b433423ac779a [NON_LEADER]: Queue going to NON_LEADER mode. State: All replicated index: 0, Majority replicated index: 0, Committed index: 2, Last appended: 1.2, Last appended by leader: 2, Current term: 0, Majority size: -1, State: 0, Mode: NON_LEADER, active raft config: opid_index: 2 OBSOLETE_local: false peers { permanent_uuid: "69571a62ea0e4d128c06e5b36a6d5271" member_type: VOTER last_known_addr { host: "127.19.213.1" port: 41581 } } peers { permanent_uuid: "0f522b5517bc44fa8fbe6807328edb28" member_type: VOTER last_known_addr { host: "127.19.213.2" port: 35877 } } peers { permanent_uuid: "ba4ce362673f4e71ba6aca00087beef1" member_type: VOTER last_known_addr { host: "127.19.213.3" port: 36557 } attrs { replace: true } } peers { permanent_uuid: "e5163bd8915948339c5b433423ac779a" member_type: NON_VOTER last_known_addr { host: "127.19.213.4" port: 34825 } attrs { promote: true } }
I20260630 12:31:00.779052 23833 ts_tablet_manager.cc:1434] T 6ec986e9baf444deb1de8750a08ecd7f P e5163bd8915948339c5b433423ac779a: Time spent starting tablet: real 0.005s	user 0.004s	sys 0.000s
I20260630 12:31:00.780795 23297 tablet_copy_service.cc:342] P 69571a62ea0e4d128c06e5b36a6d5271: Request end of tablet copy session e5163bd8915948339c5b433423ac779a-6ec986e9baf444deb1de8750a08ecd7f received from {username='slave'} at 127.0.0.1:37084
I20260630 12:31:00.781179 23297 tablet_copy_service.cc:434] P 69571a62ea0e4d128c06e5b36a6d5271: ending tablet copy session e5163bd8915948339c5b433423ac779a-6ec986e9baf444deb1de8750a08ecd7f on tablet 6ec986e9baf444deb1de8750a08ecd7f with peer e5163bd8915948339c5b433423ac779a
I20260630 12:31:00.961958 23584 raft_consensus.cc:1217] T 5321f3e935cb4a07af864bbbe314b73b P e5163bd8915948339c5b433423ac779a [term 1 LEARNER]: Deduplicated request from leader. Original: 1.1->[1.2-1.2]   Dedup: 1.2->[]
I20260630 12:31:01.045526 23362 raft_consensus.cc:1217] T 75bacff636c04154b6a399ca8dd3226b P 0f522b5517bc44fa8fbe6807328edb28 [term 1 LEARNER]: Deduplicated request from leader. Original: 1.1->[1.2-1.2]   Dedup: 1.2->[]
I20260630 12:31:01.154170 23584 raft_consensus.cc:1217] T 6ec986e9baf444deb1de8750a08ecd7f P e5163bd8915948339c5b433423ac779a [term 1 LEARNER]: Deduplicated request from leader. Original: 1.1->[1.2-1.2]   Dedup: 1.2->[]
I20260630 12:31:01.168632 23436 raft_consensus.cc:1217] T 8024f8aef5644ae187535e9dafa8958c P ba4ce362673f4e71ba6aca00087beef1 [term 1 LEARNER]: Deduplicated request from leader. Original: 1.1->[1.2-1.2]   Dedup: 1.2->[]
I20260630 12:31:01.342787 23817 raft_consensus.cc:1064] T 5321f3e935cb4a07af864bbbe314b73b P 69571a62ea0e4d128c06e5b36a6d5271: attempting to promote NON_VOTER e5163bd8915948339c5b433423ac779a to VOTER
I20260630 12:31:01.345191 23817 consensus_queue.cc:237] T 5321f3e935cb4a07af864bbbe314b73b P 69571a62ea0e4d128c06e5b36a6d5271 [LEADER]: Queue going to LEADER mode. State: All replicated index: 0, Majority replicated index: 2, Committed index: 2, Last appended: 1.2, Last appended by leader: 0, Current term: 1, Majority size: 3, State: 0, Mode: LEADER, active raft config: opid_index: 3 OBSOLETE_local: false peers { permanent_uuid: "0f522b5517bc44fa8fbe6807328edb28" member_type: VOTER last_known_addr { host: "127.19.213.2" port: 35877 } attrs { replace: true } } peers { permanent_uuid: "69571a62ea0e4d128c06e5b36a6d5271" member_type: VOTER last_known_addr { host: "127.19.213.1" port: 41581 } } peers { permanent_uuid: "ba4ce362673f4e71ba6aca00087beef1" member_type: VOTER last_known_addr { host: "127.19.213.3" port: 36557 } } peers { permanent_uuid: "e5163bd8915948339c5b433423ac779a" member_type: VOTER last_known_addr { host: "127.19.213.4" port: 34825 } attrs { promote: false } }
I20260630 12:31:01.352416 23358 raft_consensus.cc:1275] T 5321f3e935cb4a07af864bbbe314b73b P 0f522b5517bc44fa8fbe6807328edb28 [term 1 FOLLOWER]: Refusing update from remote peer 69571a62ea0e4d128c06e5b36a6d5271: Log matching property violated. Preceding OpId in replica: term: 1 index: 2. Preceding OpId from leader: term: 1 index: 3. (index mismatch)
I20260630 12:31:01.352416 23436 raft_consensus.cc:1275] T 5321f3e935cb4a07af864bbbe314b73b P ba4ce362673f4e71ba6aca00087beef1 [term 1 FOLLOWER]: Refusing update from remote peer 69571a62ea0e4d128c06e5b36a6d5271: Log matching property violated. Preceding OpId in replica: term: 1 index: 2. Preceding OpId from leader: term: 1 index: 3. (index mismatch)
I20260630 12:31:01.353513 23584 raft_consensus.cc:1275] T 5321f3e935cb4a07af864bbbe314b73b P e5163bd8915948339c5b433423ac779a [term 1 LEARNER]: Refusing update from remote peer 69571a62ea0e4d128c06e5b36a6d5271: Log matching property violated. Preceding OpId in replica: term: 1 index: 2. Preceding OpId from leader: term: 1 index: 3. (index mismatch)
I20260630 12:31:01.353914 23817 consensus_queue.cc:1048] T 5321f3e935cb4a07af864bbbe314b73b P 69571a62ea0e4d128c06e5b36a6d5271 [LEADER]: Connected to new peer: Peer: permanent_uuid: "0f522b5517bc44fa8fbe6807328edb28" member_type: VOTER last_known_addr { host: "127.19.213.2" port: 35877 } attrs { replace: true }, Status: LMP_MISMATCH, Last received: 0.0, Next index: 3, Last known committed idx: 2, Time since last communication: 0.000s
I20260630 12:31:01.354849 23849 consensus_queue.cc:1048] T 5321f3e935cb4a07af864bbbe314b73b P 69571a62ea0e4d128c06e5b36a6d5271 [LEADER]: Connected to new peer: Peer: permanent_uuid: "e5163bd8915948339c5b433423ac779a" member_type: VOTER last_known_addr { host: "127.19.213.4" port: 34825 } attrs { promote: false }, Status: LMP_MISMATCH, Last received: 0.0, Next index: 3, Last known committed idx: 2, Time since last communication: 0.000s
I20260630 12:31:01.355696 23853 consensus_queue.cc:1048] T 5321f3e935cb4a07af864bbbe314b73b P 69571a62ea0e4d128c06e5b36a6d5271 [LEADER]: Connected to new peer: Peer: permanent_uuid: "ba4ce362673f4e71ba6aca00087beef1" member_type: VOTER last_known_addr { host: "127.19.213.3" port: 36557 }, Status: LMP_MISMATCH, Last received: 0.0, Next index: 3, Last known committed idx: 2, Time since last communication: 0.000s
I20260630 12:31:01.366124 23853 raft_consensus.cc:2955] T 5321f3e935cb4a07af864bbbe314b73b P 69571a62ea0e4d128c06e5b36a6d5271 [term 1 LEADER]: Committing config change with OpId 1.3: config changed from index 2 to 3, e5163bd8915948339c5b433423ac779a (127.19.213.4) changed from NON_VOTER to VOTER. New config: { opid_index: 3 OBSOLETE_local: false peers { permanent_uuid: "0f522b5517bc44fa8fbe6807328edb28" member_type: VOTER last_known_addr { host: "127.19.213.2" port: 35877 } attrs { replace: true } } peers { permanent_uuid: "69571a62ea0e4d128c06e5b36a6d5271" member_type: VOTER last_known_addr { host: "127.19.213.1" port: 41581 } } peers { permanent_uuid: "ba4ce362673f4e71ba6aca00087beef1" member_type: VOTER last_known_addr { host: "127.19.213.3" port: 36557 } } peers { permanent_uuid: "e5163bd8915948339c5b433423ac779a" member_type: VOTER last_known_addr { host: "127.19.213.4" port: 34825 } attrs { promote: false } } }
I20260630 12:31:01.367468 23358 raft_consensus.cc:2955] T 5321f3e935cb4a07af864bbbe314b73b P 0f522b5517bc44fa8fbe6807328edb28 [term 1 FOLLOWER]: Committing config change with OpId 1.3: config changed from index 2 to 3, e5163bd8915948339c5b433423ac779a (127.19.213.4) changed from NON_VOTER to VOTER. New config: { opid_index: 3 OBSOLETE_local: false peers { permanent_uuid: "0f522b5517bc44fa8fbe6807328edb28" member_type: VOTER last_known_addr { host: "127.19.213.2" port: 35877 } attrs { replace: true } } peers { permanent_uuid: "69571a62ea0e4d128c06e5b36a6d5271" member_type: VOTER last_known_addr { host: "127.19.213.1" port: 41581 } } peers { permanent_uuid: "ba4ce362673f4e71ba6aca00087beef1" member_type: VOTER last_known_addr { host: "127.19.213.3" port: 36557 } } peers { permanent_uuid: "e5163bd8915948339c5b433423ac779a" member_type: VOTER last_known_addr { host: "127.19.213.4" port: 34825 } attrs { promote: false } } }
I20260630 12:31:01.370494 23434 raft_consensus.cc:2955] T 5321f3e935cb4a07af864bbbe314b73b P ba4ce362673f4e71ba6aca00087beef1 [term 1 FOLLOWER]: Committing config change with OpId 1.3: config changed from index 2 to 3, e5163bd8915948339c5b433423ac779a (127.19.213.4) changed from NON_VOTER to VOTER. New config: { opid_index: 3 OBSOLETE_local: false peers { permanent_uuid: "0f522b5517bc44fa8fbe6807328edb28" member_type: VOTER last_known_addr { host: "127.19.213.2" port: 35877 } attrs { replace: true } } peers { permanent_uuid: "69571a62ea0e4d128c06e5b36a6d5271" member_type: VOTER last_known_addr { host: "127.19.213.1" port: 41581 } } peers { permanent_uuid: "ba4ce362673f4e71ba6aca00087beef1" member_type: VOTER last_known_addr { host: "127.19.213.3" port: 36557 } } peers { permanent_uuid: "e5163bd8915948339c5b433423ac779a" member_type: VOTER last_known_addr { host: "127.19.213.4" port: 34825 } attrs { promote: false } } }
I20260630 12:31:01.381435 23181 catalog_manager.cc:5697] T 5321f3e935cb4a07af864bbbe314b73b P 0f522b5517bc44fa8fbe6807328edb28 reported cstate change: config changed from index 2 to 3, e5163bd8915948339c5b433423ac779a (127.19.213.4) changed from NON_VOTER to VOTER. New cstate: current_term: 1 leader_uuid: "69571a62ea0e4d128c06e5b36a6d5271" committed_config { opid_index: 3 OBSOLETE_local: false peers { permanent_uuid: "0f522b5517bc44fa8fbe6807328edb28" member_type: VOTER last_known_addr { host: "127.19.213.2" port: 35877 } attrs { replace: true } } peers { permanent_uuid: "69571a62ea0e4d128c06e5b36a6d5271" member_type: VOTER last_known_addr { host: "127.19.213.1" port: 41581 } } peers { permanent_uuid: "ba4ce362673f4e71ba6aca00087beef1" member_type: VOTER last_known_addr { host: "127.19.213.3" port: 36557 } } peers { permanent_uuid: "e5163bd8915948339c5b433423ac779a" member_type: VOTER last_known_addr { host: "127.19.213.4" port: 34825 } attrs { promote: false } } }
I20260630 12:31:01.382889 23584 raft_consensus.cc:2955] T 5321f3e935cb4a07af864bbbe314b73b P e5163bd8915948339c5b433423ac779a [term 1 FOLLOWER]: Committing config change with OpId 1.3: config changed from index 2 to 3, e5163bd8915948339c5b433423ac779a (127.19.213.4) changed from NON_VOTER to VOTER. New config: { opid_index: 3 OBSOLETE_local: false peers { permanent_uuid: "0f522b5517bc44fa8fbe6807328edb28" member_type: VOTER last_known_addr { host: "127.19.213.2" port: 35877 } attrs { replace: true } } peers { permanent_uuid: "69571a62ea0e4d128c06e5b36a6d5271" member_type: VOTER last_known_addr { host: "127.19.213.1" port: 41581 } } peers { permanent_uuid: "ba4ce362673f4e71ba6aca00087beef1" member_type: VOTER last_known_addr { host: "127.19.213.3" port: 36557 } } peers { permanent_uuid: "e5163bd8915948339c5b433423ac779a" member_type: VOTER last_known_addr { host: "127.19.213.4" port: 34825 } attrs { promote: false } } }
I20260630 12:31:01.409967 23285 consensus_queue.cc:237] T 5321f3e935cb4a07af864bbbe314b73b P 69571a62ea0e4d128c06e5b36a6d5271 [LEADER]: Queue going to LEADER mode. State: All replicated index: 0, Majority replicated index: 3, Committed index: 3, Last appended: 1.3, Last appended by leader: 0, Current term: 1, Majority size: 2, State: 0, Mode: LEADER, active raft config: opid_index: 4 OBSOLETE_local: false peers { permanent_uuid: "69571a62ea0e4d128c06e5b36a6d5271" member_type: VOTER last_known_addr { host: "127.19.213.1" port: 41581 } } peers { permanent_uuid: "ba4ce362673f4e71ba6aca00087beef1" member_type: VOTER last_known_addr { host: "127.19.213.3" port: 36557 } } peers { permanent_uuid: "e5163bd8915948339c5b433423ac779a" member_type: VOTER last_known_addr { host: "127.19.213.4" port: 34825 } attrs { promote: false } }
I20260630 12:31:01.416661 23584 raft_consensus.cc:1275] T 5321f3e935cb4a07af864bbbe314b73b P e5163bd8915948339c5b433423ac779a [term 1 FOLLOWER]: Refusing update from remote peer 69571a62ea0e4d128c06e5b36a6d5271: Log matching property violated. Preceding OpId in replica: term: 1 index: 3. Preceding OpId from leader: term: 1 index: 4. (index mismatch)
I20260630 12:31:01.417114 23434 raft_consensus.cc:1275] T 5321f3e935cb4a07af864bbbe314b73b P ba4ce362673f4e71ba6aca00087beef1 [term 1 FOLLOWER]: Refusing update from remote peer 69571a62ea0e4d128c06e5b36a6d5271: Log matching property violated. Preceding OpId in replica: term: 1 index: 3. Preceding OpId from leader: term: 1 index: 4. (index mismatch)
I20260630 12:31:01.418147 23853 consensus_queue.cc:1048] T 5321f3e935cb4a07af864bbbe314b73b P 69571a62ea0e4d128c06e5b36a6d5271 [LEADER]: Connected to new peer: Peer: permanent_uuid: "e5163bd8915948339c5b433423ac779a" member_type: VOTER last_known_addr { host: "127.19.213.4" port: 34825 } attrs { promote: false }, Status: LMP_MISMATCH, Last received: 0.0, Next index: 4, Last known committed idx: 3, Time since last communication: 0.000s
I20260630 12:31:01.419055 23823 consensus_queue.cc:1048] T 5321f3e935cb4a07af864bbbe314b73b P 69571a62ea0e4d128c06e5b36a6d5271 [LEADER]: Connected to new peer: Peer: permanent_uuid: "ba4ce362673f4e71ba6aca00087beef1" member_type: VOTER last_known_addr { host: "127.19.213.3" port: 36557 }, Status: LMP_MISMATCH, Last received: 0.0, Next index: 4, Last known committed idx: 3, Time since last communication: 0.000s
I20260630 12:31:01.424968 23853 raft_consensus.cc:2955] T 5321f3e935cb4a07af864bbbe314b73b P 69571a62ea0e4d128c06e5b36a6d5271 [term 1 LEADER]: Committing config change with OpId 1.4: config changed from index 3 to 4, VOTER 0f522b5517bc44fa8fbe6807328edb28 (127.19.213.2) evicted. New config: { opid_index: 4 OBSOLETE_local: false peers { permanent_uuid: "69571a62ea0e4d128c06e5b36a6d5271" member_type: VOTER last_known_addr { host: "127.19.213.1" port: 41581 } } peers { permanent_uuid: "ba4ce362673f4e71ba6aca00087beef1" member_type: VOTER last_known_addr { host: "127.19.213.3" port: 36557 } } peers { permanent_uuid: "e5163bd8915948339c5b433423ac779a" member_type: VOTER last_known_addr { host: "127.19.213.4" port: 34825 } attrs { promote: false } } }
I20260630 12:31:01.426719 23434 raft_consensus.cc:2955] T 5321f3e935cb4a07af864bbbe314b73b P ba4ce362673f4e71ba6aca00087beef1 [term 1 FOLLOWER]: Committing config change with OpId 1.4: config changed from index 3 to 4, VOTER 0f522b5517bc44fa8fbe6807328edb28 (127.19.213.2) evicted. New config: { opid_index: 4 OBSOLETE_local: false peers { permanent_uuid: "69571a62ea0e4d128c06e5b36a6d5271" member_type: VOTER last_known_addr { host: "127.19.213.1" port: 41581 } } peers { permanent_uuid: "ba4ce362673f4e71ba6aca00087beef1" member_type: VOTER last_known_addr { host: "127.19.213.3" port: 36557 } } peers { permanent_uuid: "e5163bd8915948339c5b433423ac779a" member_type: VOTER last_known_addr { host: "127.19.213.4" port: 34825 } attrs { promote: false } } }
I20260630 12:31:01.433745 23169 catalog_manager.cc:5210] ChangeConfig:REMOVE_PEER RPC for tablet 5321f3e935cb4a07af864bbbe314b73b with cas_config_opid_index 3: ChangeConfig:REMOVE_PEER succeeded (attempt 1)
I20260630 12:31:01.433490 23583 raft_consensus.cc:2955] T 5321f3e935cb4a07af864bbbe314b73b P e5163bd8915948339c5b433423ac779a [term 1 FOLLOWER]: Committing config change with OpId 1.4: config changed from index 3 to 4, VOTER 0f522b5517bc44fa8fbe6807328edb28 (127.19.213.2) evicted. New config: { opid_index: 4 OBSOLETE_local: false peers { permanent_uuid: "69571a62ea0e4d128c06e5b36a6d5271" member_type: VOTER last_known_addr { host: "127.19.213.1" port: 41581 } } peers { permanent_uuid: "ba4ce362673f4e71ba6aca00087beef1" member_type: VOTER last_known_addr { host: "127.19.213.3" port: 36557 } } peers { permanent_uuid: "e5163bd8915948339c5b433423ac779a" member_type: VOTER last_known_addr { host: "127.19.213.4" port: 34825 } attrs { promote: false } } }
I20260630 12:31:01.436614 23185 catalog_manager.cc:5697] T 5321f3e935cb4a07af864bbbe314b73b P 69571a62ea0e4d128c06e5b36a6d5271 reported cstate change: config changed from index 3 to 4, VOTER 0f522b5517bc44fa8fbe6807328edb28 (127.19.213.2) evicted. New cstate: current_term: 1 leader_uuid: "69571a62ea0e4d128c06e5b36a6d5271" committed_config { opid_index: 4 OBSOLETE_local: false peers { permanent_uuid: "69571a62ea0e4d128c06e5b36a6d5271" member_type: VOTER last_known_addr { host: "127.19.213.1" port: 41581 } health_report { overall_health: HEALTHY } } peers { permanent_uuid: "ba4ce362673f4e71ba6aca00087beef1" member_type: VOTER last_known_addr { host: "127.19.213.3" port: 36557 } health_report { overall_health: HEALTHY } } peers { permanent_uuid: "e5163bd8915948339c5b433423ac779a" member_type: VOTER last_known_addr { host: "127.19.213.4" port: 34825 } attrs { promote: false } health_report { overall_health: HEALTHY } } }
I20260630 12:31:01.446216 23347 tablet_service.cc:1558] Processing DeleteTablet for tablet 5321f3e935cb4a07af864bbbe314b73b with delete_type TABLET_DATA_TOMBSTONED (TS 0f522b5517bc44fa8fbe6807328edb28 not found in new config with opid_index 4) from {username='slave'} at 127.0.0.1:50024
I20260630 12:31:01.448122 23861 tablet_replica.cc:333] T 5321f3e935cb4a07af864bbbe314b73b P 0f522b5517bc44fa8fbe6807328edb28: stopping tablet replica
I20260630 12:31:01.448817 23861 raft_consensus.cc:2243] T 5321f3e935cb4a07af864bbbe314b73b P 0f522b5517bc44fa8fbe6807328edb28 [term 1 FOLLOWER]: Raft consensus shutting down.
I20260630 12:31:01.449307 23861 raft_consensus.cc:2272] T 5321f3e935cb4a07af864bbbe314b73b P 0f522b5517bc44fa8fbe6807328edb28 [term 1 FOLLOWER]: Raft consensus is shut down!
I20260630 12:31:01.454067 23861 ts_tablet_manager.cc:1916] T 5321f3e935cb4a07af864bbbe314b73b P 0f522b5517bc44fa8fbe6807328edb28: Deleting tablet data with delete state TABLET_DATA_TOMBSTONED
I20260630 12:31:01.463565 23861 ts_tablet_manager.cc:1929] T 5321f3e935cb4a07af864bbbe314b73b P 0f522b5517bc44fa8fbe6807328edb28: tablet deleted with delete type TABLET_DATA_TOMBSTONED: last-logged OpId 1.3
I20260630 12:31:01.463845 23861 log.cc:1199] T 5321f3e935cb4a07af864bbbe314b73b P 0f522b5517bc44fa8fbe6807328edb28: Deleting WAL directory at /tmp/dist-test-taskBGCqnB/test-tmp/auto_rebalancer-test.0.AutoRebalancerTest.RangeAwareRebalancesNewRangeReplicas.1782822566461854-20308-0/minicluster-data/ts-1-root/wals/5321f3e935cb4a07af864bbbe314b73b
I20260630 12:31:01.465119 23170 catalog_manager.cc:5028] TS 0f522b5517bc44fa8fbe6807328edb28 (127.19.213.2:35877): tablet 5321f3e935cb4a07af864bbbe314b73b (table range_aware_rebalance_new_range [id=3bc552cd85c0415cac9a80a2434b4a45]) successfully deleted
I20260630 12:31:01.561728 23826 raft_consensus.cc:1064] T 8024f8aef5644ae187535e9dafa8958c P 0f522b5517bc44fa8fbe6807328edb28: attempting to promote NON_VOTER ba4ce362673f4e71ba6aca00087beef1 to VOTER
I20260630 12:31:01.564117 23826 consensus_queue.cc:237] T 8024f8aef5644ae187535e9dafa8958c P 0f522b5517bc44fa8fbe6807328edb28 [LEADER]: Queue going to LEADER mode. State: All replicated index: 0, Majority replicated index: 2, Committed index: 2, Last appended: 1.2, Last appended by leader: 0, Current term: 1, Majority size: 3, State: 0, Mode: LEADER, active raft config: opid_index: 3 OBSOLETE_local: false peers { permanent_uuid: "e5163bd8915948339c5b433423ac779a" member_type: VOTER last_known_addr { host: "127.19.213.4" port: 34825 } attrs { replace: true } } peers { permanent_uuid: "69571a62ea0e4d128c06e5b36a6d5271" member_type: VOTER last_known_addr { host: "127.19.213.1" port: 41581 } } peers { permanent_uuid: "0f522b5517bc44fa8fbe6807328edb28" member_type: VOTER last_known_addr { host: "127.19.213.2" port: 35877 } } peers { permanent_uuid: "ba4ce362673f4e71ba6aca00087beef1" member_type: VOTER last_known_addr { host: "127.19.213.3" port: 36557 } attrs { promote: false } }
I20260630 12:31:01.570565 23285 raft_consensus.cc:1275] T 8024f8aef5644ae187535e9dafa8958c P 69571a62ea0e4d128c06e5b36a6d5271 [term 1 FOLLOWER]: Refusing update from remote peer 0f522b5517bc44fa8fbe6807328edb28: Log matching property violated. Preceding OpId in replica: term: 1 index: 2. Preceding OpId from leader: term: 1 index: 3. (index mismatch)
I20260630 12:31:01.572009 23850 consensus_queue.cc:1048] T 8024f8aef5644ae187535e9dafa8958c P 0f522b5517bc44fa8fbe6807328edb28 [LEADER]: Connected to new peer: Peer: permanent_uuid: "69571a62ea0e4d128c06e5b36a6d5271" member_type: VOTER last_known_addr { host: "127.19.213.1" port: 41581 }, Status: LMP_MISMATCH, Last received: 0.0, Next index: 3, Last known committed idx: 2, Time since last communication: 0.000s
I20260630 12:31:01.572134 23434 raft_consensus.cc:1275] T 8024f8aef5644ae187535e9dafa8958c P ba4ce362673f4e71ba6aca00087beef1 [term 1 LEARNER]: Refusing update from remote peer 0f522b5517bc44fa8fbe6807328edb28: Log matching property violated. Preceding OpId in replica: term: 1 index: 2. Preceding OpId from leader: term: 1 index: 3. (index mismatch)
I20260630 12:31:01.572175 23583 raft_consensus.cc:1275] T 8024f8aef5644ae187535e9dafa8958c P e5163bd8915948339c5b433423ac779a [term 1 FOLLOWER]: Refusing update from remote peer 0f522b5517bc44fa8fbe6807328edb28: Log matching property violated. Preceding OpId in replica: term: 1 index: 2. Preceding OpId from leader: term: 1 index: 3. (index mismatch)
I20260630 12:31:01.573837 23863 consensus_queue.cc:1048] T 8024f8aef5644ae187535e9dafa8958c P 0f522b5517bc44fa8fbe6807328edb28 [LEADER]: Connected to new peer: Peer: permanent_uuid: "ba4ce362673f4e71ba6aca00087beef1" member_type: VOTER last_known_addr { host: "127.19.213.3" port: 36557 } attrs { promote: false }, Status: LMP_MISMATCH, Last received: 0.0, Next index: 3, Last known committed idx: 2, Time since last communication: 0.000s
I20260630 12:31:01.576395 23850 consensus_queue.cc:1048] T 8024f8aef5644ae187535e9dafa8958c P 0f522b5517bc44fa8fbe6807328edb28 [LEADER]: Connected to new peer: Peer: permanent_uuid: "e5163bd8915948339c5b433423ac779a" member_type: VOTER last_known_addr { host: "127.19.213.4" port: 34825 } attrs { replace: true }, Status: LMP_MISMATCH, Last received: 0.0, Next index: 3, Last known committed idx: 2, Time since last communication: 0.000s
I20260630 12:31:01.577921 23823 raft_consensus.cc:1064] T 6ec986e9baf444deb1de8750a08ecd7f P 69571a62ea0e4d128c06e5b36a6d5271: attempting to promote NON_VOTER e5163bd8915948339c5b433423ac779a to VOTER
I20260630 12:31:01.593624 23823 consensus_queue.cc:237] T 6ec986e9baf444deb1de8750a08ecd7f P 69571a62ea0e4d128c06e5b36a6d5271 [LEADER]: Queue going to LEADER mode. State: All replicated index: 0, Majority replicated index: 2, Committed index: 2, Last appended: 1.2, Last appended by leader: 0, Current term: 1, Majority size: 3, State: 0, Mode: LEADER, active raft config: opid_index: 3 OBSOLETE_local: false peers { permanent_uuid: "69571a62ea0e4d128c06e5b36a6d5271" member_type: VOTER last_known_addr { host: "127.19.213.1" port: 41581 } } peers { permanent_uuid: "0f522b5517bc44fa8fbe6807328edb28" member_type: VOTER last_known_addr { host: "127.19.213.2" port: 35877 } } peers { permanent_uuid: "ba4ce362673f4e71ba6aca00087beef1" member_type: VOTER last_known_addr { host: "127.19.213.3" port: 36557 } attrs { replace: true } } peers { permanent_uuid: "e5163bd8915948339c5b433423ac779a" member_type: VOTER last_known_addr { host: "127.19.213.4" port: 34825 } attrs { promote: false } }
I20260630 12:31:01.595256 23850 raft_consensus.cc:2955] T 8024f8aef5644ae187535e9dafa8958c P 0f522b5517bc44fa8fbe6807328edb28 [term 1 LEADER]: Committing config change with OpId 1.3: config changed from index 2 to 3, ba4ce362673f4e71ba6aca00087beef1 (127.19.213.3) changed from NON_VOTER to VOTER. New config: { opid_index: 3 OBSOLETE_local: false peers { permanent_uuid: "e5163bd8915948339c5b433423ac779a" member_type: VOTER last_known_addr { host: "127.19.213.4" port: 34825 } attrs { replace: true } } peers { permanent_uuid: "69571a62ea0e4d128c06e5b36a6d5271" member_type: VOTER last_known_addr { host: "127.19.213.1" port: 41581 } } peers { permanent_uuid: "0f522b5517bc44fa8fbe6807328edb28" member_type: VOTER last_known_addr { host: "127.19.213.2" port: 35877 } } peers { permanent_uuid: "ba4ce362673f4e71ba6aca00087beef1" member_type: VOTER last_known_addr { host: "127.19.213.3" port: 36557 } attrs { promote: false } } }
I20260630 12:31:01.596987 23436 raft_consensus.cc:2955] T 8024f8aef5644ae187535e9dafa8958c P ba4ce362673f4e71ba6aca00087beef1 [term 1 FOLLOWER]: Committing config change with OpId 1.3: config changed from index 2 to 3, ba4ce362673f4e71ba6aca00087beef1 (127.19.213.3) changed from NON_VOTER to VOTER. New config: { opid_index: 3 OBSOLETE_local: false peers { permanent_uuid: "e5163bd8915948339c5b433423ac779a" member_type: VOTER last_known_addr { host: "127.19.213.4" port: 34825 } attrs { replace: true } } peers { permanent_uuid: "69571a62ea0e4d128c06e5b36a6d5271" member_type: VOTER last_known_addr { host: "127.19.213.1" port: 41581 } } peers { permanent_uuid: "0f522b5517bc44fa8fbe6807328edb28" member_type: VOTER last_known_addr { host: "127.19.213.2" port: 35877 } } peers { permanent_uuid: "ba4ce362673f4e71ba6aca00087beef1" member_type: VOTER last_known_addr { host: "127.19.213.3" port: 36557 } attrs { promote: false } } }
I20260630 12:31:01.600893 23287 raft_consensus.cc:2955] T 8024f8aef5644ae187535e9dafa8958c P 69571a62ea0e4d128c06e5b36a6d5271 [term 1 FOLLOWER]: Committing config change with OpId 1.3: config changed from index 2 to 3, ba4ce362673f4e71ba6aca00087beef1 (127.19.213.3) changed from NON_VOTER to VOTER. New config: { opid_index: 3 OBSOLETE_local: false peers { permanent_uuid: "e5163bd8915948339c5b433423ac779a" member_type: VOTER last_known_addr { host: "127.19.213.4" port: 34825 } attrs { replace: true } } peers { permanent_uuid: "69571a62ea0e4d128c06e5b36a6d5271" member_type: VOTER last_known_addr { host: "127.19.213.1" port: 41581 } } peers { permanent_uuid: "0f522b5517bc44fa8fbe6807328edb28" member_type: VOTER last_known_addr { host: "127.19.213.2" port: 35877 } } peers { permanent_uuid: "ba4ce362673f4e71ba6aca00087beef1" member_type: VOTER last_known_addr { host: "127.19.213.3" port: 36557 } attrs { promote: false } } }
I20260630 12:31:01.608789 23583 raft_consensus.cc:2955] T 8024f8aef5644ae187535e9dafa8958c P e5163bd8915948339c5b433423ac779a [term 1 FOLLOWER]: Committing config change with OpId 1.3: config changed from index 2 to 3, ba4ce362673f4e71ba6aca00087beef1 (127.19.213.3) changed from NON_VOTER to VOTER. New config: { opid_index: 3 OBSOLETE_local: false peers { permanent_uuid: "e5163bd8915948339c5b433423ac779a" member_type: VOTER last_known_addr { host: "127.19.213.4" port: 34825 } attrs { replace: true } } peers { permanent_uuid: "69571a62ea0e4d128c06e5b36a6d5271" member_type: VOTER last_known_addr { host: "127.19.213.1" port: 41581 } } peers { permanent_uuid: "0f522b5517bc44fa8fbe6807328edb28" member_type: VOTER last_known_addr { host: "127.19.213.2" port: 35877 } } peers { permanent_uuid: "ba4ce362673f4e71ba6aca00087beef1" member_type: VOTER last_known_addr { host: "127.19.213.3" port: 36557 } attrs { promote: false } } }
I20260630 12:31:01.610462 23182 catalog_manager.cc:5697] T 8024f8aef5644ae187535e9dafa8958c P ba4ce362673f4e71ba6aca00087beef1 reported cstate change: config changed from index 2 to 3, ba4ce362673f4e71ba6aca00087beef1 (127.19.213.3) changed from NON_VOTER to VOTER. New cstate: current_term: 1 leader_uuid: "0f522b5517bc44fa8fbe6807328edb28" committed_config { opid_index: 3 OBSOLETE_local: false peers { permanent_uuid: "e5163bd8915948339c5b433423ac779a" member_type: VOTER last_known_addr { host: "127.19.213.4" port: 34825 } attrs { replace: true } } peers { permanent_uuid: "69571a62ea0e4d128c06e5b36a6d5271" member_type: VOTER last_known_addr { host: "127.19.213.1" port: 41581 } } peers { permanent_uuid: "0f522b5517bc44fa8fbe6807328edb28" member_type: VOTER last_known_addr { host: "127.19.213.2" port: 35877 } } peers { permanent_uuid: "ba4ce362673f4e71ba6aca00087beef1" member_type: VOTER last_known_addr { host: "127.19.213.3" port: 36557 } attrs { promote: false } } }
I20260630 12:31:01.616353 23584 raft_consensus.cc:1275] T 6ec986e9baf444deb1de8750a08ecd7f P e5163bd8915948339c5b433423ac779a [term 1 LEARNER]: Refusing update from remote peer 69571a62ea0e4d128c06e5b36a6d5271: Log matching property violated. Preceding OpId in replica: term: 1 index: 2. Preceding OpId from leader: term: 1 index: 3. (index mismatch)
I20260630 12:31:01.617910 23853 consensus_queue.cc:1048] T 6ec986e9baf444deb1de8750a08ecd7f P 69571a62ea0e4d128c06e5b36a6d5271 [LEADER]: Connected to new peer: Peer: permanent_uuid: "e5163bd8915948339c5b433423ac779a" member_type: VOTER last_known_addr { host: "127.19.213.4" port: 34825 } attrs { promote: false }, Status: LMP_MISMATCH, Last received: 0.0, Next index: 3, Last known committed idx: 2, Time since last communication: 0.000s
I20260630 12:31:01.619266 23358 raft_consensus.cc:1275] T 6ec986e9baf444deb1de8750a08ecd7f P 0f522b5517bc44fa8fbe6807328edb28 [term 1 FOLLOWER]: Refusing update from remote peer 69571a62ea0e4d128c06e5b36a6d5271: Log matching property violated. Preceding OpId in replica: term: 1 index: 2. Preceding OpId from leader: term: 1 index: 3. (index mismatch)
I20260630 12:31:01.620775 23853 consensus_queue.cc:1048] T 6ec986e9baf444deb1de8750a08ecd7f P 69571a62ea0e4d128c06e5b36a6d5271 [LEADER]: Connected to new peer: Peer: permanent_uuid: "0f522b5517bc44fa8fbe6807328edb28" member_type: VOTER last_known_addr { host: "127.19.213.2" port: 35877 }, Status: LMP_MISMATCH, Last received: 0.0, Next index: 3, Last known committed idx: 2, Time since last communication: 0.000s
I20260630 12:31:01.624883 23434 raft_consensus.cc:1275] T 6ec986e9baf444deb1de8750a08ecd7f P ba4ce362673f4e71ba6aca00087beef1 [term 1 FOLLOWER]: Refusing update from remote peer 69571a62ea0e4d128c06e5b36a6d5271: Log matching property violated. Preceding OpId in replica: term: 1 index: 2. Preceding OpId from leader: term: 1 index: 3. (index mismatch)
I20260630 12:31:01.626303 23853 consensus_queue.cc:1048] T 6ec986e9baf444deb1de8750a08ecd7f P 69571a62ea0e4d128c06e5b36a6d5271 [LEADER]: Connected to new peer: Peer: permanent_uuid: "ba4ce362673f4e71ba6aca00087beef1" member_type: VOTER last_known_addr { host: "127.19.213.3" port: 36557 } attrs { replace: true }, Status: LMP_MISMATCH, Last received: 0.0, Next index: 3, Last known committed idx: 2, Time since last communication: 0.000s
I20260630 12:31:01.643443 23362 consensus_queue.cc:237] T 8024f8aef5644ae187535e9dafa8958c P 0f522b5517bc44fa8fbe6807328edb28 [LEADER]: Queue going to LEADER mode. State: All replicated index: 0, Majority replicated index: 3, Committed index: 3, Last appended: 1.3, Last appended by leader: 0, Current term: 1, Majority size: 2, State: 0, Mode: LEADER, active raft config: opid_index: 4 OBSOLETE_local: false peers { permanent_uuid: "69571a62ea0e4d128c06e5b36a6d5271" member_type: VOTER last_known_addr { host: "127.19.213.1" port: 41581 } } peers { permanent_uuid: "0f522b5517bc44fa8fbe6807328edb28" member_type: VOTER last_known_addr { host: "127.19.213.2" port: 35877 } } peers { permanent_uuid: "ba4ce362673f4e71ba6aca00087beef1" member_type: VOTER last_known_addr { host: "127.19.213.3" port: 36557 } attrs { promote: false } }
I20260630 12:31:01.647496 23811 raft_consensus.cc:1064] T 75bacff636c04154b6a399ca8dd3226b P ba4ce362673f4e71ba6aca00087beef1: attempting to promote NON_VOTER 0f522b5517bc44fa8fbe6807328edb28 to VOTER
I20260630 12:31:01.649962 23811 consensus_queue.cc:237] T 75bacff636c04154b6a399ca8dd3226b P ba4ce362673f4e71ba6aca00087beef1 [LEADER]: Queue going to LEADER mode. State: All replicated index: 0, Majority replicated index: 2, Committed index: 2, Last appended: 1.2, Last appended by leader: 0, Current term: 1, Majority size: 3, State: 0, Mode: LEADER, active raft config: opid_index: 3 OBSOLETE_local: false peers { permanent_uuid: "e5163bd8915948339c5b433423ac779a" member_type: VOTER last_known_addr { host: "127.19.213.4" port: 34825 } attrs { replace: true } } peers { permanent_uuid: "ba4ce362673f4e71ba6aca00087beef1" member_type: VOTER last_known_addr { host: "127.19.213.3" port: 36557 } } peers { permanent_uuid: "69571a62ea0e4d128c06e5b36a6d5271" member_type: VOTER last_known_addr { host: "127.19.213.1" port: 41581 } } peers { permanent_uuid: "0f522b5517bc44fa8fbe6807328edb28" member_type: VOTER last_known_addr { host: "127.19.213.2" port: 35877 } attrs { promote: false } }
I20260630 12:31:01.653136 23849 raft_consensus.cc:2955] T 6ec986e9baf444deb1de8750a08ecd7f P 69571a62ea0e4d128c06e5b36a6d5271 [term 1 LEADER]: Committing config change with OpId 1.3: config changed from index 2 to 3, e5163bd8915948339c5b433423ac779a (127.19.213.4) changed from NON_VOTER to VOTER. New config: { opid_index: 3 OBSOLETE_local: false peers { permanent_uuid: "69571a62ea0e4d128c06e5b36a6d5271" member_type: VOTER last_known_addr { host: "127.19.213.1" port: 41581 } } peers { permanent_uuid: "0f522b5517bc44fa8fbe6807328edb28" member_type: VOTER last_known_addr { host: "127.19.213.2" port: 35877 } } peers { permanent_uuid: "ba4ce362673f4e71ba6aca00087beef1" member_type: VOTER last_known_addr { host: "127.19.213.3" port: 36557 } attrs { replace: true } } peers { permanent_uuid: "e5163bd8915948339c5b433423ac779a" member_type: VOTER last_known_addr { host: "127.19.213.4" port: 34825 } attrs { promote: false } } }
I20260630 12:31:01.654685 23434 raft_consensus.cc:2955] T 6ec986e9baf444deb1de8750a08ecd7f P ba4ce362673f4e71ba6aca00087beef1 [term 1 FOLLOWER]: Committing config change with OpId 1.3: config changed from index 2 to 3, e5163bd8915948339c5b433423ac779a (127.19.213.4) changed from NON_VOTER to VOTER. New config: { opid_index: 3 OBSOLETE_local: false peers { permanent_uuid: "69571a62ea0e4d128c06e5b36a6d5271" member_type: VOTER last_known_addr { host: "127.19.213.1" port: 41581 } } peers { permanent_uuid: "0f522b5517bc44fa8fbe6807328edb28" member_type: VOTER last_known_addr { host: "127.19.213.2" port: 35877 } } peers { permanent_uuid: "ba4ce362673f4e71ba6aca00087beef1" member_type: VOTER last_known_addr { host: "127.19.213.3" port: 36557 } attrs { replace: true } } peers { permanent_uuid: "e5163bd8915948339c5b433423ac779a" member_type: VOTER last_known_addr { host: "127.19.213.4" port: 34825 } attrs { promote: false } } }
I20260630 12:31:01.669960 23434 raft_consensus.cc:1275] T 8024f8aef5644ae187535e9dafa8958c P ba4ce362673f4e71ba6aca00087beef1 [term 1 FOLLOWER]: Refusing update from remote peer 0f522b5517bc44fa8fbe6807328edb28: Log matching property violated. Preceding OpId in replica: term: 1 index: 3. Preceding OpId from leader: term: 1 index: 4. (index mismatch)
I20260630 12:31:01.671970 23287 raft_consensus.cc:1275] T 8024f8aef5644ae187535e9dafa8958c P 69571a62ea0e4d128c06e5b36a6d5271 [term 1 FOLLOWER]: Refusing update from remote peer 0f522b5517bc44fa8fbe6807328edb28: Log matching property violated. Preceding OpId in replica: term: 1 index: 3. Preceding OpId from leader: term: 1 index: 4. (index mismatch)
I20260630 12:31:01.672540 23584 raft_consensus.cc:2955] T 6ec986e9baf444deb1de8750a08ecd7f P e5163bd8915948339c5b433423ac779a [term 1 FOLLOWER]: Committing config change with OpId 1.3: config changed from index 2 to 3, e5163bd8915948339c5b433423ac779a (127.19.213.4) changed from NON_VOTER to VOTER. New config: { opid_index: 3 OBSOLETE_local: false peers { permanent_uuid: "69571a62ea0e4d128c06e5b36a6d5271" member_type: VOTER last_known_addr { host: "127.19.213.1" port: 41581 } } peers { permanent_uuid: "0f522b5517bc44fa8fbe6807328edb28" member_type: VOTER last_known_addr { host: "127.19.213.2" port: 35877 } } peers { permanent_uuid: "ba4ce362673f4e71ba6aca00087beef1" member_type: VOTER last_known_addr { host: "127.19.213.3" port: 36557 } attrs { replace: true } } peers { permanent_uuid: "e5163bd8915948339c5b433423ac779a" member_type: VOTER last_known_addr { host: "127.19.213.4" port: 34825 } attrs { promote: false } } }
I20260630 12:31:01.673735 23768 consensus_queue.cc:1048] T 8024f8aef5644ae187535e9dafa8958c P 0f522b5517bc44fa8fbe6807328edb28 [LEADER]: Connected to new peer: Peer: permanent_uuid: "ba4ce362673f4e71ba6aca00087beef1" member_type: VOTER last_known_addr { host: "127.19.213.3" port: 36557 } attrs { promote: false }, Status: LMP_MISMATCH, Last received: 0.0, Next index: 4, Last known committed idx: 3, Time since last communication: 0.000s
I20260630 12:31:01.676071 23850 consensus_queue.cc:1048] T 8024f8aef5644ae187535e9dafa8958c P 0f522b5517bc44fa8fbe6807328edb28 [LEADER]: Connected to new peer: Peer: permanent_uuid: "69571a62ea0e4d128c06e5b36a6d5271" member_type: VOTER last_known_addr { host: "127.19.213.1" port: 41581 }, Status: LMP_MISMATCH, Last received: 0.0, Next index: 4, Last known committed idx: 3, Time since last communication: 0.000s
I20260630 12:31:01.672822 23185 catalog_manager.cc:5697] T 6ec986e9baf444deb1de8750a08ecd7f P ba4ce362673f4e71ba6aca00087beef1 reported cstate change: config changed from index 2 to 3, e5163bd8915948339c5b433423ac779a (127.19.213.4) changed from NON_VOTER to VOTER. New cstate: current_term: 1 leader_uuid: "69571a62ea0e4d128c06e5b36a6d5271" committed_config { opid_index: 3 OBSOLETE_local: false peers { permanent_uuid: "69571a62ea0e4d128c06e5b36a6d5271" member_type: VOTER last_known_addr { host: "127.19.213.1" port: 41581 } } peers { permanent_uuid: "0f522b5517bc44fa8fbe6807328edb28" member_type: VOTER last_known_addr { host: "127.19.213.2" port: 35877 } } peers { permanent_uuid: "ba4ce362673f4e71ba6aca00087beef1" member_type: VOTER last_known_addr { host: "127.19.213.3" port: 36557 } attrs { replace: true } } peers { permanent_uuid: "e5163bd8915948339c5b433423ac779a" member_type: VOTER last_known_addr { host: "127.19.213.4" port: 34825 } attrs { promote: false } } }
I20260630 12:31:01.685245 23826 raft_consensus.cc:2955] T 8024f8aef5644ae187535e9dafa8958c P 0f522b5517bc44fa8fbe6807328edb28 [term 1 LEADER]: Committing config change with OpId 1.4: config changed from index 3 to 4, VOTER e5163bd8915948339c5b433423ac779a (127.19.213.4) evicted. New config: { opid_index: 4 OBSOLETE_local: false peers { permanent_uuid: "69571a62ea0e4d128c06e5b36a6d5271" member_type: VOTER last_known_addr { host: "127.19.213.1" port: 41581 } } peers { permanent_uuid: "0f522b5517bc44fa8fbe6807328edb28" member_type: VOTER last_known_addr { host: "127.19.213.2" port: 35877 } } peers { permanent_uuid: "ba4ce362673f4e71ba6aca00087beef1" member_type: VOTER last_known_addr { host: "127.19.213.3" port: 36557 } attrs { promote: false } } }
I20260630 12:31:01.690349 23358 raft_consensus.cc:2955] T 6ec986e9baf444deb1de8750a08ecd7f P 0f522b5517bc44fa8fbe6807328edb28 [term 1 FOLLOWER]: Committing config change with OpId 1.3: config changed from index 2 to 3, e5163bd8915948339c5b433423ac779a (127.19.213.4) changed from NON_VOTER to VOTER. New config: { opid_index: 3 OBSOLETE_local: false peers { permanent_uuid: "69571a62ea0e4d128c06e5b36a6d5271" member_type: VOTER last_known_addr { host: "127.19.213.1" port: 41581 } } peers { permanent_uuid: "0f522b5517bc44fa8fbe6807328edb28" member_type: VOTER last_known_addr { host: "127.19.213.2" port: 35877 } } peers { permanent_uuid: "ba4ce362673f4e71ba6aca00087beef1" member_type: VOTER last_known_addr { host: "127.19.213.3" port: 36557 } attrs { replace: true } } peers { permanent_uuid: "e5163bd8915948339c5b433423ac779a" member_type: VOTER last_known_addr { host: "127.19.213.4" port: 34825 } attrs { promote: false } } }
I20260630 12:31:01.692183 23287 raft_consensus.cc:2955] T 8024f8aef5644ae187535e9dafa8958c P 69571a62ea0e4d128c06e5b36a6d5271 [term 1 FOLLOWER]: Committing config change with OpId 1.4: config changed from index 3 to 4, VOTER e5163bd8915948339c5b433423ac779a (127.19.213.4) evicted. New config: { opid_index: 4 OBSOLETE_local: false peers { permanent_uuid: "69571a62ea0e4d128c06e5b36a6d5271" member_type: VOTER last_known_addr { host: "127.19.213.1" port: 41581 } } peers { permanent_uuid: "0f522b5517bc44fa8fbe6807328edb28" member_type: VOTER last_known_addr { host: "127.19.213.2" port: 35877 } } peers { permanent_uuid: "ba4ce362673f4e71ba6aca00087beef1" member_type: VOTER last_known_addr { host: "127.19.213.3" port: 36557 } attrs { promote: false } } }
