I20260630 12:29:35.507618 21046 ts_tablet_manager.cc:1434] T f02ba4fabc9147a69af00b65e608e00f P 0a30fedf4702405598d19a69b09f27de: Time spent starting tablet: real 0.014s	user 0.008s	sys 0.007s
I20260630 12:29:35.508279 21044 tablet_bootstrap.cc:654] T 22b27bc6dd304f0990486268d55bd9a7 P 2e219bbf6c39481cacde15533b2f8c6b: Neither blocks nor log segments found. Creating new log.
I20260630 12:29:35.508598 21046 tablet_bootstrap.cc:492] T 2f1b792c34364ccd8eabad61c9160328 P 0a30fedf4702405598d19a69b09f27de: Bootstrap starting.
I20260630 12:29:35.503155 21047 raft_consensus.cc:740] T 4bfc61520cd841888dd34bc7ff5db9e9 P 4f594d9df76b4e83b64c0b45809b1b03 [term 0 FOLLOWER]: Becoming Follower/Learner. State: Replica: 4f594d9df76b4e83b64c0b45809b1b03, State: Initialized, Role: FOLLOWER
I20260630 12:29:35.511969 21047 consensus_queue.cc:260] T 4bfc61520cd841888dd34bc7ff5db9e9 P 4f594d9df76b4e83b64c0b45809b1b03 [NON_LEADER]: Queue going to NON_LEADER mode. State: All replicated index: 0, Majority replicated index: 0, Committed index: 0, Last appended: 0.0, Last appended by leader: 0, Current term: 0, Majority size: -1, State: 0, Mode: NON_LEADER, active raft config: opid_index: -1 OBSOLETE_local: false peers { permanent_uuid: "4f594d9df76b4e83b64c0b45809b1b03" member_type: VOTER last_known_addr { host: "127.19.181.65" port: 36149 } } peers { permanent_uuid: "2e219bbf6c39481cacde15533b2f8c6b" member_type: VOTER last_known_addr { host: "127.19.181.66" port: 46051 } } peers { permanent_uuid: "0a30fedf4702405598d19a69b09f27de" member_type: VOTER last_known_addr { host: "127.19.181.67" port: 36583 } }
I20260630 12:29:35.530905 21046 tablet_bootstrap.cc:654] T 2f1b792c34364ccd8eabad61c9160328 P 0a30fedf4702405598d19a69b09f27de: Neither blocks nor log segments found. Creating new log.
I20260630 12:29:35.537580 21047 ts_tablet_manager.cc:1434] T 4bfc61520cd841888dd34bc7ff5db9e9 P 4f594d9df76b4e83b64c0b45809b1b03: Time spent starting tablet: real 0.038s	user 0.004s	sys 0.003s
I20260630 12:29:35.538430 21046 tablet_bootstrap.cc:492] T 2f1b792c34364ccd8eabad61c9160328 P 0a30fedf4702405598d19a69b09f27de: No bootstrap required, opened a new log
I20260630 12:29:35.538492 21044 tablet_bootstrap.cc:492] T 22b27bc6dd304f0990486268d55bd9a7 P 2e219bbf6c39481cacde15533b2f8c6b: No bootstrap required, opened a new log
I20260630 12:29:35.539198 21044 ts_tablet_manager.cc:1403] T 22b27bc6dd304f0990486268d55bd9a7 P 2e219bbf6c39481cacde15533b2f8c6b: Time spent bootstrapping tablet: real 0.037s	user 0.024s	sys 0.008s
I20260630 12:29:35.539198 21046 ts_tablet_manager.cc:1403] T 2f1b792c34364ccd8eabad61c9160328 P 0a30fedf4702405598d19a69b09f27de: Time spent bootstrapping tablet: real 0.031s	user 0.021s	sys 0.008s
I20260630 12:29:35.540052 21047 tablet_bootstrap.cc:492] T 21ece3247a424850876eb8f3d2214d5a P 4f594d9df76b4e83b64c0b45809b1b03: Bootstrap starting.
I20260630 12:29:35.542222 21044 raft_consensus.cc:359] T 22b27bc6dd304f0990486268d55bd9a7 P 2e219bbf6c39481cacde15533b2f8c6b [term 0 FOLLOWER]: Replica starting. Triggering 0 pending ops. Active config: opid_index: -1 OBSOLETE_local: false peers { permanent_uuid: "4f594d9df76b4e83b64c0b45809b1b03" member_type: VOTER last_known_addr { host: "127.19.181.65" port: 36149 } } peers { permanent_uuid: "2e219bbf6c39481cacde15533b2f8c6b" member_type: VOTER last_known_addr { host: "127.19.181.66" port: 46051 } } peers { permanent_uuid: "0a30fedf4702405598d19a69b09f27de" member_type: VOTER last_known_addr { host: "127.19.181.67" port: 36583 } }
I20260630 12:29:35.542460 21046 raft_consensus.cc:359] T 2f1b792c34364ccd8eabad61c9160328 P 0a30fedf4702405598d19a69b09f27de [term 0 FOLLOWER]: Replica starting. Triggering 0 pending ops. Active config: opid_index: -1 OBSOLETE_local: false peers { permanent_uuid: "4f594d9df76b4e83b64c0b45809b1b03" member_type: VOTER last_known_addr { host: "127.19.181.65" port: 36149 } } peers { permanent_uuid: "2e219bbf6c39481cacde15533b2f8c6b" member_type: VOTER last_known_addr { host: "127.19.181.66" port: 46051 } } peers { permanent_uuid: "0a30fedf4702405598d19a69b09f27de" member_type: VOTER last_known_addr { host: "127.19.181.67" port: 36583 } }
I20260630 12:29:35.543018 21044 raft_consensus.cc:385] T 22b27bc6dd304f0990486268d55bd9a7 P 2e219bbf6c39481cacde15533b2f8c6b [term 0 FOLLOWER]: Consensus starting up: Expiring failure detector timer to make a prompt election more likely
I20260630 12:29:35.543123 21046 raft_consensus.cc:385] T 2f1b792c34364ccd8eabad61c9160328 P 0a30fedf4702405598d19a69b09f27de [term 0 FOLLOWER]: Consensus starting up: Expiring failure detector timer to make a prompt election more likely
I20260630 12:29:35.543386 21044 raft_consensus.cc:740] T 22b27bc6dd304f0990486268d55bd9a7 P 2e219bbf6c39481cacde15533b2f8c6b [term 0 FOLLOWER]: Becoming Follower/Learner. State: Replica: 2e219bbf6c39481cacde15533b2f8c6b, State: Initialized, Role: FOLLOWER
I20260630 12:29:35.543597 21046 raft_consensus.cc:740] T 2f1b792c34364ccd8eabad61c9160328 P 0a30fedf4702405598d19a69b09f27de [term 0 FOLLOWER]: Becoming Follower/Learner. State: Replica: 0a30fedf4702405598d19a69b09f27de, State: Initialized, Role: FOLLOWER
I20260630 12:29:35.544265 21044 consensus_queue.cc:260] T 22b27bc6dd304f0990486268d55bd9a7 P 2e219bbf6c39481cacde15533b2f8c6b [NON_LEADER]: Queue going to NON_LEADER mode. State: All replicated index: 0, Majority replicated index: 0, Committed index: 0, Last appended: 0.0, Last appended by leader: 0, Current term: 0, Majority size: -1, State: 0, Mode: NON_LEADER, active raft config: opid_index: -1 OBSOLETE_local: false peers { permanent_uuid: "4f594d9df76b4e83b64c0b45809b1b03" member_type: VOTER last_known_addr { host: "127.19.181.65" port: 36149 } } peers { permanent_uuid: "2e219bbf6c39481cacde15533b2f8c6b" member_type: VOTER last_known_addr { host: "127.19.181.66" port: 46051 } } peers { permanent_uuid: "0a30fedf4702405598d19a69b09f27de" member_type: VOTER last_known_addr { host: "127.19.181.67" port: 36583 } }
I20260630 12:29:35.544373 21046 consensus_queue.cc:260] T 2f1b792c34364ccd8eabad61c9160328 P 0a30fedf4702405598d19a69b09f27de [NON_LEADER]: Queue going to NON_LEADER mode. State: All replicated index: 0, Majority replicated index: 0, Committed index: 0, Last appended: 0.0, Last appended by leader: 0, Current term: 0, Majority size: -1, State: 0, Mode: NON_LEADER, active raft config: opid_index: -1 OBSOLETE_local: false peers { permanent_uuid: "4f594d9df76b4e83b64c0b45809b1b03" member_type: VOTER last_known_addr { host: "127.19.181.65" port: 36149 } } peers { permanent_uuid: "2e219bbf6c39481cacde15533b2f8c6b" member_type: VOTER last_known_addr { host: "127.19.181.66" port: 46051 } } peers { permanent_uuid: "0a30fedf4702405598d19a69b09f27de" member_type: VOTER last_known_addr { host: "127.19.181.67" port: 36583 } }
I20260630 12:29:35.546600 21047 tablet_bootstrap.cc:654] T 21ece3247a424850876eb8f3d2214d5a P 4f594d9df76b4e83b64c0b45809b1b03: Neither blocks nor log segments found. Creating new log.
I20260630 12:29:35.546789 21044 ts_tablet_manager.cc:1434] T 22b27bc6dd304f0990486268d55bd9a7 P 2e219bbf6c39481cacde15533b2f8c6b: Time spent starting tablet: real 0.007s	user 0.006s	sys 0.000s
I20260630 12:29:35.548007 21044 tablet_bootstrap.cc:492] T 4bfc61520cd841888dd34bc7ff5db9e9 P 2e219bbf6c39481cacde15533b2f8c6b: Bootstrap starting.
I20260630 12:29:35.548413 21046 ts_tablet_manager.cc:1434] T 2f1b792c34364ccd8eabad61c9160328 P 0a30fedf4702405598d19a69b09f27de: Time spent starting tablet: real 0.009s	user 0.006s	sys 0.000s
I20260630 12:29:35.549391 21046 tablet_bootstrap.cc:492] T 21ece3247a424850876eb8f3d2214d5a P 0a30fedf4702405598d19a69b09f27de: Bootstrap starting.
I20260630 12:29:35.553844 21044 tablet_bootstrap.cc:654] T 4bfc61520cd841888dd34bc7ff5db9e9 P 2e219bbf6c39481cacde15533b2f8c6b: Neither blocks nor log segments found. Creating new log.
I20260630 12:29:35.555269 21046 tablet_bootstrap.cc:654] T 21ece3247a424850876eb8f3d2214d5a P 0a30fedf4702405598d19a69b09f27de: Neither blocks nor log segments found. Creating new log.
I20260630 12:29:35.565321 21054 raft_consensus.cc:493] T 4bfc61520cd841888dd34bc7ff5db9e9 P 4f594d9df76b4e83b64c0b45809b1b03 [term 0 FOLLOWER]: Starting pre-election (no leader contacted us within the election timeout)
I20260630 12:29:35.565924 21054 raft_consensus.cc:515] T 4bfc61520cd841888dd34bc7ff5db9e9 P 4f594d9df76b4e83b64c0b45809b1b03 [term 0 FOLLOWER]: Starting pre-election with config: opid_index: -1 OBSOLETE_local: false peers { permanent_uuid: "4f594d9df76b4e83b64c0b45809b1b03" member_type: VOTER last_known_addr { host: "127.19.181.65" port: 36149 } } peers { permanent_uuid: "2e219bbf6c39481cacde15533b2f8c6b" member_type: VOTER last_known_addr { host: "127.19.181.66" port: 46051 } } peers { permanent_uuid: "0a30fedf4702405598d19a69b09f27de" member_type: VOTER last_known_addr { host: "127.19.181.67" port: 36583 } }
I20260630 12:29:35.575819 21054 leader_election.cc:290] T 4bfc61520cd841888dd34bc7ff5db9e9 P 4f594d9df76b4e83b64c0b45809b1b03 [CANDIDATE]: Term 1 pre-election: Requested pre-vote from peers 2e219bbf6c39481cacde15533b2f8c6b (127.19.181.66:46051), 0a30fedf4702405598d19a69b09f27de (127.19.181.67:36583)
I20260630 12:29:35.587131 21044 tablet_bootstrap.cc:492] T 4bfc61520cd841888dd34bc7ff5db9e9 P 2e219bbf6c39481cacde15533b2f8c6b: No bootstrap required, opened a new log
I20260630 12:29:35.587713 21044 ts_tablet_manager.cc:1403] T 4bfc61520cd841888dd34bc7ff5db9e9 P 2e219bbf6c39481cacde15533b2f8c6b: Time spent bootstrapping tablet: real 0.040s	user 0.014s	sys 0.024s
I20260630 12:29:35.589067 21046 tablet_bootstrap.cc:492] T 21ece3247a424850876eb8f3d2214d5a P 0a30fedf4702405598d19a69b09f27de: No bootstrap required, opened a new log
I20260630 12:29:35.587755 21047 tablet_bootstrap.cc:492] T 21ece3247a424850876eb8f3d2214d5a P 4f594d9df76b4e83b64c0b45809b1b03: No bootstrap required, opened a new log
I20260630 12:29:35.589570 21046 ts_tablet_manager.cc:1403] T 21ece3247a424850876eb8f3d2214d5a P 0a30fedf4702405598d19a69b09f27de: Time spent bootstrapping tablet: real 0.040s	user 0.012s	sys 0.024s
I20260630 12:29:35.589846 21047 ts_tablet_manager.cc:1403] T 21ece3247a424850876eb8f3d2214d5a P 4f594d9df76b4e83b64c0b45809b1b03: Time spent bootstrapping tablet: real 0.050s	user 0.013s	sys 0.013s
I20260630 12:29:35.590879 21044 raft_consensus.cc:359] T 4bfc61520cd841888dd34bc7ff5db9e9 P 2e219bbf6c39481cacde15533b2f8c6b [term 0 FOLLOWER]: Replica starting. Triggering 0 pending ops. Active config: opid_index: -1 OBSOLETE_local: false peers { permanent_uuid: "4f594d9df76b4e83b64c0b45809b1b03" member_type: VOTER last_known_addr { host: "127.19.181.65" port: 36149 } } peers { permanent_uuid: "2e219bbf6c39481cacde15533b2f8c6b" member_type: VOTER last_known_addr { host: "127.19.181.66" port: 46051 } } peers { permanent_uuid: "0a30fedf4702405598d19a69b09f27de" member_type: VOTER last_known_addr { host: "127.19.181.67" port: 36583 } }
I20260630 12:29:35.591624 21044 raft_consensus.cc:385] T 4bfc61520cd841888dd34bc7ff5db9e9 P 2e219bbf6c39481cacde15533b2f8c6b [term 0 FOLLOWER]: Consensus starting up: Expiring failure detector timer to make a prompt election more likely
I20260630 12:29:35.591908 21044 raft_consensus.cc:740] T 4bfc61520cd841888dd34bc7ff5db9e9 P 2e219bbf6c39481cacde15533b2f8c6b [term 0 FOLLOWER]: Becoming Follower/Learner. State: Replica: 2e219bbf6c39481cacde15533b2f8c6b, State: Initialized, Role: FOLLOWER
I20260630 12:29:35.592442 21046 raft_consensus.cc:359] T 21ece3247a424850876eb8f3d2214d5a P 0a30fedf4702405598d19a69b09f27de [term 0 FOLLOWER]: Replica starting. Triggering 0 pending ops. Active config: opid_index: -1 OBSOLETE_local: false peers { permanent_uuid: "4f594d9df76b4e83b64c0b45809b1b03" member_type: VOTER last_known_addr { host: "127.19.181.65" port: 36149 } } peers { permanent_uuid: "2e219bbf6c39481cacde15533b2f8c6b" member_type: VOTER last_known_addr { host: "127.19.181.66" port: 46051 } } peers { permanent_uuid: "0a30fedf4702405598d19a69b09f27de" member_type: VOTER last_known_addr { host: "127.19.181.67" port: 36583 } }
I20260630 12:29:35.592794 21044 consensus_queue.cc:260] T 4bfc61520cd841888dd34bc7ff5db9e9 P 2e219bbf6c39481cacde15533b2f8c6b [NON_LEADER]: Queue going to NON_LEADER mode. State: All replicated index: 0, Majority replicated index: 0, Committed index: 0, Last appended: 0.0, Last appended by leader: 0, Current term: 0, Majority size: -1, State: 0, Mode: NON_LEADER, active raft config: opid_index: -1 OBSOLETE_local: false peers { permanent_uuid: "4f594d9df76b4e83b64c0b45809b1b03" member_type: VOTER last_known_addr { host: "127.19.181.65" port: 36149 } } peers { permanent_uuid: "2e219bbf6c39481cacde15533b2f8c6b" member_type: VOTER last_known_addr { host: "127.19.181.66" port: 46051 } } peers { permanent_uuid: "0a30fedf4702405598d19a69b09f27de" member_type: VOTER last_known_addr { host: "127.19.181.67" port: 36583 } }
I20260630 12:29:35.593263 21046 raft_consensus.cc:385] T 21ece3247a424850876eb8f3d2214d5a P 0a30fedf4702405598d19a69b09f27de [term 0 FOLLOWER]: Consensus starting up: Expiring failure detector timer to make a prompt election more likely
I20260630 12:29:35.593674 21046 raft_consensus.cc:740] T 21ece3247a424850876eb8f3d2214d5a P 0a30fedf4702405598d19a69b09f27de [term 0 FOLLOWER]: Becoming Follower/Learner. State: Replica: 0a30fedf4702405598d19a69b09f27de, State: Initialized, Role: FOLLOWER
I20260630 12:29:35.594569 21046 consensus_queue.cc:260] T 21ece3247a424850876eb8f3d2214d5a P 0a30fedf4702405598d19a69b09f27de [NON_LEADER]: Queue going to NON_LEADER mode. State: All replicated index: 0, Majority replicated index: 0, Committed index: 0, Last appended: 0.0, Last appended by leader: 0, Current term: 0, Majority size: -1, State: 0, Mode: NON_LEADER, active raft config: opid_index: -1 OBSOLETE_local: false peers { permanent_uuid: "4f594d9df76b4e83b64c0b45809b1b03" member_type: VOTER last_known_addr { host: "127.19.181.65" port: 36149 } } peers { permanent_uuid: "2e219bbf6c39481cacde15533b2f8c6b" member_type: VOTER last_known_addr { host: "127.19.181.66" port: 46051 } } peers { permanent_uuid: "0a30fedf4702405598d19a69b09f27de" member_type: VOTER last_known_addr { host: "127.19.181.67" port: 36583 } }
I20260630 12:29:35.595629 21047 raft_consensus.cc:359] T 21ece3247a424850876eb8f3d2214d5a P 4f594d9df76b4e83b64c0b45809b1b03 [term 0 FOLLOWER]: Replica starting. Triggering 0 pending ops. Active config: opid_index: -1 OBSOLETE_local: false peers { permanent_uuid: "4f594d9df76b4e83b64c0b45809b1b03" member_type: VOTER last_known_addr { host: "127.19.181.65" port: 36149 } } peers { permanent_uuid: "2e219bbf6c39481cacde15533b2f8c6b" member_type: VOTER last_known_addr { host: "127.19.181.66" port: 46051 } } peers { permanent_uuid: "0a30fedf4702405598d19a69b09f27de" member_type: VOTER last_known_addr { host: "127.19.181.67" port: 36583 } }
I20260630 12:29:35.596398 21047 raft_consensus.cc:385] T 21ece3247a424850876eb8f3d2214d5a P 4f594d9df76b4e83b64c0b45809b1b03 [term 0 FOLLOWER]: Consensus starting up: Expiring failure detector timer to make a prompt election more likely
I20260630 12:29:35.598093 21044 ts_tablet_manager.cc:1434] T 4bfc61520cd841888dd34bc7ff5db9e9 P 2e219bbf6c39481cacde15533b2f8c6b: Time spent starting tablet: real 0.010s	user 0.006s	sys 0.003s
I20260630 12:29:35.599121 21044 tablet_bootstrap.cc:492] T b72974d19b6246f3ad42af20cb28d0b2 P 2e219bbf6c39481cacde15533b2f8c6b: Bootstrap starting.
I20260630 12:29:35.599438 21046 ts_tablet_manager.cc:1434] T 21ece3247a424850876eb8f3d2214d5a P 0a30fedf4702405598d19a69b09f27de: Time spent starting tablet: real 0.010s	user 0.008s	sys 0.000s
I20260630 12:29:35.600407 21046 tablet_bootstrap.cc:492] T b72974d19b6246f3ad42af20cb28d0b2 P 0a30fedf4702405598d19a69b09f27de: Bootstrap starting.
I20260630 12:29:35.596702 21047 raft_consensus.cc:740] T 21ece3247a424850876eb8f3d2214d5a P 4f594d9df76b4e83b64c0b45809b1b03 [term 0 FOLLOWER]: Becoming Follower/Learner. State: Replica: 4f594d9df76b4e83b64c0b45809b1b03, State: Initialized, Role: FOLLOWER
I20260630 12:29:35.603960 21047 consensus_queue.cc:260] T 21ece3247a424850876eb8f3d2214d5a P 4f594d9df76b4e83b64c0b45809b1b03 [NON_LEADER]: Queue going to NON_LEADER mode. State: All replicated index: 0, Majority replicated index: 0, Committed index: 0, Last appended: 0.0, Last appended by leader: 0, Current term: 0, Majority size: -1, State: 0, Mode: NON_LEADER, active raft config: opid_index: -1 OBSOLETE_local: false peers { permanent_uuid: "4f594d9df76b4e83b64c0b45809b1b03" member_type: VOTER last_known_addr { host: "127.19.181.65" port: 36149 } } peers { permanent_uuid: "2e219bbf6c39481cacde15533b2f8c6b" member_type: VOTER last_known_addr { host: "127.19.181.66" port: 46051 } } peers { permanent_uuid: "0a30fedf4702405598d19a69b09f27de" member_type: VOTER last_known_addr { host: "127.19.181.67" port: 36583 } }
I20260630 12:29:35.605170 21044 tablet_bootstrap.cc:654] T b72974d19b6246f3ad42af20cb28d0b2 P 2e219bbf6c39481cacde15533b2f8c6b: Neither blocks nor log segments found. Creating new log.
I20260630 12:29:35.606102 21046 tablet_bootstrap.cc:654] T b72974d19b6246f3ad42af20cb28d0b2 P 0a30fedf4702405598d19a69b09f27de: Neither blocks nor log segments found. Creating new log.
I20260630 12:29:35.606073 21048 raft_consensus.cc:493] T 7346841d23ac44afbf30d0ebe880e92e P 2e219bbf6c39481cacde15533b2f8c6b [term 0 FOLLOWER]: Starting pre-election (no leader contacted us within the election timeout)
I20260630 12:29:35.606753 21048 raft_consensus.cc:515] T 7346841d23ac44afbf30d0ebe880e92e P 2e219bbf6c39481cacde15533b2f8c6b [term 0 FOLLOWER]: Starting pre-election with config: opid_index: -1 OBSOLETE_local: false peers { permanent_uuid: "4f594d9df76b4e83b64c0b45809b1b03" member_type: VOTER last_known_addr { host: "127.19.181.65" port: 36149 } } peers { permanent_uuid: "2e219bbf6c39481cacde15533b2f8c6b" member_type: VOTER last_known_addr { host: "127.19.181.66" port: 46051 } } peers { permanent_uuid: "0a30fedf4702405598d19a69b09f27de" member_type: VOTER last_known_addr { host: "127.19.181.67" port: 36583 } }
I20260630 12:29:35.613737 21047 ts_tablet_manager.cc:1434] T 21ece3247a424850876eb8f3d2214d5a P 4f594d9df76b4e83b64c0b45809b1b03: Time spent starting tablet: real 0.024s	user 0.004s	sys 0.002s
I20260630 12:29:35.614820 21047 tablet_bootstrap.cc:492] T f02ba4fabc9147a69af00b65e608e00f P 4f594d9df76b4e83b64c0b45809b1b03: Bootstrap starting.
I20260630 12:29:35.614722 20925 tablet_service.cc:1917] Received RequestConsensusVote() RPC: tablet_id: "4bfc61520cd841888dd34bc7ff5db9e9" candidate_uuid: "4f594d9df76b4e83b64c0b45809b1b03" candidate_term: 1 candidate_status { last_received { term: 0 index: 0 } } ignore_live_leader: false dest_uuid: "2e219bbf6c39481cacde15533b2f8c6b" is_pre_election: true
I20260630 12:29:35.615801 20925 raft_consensus.cc:2468] T 4bfc61520cd841888dd34bc7ff5db9e9 P 2e219bbf6c39481cacde15533b2f8c6b [term 0 FOLLOWER]: Leader pre-election vote request: Granting yes vote for candidate 4f594d9df76b4e83b64c0b45809b1b03 in term 0.
I20260630 12:29:35.617429 20816 leader_election.cc:304] T 4bfc61520cd841888dd34bc7ff5db9e9 P 4f594d9df76b4e83b64c0b45809b1b03 [CANDIDATE]: Term 1 pre-election: Election decided. Result: candidate won. Election summary: received 2 responses out of 3 voters: 2 yes votes; 0 no votes. yes voters: 2e219bbf6c39481cacde15533b2f8c6b, 4f594d9df76b4e83b64c0b45809b1b03; no voters: 
I20260630 12:29:35.618460 21054 raft_consensus.cc:2804] T 4bfc61520cd841888dd34bc7ff5db9e9 P 4f594d9df76b4e83b64c0b45809b1b03 [term 0 FOLLOWER]: Leader pre-election won for term 1
I20260630 12:29:35.618788 21054 raft_consensus.cc:493] T 4bfc61520cd841888dd34bc7ff5db9e9 P 4f594d9df76b4e83b64c0b45809b1b03 [term 0 FOLLOWER]: Starting leader election (no leader contacted us within the election timeout)
I20260630 12:29:35.619130 21054 raft_consensus.cc:3060] T 4bfc61520cd841888dd34bc7ff5db9e9 P 4f594d9df76b4e83b64c0b45809b1b03 [term 0 FOLLOWER]: Advancing to term 1
I20260630 12:29:35.624630 21048 leader_election.cc:290] T 7346841d23ac44afbf30d0ebe880e92e P 2e219bbf6c39481cacde15533b2f8c6b [CANDIDATE]: Term 1 pre-election: Requested pre-vote from peers 4f594d9df76b4e83b64c0b45809b1b03 (127.19.181.65:36149), 0a30fedf4702405598d19a69b09f27de (127.19.181.67:36583)
I20260630 12:29:35.636118 20999 tablet_service.cc:1917] Received RequestConsensusVote() RPC: tablet_id: "4bfc61520cd841888dd34bc7ff5db9e9" candidate_uuid: "4f594d9df76b4e83b64c0b45809b1b03" candidate_term: 1 candidate_status { last_received { term: 0 index: 0 } } ignore_live_leader: false dest_uuid: "0a30fedf4702405598d19a69b09f27de" is_pre_election: true
I20260630 12:29:35.637271 21054 raft_consensus.cc:515] T 4bfc61520cd841888dd34bc7ff5db9e9 P 4f594d9df76b4e83b64c0b45809b1b03 [term 1 FOLLOWER]: Starting leader election with config: opid_index: -1 OBSOLETE_local: false peers { permanent_uuid: "4f594d9df76b4e83b64c0b45809b1b03" member_type: VOTER last_known_addr { host: "127.19.181.65" port: 36149 } } peers { permanent_uuid: "2e219bbf6c39481cacde15533b2f8c6b" member_type: VOTER last_known_addr { host: "127.19.181.66" port: 46051 } } peers { permanent_uuid: "0a30fedf4702405598d19a69b09f27de" member_type: VOTER last_known_addr { host: "127.19.181.67" port: 36583 } }
W20260630 12:29:35.638608 20815 leader_election.cc:343] T 4bfc61520cd841888dd34bc7ff5db9e9 P 4f594d9df76b4e83b64c0b45809b1b03 [CANDIDATE]: Term 1 pre-election: Tablet error from VoteRequest() call to peer 0a30fedf4702405598d19a69b09f27de (127.19.181.67:36583): Illegal state: must be running to vote when last-logged opid is not known
I20260630 12:29:35.645712 20925 tablet_service.cc:1917] Received RequestConsensusVote() RPC: tablet_id: "4bfc61520cd841888dd34bc7ff5db9e9" candidate_uuid: "4f594d9df76b4e83b64c0b45809b1b03" candidate_term: 1 candidate_status { last_received { term: 0 index: 0 } } ignore_live_leader: false dest_uuid: "2e219bbf6c39481cacde15533b2f8c6b"
I20260630 12:29:35.646526 20925 raft_consensus.cc:3060] T 4bfc61520cd841888dd34bc7ff5db9e9 P 2e219bbf6c39481cacde15533b2f8c6b [term 0 FOLLOWER]: Advancing to term 1
I20260630 12:29:35.650651 21046 tablet_bootstrap.cc:492] T b72974d19b6246f3ad42af20cb28d0b2 P 0a30fedf4702405598d19a69b09f27de: No bootstrap required, opened a new log
I20260630 12:29:35.651443 21046 ts_tablet_manager.cc:1403] T b72974d19b6246f3ad42af20cb28d0b2 P 0a30fedf4702405598d19a69b09f27de: Time spent bootstrapping tablet: real 0.051s	user 0.018s	sys 0.028s
I20260630 12:29:35.655014 20925 raft_consensus.cc:2468] T 4bfc61520cd841888dd34bc7ff5db9e9 P 2e219bbf6c39481cacde15533b2f8c6b [term 1 FOLLOWER]: Leader election vote request: Granting yes vote for candidate 4f594d9df76b4e83b64c0b45809b1b03 in term 1.
I20260630 12:29:35.655483 21046 raft_consensus.cc:359] T b72974d19b6246f3ad42af20cb28d0b2 P 0a30fedf4702405598d19a69b09f27de [term 0 FOLLOWER]: Replica starting. Triggering 0 pending ops. Active config: opid_index: -1 OBSOLETE_local: false peers { permanent_uuid: "4f594d9df76b4e83b64c0b45809b1b03" member_type: VOTER last_known_addr { host: "127.19.181.65" port: 36149 } } peers { permanent_uuid: "2e219bbf6c39481cacde15533b2f8c6b" member_type: VOTER last_known_addr { host: "127.19.181.66" port: 46051 } } peers { permanent_uuid: "0a30fedf4702405598d19a69b09f27de" member_type: VOTER last_known_addr { host: "127.19.181.67" port: 36583 } }
I20260630 12:29:35.656239 20816 leader_election.cc:304] T 4bfc61520cd841888dd34bc7ff5db9e9 P 4f594d9df76b4e83b64c0b45809b1b03 [CANDIDATE]: Term 1 election: Election decided. Result: candidate won. Election summary: received 2 responses out of 3 voters: 2 yes votes; 0 no votes. yes voters: 2e219bbf6c39481cacde15533b2f8c6b, 4f594d9df76b4e83b64c0b45809b1b03; no voters: 
I20260630 12:29:35.656584 21046 raft_consensus.cc:385] T b72974d19b6246f3ad42af20cb28d0b2 P 0a30fedf4702405598d19a69b09f27de [term 0 FOLLOWER]: Consensus starting up: Expiring failure detector timer to make a prompt election more likely
I20260630 12:29:35.657069 21046 raft_consensus.cc:740] T b72974d19b6246f3ad42af20cb28d0b2 P 0a30fedf4702405598d19a69b09f27de [term 0 FOLLOWER]: Becoming Follower/Learner. State: Replica: 0a30fedf4702405598d19a69b09f27de, State: Initialized, Role: FOLLOWER
I20260630 12:29:35.658262 21046 consensus_queue.cc:260] T b72974d19b6246f3ad42af20cb28d0b2 P 0a30fedf4702405598d19a69b09f27de [NON_LEADER]: Queue going to NON_LEADER mode. State: All replicated index: 0, Majority replicated index: 0, Committed index: 0, Last appended: 0.0, Last appended by leader: 0, Current term: 0, Majority size: -1, State: 0, Mode: NON_LEADER, active raft config: opid_index: -1 OBSOLETE_local: false peers { permanent_uuid: "4f594d9df76b4e83b64c0b45809b1b03" member_type: VOTER last_known_addr { host: "127.19.181.65" port: 36149 } } peers { permanent_uuid: "2e219bbf6c39481cacde15533b2f8c6b" member_type: VOTER last_known_addr { host: "127.19.181.66" port: 46051 } } peers { permanent_uuid: "0a30fedf4702405598d19a69b09f27de" member_type: VOTER last_known_addr { host: "127.19.181.67" port: 36583 } }
I20260630 12:29:35.663714 20999 tablet_service.cc:1917] Received RequestConsensusVote() RPC: tablet_id: "4bfc61520cd841888dd34bc7ff5db9e9" candidate_uuid: "4f594d9df76b4e83b64c0b45809b1b03" candidate_term: 1 candidate_status { last_received { term: 0 index: 0 } } ignore_live_leader: false dest_uuid: "0a30fedf4702405598d19a69b09f27de"
I20260630 12:29:35.664824 21046 ts_tablet_manager.cc:1434] T b72974d19b6246f3ad42af20cb28d0b2 P 0a30fedf4702405598d19a69b09f27de: Time spent starting tablet: real 0.013s	user 0.008s	sys 0.000s
W20260630 12:29:35.665071 20815 leader_election.cc:343] T 4bfc61520cd841888dd34bc7ff5db9e9 P 4f594d9df76b4e83b64c0b45809b1b03 [CANDIDATE]: Term 1 election: Tablet error from VoteRequest() call to peer 0a30fedf4702405598d19a69b09f27de (127.19.181.67:36583): Illegal state: must be running to vote when last-logged opid is not known
I20260630 12:29:35.666254 21046 tablet_bootstrap.cc:492] T 7346841d23ac44afbf30d0ebe880e92e P 0a30fedf4702405598d19a69b09f27de: Bootstrap starting.
I20260630 12:29:35.668476 21054 leader_election.cc:290] T 4bfc61520cd841888dd34bc7ff5db9e9 P 4f594d9df76b4e83b64c0b45809b1b03 [CANDIDATE]: Term 1 election: Requested vote from peers 2e219bbf6c39481cacde15533b2f8c6b (127.19.181.66:46051), 0a30fedf4702405598d19a69b09f27de (127.19.181.67:36583)
I20260630 12:29:35.669010 21054 raft_consensus.cc:2804] T 4bfc61520cd841888dd34bc7ff5db9e9 P 4f594d9df76b4e83b64c0b45809b1b03 [term 1 FOLLOWER]: Leader election won for term 1
I20260630 12:29:35.669464 21054 raft_consensus.cc:697] T 4bfc61520cd841888dd34bc7ff5db9e9 P 4f594d9df76b4e83b64c0b45809b1b03 [term 1 LEADER]: Becoming Leader. State: Replica: 4f594d9df76b4e83b64c0b45809b1b03, State: Running, Role: LEADER
I20260630 12:29:35.670351 21054 consensus_queue.cc:237] T 4bfc61520cd841888dd34bc7ff5db9e9 P 4f594d9df76b4e83b64c0b45809b1b03 [LEADER]: Queue going to LEADER mode. State: All replicated index: 0, Majority replicated index: 0, Committed index: 0, Last appended: 0.0, Last appended by leader: 0, Current term: 1, Majority size: 2, State: 0, Mode: LEADER, active raft config: opid_index: -1 OBSOLETE_local: false peers { permanent_uuid: "4f594d9df76b4e83b64c0b45809b1b03" member_type: VOTER last_known_addr { host: "127.19.181.65" port: 36149 } } peers { permanent_uuid: "2e219bbf6c39481cacde15533b2f8c6b" member_type: VOTER last_known_addr { host: "127.19.181.66" port: 46051 } } peers { permanent_uuid: "0a30fedf4702405598d19a69b09f27de" member_type: VOTER last_known_addr { host: "127.19.181.67" port: 36583 } }
I20260630 12:29:35.674559 21047 tablet_bootstrap.cc:654] T f02ba4fabc9147a69af00b65e608e00f P 4f594d9df76b4e83b64c0b45809b1b03: Neither blocks nor log segments found. Creating new log.
I20260630 12:29:35.675220 20999 tablet_service.cc:1917] Received RequestConsensusVote() RPC: tablet_id: "7346841d23ac44afbf30d0ebe880e92e" candidate_uuid: "2e219bbf6c39481cacde15533b2f8c6b" candidate_term: 1 candidate_status { last_received { term: 0 index: 0 } } ignore_live_leader: false dest_uuid: "0a30fedf4702405598d19a69b09f27de" is_pre_election: true
W20260630 12:29:35.676854 20890 leader_election.cc:343] T 7346841d23ac44afbf30d0ebe880e92e P 2e219bbf6c39481cacde15533b2f8c6b [CANDIDATE]: Term 1 pre-election: Tablet error from VoteRequest() call to peer 0a30fedf4702405598d19a69b09f27de (127.19.181.67:36583): Illegal state: must be running to vote when last-logged opid is not known
I20260630 12:29:35.682623 21046 tablet_bootstrap.cc:654] T 7346841d23ac44afbf30d0ebe880e92e P 0a30fedf4702405598d19a69b09f27de: Neither blocks nor log segments found. Creating new log.
I20260630 12:29:35.683847 21048 raft_consensus.cc:493] T f02ba4fabc9147a69af00b65e608e00f P 2e219bbf6c39481cacde15533b2f8c6b [term 0 FOLLOWER]: Starting pre-election (no leader contacted us within the election timeout)
I20260630 12:29:35.684366 21048 raft_consensus.cc:515] T f02ba4fabc9147a69af00b65e608e00f P 2e219bbf6c39481cacde15533b2f8c6b [term 0 FOLLOWER]: Starting pre-election with config: opid_index: -1 OBSOLETE_local: false peers { permanent_uuid: "2e219bbf6c39481cacde15533b2f8c6b" member_type: VOTER last_known_addr { host: "127.19.181.66" port: 46051 } } peers { permanent_uuid: "4f594d9df76b4e83b64c0b45809b1b03" member_type: VOTER last_known_addr { host: "127.19.181.65" port: 36149 } } peers { permanent_uuid: "0a30fedf4702405598d19a69b09f27de" member_type: VOTER last_known_addr { host: "127.19.181.67" port: 36583 } }
I20260630 12:29:35.686923 21048 leader_election.cc:290] T f02ba4fabc9147a69af00b65e608e00f P 2e219bbf6c39481cacde15533b2f8c6b [CANDIDATE]: Term 1 pre-election: Requested pre-vote from peers 4f594d9df76b4e83b64c0b45809b1b03 (127.19.181.65:36149), 0a30fedf4702405598d19a69b09f27de (127.19.181.67:36583)
I20260630 12:29:35.690748 20849 tablet_service.cc:1917] Received RequestConsensusVote() RPC: tablet_id: "f02ba4fabc9147a69af00b65e608e00f" candidate_uuid: "2e219bbf6c39481cacde15533b2f8c6b" candidate_term: 1 candidate_status { last_received { term: 0 index: 0 } } ignore_live_leader: false dest_uuid: "4f594d9df76b4e83b64c0b45809b1b03" is_pre_election: true
I20260630 12:29:35.692216 21044 tablet_bootstrap.cc:492] T b72974d19b6246f3ad42af20cb28d0b2 P 2e219bbf6c39481cacde15533b2f8c6b: No bootstrap required, opened a new log
I20260630 12:29:35.692268 20850 tablet_service.cc:1917] Received RequestConsensusVote() RPC: tablet_id: "7346841d23ac44afbf30d0ebe880e92e" candidate_uuid: "2e219bbf6c39481cacde15533b2f8c6b" candidate_term: 1 candidate_status { last_received { term: 0 index: 0 } } ignore_live_leader: false dest_uuid: "4f594d9df76b4e83b64c0b45809b1b03" is_pre_election: true
W20260630 12:29:35.693015 20890 leader_election.cc:343] T f02ba4fabc9147a69af00b65e608e00f P 2e219bbf6c39481cacde15533b2f8c6b [CANDIDATE]: Term 1 pre-election: Tablet error from VoteRequest() call to peer 4f594d9df76b4e83b64c0b45809b1b03 (127.19.181.65:36149): Illegal state: must be running to vote when last-logged opid is not known
I20260630 12:29:35.692924 20999 tablet_service.cc:1917] Received RequestConsensusVote() RPC: tablet_id: "f02ba4fabc9147a69af00b65e608e00f" candidate_uuid: "2e219bbf6c39481cacde15533b2f8c6b" candidate_term: 1 candidate_status { last_received { term: 0 index: 0 } } ignore_live_leader: false dest_uuid: "0a30fedf4702405598d19a69b09f27de" is_pre_election: true
I20260630 12:29:35.693969 21044 ts_tablet_manager.cc:1403] T b72974d19b6246f3ad42af20cb28d0b2 P 2e219bbf6c39481cacde15533b2f8c6b: Time spent bootstrapping tablet: real 0.095s	user 0.034s	sys 0.044s
I20260630 12:29:35.694272 20999 raft_consensus.cc:2468] T f02ba4fabc9147a69af00b65e608e00f P 0a30fedf4702405598d19a69b09f27de [term 0 FOLLOWER]: Leader pre-election vote request: Granting yes vote for candidate 2e219bbf6c39481cacde15533b2f8c6b in term 0.
W20260630 12:29:35.694761 20890 leader_election.cc:343] T 7346841d23ac44afbf30d0ebe880e92e P 2e219bbf6c39481cacde15533b2f8c6b [CANDIDATE]: Term 1 pre-election: Tablet error from VoteRequest() call to peer 4f594d9df76b4e83b64c0b45809b1b03 (127.19.181.65:36149): Illegal state: must be running to vote when last-logged opid is not known
I20260630 12:29:35.695204 20890 leader_election.cc:304] T 7346841d23ac44afbf30d0ebe880e92e P 2e219bbf6c39481cacde15533b2f8c6b [CANDIDATE]: Term 1 pre-election: Election decided. Result: candidate lost. Election summary: received 3 responses out of 3 voters: 1 yes votes; 2 no votes. yes voters: 2e219bbf6c39481cacde15533b2f8c6b; no voters: 0a30fedf4702405598d19a69b09f27de, 4f594d9df76b4e83b64c0b45809b1b03
I20260630 12:29:35.695494 21046 tablet_bootstrap.cc:492] T 7346841d23ac44afbf30d0ebe880e92e P 0a30fedf4702405598d19a69b09f27de: No bootstrap required, opened a new log
I20260630 12:29:35.693495 20746 catalog_manager.cc:5697] T 4bfc61520cd841888dd34bc7ff5db9e9 P 4f594d9df76b4e83b64c0b45809b1b03 reported cstate change: term changed from 0 to 1, leader changed from <none> to 4f594d9df76b4e83b64c0b45809b1b03 (127.19.181.65). New cstate: current_term: 1 leader_uuid: "4f594d9df76b4e83b64c0b45809b1b03" committed_config { opid_index: -1 OBSOLETE_local: false peers { permanent_uuid: "4f594d9df76b4e83b64c0b45809b1b03" member_type: VOTER last_known_addr { host: "127.19.181.65" port: 36149 } health_report { overall_health: HEALTHY } } peers { permanent_uuid: "2e219bbf6c39481cacde15533b2f8c6b" member_type: VOTER last_known_addr { host: "127.19.181.66" port: 46051 } health_report { overall_health: UNKNOWN } } peers { permanent_uuid: "0a30fedf4702405598d19a69b09f27de" member_type: VOTER last_known_addr { host: "127.19.181.67" port: 36583 } health_report { overall_health: UNKNOWN } } }
I20260630 12:29:35.696234 21047 tablet_bootstrap.cc:492] T f02ba4fabc9147a69af00b65e608e00f P 4f594d9df76b4e83b64c0b45809b1b03: No bootstrap required, opened a new log
I20260630 12:29:35.696512 20890 leader_election.cc:304] T f02ba4fabc9147a69af00b65e608e00f P 2e219bbf6c39481cacde15533b2f8c6b [CANDIDATE]: Term 1 pre-election: Election decided. Result: candidate won. Election summary: received 3 responses out of 3 voters: 2 yes votes; 1 no votes. yes voters: 0a30fedf4702405598d19a69b09f27de, 2e219bbf6c39481cacde15533b2f8c6b; no voters: 4f594d9df76b4e83b64c0b45809b1b03
I20260630 12:29:35.696813 21047 ts_tablet_manager.cc:1403] T f02ba4fabc9147a69af00b65e608e00f P 4f594d9df76b4e83b64c0b45809b1b03: Time spent bootstrapping tablet: real 0.082s	user 0.013s	sys 0.000s
I20260630 12:29:35.696133 21046 ts_tablet_manager.cc:1403] T 7346841d23ac44afbf30d0ebe880e92e P 0a30fedf4702405598d19a69b09f27de: Time spent bootstrapping tablet: real 0.030s	user 0.012s	sys 0.006s
I20260630 12:29:35.697513 21048 raft_consensus.cc:2749] T 7346841d23ac44afbf30d0ebe880e92e P 2e219bbf6c39481cacde15533b2f8c6b [term 0 FOLLOWER]: Leader pre-election lost for term 1. Reason: could not achieve majority
I20260630 12:29:35.698320 21048 raft_consensus.cc:2804] T f02ba4fabc9147a69af00b65e608e00f P 2e219bbf6c39481cacde15533b2f8c6b [term 0 FOLLOWER]: Leader pre-election won for term 1
I20260630 12:29:35.698662 21048 raft_consensus.cc:493] T f02ba4fabc9147a69af00b65e608e00f P 2e219bbf6c39481cacde15533b2f8c6b [term 0 FOLLOWER]: Starting leader election (no leader contacted us within the election timeout)
I20260630 12:29:35.698982 21048 raft_consensus.cc:3060] T f02ba4fabc9147a69af00b65e608e00f P 2e219bbf6c39481cacde15533b2f8c6b [term 0 FOLLOWER]: Advancing to term 1
I20260630 12:29:35.700793 21046 raft_consensus.cc:359] T 7346841d23ac44afbf30d0ebe880e92e P 0a30fedf4702405598d19a69b09f27de [term 0 FOLLOWER]: Replica starting. Triggering 0 pending ops. Active config: opid_index: -1 OBSOLETE_local: false peers { permanent_uuid: "4f594d9df76b4e83b64c0b45809b1b03" member_type: VOTER last_known_addr { host: "127.19.181.65" port: 36149 } } peers { permanent_uuid: "2e219bbf6c39481cacde15533b2f8c6b" member_type: VOTER last_known_addr { host: "127.19.181.66" port: 46051 } } peers { permanent_uuid: "0a30fedf4702405598d19a69b09f27de" member_type: VOTER last_known_addr { host: "127.19.181.67" port: 36583 } }
I20260630 12:29:35.701917 21046 raft_consensus.cc:385] T 7346841d23ac44afbf30d0ebe880e92e P 0a30fedf4702405598d19a69b09f27de [term 0 FOLLOWER]: Consensus starting up: Expiring failure detector timer to make a prompt election more likely
I20260630 12:29:35.698496 21044 raft_consensus.cc:359] T b72974d19b6246f3ad42af20cb28d0b2 P 2e219bbf6c39481cacde15533b2f8c6b [term 0 FOLLOWER]: Replica starting. Triggering 0 pending ops. Active config: opid_index: -1 OBSOLETE_local: false peers { permanent_uuid: "4f594d9df76b4e83b64c0b45809b1b03" member_type: VOTER last_known_addr { host: "127.19.181.65" port: 36149 } } peers { permanent_uuid: "2e219bbf6c39481cacde15533b2f8c6b" member_type: VOTER last_known_addr { host: "127.19.181.66" port: 46051 } } peers { permanent_uuid: "0a30fedf4702405598d19a69b09f27de" member_type: VOTER last_known_addr { host: "127.19.181.67" port: 36583 } }
I20260630 12:29:35.702441 21044 raft_consensus.cc:385] T b72974d19b6246f3ad42af20cb28d0b2 P 2e219bbf6c39481cacde15533b2f8c6b [term 0 FOLLOWER]: Consensus starting up: Expiring failure detector timer to make a prompt election more likely
I20260630 12:29:35.702270 21047 raft_consensus.cc:359] T f02ba4fabc9147a69af00b65e608e00f P 4f594d9df76b4e83b64c0b45809b1b03 [term 0 FOLLOWER]: Replica starting. Triggering 0 pending ops. Active config: opid_index: -1 OBSOLETE_local: false peers { permanent_uuid: "2e219bbf6c39481cacde15533b2f8c6b" member_type: VOTER last_known_addr { host: "127.19.181.66" port: 46051 } } peers { permanent_uuid: "4f594d9df76b4e83b64c0b45809b1b03" member_type: VOTER last_known_addr { host: "127.19.181.65" port: 36149 } } peers { permanent_uuid: "0a30fedf4702405598d19a69b09f27de" member_type: VOTER last_known_addr { host: "127.19.181.67" port: 36583 } }
I20260630 12:29:35.702798 21044 raft_consensus.cc:740] T b72974d19b6246f3ad42af20cb28d0b2 P 2e219bbf6c39481cacde15533b2f8c6b [term 0 FOLLOWER]: Becoming Follower/Learner. State: Replica: 2e219bbf6c39481cacde15533b2f8c6b, State: Initialized, Role: FOLLOWER
I20260630 12:29:35.703078 21047 raft_consensus.cc:385] T f02ba4fabc9147a69af00b65e608e00f P 4f594d9df76b4e83b64c0b45809b1b03 [term 0 FOLLOWER]: Consensus starting up: Expiring failure detector timer to make a prompt election more likely
I20260630 12:29:35.703398 21047 raft_consensus.cc:740] T f02ba4fabc9147a69af00b65e608e00f P 4f594d9df76b4e83b64c0b45809b1b03 [term 0 FOLLOWER]: Becoming Follower/Learner. State: Replica: 4f594d9df76b4e83b64c0b45809b1b03, State: Initialized, Role: FOLLOWER
I20260630 12:29:35.703861 21044 consensus_queue.cc:260] T b72974d19b6246f3ad42af20cb28d0b2 P 2e219bbf6c39481cacde15533b2f8c6b [NON_LEADER]: Queue going to NON_LEADER mode. State: All replicated index: 0, Majority replicated index: 0, Committed index: 0, Last appended: 0.0, Last appended by leader: 0, Current term: 0, Majority size: -1, State: 0, Mode: NON_LEADER, active raft config: opid_index: -1 OBSOLETE_local: false peers { permanent_uuid: "4f594d9df76b4e83b64c0b45809b1b03" member_type: VOTER last_known_addr { host: "127.19.181.65" port: 36149 } } peers { permanent_uuid: "2e219bbf6c39481cacde15533b2f8c6b" member_type: VOTER last_known_addr { host: "127.19.181.66" port: 46051 } } peers { permanent_uuid: "0a30fedf4702405598d19a69b09f27de" member_type: VOTER last_known_addr { host: "127.19.181.67" port: 36583 } }
I20260630 12:29:35.704174 21047 consensus_queue.cc:260] T f02ba4fabc9147a69af00b65e608e00f P 4f594d9df76b4e83b64c0b45809b1b03 [NON_LEADER]: Queue going to NON_LEADER mode. State: All replicated index: 0, Majority replicated index: 0, Committed index: 0, Last appended: 0.0, Last appended by leader: 0, Current term: 0, Majority size: -1, State: 0, Mode: NON_LEADER, active raft config: opid_index: -1 OBSOLETE_local: false peers { permanent_uuid: "2e219bbf6c39481cacde15533b2f8c6b" member_type: VOTER last_known_addr { host: "127.19.181.66" port: 46051 } } peers { permanent_uuid: "4f594d9df76b4e83b64c0b45809b1b03" member_type: VOTER last_known_addr { host: "127.19.181.65" port: 36149 } } peers { permanent_uuid: "0a30fedf4702405598d19a69b09f27de" member_type: VOTER last_known_addr { host: "127.19.181.67" port: 36583 } }
I20260630 12:29:35.702271 21046 raft_consensus.cc:740] T 7346841d23ac44afbf30d0ebe880e92e P 0a30fedf4702405598d19a69b09f27de [term 0 FOLLOWER]: Becoming Follower/Learner. State: Replica: 0a30fedf4702405598d19a69b09f27de, State: Initialized, Role: FOLLOWER
I20260630 12:29:35.706594 21044 ts_tablet_manager.cc:1434] T b72974d19b6246f3ad42af20cb28d0b2 P 2e219bbf6c39481cacde15533b2f8c6b: Time spent starting tablet: real 0.012s	user 0.003s	sys 0.004s
I20260630 12:29:35.707686 21044 tablet_bootstrap.cc:492] T 21ece3247a424850876eb8f3d2214d5a P 2e219bbf6c39481cacde15533b2f8c6b: Bootstrap starting.
I20260630 12:29:35.708057 21047 ts_tablet_manager.cc:1434] T f02ba4fabc9147a69af00b65e608e00f P 4f594d9df76b4e83b64c0b45809b1b03: Time spent starting tablet: real 0.011s	user 0.006s	sys 0.000s
I20260630 12:29:35.706146 21046 consensus_queue.cc:260] T 7346841d23ac44afbf30d0ebe880e92e P 0a30fedf4702405598d19a69b09f27de [NON_LEADER]: Queue going to NON_LEADER mode. State: All replicated index: 0, Majority replicated index: 0, Committed index: 0, Last appended: 0.0, Last appended by leader: 0, Current term: 0, Majority size: -1, State: 0, Mode: NON_LEADER, active raft config: opid_index: -1 OBSOLETE_local: false peers { permanent_uuid: "4f594d9df76b4e83b64c0b45809b1b03" member_type: VOTER last_known_addr { host: "127.19.181.65" port: 36149 } } peers { permanent_uuid: "2e219bbf6c39481cacde15533b2f8c6b" member_type: VOTER last_known_addr { host: "127.19.181.66" port: 46051 } } peers { permanent_uuid: "0a30fedf4702405598d19a69b09f27de" member_type: VOTER last_known_addr { host: "127.19.181.67" port: 36583 } }
I20260630 12:29:35.709120 21047 tablet_bootstrap.cc:492] T 22b27bc6dd304f0990486268d55bd9a7 P 4f594d9df76b4e83b64c0b45809b1b03: Bootstrap starting.
I20260630 12:29:35.710425 21046 ts_tablet_manager.cc:1434] T 7346841d23ac44afbf30d0ebe880e92e P 0a30fedf4702405598d19a69b09f27de: Time spent starting tablet: real 0.013s	user 0.005s	sys 0.001s
I20260630 12:29:35.711478 21046 tablet_bootstrap.cc:492] T 4bfc61520cd841888dd34bc7ff5db9e9 P 0a30fedf4702405598d19a69b09f27de: Bootstrap starting.
I20260630 12:29:35.716065 21047 tablet_bootstrap.cc:654] T 22b27bc6dd304f0990486268d55bd9a7 P 4f594d9df76b4e83b64c0b45809b1b03: Neither blocks nor log segments found. Creating new log.
I20260630 12:29:35.717712 21044 tablet_bootstrap.cc:654] T 21ece3247a424850876eb8f3d2214d5a P 2e219bbf6c39481cacde15533b2f8c6b: Neither blocks nor log segments found. Creating new log.
I20260630 12:29:35.721570 21048 raft_consensus.cc:515] T f02ba4fabc9147a69af00b65e608e00f P 2e219bbf6c39481cacde15533b2f8c6b [term 1 FOLLOWER]: Starting leader election with config: opid_index: -1 OBSOLETE_local: false peers { permanent_uuid: "2e219bbf6c39481cacde15533b2f8c6b" member_type: VOTER last_known_addr { host: "127.19.181.66" port: 46051 } } peers { permanent_uuid: "4f594d9df76b4e83b64c0b45809b1b03" member_type: VOTER last_known_addr { host: "127.19.181.65" port: 36149 } } peers { permanent_uuid: "0a30fedf4702405598d19a69b09f27de" member_type: VOTER last_known_addr { host: "127.19.181.67" port: 36583 } }
I20260630 12:29:35.724701 21046 tablet_bootstrap.cc:654] T 4bfc61520cd841888dd34bc7ff5db9e9 P 0a30fedf4702405598d19a69b09f27de: Neither blocks nor log segments found. Creating new log.
I20260630 12:29:35.724867 20850 tablet_service.cc:1917] Received RequestConsensusVote() RPC: tablet_id: "f02ba4fabc9147a69af00b65e608e00f" candidate_uuid: "2e219bbf6c39481cacde15533b2f8c6b" candidate_term: 1 candidate_status { last_received { term: 0 index: 0 } } ignore_live_leader: false dest_uuid: "4f594d9df76b4e83b64c0b45809b1b03"
I20260630 12:29:35.725523 20850 raft_consensus.cc:3060] T f02ba4fabc9147a69af00b65e608e00f P 4f594d9df76b4e83b64c0b45809b1b03 [term 0 FOLLOWER]: Advancing to term 1
I20260630 12:29:35.730526 21044 tablet_bootstrap.cc:492] T 21ece3247a424850876eb8f3d2214d5a P 2e219bbf6c39481cacde15533b2f8c6b: No bootstrap required, opened a new log
I20260630 12:29:35.730590 21048 leader_election.cc:290] T f02ba4fabc9147a69af00b65e608e00f P 2e219bbf6c39481cacde15533b2f8c6b [CANDIDATE]: Term 1 election: Requested vote from peers 4f594d9df76b4e83b64c0b45809b1b03 (127.19.181.65:36149), 0a30fedf4702405598d19a69b09f27de (127.19.181.67:36583)
I20260630 12:29:35.731675 21044 ts_tablet_manager.cc:1403] T 21ece3247a424850876eb8f3d2214d5a P 2e219bbf6c39481cacde15533b2f8c6b: Time spent bootstrapping tablet: real 0.024s	user 0.013s	sys 0.003s
I20260630 12:29:35.733513 20999 tablet_service.cc:1917] Received RequestConsensusVote() RPC: tablet_id: "f02ba4fabc9147a69af00b65e608e00f" candidate_uuid: "2e219bbf6c39481cacde15533b2f8c6b" candidate_term: 1 candidate_status { last_received { term: 0 index: 0 } } ignore_live_leader: false dest_uuid: "0a30fedf4702405598d19a69b09f27de"
I20260630 12:29:35.733728 21046 tablet_bootstrap.cc:492] T 4bfc61520cd841888dd34bc7ff5db9e9 P 0a30fedf4702405598d19a69b09f27de: No bootstrap required, opened a new log
I20260630 12:29:35.734167 20999 raft_consensus.cc:3060] T f02ba4fabc9147a69af00b65e608e00f P 0a30fedf4702405598d19a69b09f27de [term 0 FOLLOWER]: Advancing to term 1
I20260630 12:29:35.734368 21046 ts_tablet_manager.cc:1403] T 4bfc61520cd841888dd34bc7ff5db9e9 P 0a30fedf4702405598d19a69b09f27de: Time spent bootstrapping tablet: real 0.023s	user 0.005s	sys 0.010s
I20260630 12:29:35.734735 21044 raft_consensus.cc:359] T 21ece3247a424850876eb8f3d2214d5a P 2e219bbf6c39481cacde15533b2f8c6b [term 0 FOLLOWER]: Replica starting. Triggering 0 pending ops. Active config: opid_index: -1 OBSOLETE_local: false peers { permanent_uuid: "4f594d9df76b4e83b64c0b45809b1b03" member_type: VOTER last_known_addr { host: "127.19.181.65" port: 36149 } } peers { permanent_uuid: "2e219bbf6c39481cacde15533b2f8c6b" member_type: VOTER last_known_addr { host: "127.19.181.66" port: 46051 } } peers { permanent_uuid: "0a30fedf4702405598d19a69b09f27de" member_type: VOTER last_known_addr { host: "127.19.181.67" port: 36583 } }
I20260630 12:29:35.735522 21044 raft_consensus.cc:385] T 21ece3247a424850876eb8f3d2214d5a P 2e219bbf6c39481cacde15533b2f8c6b [term 0 FOLLOWER]: Consensus starting up: Expiring failure detector timer to make a prompt election more likely
I20260630 12:29:35.735816 21044 raft_consensus.cc:740] T 21ece3247a424850876eb8f3d2214d5a P 2e219bbf6c39481cacde15533b2f8c6b [term 0 FOLLOWER]: Becoming Follower/Learner. State: Replica: 2e219bbf6c39481cacde15533b2f8c6b, State: Initialized, Role: FOLLOWER
I20260630 12:29:35.737754 21046 raft_consensus.cc:359] T 4bfc61520cd841888dd34bc7ff5db9e9 P 0a30fedf4702405598d19a69b09f27de [term 0 FOLLOWER]: Replica starting. Triggering 0 pending ops. Active config: opid_index: -1 OBSOLETE_local: false peers { permanent_uuid: "4f594d9df76b4e83b64c0b45809b1b03" member_type: VOTER last_known_addr { host: "127.19.181.65" port: 36149 } } peers { permanent_uuid: "2e219bbf6c39481cacde15533b2f8c6b" member_type: VOTER last_known_addr { host: "127.19.181.66" port: 46051 } } peers { permanent_uuid: "0a30fedf4702405598d19a69b09f27de" member_type: VOTER last_known_addr { host: "127.19.181.67" port: 36583 } }
I20260630 12:29:35.738515 21047 tablet_bootstrap.cc:492] T 22b27bc6dd304f0990486268d55bd9a7 P 4f594d9df76b4e83b64c0b45809b1b03: No bootstrap required, opened a new log
I20260630 12:29:35.738569 21046 raft_consensus.cc:385] T 4bfc61520cd841888dd34bc7ff5db9e9 P 0a30fedf4702405598d19a69b09f27de [term 0 FOLLOWER]: Consensus starting up: Expiring failure detector timer to make a prompt election more likely
I20260630 12:29:35.739226 21047 ts_tablet_manager.cc:1403] T 22b27bc6dd304f0990486268d55bd9a7 P 4f594d9df76b4e83b64c0b45809b1b03: Time spent bootstrapping tablet: real 0.030s	user 0.007s	sys 0.006s
I20260630 12:29:35.739166 21046 raft_consensus.cc:740] T 4bfc61520cd841888dd34bc7ff5db9e9 P 0a30fedf4702405598d19a69b09f27de [term 0 FOLLOWER]: Becoming Follower/Learner. State: Replica: 0a30fedf4702405598d19a69b09f27de, State: Initialized, Role: FOLLOWER
I20260630 12:29:35.740120 21046 consensus_queue.cc:260] T 4bfc61520cd841888dd34bc7ff5db9e9 P 0a30fedf4702405598d19a69b09f27de [NON_LEADER]: Queue going to NON_LEADER mode. State: All replicated index: 0, Majority replicated index: 0, Committed index: 0, Last appended: 0.0, Last appended by leader: 0, Current term: 0, Majority size: -1, State: 0, Mode: NON_LEADER, active raft config: opid_index: -1 OBSOLETE_local: false peers { permanent_uuid: "4f594d9df76b4e83b64c0b45809b1b03" member_type: VOTER last_known_addr { host: "127.19.181.65" port: 36149 } } peers { permanent_uuid: "2e219bbf6c39481cacde15533b2f8c6b" member_type: VOTER last_known_addr { host: "127.19.181.66" port: 46051 } } peers { permanent_uuid: "0a30fedf4702405598d19a69b09f27de" member_type: VOTER last_known_addr { host: "127.19.181.67" port: 36583 } }
I20260630 12:29:35.742506 21046 ts_tablet_manager.cc:1434] T 4bfc61520cd841888dd34bc7ff5db9e9 P 0a30fedf4702405598d19a69b09f27de: Time spent starting tablet: real 0.008s	user 0.000s	sys 0.007s
I20260630 12:29:35.742427 21047 raft_consensus.cc:359] T 22b27bc6dd304f0990486268d55bd9a7 P 4f594d9df76b4e83b64c0b45809b1b03 [term 0 FOLLOWER]: Replica starting. Triggering 0 pending ops. Active config: opid_index: -1 OBSOLETE_local: false peers { permanent_uuid: "4f594d9df76b4e83b64c0b45809b1b03" member_type: VOTER last_known_addr { host: "127.19.181.65" port: 36149 } } peers { permanent_uuid: "2e219bbf6c39481cacde15533b2f8c6b" member_type: VOTER last_known_addr { host: "127.19.181.66" port: 46051 } } peers { permanent_uuid: "0a30fedf4702405598d19a69b09f27de" member_type: VOTER last_known_addr { host: "127.19.181.67" port: 36583 } }
I20260630 12:29:35.743216 21047 raft_consensus.cc:385] T 22b27bc6dd304f0990486268d55bd9a7 P 4f594d9df76b4e83b64c0b45809b1b03 [term 0 FOLLOWER]: Consensus starting up: Expiring failure detector timer to make a prompt election more likely
