I20260630 12:30:41.709100 20290 raft_consensus.cc:2243] T 00000000000000000000000000000000 P 42c92885cacd43b79479039bdcf37264 [term 1 LEADER]: Raft consensus shutting down.
I20260630 12:30:41.709664 20290 raft_consensus.cc:2272] T 00000000000000000000000000000000 P 42c92885cacd43b79479039bdcf37264 [term 1 FOLLOWER]: Raft consensus is shut down!
I20260630 12:30:41.709990 20290 tablet_replica.cc:333] T 00000000000000000000000000000000 P 42c92885cacd43b79479039bdcf37264: stopping tablet replica
I20260630 12:30:41.727746 20290 master.cc:584] Master@127.19.208.190:43517 shutdown complete.
[       OK ] AutoRebalancerTest.RangeAwareBuildClusterInfoGroupsByRange (2527 ms)
[ RUN      ] AutoRebalancerTest.RangeAwareRebalancesNewRangeReplicas
I20260630 12:30:41.774713 20290 internal_mini_cluster.cc:156] Creating distributed mini masters. Addrs: 127.19.208.190:38819
I20260630 12:30:41.775825 20290 file_cache.cc:492] Constructed file cache file cache with capacity 419430
W20260630 12:30:41.781186 23146 instance_detector.cc:116] could not retrieve AWS instance metadata: Network error: curl error: HTTP response code said error: The requested URL returned error: 404
W20260630 12:30:41.781261 23147 instance_detector.cc:116] could not retrieve Azure instance metadata: Network error: curl error: HTTP response code said error: The requested URL returned error: 404
W20260630 12:30:41.783533 23149 instance_detector.cc:116] could not retrieve OpenStack instance metadata: Network error: curl error: HTTP response code said error: The requested URL returned error: 404
I20260630 12:30:41.784060 20290 server_base.cc:1061] running on GCE node
I20260630 12:30:41.784933 20290 hybrid_clock.cc:584] initializing the hybrid clock with 'system_unsync' time source
W20260630 12:30:41.785104 20290 system_unsync_time.cc:38] NTP support is disabled. Clock error bounds will not be accurate. This configuration is not suitable for distributed clusters.
I20260630 12:30:41.785220 20290 hybrid_clock.cc:648] HybridClock initialized: now 1782822641785209 us; error 0 us; skew 500 ppm
I20260630 12:30:41.785701 20290 server_base.cc:861] Flag tcmalloc_max_total_thread_cache_bytes is not working since tcmalloc is not enabled.
I20260630 12:30:41.787798 20290 webserver.cc:533] Webserver started at http://127.19.208.190:33055/ using document root <none> and password file <none>
I20260630 12:30:41.788199 20290 fs_manager.cc:362] Metadata directory not provided
I20260630 12:30:41.788347 20290 fs_manager.cc:368] Using write-ahead log directory (fs_wal_dir) as metadata directory
I20260630 12:30:41.788550 20290 server_base.cc:909] This appears to be a new deployment of Kudu; creating new FS layout
I20260630 12:30:41.789654 20290 fs_manager.cc:1068] Generated new instance metadata in path /tmp/dist-test-taskW5Uasg/test-tmp/auto_rebalancer-test.0.AutoRebalancerTest.RangeAwareRebalancesNewRangeReplicas.1782822563825524-20290-0/minicluster-data/master-0-root/instance:
uuid: "4c64d7237f934c039a1724af78336e43"
format_stamp: "Formatted at 2026-06-30 12:30:41 on dist-test-slave-3z5p"
I20260630 12:30:41.793869 20290 fs_manager.cc:696] Time spent creating directory manager: real 0.004s	user 0.003s	sys 0.001s
I20260630 12:30:41.796833 23154 log_block_manager.cc:4031] Time spent loading block containers with low live blocks: real 0.000s	user 0.000s	sys 0.000s
I20260630 12:30:41.797641 20290 fs_manager.cc:730] Time spent opening block manager: real 0.002s	user 0.002s	sys 0.001s
I20260630 12:30:41.797915 20290 fs_manager.cc:647] Opened local filesystem: /tmp/dist-test-taskW5Uasg/test-tmp/auto_rebalancer-test.0.AutoRebalancerTest.RangeAwareRebalancesNewRangeReplicas.1782822563825524-20290-0/minicluster-data/master-0-root
uuid: "4c64d7237f934c039a1724af78336e43"
format_stamp: "Formatted at 2026-06-30 12:30:41 on dist-test-slave-3z5p"
I20260630 12:30:41.798199 20290 fs_report.cc:389] FS layout report
--------------------
wal directory: /tmp/dist-test-taskW5Uasg/test-tmp/auto_rebalancer-test.0.AutoRebalancerTest.RangeAwareRebalancesNewRangeReplicas.1782822563825524-20290-0/minicluster-data/master-0-root
metadata directory: /tmp/dist-test-taskW5Uasg/test-tmp/auto_rebalancer-test.0.AutoRebalancerTest.RangeAwareRebalancesNewRangeReplicas.1782822563825524-20290-0/minicluster-data/master-0-root
1 data directories: /tmp/dist-test-taskW5Uasg/test-tmp/auto_rebalancer-test.0.AutoRebalancerTest.RangeAwareRebalancesNewRangeReplicas.1782822563825524-20290-0/minicluster-data/master-0-root/data
Total live blocks: 0
Total live bytes: 0
Total live bytes (after alignment): 0
Total number of LBM containers: 0 (0 full)
Did not check for missing blocks
Did not check for orphaned blocks
Total full LBM containers with extra space: 0 (0 repaired)
Total full LBM container extra space in bytes: 0 (0 repaired)
Total incomplete LBM containers: 0 (0 repaired)
Total LBM partial records: 0 (0 repaired)
Total corrupted LBM metadata records in RocksDB: 0 (0 repaired)
I20260630 12:30:41.808534 20290 rpc_server.cc:225] running with OpenSSL 1.1.1  11 Sep 2018
I20260630 12:30:41.809559 20290 kserver.cc:163] Server-wide thread pool size limit: 3276
I20260630 12:30:41.843745 20290 rpc_server.cc:307] RPC server started. Bound to: 127.19.208.190:38819
I20260630 12:30:41.843855 23205 acceptor_pool.cc:272] collecting diagnostics on the listening RPC socket 127.19.208.190:38819 every 8 connection(s)
I20260630 12:30:41.847505 23206 data_dirs.cc:400] Could only allocate 1 dirs of requested 3 for tablet 00000000000000000000000000000000. 1 dirs total, 0 dirs full, 0 dirs failed
I20260630 12:30:41.857208 23206 tablet_bootstrap.cc:492] T 00000000000000000000000000000000 P 4c64d7237f934c039a1724af78336e43: Bootstrap starting.
I20260630 12:30:41.861460 23206 tablet_bootstrap.cc:654] T 00000000000000000000000000000000 P 4c64d7237f934c039a1724af78336e43: Neither blocks nor log segments found. Creating new log.
I20260630 12:30:41.865195 23206 tablet_bootstrap.cc:492] T 00000000000000000000000000000000 P 4c64d7237f934c039a1724af78336e43: No bootstrap required, opened a new log
I20260630 12:30:41.867158 23206 raft_consensus.cc:359] T 00000000000000000000000000000000 P 4c64d7237f934c039a1724af78336e43 [term 0 FOLLOWER]: Replica starting. Triggering 0 pending ops. Active config: opid_index: -1 OBSOLETE_local: true peers { permanent_uuid: "4c64d7237f934c039a1724af78336e43" member_type: VOTER }
I20260630 12:30:41.867553 23206 raft_consensus.cc:385] T 00000000000000000000000000000000 P 4c64d7237f934c039a1724af78336e43 [term 0 FOLLOWER]: Consensus starting up: Expiring failure detector timer to make a prompt election more likely
I20260630 12:30:41.867736 23206 raft_consensus.cc:740] T 00000000000000000000000000000000 P 4c64d7237f934c039a1724af78336e43 [term 0 FOLLOWER]: Becoming Follower/Learner. State: Replica: 4c64d7237f934c039a1724af78336e43, State: Initialized, Role: FOLLOWER
I20260630 12:30:41.868314 23206 consensus_queue.cc:260] T 00000000000000000000000000000000 P 4c64d7237f934c039a1724af78336e43 [NON_LEADER]: Queue going to NON_LEADER mode. State: All replicated index: 0, Majority replicated index: 0, Committed index: 0, Last appended: 0.0, Last appended by leader: 0, Current term: 0, Majority size: -1, State: 0, Mode: NON_LEADER, active raft config: opid_index: -1 OBSOLETE_local: true peers { permanent_uuid: "4c64d7237f934c039a1724af78336e43" member_type: VOTER }
I20260630 12:30:41.868717 23206 raft_consensus.cc:399] T 00000000000000000000000000000000 P 4c64d7237f934c039a1724af78336e43 [term 0 FOLLOWER]: Only one voter in the Raft config. Triggering election immediately
I20260630 12:30:41.868903 23206 raft_consensus.cc:493] T 00000000000000000000000000000000 P 4c64d7237f934c039a1724af78336e43 [term 0 FOLLOWER]: Starting leader election (initial election of a single-replica configuration)
I20260630 12:30:41.869138 23206 raft_consensus.cc:3060] T 00000000000000000000000000000000 P 4c64d7237f934c039a1724af78336e43 [term 0 FOLLOWER]: Advancing to term 1
I20260630 12:30:41.873312 23206 raft_consensus.cc:515] T 00000000000000000000000000000000 P 4c64d7237f934c039a1724af78336e43 [term 1 FOLLOWER]: Starting leader election with config: opid_index: -1 OBSOLETE_local: true peers { permanent_uuid: "4c64d7237f934c039a1724af78336e43" member_type: VOTER }
I20260630 12:30:41.873900 23206 leader_election.cc:304] T 00000000000000000000000000000000 P 4c64d7237f934c039a1724af78336e43 [CANDIDATE]: Term 1 election: Election decided. Result: candidate won. Election summary: received 1 responses out of 1 voters: 1 yes votes; 0 no votes. yes voters: 4c64d7237f934c039a1724af78336e43; no voters: 
I20260630 12:30:41.874958 23206 leader_election.cc:290] T 00000000000000000000000000000000 P 4c64d7237f934c039a1724af78336e43 [CANDIDATE]: Term 1 election: Requested vote from peers 
I20260630 12:30:41.875267 23209 raft_consensus.cc:2804] T 00000000000000000000000000000000 P 4c64d7237f934c039a1724af78336e43 [term 1 FOLLOWER]: Leader election won for term 1
I20260630 12:30:41.876569 23209 raft_consensus.cc:697] T 00000000000000000000000000000000 P 4c64d7237f934c039a1724af78336e43 [term 1 LEADER]: Becoming Leader. State: Replica: 4c64d7237f934c039a1724af78336e43, State: Running, Role: LEADER
I20260630 12:30:41.877199 23209 consensus_queue.cc:237] T 00000000000000000000000000000000 P 4c64d7237f934c039a1724af78336e43 [LEADER]: Queue going to LEADER mode. State: All replicated index: 0, Majority replicated index: 0, Committed index: 0, Last appended: 0.0, Last appended by leader: 0, Current term: 1, Majority size: 1, State: 0, Mode: LEADER, active raft config: opid_index: -1 OBSOLETE_local: true peers { permanent_uuid: "4c64d7237f934c039a1724af78336e43" member_type: VOTER }
I20260630 12:30:41.877882 23206 sys_catalog.cc:565] T 00000000000000000000000000000000 P 4c64d7237f934c039a1724af78336e43 [sys.catalog]: configured and running, proceeding with master startup.
I20260630 12:30:41.879911 23210 sys_catalog.cc:455] T 00000000000000000000000000000000 P 4c64d7237f934c039a1724af78336e43 [sys.catalog]: SysCatalogTable state changed. Reason: RaftConsensus started. Latest consensus state: current_term: 1 leader_uuid: "4c64d7237f934c039a1724af78336e43" committed_config { opid_index: -1 OBSOLETE_local: true peers { permanent_uuid: "4c64d7237f934c039a1724af78336e43" member_type: VOTER } }
I20260630 12:30:41.879930 23211 sys_catalog.cc:455] T 00000000000000000000000000000000 P 4c64d7237f934c039a1724af78336e43 [sys.catalog]: SysCatalogTable state changed. Reason: New leader 4c64d7237f934c039a1724af78336e43. Latest consensus state: current_term: 1 leader_uuid: "4c64d7237f934c039a1724af78336e43" committed_config { opid_index: -1 OBSOLETE_local: true peers { permanent_uuid: "4c64d7237f934c039a1724af78336e43" member_type: VOTER } }
I20260630 12:30:41.880642 23210 sys_catalog.cc:458] T 00000000000000000000000000000000 P 4c64d7237f934c039a1724af78336e43 [sys.catalog]: This master's current role is: LEADER
I20260630 12:30:41.880712 23211 sys_catalog.cc:458] T 00000000000000000000000000000000 P 4c64d7237f934c039a1724af78336e43 [sys.catalog]: This master's current role is: LEADER
I20260630 12:30:41.884804 23214 catalog_manager.cc:1511] Loading table and tablet metadata into memory...
I20260630 12:30:41.892658 23214 catalog_manager.cc:1520] Initializing Kudu cluster ID...
I20260630 12:30:41.893677 20290 internal_mini_cluster.cc:184] Waiting to initialize catalog manager on master 0
I20260630 12:30:41.901703 23214 catalog_manager.cc:1383] Generated new cluster ID: e5b4e5f64d7b406eb6d04f554a61d87c
I20260630 12:30:41.902000 23214 catalog_manager.cc:1531] Initializing Kudu internal certificate authority...
I20260630 12:30:41.931969 23214 catalog_manager.cc:1406] Generated new certificate authority record
I20260630 12:30:41.933218 23214 catalog_manager.cc:1540] Loading token signing keys...
I20260630 12:30:41.951783 23214 catalog_manager.cc:6070] T 00000000000000000000000000000000 P 4c64d7237f934c039a1724af78336e43: Generated new TSK 0
I20260630 12:30:41.952412 23214 catalog_manager.cc:1550] Initializing in-progress tserver states...
I20260630 12:30:41.960487 20290 file_cache.cc:492] Constructed file cache file cache with capacity 419430
W20260630 12:30:41.966303 23227 instance_detector.cc:116] could not retrieve AWS instance metadata: Network error: curl error: HTTP response code said error: The requested URL returned error: 404
W20260630 12:30:41.967442 23228 instance_detector.cc:116] could not retrieve Azure instance metadata: Network error: curl error: HTTP response code said error: The requested URL returned error: 404
W20260630 12:30:41.968924 23230 instance_detector.cc:116] could not retrieve OpenStack instance metadata: Network error: curl error: HTTP response code said error: The requested URL returned error: 404
I20260630 12:30:41.969616 20290 server_base.cc:1061] running on GCE node
I20260630 12:30:41.970485 20290 hybrid_clock.cc:584] initializing the hybrid clock with 'system_unsync' time source
W20260630 12:30:41.970733 20290 system_unsync_time.cc:38] NTP support is disabled. Clock error bounds will not be accurate. This configuration is not suitable for distributed clusters.
I20260630 12:30:41.970911 20290 hybrid_clock.cc:648] HybridClock initialized: now 1782822641970888 us; error 0 us; skew 500 ppm
I20260630 12:30:41.971401 20290 server_base.cc:861] Flag tcmalloc_max_total_thread_cache_bytes is not working since tcmalloc is not enabled.
I20260630 12:30:41.973666 20290 webserver.cc:533] Webserver started at http://127.19.208.129:46367/ using document root <none> and password file <none>
I20260630 12:30:41.974131 20290 fs_manager.cc:362] Metadata directory not provided
I20260630 12:30:41.974336 20290 fs_manager.cc:368] Using write-ahead log directory (fs_wal_dir) as metadata directory
I20260630 12:30:41.974608 20290 server_base.cc:909] This appears to be a new deployment of Kudu; creating new FS layout
I20260630 12:30:41.975660 20290 fs_manager.cc:1068] Generated new instance metadata in path /tmp/dist-test-taskW5Uasg/test-tmp/auto_rebalancer-test.0.AutoRebalancerTest.RangeAwareRebalancesNewRangeReplicas.1782822563825524-20290-0/minicluster-data/ts-0-root/instance:
uuid: "148fee78a9a8464cbec1806f743dce73"
format_stamp: "Formatted at 2026-06-30 12:30:41 on dist-test-slave-3z5p"
I20260630 12:30:41.980118 20290 fs_manager.cc:696] Time spent creating directory manager: real 0.004s	user 0.003s	sys 0.003s
I20260630 12:30:41.983299 23235 log_block_manager.cc:4031] Time spent loading block containers with low live blocks: real 0.000s	user 0.000s	sys 0.000s
I20260630 12:30:41.984126 20290 fs_manager.cc:730] Time spent opening block manager: real 0.002s	user 0.002s	sys 0.000s
I20260630 12:30:41.984398 20290 fs_manager.cc:647] Opened local filesystem: /tmp/dist-test-taskW5Uasg/test-tmp/auto_rebalancer-test.0.AutoRebalancerTest.RangeAwareRebalancesNewRangeReplicas.1782822563825524-20290-0/minicluster-data/ts-0-root
uuid: "148fee78a9a8464cbec1806f743dce73"
format_stamp: "Formatted at 2026-06-30 12:30:41 on dist-test-slave-3z5p"
I20260630 12:30:41.984716 20290 fs_report.cc:389] FS layout report
--------------------
wal directory: /tmp/dist-test-taskW5Uasg/test-tmp/auto_rebalancer-test.0.AutoRebalancerTest.RangeAwareRebalancesNewRangeReplicas.1782822563825524-20290-0/minicluster-data/ts-0-root
metadata directory: /tmp/dist-test-taskW5Uasg/test-tmp/auto_rebalancer-test.0.AutoRebalancerTest.RangeAwareRebalancesNewRangeReplicas.1782822563825524-20290-0/minicluster-data/ts-0-root
1 data directories: /tmp/dist-test-taskW5Uasg/test-tmp/auto_rebalancer-test.0.AutoRebalancerTest.RangeAwareRebalancesNewRangeReplicas.1782822563825524-20290-0/minicluster-data/ts-0-root/data
Total live blocks: 0
Total live bytes: 0
Total live bytes (after alignment): 0
Total number of LBM containers: 0 (0 full)
Did not check for missing blocks
Did not check for orphaned blocks
Total full LBM containers with extra space: 0 (0 repaired)
Total full LBM container extra space in bytes: 0 (0 repaired)
Total incomplete LBM containers: 0 (0 repaired)
Total LBM partial records: 0 (0 repaired)
Total corrupted LBM metadata records in RocksDB: 0 (0 repaired)
I20260630 12:30:42.012396 20290 rpc_server.cc:225] running with OpenSSL 1.1.1  11 Sep 2018
I20260630 12:30:42.013604 20290 kserver.cc:163] Server-wide thread pool size limit: 3276
I20260630 12:30:42.015017 20290 txn_system_client.cc:432] TxnSystemClient initialization is disabled...
I20260630 12:30:42.017222 20290 ts_tablet_manager.cc:585] Loaded tablet metadata (0 total tablets, 0 live tablets)
I20260630 12:30:42.017465 20290 ts_tablet_manager.cc:531] Time spent load tablet metadata: real 0.000s	user 0.000s	sys 0.001s
I20260630 12:30:42.017710 20290 ts_tablet_manager.cc:616] Registered 0 tablets
I20260630 12:30:42.017879 20290 ts_tablet_manager.cc:595] Time spent register tablets: real 0.000s	user 0.000s	sys 0.000s
I20260630 12:30:42.055330 20290 rpc_server.cc:307] RPC server started. Bound to: 127.19.208.129:32955
I20260630 12:30:42.055423 23297 acceptor_pool.cc:272] collecting diagnostics on the listening RPC socket 127.19.208.129:32955 every 8 connection(s)
I20260630 12:30:42.060055 20290 file_cache.cc:492] Constructed file cache file cache with capacity 419430
W20260630 12:30:42.067142 23302 instance_detector.cc:116] could not retrieve AWS instance metadata: Network error: curl error: HTTP response code said error: The requested URL returned error: 404
W20260630 12:30:42.068900 23303 instance_detector.cc:116] could not retrieve Azure instance metadata: Network error: curl error: HTTP response code said error: The requested URL returned error: 404
W20260630 12:30:42.070307 23305 instance_detector.cc:116] could not retrieve OpenStack instance metadata: Network error: curl error: HTTP response code said error: The requested URL returned error: 404
I20260630 12:30:42.071254 20290 server_base.cc:1061] running on GCE node
I20260630 12:30:42.072171 20290 hybrid_clock.cc:584] initializing the hybrid clock with 'system_unsync' time source
W20260630 12:30:42.072448 20290 system_unsync_time.cc:38] NTP support is disabled. Clock error bounds will not be accurate. This configuration is not suitable for distributed clusters.
I20260630 12:30:42.072657 20290 hybrid_clock.cc:648] HybridClock initialized: now 1782822642072637 us; error 0 us; skew 500 ppm
I20260630 12:30:42.073192 20290 server_base.cc:861] Flag tcmalloc_max_total_thread_cache_bytes is not working since tcmalloc is not enabled.
I20260630 12:30:42.073702 23298 heartbeater.cc:344] Connected to a master server at 127.19.208.190:38819
I20260630 12:30:42.074067 23298 heartbeater.cc:461] Registering TS with master...
I20260630 12:30:42.074771 23298 heartbeater.cc:507] Master 127.19.208.190:38819 requested a full tablet report, sending...
I20260630 12:30:42.076017 20290 webserver.cc:533] Webserver started at http://127.19.208.130:35993/ using document root <none> and password file <none>
I20260630 12:30:42.076509 20290 fs_manager.cc:362] Metadata directory not provided
I20260630 12:30:42.076720 20290 fs_manager.cc:368] Using write-ahead log directory (fs_wal_dir) as metadata directory
I20260630 12:30:42.076743 23171 ts_manager.cc:194] Registered new tserver with Master: 148fee78a9a8464cbec1806f743dce73 (127.19.208.129:32955)
I20260630 12:30:42.077049 20290 server_base.cc:909] This appears to be a new deployment of Kudu; creating new FS layout
I20260630 12:30:42.078176 20290 fs_manager.cc:1068] Generated new instance metadata in path /tmp/dist-test-taskW5Uasg/test-tmp/auto_rebalancer-test.0.AutoRebalancerTest.RangeAwareRebalancesNewRangeReplicas.1782822563825524-20290-0/minicluster-data/ts-1-root/instance:
uuid: "52ca74172ada4c388a1de5ff0c6acb8e"
format_stamp: "Formatted at 2026-06-30 12:30:42 on dist-test-slave-3z5p"
I20260630 12:30:42.078598 23171 master_service.cc:502] Signed X509 certificate for tserver {username='slave'} at 127.0.0.1:47932
I20260630 12:30:42.082687 20290 fs_manager.cc:696] Time spent creating directory manager: real 0.004s	user 0.004s	sys 0.000s
I20260630 12:30:42.085952 23310 log_block_manager.cc:4031] Time spent loading block containers with low live blocks: real 0.000s	user 0.000s	sys 0.000s
I20260630 12:30:42.086850 20290 fs_manager.cc:730] Time spent opening block manager: real 0.002s	user 0.002s	sys 0.001s
I20260630 12:30:42.087205 20290 fs_manager.cc:647] Opened local filesystem: /tmp/dist-test-taskW5Uasg/test-tmp/auto_rebalancer-test.0.AutoRebalancerTest.RangeAwareRebalancesNewRangeReplicas.1782822563825524-20290-0/minicluster-data/ts-1-root
uuid: "52ca74172ada4c388a1de5ff0c6acb8e"
format_stamp: "Formatted at 2026-06-30 12:30:42 on dist-test-slave-3z5p"
I20260630 12:30:42.087487 20290 fs_report.cc:389] FS layout report
--------------------
wal directory: /tmp/dist-test-taskW5Uasg/test-tmp/auto_rebalancer-test.0.AutoRebalancerTest.RangeAwareRebalancesNewRangeReplicas.1782822563825524-20290-0/minicluster-data/ts-1-root
metadata directory: /tmp/dist-test-taskW5Uasg/test-tmp/auto_rebalancer-test.0.AutoRebalancerTest.RangeAwareRebalancesNewRangeReplicas.1782822563825524-20290-0/minicluster-data/ts-1-root
1 data directories: /tmp/dist-test-taskW5Uasg/test-tmp/auto_rebalancer-test.0.AutoRebalancerTest.RangeAwareRebalancesNewRangeReplicas.1782822563825524-20290-0/minicluster-data/ts-1-root/data
Total live blocks: 0
Total live bytes: 0
Total live bytes (after alignment): 0
Total number of LBM containers: 0 (0 full)
Did not check for missing blocks
Did not check for orphaned blocks
Total full LBM containers with extra space: 0 (0 repaired)
Total full LBM container extra space in bytes: 0 (0 repaired)
Total incomplete LBM containers: 0 (0 repaired)
Total LBM partial records: 0 (0 repaired)
Total corrupted LBM metadata records in RocksDB: 0 (0 repaired)
I20260630 12:30:42.096256 20290 rpc_server.cc:225] running with OpenSSL 1.1.1  11 Sep 2018
I20260630 12:30:42.097206 20290 kserver.cc:163] Server-wide thread pool size limit: 3276
I20260630 12:30:42.098575 20290 txn_system_client.cc:432] TxnSystemClient initialization is disabled...
I20260630 12:30:42.100711 20290 ts_tablet_manager.cc:585] Loaded tablet metadata (0 total tablets, 0 live tablets)
I20260630 12:30:42.100929 20290 ts_tablet_manager.cc:531] Time spent load tablet metadata: real 0.000s	user 0.000s	sys 0.000s
I20260630 12:30:42.101171 20290 ts_tablet_manager.cc:616] Registered 0 tablets
I20260630 12:30:42.101341 20290 ts_tablet_manager.cc:595] Time spent register tablets: real 0.000s	user 0.000s	sys 0.000s
I20260630 12:30:42.137228 20290 rpc_server.cc:307] RPC server started. Bound to: 127.19.208.130:45055
I20260630 12:30:42.137351 23372 acceptor_pool.cc:272] collecting diagnostics on the listening RPC socket 127.19.208.130:45055 every 8 connection(s)
I20260630 12:30:42.141842 20290 file_cache.cc:492] Constructed file cache file cache with capacity 419430
W20260630 12:30:42.149153 23376 instance_detector.cc:116] could not retrieve AWS instance metadata: Network error: curl error: HTTP response code said error: The requested URL returned error: 404
W20260630 12:30:42.150183 23377 instance_detector.cc:116] could not retrieve Azure instance metadata: Network error: curl error: HTTP response code said error: The requested URL returned error: 404
W20260630 12:30:42.153664 23379 instance_detector.cc:116] could not retrieve OpenStack instance metadata: Network error: curl error: HTTP response code said error: The requested URL returned error: 404
I20260630 12:30:42.154709 23373 heartbeater.cc:344] Connected to a master server at 127.19.208.190:38819
I20260630 12:30:42.155207 20290 server_base.cc:1061] running on GCE node
I20260630 12:30:42.155213 23373 heartbeater.cc:461] Registering TS with master...
I20260630 12:30:42.156087 20290 hybrid_clock.cc:584] initializing the hybrid clock with 'system_unsync' time source
W20260630 12:30:42.156328 20290 system_unsync_time.cc:38] NTP support is disabled. Clock error bounds will not be accurate. This configuration is not suitable for distributed clusters.
I20260630 12:30:42.156195 23373 heartbeater.cc:507] Master 127.19.208.190:38819 requested a full tablet report, sending...
I20260630 12:30:42.156591 20290 hybrid_clock.cc:648] HybridClock initialized: now 1782822642156534 us; error 0 us; skew 500 ppm
I20260630 12:30:42.157186 20290 server_base.cc:861] Flag tcmalloc_max_total_thread_cache_bytes is not working since tcmalloc is not enabled.
I20260630 12:30:42.158555 23171 ts_manager.cc:194] Registered new tserver with Master: 52ca74172ada4c388a1de5ff0c6acb8e (127.19.208.130:45055)
I20260630 12:30:42.159662 20290 webserver.cc:533] Webserver started at http://127.19.208.131:46239/ using document root <none> and password file <none>
I20260630 12:30:42.160065 23171 master_service.cc:502] Signed X509 certificate for tserver {username='slave'} at 127.0.0.1:47944
I20260630 12:30:42.160151 20290 fs_manager.cc:362] Metadata directory not provided
I20260630 12:30:42.160461 20290 fs_manager.cc:368] Using write-ahead log directory (fs_wal_dir) as metadata directory
I20260630 12:30:42.160749 20290 server_base.cc:909] This appears to be a new deployment of Kudu; creating new FS layout
I20260630 12:30:42.161839 20290 fs_manager.cc:1068] Generated new instance metadata in path /tmp/dist-test-taskW5Uasg/test-tmp/auto_rebalancer-test.0.AutoRebalancerTest.RangeAwareRebalancesNewRangeReplicas.1782822563825524-20290-0/minicluster-data/ts-2-root/instance:
uuid: "1bf42b9ff9364917819f76df4489af3e"
format_stamp: "Formatted at 2026-06-30 12:30:42 on dist-test-slave-3z5p"
I20260630 12:30:42.166157 20290 fs_manager.cc:696] Time spent creating directory manager: real 0.004s	user 0.003s	sys 0.001s
I20260630 12:30:42.169200 23384 log_block_manager.cc:4031] Time spent loading block containers with low live blocks: real 0.000s	user 0.000s	sys 0.000s
I20260630 12:30:42.169929 20290 fs_manager.cc:730] Time spent opening block manager: real 0.002s	user 0.003s	sys 0.000s
I20260630 12:30:42.170223 20290 fs_manager.cc:647] Opened local filesystem: /tmp/dist-test-taskW5Uasg/test-tmp/auto_rebalancer-test.0.AutoRebalancerTest.RangeAwareRebalancesNewRangeReplicas.1782822563825524-20290-0/minicluster-data/ts-2-root
uuid: "1bf42b9ff9364917819f76df4489af3e"
format_stamp: "Formatted at 2026-06-30 12:30:42 on dist-test-slave-3z5p"
I20260630 12:30:42.170499 20290 fs_report.cc:389] FS layout report
--------------------
wal directory: /tmp/dist-test-taskW5Uasg/test-tmp/auto_rebalancer-test.0.AutoRebalancerTest.RangeAwareRebalancesNewRangeReplicas.1782822563825524-20290-0/minicluster-data/ts-2-root
metadata directory: /tmp/dist-test-taskW5Uasg/test-tmp/auto_rebalancer-test.0.AutoRebalancerTest.RangeAwareRebalancesNewRangeReplicas.1782822563825524-20290-0/minicluster-data/ts-2-root
1 data directories: /tmp/dist-test-taskW5Uasg/test-tmp/auto_rebalancer-test.0.AutoRebalancerTest.RangeAwareRebalancesNewRangeReplicas.1782822563825524-20290-0/minicluster-data/ts-2-root/data
Total live blocks: 0
Total live bytes: 0
Total live bytes (after alignment): 0
Total number of LBM containers: 0 (0 full)
Did not check for missing blocks
Did not check for orphaned blocks
Total full LBM containers with extra space: 0 (0 repaired)
Total full LBM container extra space in bytes: 0 (0 repaired)
Total incomplete LBM containers: 0 (0 repaired)
Total LBM partial records: 0 (0 repaired)
Total corrupted LBM metadata records in RocksDB: 0 (0 repaired)
I20260630 12:30:42.181609 20290 rpc_server.cc:225] running with OpenSSL 1.1.1  11 Sep 2018
I20260630 12:30:42.182613 20290 kserver.cc:163] Server-wide thread pool size limit: 3276
I20260630 12:30:42.183974 20290 txn_system_client.cc:432] TxnSystemClient initialization is disabled...
I20260630 12:30:42.186239 20290 ts_tablet_manager.cc:585] Loaded tablet metadata (0 total tablets, 0 live tablets)
I20260630 12:30:42.186517 20290 ts_tablet_manager.cc:531] Time spent load tablet metadata: real 0.000s	user 0.000s	sys 0.000s
I20260630 12:30:42.186780 20290 ts_tablet_manager.cc:616] Registered 0 tablets
I20260630 12:30:42.186916 20290 ts_tablet_manager.cc:595] Time spent register tablets: real 0.000s	user 0.000s	sys 0.000s
I20260630 12:30:42.223522 20290 rpc_server.cc:307] RPC server started. Bound to: 127.19.208.131:37491
I20260630 12:30:42.223625 23446 acceptor_pool.cc:272] collecting diagnostics on the listening RPC socket 127.19.208.131:37491 every 8 connection(s)
I20260630 12:30:42.236922 23447 heartbeater.cc:344] Connected to a master server at 127.19.208.190:38819
I20260630 12:30:42.237277 23447 heartbeater.cc:461] Registering TS with master...
I20260630 12:30:42.238176 23447 heartbeater.cc:507] Master 127.19.208.190:38819 requested a full tablet report, sending...
I20260630 12:30:42.239892 23171 ts_manager.cc:194] Registered new tserver with Master: 1bf42b9ff9364917819f76df4489af3e (127.19.208.131:37491)
I20260630 12:30:42.240134 20290 internal_mini_cluster.cc:371] 3 TS(s) registered with all masters after 0.013439914s
I20260630 12:30:42.241235 23171 master_service.cc:502] Signed X509 certificate for tserver {username='slave'} at 127.0.0.1:47956
I20260630 12:30:43.080933 23298 heartbeater.cc:499] Master 127.19.208.190:38819 was elected leader, sending a full tablet report...
I20260630 12:30:43.162688 23373 heartbeater.cc:499] Master 127.19.208.190:38819 was elected leader, sending a full tablet report...
I20260630 12:30:43.243742 23447 heartbeater.cc:499] Master 127.19.208.190:38819 was elected leader, sending a full tablet report...
I20260630 12:30:43.293143 23171 catalog_manager.cc:2283] Servicing CreateTable request from {username='slave'} at 127.0.0.1:47972:
name: "range_aware_rebalance_new_range"
schema {
  columns {
    name: "key"
    type: INT32
    is_key: true
    is_nullable: false
    encoding: AUTO_ENCODING
    compression: DEFAULT_COMPRESSION
    cfile_block_size: 0
    immutable: false
  }
}
num_replicas: 3
split_rows_range_bounds {
  rows: "\006\001\000\000\000\000\007\001\n\000\000\000""\006\001\000\000\000\000\007\001\n\000\000\000"
  indirect_data: """"
}
partition_schema {
  hash_schema {
    columns {
      name: "key"
    }
    num_buckets: 8
    seed: 0
  }
  range_schema {
    columns {
      name: "key"
    }
  }
}
W20260630 12:30:43.295163 23171 catalog_manager.cc:7077] The number of live tablet servers is not enough to re-replicate a tablet replica of the newly created table range_aware_rebalance_new_range in case of a server failure: 4 tablet servers would be needed, 3 are available. Consider bringing up more tablet servers.
I20260630 12:30:43.351055 23411 tablet_service.cc:1511] Processing CreateTablet for tablet 200802a3848b4eaa97599dd2c7e2d4d8 (DEFAULT_TABLE table=range_aware_rebalance_new_range [id=0aef5f5f1bb846328dd694572f6bfa34]), partition=HASH (key) PARTITION 1, RANGE (key) PARTITION 0 <= VALUES < 10
I20260630 12:30:43.351642 23410 tablet_service.cc:1511] Processing CreateTablet for tablet 2fe0103a66f144b2aec551cc0a380101 (DEFAULT_TABLE table=range_aware_rebalance_new_range [id=0aef5f5f1bb846328dd694572f6bfa34]), partition=HASH (key) PARTITION 2, RANGE (key) PARTITION 0 <= VALUES < 10
I20260630 12:30:43.352567 23411 data_dirs.cc:400] Could only allocate 1 dirs of requested 3 for tablet 200802a3848b4eaa97599dd2c7e2d4d8. 1 dirs total, 0 dirs full, 0 dirs failed
I20260630 12:30:43.353667 23409 tablet_service.cc:1511] Processing CreateTablet for tablet 98ac52ed495642cead30595a361b288b (DEFAULT_TABLE table=range_aware_rebalance_new_range [id=0aef5f5f1bb846328dd694572f6bfa34]), partition=HASH (key) PARTITION 3, RANGE (key) PARTITION 0 <= VALUES < 10
I20260630 12:30:43.355049 23409 data_dirs.cc:400] Could only allocate 1 dirs of requested 3 for tablet 98ac52ed495642cead30595a361b288b. 1 dirs total, 0 dirs full, 0 dirs failed
I20260630 12:30:43.358247 23412 tablet_service.cc:1511] Processing CreateTablet for tablet 0ffc34454471470ab3c2cd4b8ed824ec (DEFAULT_TABLE table=range_aware_rebalance_new_range [id=0aef5f5f1bb846328dd694572f6bfa34]), partition=HASH (key) PARTITION 0, RANGE (key) PARTITION 0 <= VALUES < 10
I20260630 12:30:43.359228 23337 tablet_service.cc:1511] Processing CreateTablet for tablet 200802a3848b4eaa97599dd2c7e2d4d8 (DEFAULT_TABLE table=range_aware_rebalance_new_range [id=0aef5f5f1bb846328dd694572f6bfa34]), partition=HASH (key) PARTITION 1, RANGE (key) PARTITION 0 <= VALUES < 10
I20260630 12:30:43.359706 23412 data_dirs.cc:400] Could only allocate 1 dirs of requested 3 for tablet 0ffc34454471470ab3c2cd4b8ed824ec. 1 dirs total, 0 dirs full, 0 dirs failed
I20260630 12:30:43.360594 23337 data_dirs.cc:400] Could only allocate 1 dirs of requested 3 for tablet 200802a3848b4eaa97599dd2c7e2d4d8. 1 dirs total, 0 dirs full, 0 dirs failed
I20260630 12:30:43.362257 23336 tablet_service.cc:1511] Processing CreateTablet for tablet 2fe0103a66f144b2aec551cc0a380101 (DEFAULT_TABLE table=range_aware_rebalance_new_range [id=0aef5f5f1bb846328dd694572f6bfa34]), partition=HASH (key) PARTITION 2, RANGE (key) PARTITION 0 <= VALUES < 10
I20260630 12:30:43.363574 23336 data_dirs.cc:400] Could only allocate 1 dirs of requested 3 for tablet 2fe0103a66f144b2aec551cc0a380101. 1 dirs total, 0 dirs full, 0 dirs failed
I20260630 12:30:43.366312 23335 tablet_service.cc:1511] Processing CreateTablet for tablet 98ac52ed495642cead30595a361b288b (DEFAULT_TABLE table=range_aware_rebalance_new_range [id=0aef5f5f1bb846328dd694572f6bfa34]), partition=HASH (key) PARTITION 3, RANGE (key) PARTITION 0 <= VALUES < 10
I20260630 12:30:43.367931 23334 tablet_service.cc:1511] Processing CreateTablet for tablet a6da677af1ae489687550e9e280ba34f (DEFAULT_TABLE table=range_aware_rebalance_new_range [id=0aef5f5f1bb846328dd694572f6bfa34]), partition=HASH (key) PARTITION 4, RANGE (key) PARTITION 0 <= VALUES < 10
I20260630 12:30:43.370265 23333 tablet_service.cc:1511] Processing CreateTablet for tablet 7e38e0912f614a35aa125d5cf25f6093 (DEFAULT_TABLE table=range_aware_rebalance_new_range [id=0aef5f5f1bb846328dd694572f6bfa34]), partition=HASH (key) PARTITION 5, RANGE (key) PARTITION 0 <= VALUES < 10
I20260630 12:30:43.372371 23332 tablet_service.cc:1511] Processing CreateTablet for tablet 9fd5c742b38142afa7b9e356926da70e (DEFAULT_TABLE table=range_aware_rebalance_new_range [id=0aef5f5f1bb846328dd694572f6bfa34]), partition=HASH (key) PARTITION 6, RANGE (key) PARTITION 0 <= VALUES < 10
I20260630 12:30:43.373946 23263 tablet_service.cc:1511] Processing CreateTablet for tablet 0ffc34454471470ab3c2cd4b8ed824ec (DEFAULT_TABLE table=range_aware_rebalance_new_range [id=0aef5f5f1bb846328dd694572f6bfa34]), partition=HASH (key) PARTITION 0, RANGE (key) PARTITION 0 <= VALUES < 10
I20260630 12:30:43.374424 23331 tablet_service.cc:1511] Processing CreateTablet for tablet 50e736b823aa4acf8766bbf9865a15b5 (DEFAULT_TABLE table=range_aware_rebalance_new_range [id=0aef5f5f1bb846328dd694572f6bfa34]), partition=HASH (key) PARTITION 7, RANGE (key) PARTITION 0 <= VALUES < 10
I20260630 12:30:43.375355 23263 data_dirs.cc:400] Could only allocate 1 dirs of requested 3 for tablet 0ffc34454471470ab3c2cd4b8ed824ec. 1 dirs total, 0 dirs full, 0 dirs failed
I20260630 12:30:43.376430 23338 tablet_service.cc:1511] Processing CreateTablet for tablet 0ffc34454471470ab3c2cd4b8ed824ec (DEFAULT_TABLE table=range_aware_rebalance_new_range [id=0aef5f5f1bb846328dd694572f6bfa34]), partition=HASH (key) PARTITION 0, RANGE (key) PARTITION 0 <= VALUES < 10
I20260630 12:30:43.358256 23408 tablet_service.cc:1511] Processing CreateTablet for tablet a6da677af1ae489687550e9e280ba34f (DEFAULT_TABLE table=range_aware_rebalance_new_range [id=0aef5f5f1bb846328dd694572f6bfa34]), partition=HASH (key) PARTITION 4, RANGE (key) PARTITION 0 <= VALUES < 10
I20260630 12:30:43.377985 23261 tablet_service.cc:1511] Processing CreateTablet for tablet 2fe0103a66f144b2aec551cc0a380101 (DEFAULT_TABLE table=range_aware_rebalance_new_range [id=0aef5f5f1bb846328dd694572f6bfa34]), partition=HASH (key) PARTITION 2, RANGE (key) PARTITION 0 <= VALUES < 10
I20260630 12:30:43.378896 23408 data_dirs.cc:400] Could only allocate 1 dirs of requested 3 for tablet a6da677af1ae489687550e9e280ba34f. 1 dirs total, 0 dirs full, 0 dirs failed
I20260630 12:30:43.379459 23261 data_dirs.cc:400] Could only allocate 1 dirs of requested 3 for tablet 2fe0103a66f144b2aec551cc0a380101. 1 dirs total, 0 dirs full, 0 dirs failed
I20260630 12:30:43.382292 23260 tablet_service.cc:1511] Processing CreateTablet for tablet 98ac52ed495642cead30595a361b288b (DEFAULT_TABLE table=range_aware_rebalance_new_range [id=0aef5f5f1bb846328dd694572f6bfa34]), partition=HASH (key) PARTITION 3, RANGE (key) PARTITION 0 <= VALUES < 10
I20260630 12:30:43.376534 23262 tablet_service.cc:1511] Processing CreateTablet for tablet 200802a3848b4eaa97599dd2c7e2d4d8 (DEFAULT_TABLE table=range_aware_rebalance_new_range [id=0aef5f5f1bb846328dd694572f6bfa34]), partition=HASH (key) PARTITION 1, RANGE (key) PARTITION 0 <= VALUES < 10
I20260630 12:30:43.383713 23260 data_dirs.cc:400] Could only allocate 1 dirs of requested 3 for tablet 98ac52ed495642cead30595a361b288b. 1 dirs total, 0 dirs full, 0 dirs failed
I20260630 12:30:43.384908 23410 data_dirs.cc:400] Could only allocate 1 dirs of requested 3 for tablet 2fe0103a66f144b2aec551cc0a380101. 1 dirs total, 0 dirs full, 0 dirs failed
I20260630 12:30:43.385650 23258 tablet_service.cc:1511] Processing CreateTablet for tablet 7e38e0912f614a35aa125d5cf25f6093 (DEFAULT_TABLE table=range_aware_rebalance_new_range [id=0aef5f5f1bb846328dd694572f6bfa34]), partition=HASH (key) PARTITION 5, RANGE (key) PARTITION 0 <= VALUES < 10
I20260630 12:30:43.386544 23262 data_dirs.cc:400] Could only allocate 1 dirs of requested 3 for tablet 200802a3848b4eaa97599dd2c7e2d4d8. 1 dirs total, 0 dirs full, 0 dirs failed
I20260630 12:30:43.386627 23257 tablet_service.cc:1511] Processing CreateTablet for tablet 9fd5c742b38142afa7b9e356926da70e (DEFAULT_TABLE table=range_aware_rebalance_new_range [id=0aef5f5f1bb846328dd694572f6bfa34]), partition=HASH (key) PARTITION 6, RANGE (key) PARTITION 0 <= VALUES < 10
I20260630 12:30:43.387710 23259 tablet_service.cc:1511] Processing CreateTablet for tablet a6da677af1ae489687550e9e280ba34f (DEFAULT_TABLE table=range_aware_rebalance_new_range [id=0aef5f5f1bb846328dd694572f6bfa34]), partition=HASH (key) PARTITION 4, RANGE (key) PARTITION 0 <= VALUES < 10
I20260630 12:30:43.388266 23257 data_dirs.cc:400] Could only allocate 1 dirs of requested 3 for tablet 9fd5c742b38142afa7b9e356926da70e. 1 dirs total, 0 dirs full, 0 dirs failed
I20260630 12:30:43.389089 23259 data_dirs.cc:400] Could only allocate 1 dirs of requested 3 for tablet a6da677af1ae489687550e9e280ba34f. 1 dirs total, 0 dirs full, 0 dirs failed
I20260630 12:30:43.390395 23256 tablet_service.cc:1511] Processing CreateTablet for tablet 50e736b823aa4acf8766bbf9865a15b5 (DEFAULT_TABLE table=range_aware_rebalance_new_range [id=0aef5f5f1bb846328dd694572f6bfa34]), partition=HASH (key) PARTITION 7, RANGE (key) PARTITION 0 <= VALUES < 10
I20260630 12:30:43.369285 23334 data_dirs.cc:400] Could only allocate 1 dirs of requested 3 for tablet a6da677af1ae489687550e9e280ba34f. 1 dirs total, 0 dirs full, 0 dirs failed
I20260630 12:30:43.392987 23331 data_dirs.cc:400] Could only allocate 1 dirs of requested 3 for tablet 50e736b823aa4acf8766bbf9865a15b5. 1 dirs total, 0 dirs full, 0 dirs failed
I20260630 12:30:43.393721 23333 data_dirs.cc:400] Could only allocate 1 dirs of requested 3 for tablet 7e38e0912f614a35aa125d5cf25f6093. 1 dirs total, 0 dirs full, 0 dirs failed
I20260630 12:30:43.394636 23256 data_dirs.cc:400] Could only allocate 1 dirs of requested 3 for tablet 50e736b823aa4acf8766bbf9865a15b5. 1 dirs total, 0 dirs full, 0 dirs failed
I20260630 12:30:43.397822 23332 data_dirs.cc:400] Could only allocate 1 dirs of requested 3 for tablet 9fd5c742b38142afa7b9e356926da70e. 1 dirs total, 0 dirs full, 0 dirs failed
I20260630 12:30:43.425944 23338 data_dirs.cc:400] Could only allocate 1 dirs of requested 3 for tablet 0ffc34454471470ab3c2cd4b8ed824ec. 1 dirs total, 0 dirs full, 0 dirs failed
I20260630 12:30:43.429831 23335 data_dirs.cc:400] Could only allocate 1 dirs of requested 3 for tablet 98ac52ed495642cead30595a361b288b. 1 dirs total, 0 dirs full, 0 dirs failed
I20260630 12:30:43.397822 23258 data_dirs.cc:400] Could only allocate 1 dirs of requested 3 for tablet 7e38e0912f614a35aa125d5cf25f6093. 1 dirs total, 0 dirs full, 0 dirs failed
I20260630 12:30:43.415316 23407 tablet_service.cc:1511] Processing CreateTablet for tablet 7e38e0912f614a35aa125d5cf25f6093 (DEFAULT_TABLE table=range_aware_rebalance_new_range [id=0aef5f5f1bb846328dd694572f6bfa34]), partition=HASH (key) PARTITION 5, RANGE (key) PARTITION 0 <= VALUES < 10
I20260630 12:30:43.438382 23407 data_dirs.cc:400] Could only allocate 1 dirs of requested 3 for tablet 7e38e0912f614a35aa125d5cf25f6093. 1 dirs total, 0 dirs full, 0 dirs failed
I20260630 12:30:43.415584 23406 tablet_service.cc:1511] Processing CreateTablet for tablet 9fd5c742b38142afa7b9e356926da70e (DEFAULT_TABLE table=range_aware_rebalance_new_range [id=0aef5f5f1bb846328dd694572f6bfa34]), partition=HASH (key) PARTITION 6, RANGE (key) PARTITION 0 <= VALUES < 10
I20260630 12:30:43.442422 23406 data_dirs.cc:400] Could only allocate 1 dirs of requested 3 for tablet 9fd5c742b38142afa7b9e356926da70e. 1 dirs total, 0 dirs full, 0 dirs failed
I20260630 12:30:43.420488 23405 tablet_service.cc:1511] Processing CreateTablet for tablet 50e736b823aa4acf8766bbf9865a15b5 (DEFAULT_TABLE table=range_aware_rebalance_new_range [id=0aef5f5f1bb846328dd694572f6bfa34]), partition=HASH (key) PARTITION 7, RANGE (key) PARTITION 0 <= VALUES < 10
I20260630 12:30:43.446458 23405 data_dirs.cc:400] Could only allocate 1 dirs of requested 3 for tablet 50e736b823aa4acf8766bbf9865a15b5. 1 dirs total, 0 dirs full, 0 dirs failed
I20260630 12:30:43.447791 23468 tablet_bootstrap.cc:492] T 0ffc34454471470ab3c2cd4b8ed824ec P 148fee78a9a8464cbec1806f743dce73: Bootstrap starting.
I20260630 12:30:43.454495 23468 tablet_bootstrap.cc:654] T 0ffc34454471470ab3c2cd4b8ed824ec P 148fee78a9a8464cbec1806f743dce73: Neither blocks nor log segments found. Creating new log.
I20260630 12:30:43.461565 23468 tablet_bootstrap.cc:492] T 0ffc34454471470ab3c2cd4b8ed824ec P 148fee78a9a8464cbec1806f743dce73: No bootstrap required, opened a new log
I20260630 12:30:43.462196 23468 ts_tablet_manager.cc:1403] T 0ffc34454471470ab3c2cd4b8ed824ec P 148fee78a9a8464cbec1806f743dce73: Time spent bootstrapping tablet: real 0.015s	user 0.013s	sys 0.000s
I20260630 12:30:43.465648 23468 raft_consensus.cc:359] T 0ffc34454471470ab3c2cd4b8ed824ec P 148fee78a9a8464cbec1806f743dce73 [term 0 FOLLOWER]: Replica starting. Triggering 0 pending ops. Active config: opid_index: -1 OBSOLETE_local: false peers { permanent_uuid: "52ca74172ada4c388a1de5ff0c6acb8e" member_type: VOTER last_known_addr { host: "127.19.208.130" port: 45055 } } peers { permanent_uuid: "1bf42b9ff9364917819f76df4489af3e" member_type: VOTER last_known_addr { host: "127.19.208.131" port: 37491 } } peers { permanent_uuid: "148fee78a9a8464cbec1806f743dce73" member_type: VOTER last_known_addr { host: "127.19.208.129" port: 32955 } }
I20260630 12:30:43.466661 23468 raft_consensus.cc:385] T 0ffc34454471470ab3c2cd4b8ed824ec P 148fee78a9a8464cbec1806f743dce73 [term 0 FOLLOWER]: Consensus starting up: Expiring failure detector timer to make a prompt election more likely
I20260630 12:30:43.467032 23468 raft_consensus.cc:740] T 0ffc34454471470ab3c2cd4b8ed824ec P 148fee78a9a8464cbec1806f743dce73 [term 0 FOLLOWER]: Becoming Follower/Learner. State: Replica: 148fee78a9a8464cbec1806f743dce73, State: Initialized, Role: FOLLOWER
I20260630 12:30:43.468011 23468 consensus_queue.cc:260] T 0ffc34454471470ab3c2cd4b8ed824ec P 148fee78a9a8464cbec1806f743dce73 [NON_LEADER]: Queue going to NON_LEADER mode. State: All replicated index: 0, Majority replicated index: 0, Committed index: 0, Last appended: 0.0, Last appended by leader: 0, Current term: 0, Majority size: -1, State: 0, Mode: NON_LEADER, active raft config: opid_index: -1 OBSOLETE_local: false peers { permanent_uuid: "52ca74172ada4c388a1de5ff0c6acb8e" member_type: VOTER last_known_addr { host: "127.19.208.130" port: 45055 } } peers { permanent_uuid: "1bf42b9ff9364917819f76df4489af3e" member_type: VOTER last_known_addr { host: "127.19.208.131" port: 37491 } } peers { permanent_uuid: "148fee78a9a8464cbec1806f743dce73" member_type: VOTER last_known_addr { host: "127.19.208.129" port: 32955 } }
I20260630 12:30:43.527374 23467 tablet_bootstrap.cc:492] T 200802a3848b4eaa97599dd2c7e2d4d8 P 1bf42b9ff9364917819f76df4489af3e: Bootstrap starting.
I20260630 12:30:43.536314 23467 tablet_bootstrap.cc:654] T 200802a3848b4eaa97599dd2c7e2d4d8 P 1bf42b9ff9364917819f76df4489af3e: Neither blocks nor log segments found. Creating new log.
I20260630 12:30:43.543622 23468 ts_tablet_manager.cc:1434] T 0ffc34454471470ab3c2cd4b8ed824ec P 148fee78a9a8464cbec1806f743dce73: Time spent starting tablet: real 0.081s	user 0.017s	sys 0.004s
I20260630 12:30:43.544735 23468 tablet_bootstrap.cc:492] T 9fd5c742b38142afa7b9e356926da70e P 148fee78a9a8464cbec1806f743dce73: Bootstrap starting.
I20260630 12:30:43.549703 23470 raft_consensus.cc:493] T 0ffc34454471470ab3c2cd4b8ed824ec P 148fee78a9a8464cbec1806f743dce73 [term 0 FOLLOWER]: Starting pre-election (no leader contacted us within the election timeout)
I20260630 12:30:43.557687 23470 raft_consensus.cc:515] T 0ffc34454471470ab3c2cd4b8ed824ec P 148fee78a9a8464cbec1806f743dce73 [term 0 FOLLOWER]: Starting pre-election with config: opid_index: -1 OBSOLETE_local: false peers { permanent_uuid: "52ca74172ada4c388a1de5ff0c6acb8e" member_type: VOTER last_known_addr { host: "127.19.208.130" port: 45055 } } peers { permanent_uuid: "1bf42b9ff9364917819f76df4489af3e" member_type: VOTER last_known_addr { host: "127.19.208.131" port: 37491 } } peers { permanent_uuid: "148fee78a9a8464cbec1806f743dce73" member_type: VOTER last_known_addr { host: "127.19.208.129" port: 32955 } }
I20260630 12:30:43.551132 23468 tablet_bootstrap.cc:654] T 9fd5c742b38142afa7b9e356926da70e P 148fee78a9a8464cbec1806f743dce73: Neither blocks nor log segments found. Creating new log.
I20260630 12:30:43.566663 23470 leader_election.cc:290] T 0ffc34454471470ab3c2cd4b8ed824ec P 148fee78a9a8464cbec1806f743dce73 [CANDIDATE]: Term 1 pre-election: Requested pre-vote from peers 52ca74172ada4c388a1de5ff0c6acb8e (127.19.208.130:45055), 1bf42b9ff9364917819f76df4489af3e (127.19.208.131:37491)
I20260630 12:30:43.572268 23472 tablet_bootstrap.cc:492] T 50e736b823aa4acf8766bbf9865a15b5 P 52ca74172ada4c388a1de5ff0c6acb8e: Bootstrap starting.
I20260630 12:30:43.575637 23348 tablet_service.cc:1917] Received RequestConsensusVote() RPC: tablet_id: "0ffc34454471470ab3c2cd4b8ed824ec" candidate_uuid: "148fee78a9a8464cbec1806f743dce73" candidate_term: 1 candidate_status { last_received { term: 0 index: 0 } } ignore_live_leader: false dest_uuid: "52ca74172ada4c388a1de5ff0c6acb8e" is_pre_election: true
W20260630 12:30:43.577566 23239 leader_election.cc:343] T 0ffc34454471470ab3c2cd4b8ed824ec P 148fee78a9a8464cbec1806f743dce73 [CANDIDATE]: Term 1 pre-election: Tablet error from VoteRequest() call to peer 52ca74172ada4c388a1de5ff0c6acb8e (127.19.208.130:45055): Illegal state: must be running to vote when last-logged opid is not known
I20260630 12:30:43.578011 23467 tablet_bootstrap.cc:492] T 200802a3848b4eaa97599dd2c7e2d4d8 P 1bf42b9ff9364917819f76df4489af3e: No bootstrap required, opened a new log
I20260630 12:30:43.578501 23467 ts_tablet_manager.cc:1403] T 200802a3848b4eaa97599dd2c7e2d4d8 P 1bf42b9ff9364917819f76df4489af3e: Time spent bootstrapping tablet: real 0.051s	user 0.012s	sys 0.006s
I20260630 12:30:43.578804 23472 tablet_bootstrap.cc:654] T 50e736b823aa4acf8766bbf9865a15b5 P 52ca74172ada4c388a1de5ff0c6acb8e: Neither blocks nor log segments found. Creating new log.
I20260630 12:30:43.579778 23468 tablet_bootstrap.cc:492] T 9fd5c742b38142afa7b9e356926da70e P 148fee78a9a8464cbec1806f743dce73: No bootstrap required, opened a new log
I20260630 12:30:43.580274 23468 ts_tablet_manager.cc:1403] T 9fd5c742b38142afa7b9e356926da70e P 148fee78a9a8464cbec1806f743dce73: Time spent bootstrapping tablet: real 0.036s	user 0.009s	sys 0.000s
I20260630 12:30:43.581542 23467 raft_consensus.cc:359] T 200802a3848b4eaa97599dd2c7e2d4d8 P 1bf42b9ff9364917819f76df4489af3e [term 0 FOLLOWER]: Replica starting. Triggering 0 pending ops. Active config: opid_index: -1 OBSOLETE_local: false peers { permanent_uuid: "148fee78a9a8464cbec1806f743dce73" member_type: VOTER last_known_addr { host: "127.19.208.129" port: 32955 } } peers { permanent_uuid: "52ca74172ada4c388a1de5ff0c6acb8e" member_type: VOTER last_known_addr { host: "127.19.208.130" port: 45055 } } peers { permanent_uuid: "1bf42b9ff9364917819f76df4489af3e" member_type: VOTER last_known_addr { host: "127.19.208.131" port: 37491 } }
I20260630 12:30:43.582513 23467 raft_consensus.cc:385] T 200802a3848b4eaa97599dd2c7e2d4d8 P 1bf42b9ff9364917819f76df4489af3e [term 0 FOLLOWER]: Consensus starting up: Expiring failure detector timer to make a prompt election more likely
I20260630 12:30:43.582882 23467 raft_consensus.cc:740] T 200802a3848b4eaa97599dd2c7e2d4d8 P 1bf42b9ff9364917819f76df4489af3e [term 0 FOLLOWER]: Becoming Follower/Learner. State: Replica: 1bf42b9ff9364917819f76df4489af3e, State: Initialized, Role: FOLLOWER
I20260630 12:30:43.582949 23468 raft_consensus.cc:359] T 9fd5c742b38142afa7b9e356926da70e P 148fee78a9a8464cbec1806f743dce73 [term 0 FOLLOWER]: Replica starting. Triggering 0 pending ops. Active config: opid_index: -1 OBSOLETE_local: false peers { permanent_uuid: "148fee78a9a8464cbec1806f743dce73" member_type: VOTER last_known_addr { host: "127.19.208.129" port: 32955 } } peers { permanent_uuid: "52ca74172ada4c388a1de5ff0c6acb8e" member_type: VOTER last_known_addr { host: "127.19.208.130" port: 45055 } } peers { permanent_uuid: "1bf42b9ff9364917819f76df4489af3e" member_type: VOTER last_known_addr { host: "127.19.208.131" port: 37491 } }
