I20260630 12:30:43.583814 23468 raft_consensus.cc:385] T 9fd5c742b38142afa7b9e356926da70e P 148fee78a9a8464cbec1806f743dce73 [term 0 FOLLOWER]: Consensus starting up: Expiring failure detector timer to make a prompt election more likely
I20260630 12:30:43.584134 23468 raft_consensus.cc:740] T 9fd5c742b38142afa7b9e356926da70e P 148fee78a9a8464cbec1806f743dce73 [term 0 FOLLOWER]: Becoming Follower/Learner. State: Replica: 148fee78a9a8464cbec1806f743dce73, State: Initialized, Role: FOLLOWER
I20260630 12:30:43.584173 23467 consensus_queue.cc:260] T 200802a3848b4eaa97599dd2c7e2d4d8 P 1bf42b9ff9364917819f76df4489af3e [NON_LEADER]: Queue going to NON_LEADER mode. State: All replicated index: 0, Majority replicated index: 0, Committed index: 0, Last appended: 0.0, Last appended by leader: 0, Current term: 0, Majority size: -1, State: 0, Mode: NON_LEADER, active raft config: opid_index: -1 OBSOLETE_local: false peers { permanent_uuid: "148fee78a9a8464cbec1806f743dce73" member_type: VOTER last_known_addr { host: "127.19.208.129" port: 32955 } } peers { permanent_uuid: "52ca74172ada4c388a1de5ff0c6acb8e" member_type: VOTER last_known_addr { host: "127.19.208.130" port: 45055 } } peers { permanent_uuid: "1bf42b9ff9364917819f76df4489af3e" member_type: VOTER last_known_addr { host: "127.19.208.131" port: 37491 } }
I20260630 12:30:43.585099 23468 consensus_queue.cc:260] T 9fd5c742b38142afa7b9e356926da70e P 148fee78a9a8464cbec1806f743dce73 [NON_LEADER]: Queue going to NON_LEADER mode. State: All replicated index: 0, Majority replicated index: 0, Committed index: 0, Last appended: 0.0, Last appended by leader: 0, Current term: 0, Majority size: -1, State: 0, Mode: NON_LEADER, active raft config: opid_index: -1 OBSOLETE_local: false peers { permanent_uuid: "148fee78a9a8464cbec1806f743dce73" member_type: VOTER last_known_addr { host: "127.19.208.129" port: 32955 } } peers { permanent_uuid: "52ca74172ada4c388a1de5ff0c6acb8e" member_type: VOTER last_known_addr { host: "127.19.208.130" port: 45055 } } peers { permanent_uuid: "1bf42b9ff9364917819f76df4489af3e" member_type: VOTER last_known_addr { host: "127.19.208.131" port: 37491 } }
I20260630 12:30:43.588048 23468 ts_tablet_manager.cc:1434] T 9fd5c742b38142afa7b9e356926da70e P 148fee78a9a8464cbec1806f743dce73: Time spent starting tablet: real 0.007s	user 0.008s	sys 0.000s
I20260630 12:30:43.589242 23468 tablet_bootstrap.cc:492] T a6da677af1ae489687550e9e280ba34f P 148fee78a9a8464cbec1806f743dce73: Bootstrap starting.
I20260630 12:30:43.594717 23470 raft_consensus.cc:493] T 9fd5c742b38142afa7b9e356926da70e P 148fee78a9a8464cbec1806f743dce73 [term 0 FOLLOWER]: Starting pre-election (no leader contacted us within the election timeout)
I20260630 12:30:43.595458 23422 tablet_service.cc:1917] Received RequestConsensusVote() RPC: tablet_id: "0ffc34454471470ab3c2cd4b8ed824ec" candidate_uuid: "148fee78a9a8464cbec1806f743dce73" candidate_term: 1 candidate_status { last_received { term: 0 index: 0 } } ignore_live_leader: false dest_uuid: "1bf42b9ff9364917819f76df4489af3e" is_pre_election: true
I20260630 12:30:43.595268 23470 raft_consensus.cc:515] T 9fd5c742b38142afa7b9e356926da70e P 148fee78a9a8464cbec1806f743dce73 [term 0 FOLLOWER]: Starting pre-election with config: opid_index: -1 OBSOLETE_local: false peers { permanent_uuid: "148fee78a9a8464cbec1806f743dce73" member_type: VOTER last_known_addr { host: "127.19.208.129" port: 32955 } } peers { permanent_uuid: "52ca74172ada4c388a1de5ff0c6acb8e" member_type: VOTER last_known_addr { host: "127.19.208.130" port: 45055 } } peers { permanent_uuid: "1bf42b9ff9364917819f76df4489af3e" member_type: VOTER last_known_addr { host: "127.19.208.131" port: 37491 } }
I20260630 12:30:43.596050 23468 tablet_bootstrap.cc:654] T a6da677af1ae489687550e9e280ba34f P 148fee78a9a8464cbec1806f743dce73: Neither blocks nor log segments found. Creating new log.
W20260630 12:30:43.597090 23236 leader_election.cc:343] T 0ffc34454471470ab3c2cd4b8ed824ec P 148fee78a9a8464cbec1806f743dce73 [CANDIDATE]: Term 1 pre-election: Tablet error from VoteRequest() call to peer 1bf42b9ff9364917819f76df4489af3e (127.19.208.131:37491): Illegal state: must be running to vote when last-logged opid is not known
I20260630 12:30:43.597544 23236 leader_election.cc:304] T 0ffc34454471470ab3c2cd4b8ed824ec P 148fee78a9a8464cbec1806f743dce73 [CANDIDATE]: Term 1 pre-election: Election decided. Result: candidate lost. Election summary: received 3 responses out of 3 voters: 1 yes votes; 2 no votes. yes voters: 148fee78a9a8464cbec1806f743dce73; no voters: 1bf42b9ff9364917819f76df4489af3e, 52ca74172ada4c388a1de5ff0c6acb8e
I20260630 12:30:43.598690 23470 leader_election.cc:290] T 9fd5c742b38142afa7b9e356926da70e P 148fee78a9a8464cbec1806f743dce73 [CANDIDATE]: Term 1 pre-election: Requested pre-vote from peers 52ca74172ada4c388a1de5ff0c6acb8e (127.19.208.130:45055), 1bf42b9ff9364917819f76df4489af3e (127.19.208.131:37491)
I20260630 12:30:43.598575 23348 tablet_service.cc:1917] Received RequestConsensusVote() RPC: tablet_id: "9fd5c742b38142afa7b9e356926da70e" candidate_uuid: "148fee78a9a8464cbec1806f743dce73" candidate_term: 1 candidate_status { last_received { term: 0 index: 0 } } ignore_live_leader: false dest_uuid: "52ca74172ada4c388a1de5ff0c6acb8e" is_pre_election: true
I20260630 12:30:43.599264 23470 raft_consensus.cc:2749] T 0ffc34454471470ab3c2cd4b8ed824ec P 148fee78a9a8464cbec1806f743dce73 [term 0 FOLLOWER]: Leader pre-election lost for term 1. Reason: could not achieve majority
W20260630 12:30:43.600466 23239 leader_election.cc:343] T 9fd5c742b38142afa7b9e356926da70e P 148fee78a9a8464cbec1806f743dce73 [CANDIDATE]: Term 1 pre-election: Tablet error from VoteRequest() call to peer 52ca74172ada4c388a1de5ff0c6acb8e (127.19.208.130:45055): Illegal state: must be running to vote when last-logged opid is not known
I20260630 12:30:43.603147 23467 ts_tablet_manager.cc:1434] T 200802a3848b4eaa97599dd2c7e2d4d8 P 1bf42b9ff9364917819f76df4489af3e: Time spent starting tablet: real 0.024s	user 0.008s	sys 0.011s
I20260630 12:30:43.603798 23472 tablet_bootstrap.cc:492] T 50e736b823aa4acf8766bbf9865a15b5 P 52ca74172ada4c388a1de5ff0c6acb8e: No bootstrap required, opened a new log
I20260630 12:30:43.604090 23467 tablet_bootstrap.cc:492] T 0ffc34454471470ab3c2cd4b8ed824ec P 1bf42b9ff9364917819f76df4489af3e: Bootstrap starting.
I20260630 12:30:43.604264 23472 ts_tablet_manager.cc:1403] T 50e736b823aa4acf8766bbf9865a15b5 P 52ca74172ada4c388a1de5ff0c6acb8e: Time spent bootstrapping tablet: real 0.032s	user 0.015s	sys 0.000s
I20260630 12:30:43.607175 23472 raft_consensus.cc:359] T 50e736b823aa4acf8766bbf9865a15b5 P 52ca74172ada4c388a1de5ff0c6acb8e [term 0 FOLLOWER]: Replica starting. Triggering 0 pending ops. Active config: opid_index: -1 OBSOLETE_local: false peers { permanent_uuid: "52ca74172ada4c388a1de5ff0c6acb8e" member_type: VOTER last_known_addr { host: "127.19.208.130" port: 45055 } } peers { permanent_uuid: "148fee78a9a8464cbec1806f743dce73" member_type: VOTER last_known_addr { host: "127.19.208.129" port: 32955 } } peers { permanent_uuid: "1bf42b9ff9364917819f76df4489af3e" member_type: VOTER last_known_addr { host: "127.19.208.131" port: 37491 } }
I20260630 12:30:43.608135 23472 raft_consensus.cc:385] T 50e736b823aa4acf8766bbf9865a15b5 P 52ca74172ada4c388a1de5ff0c6acb8e [term 0 FOLLOWER]: Consensus starting up: Expiring failure detector timer to make a prompt election more likely
I20260630 12:30:43.608493 23472 raft_consensus.cc:740] T 50e736b823aa4acf8766bbf9865a15b5 P 52ca74172ada4c388a1de5ff0c6acb8e [term 0 FOLLOWER]: Becoming Follower/Learner. State: Replica: 52ca74172ada4c388a1de5ff0c6acb8e, State: Initialized, Role: FOLLOWER
I20260630 12:30:43.609747 23467 tablet_bootstrap.cc:654] T 0ffc34454471470ab3c2cd4b8ed824ec P 1bf42b9ff9364917819f76df4489af3e: Neither blocks nor log segments found. Creating new log.
I20260630 12:30:43.609525 23472 consensus_queue.cc:260] T 50e736b823aa4acf8766bbf9865a15b5 P 52ca74172ada4c388a1de5ff0c6acb8e [NON_LEADER]: Queue going to NON_LEADER mode. State: All replicated index: 0, Majority replicated index: 0, Committed index: 0, Last appended: 0.0, Last appended by leader: 0, Current term: 0, Majority size: -1, State: 0, Mode: NON_LEADER, active raft config: opid_index: -1 OBSOLETE_local: false peers { permanent_uuid: "52ca74172ada4c388a1de5ff0c6acb8e" member_type: VOTER last_known_addr { host: "127.19.208.130" port: 45055 } } peers { permanent_uuid: "148fee78a9a8464cbec1806f743dce73" member_type: VOTER last_known_addr { host: "127.19.208.129" port: 32955 } } peers { permanent_uuid: "1bf42b9ff9364917819f76df4489af3e" member_type: VOTER last_known_addr { host: "127.19.208.131" port: 37491 } }
I20260630 12:30:43.613796 23468 tablet_bootstrap.cc:492] T a6da677af1ae489687550e9e280ba34f P 148fee78a9a8464cbec1806f743dce73: No bootstrap required, opened a new log
I20260630 12:30:43.614260 23468 ts_tablet_manager.cc:1403] T a6da677af1ae489687550e9e280ba34f P 148fee78a9a8464cbec1806f743dce73: Time spent bootstrapping tablet: real 0.025s	user 0.011s	sys 0.001s
I20260630 12:30:43.616887 23468 raft_consensus.cc:359] T a6da677af1ae489687550e9e280ba34f P 148fee78a9a8464cbec1806f743dce73 [term 0 FOLLOWER]: Replica starting. Triggering 0 pending ops. Active config: opid_index: -1 OBSOLETE_local: false peers { permanent_uuid: "148fee78a9a8464cbec1806f743dce73" member_type: VOTER last_known_addr { host: "127.19.208.129" port: 32955 } } peers { permanent_uuid: "52ca74172ada4c388a1de5ff0c6acb8e" member_type: VOTER last_known_addr { host: "127.19.208.130" port: 45055 } } peers { permanent_uuid: "1bf42b9ff9364917819f76df4489af3e" member_type: VOTER last_known_addr { host: "127.19.208.131" port: 37491 } }
I20260630 12:30:43.617611 23468 raft_consensus.cc:385] T a6da677af1ae489687550e9e280ba34f P 148fee78a9a8464cbec1806f743dce73 [term 0 FOLLOWER]: Consensus starting up: Expiring failure detector timer to make a prompt election more likely
I20260630 12:30:43.617893 23468 raft_consensus.cc:740] T a6da677af1ae489687550e9e280ba34f P 148fee78a9a8464cbec1806f743dce73 [term 0 FOLLOWER]: Becoming Follower/Learner. State: Replica: 148fee78a9a8464cbec1806f743dce73, State: Initialized, Role: FOLLOWER
I20260630 12:30:43.618232 23472 ts_tablet_manager.cc:1434] T 50e736b823aa4acf8766bbf9865a15b5 P 52ca74172ada4c388a1de5ff0c6acb8e: Time spent starting tablet: real 0.014s	user 0.001s	sys 0.008s
I20260630 12:30:43.618661 23468 consensus_queue.cc:260] T a6da677af1ae489687550e9e280ba34f P 148fee78a9a8464cbec1806f743dce73 [NON_LEADER]: Queue going to NON_LEADER mode. State: All replicated index: 0, Majority replicated index: 0, Committed index: 0, Last appended: 0.0, Last appended by leader: 0, Current term: 0, Majority size: -1, State: 0, Mode: NON_LEADER, active raft config: opid_index: -1 OBSOLETE_local: false peers { permanent_uuid: "148fee78a9a8464cbec1806f743dce73" member_type: VOTER last_known_addr { host: "127.19.208.129" port: 32955 } } peers { permanent_uuid: "52ca74172ada4c388a1de5ff0c6acb8e" member_type: VOTER last_known_addr { host: "127.19.208.130" port: 45055 } } peers { permanent_uuid: "1bf42b9ff9364917819f76df4489af3e" member_type: VOTER last_known_addr { host: "127.19.208.131" port: 37491 } }
I20260630 12:30:43.619181 23472 tablet_bootstrap.cc:492] T 9fd5c742b38142afa7b9e356926da70e P 52ca74172ada4c388a1de5ff0c6acb8e: Bootstrap starting.
I20260630 12:30:43.620855 23468 ts_tablet_manager.cc:1434] T a6da677af1ae489687550e9e280ba34f P 148fee78a9a8464cbec1806f743dce73: Time spent starting tablet: real 0.006s	user 0.000s	sys 0.005s
I20260630 12:30:43.621870 23468 tablet_bootstrap.cc:492] T 2fe0103a66f144b2aec551cc0a380101 P 148fee78a9a8464cbec1806f743dce73: Bootstrap starting.
I20260630 12:30:43.627406 23472 tablet_bootstrap.cc:654] T 9fd5c742b38142afa7b9e356926da70e P 52ca74172ada4c388a1de5ff0c6acb8e: Neither blocks nor log segments found. Creating new log.
I20260630 12:30:43.628140 23468 tablet_bootstrap.cc:654] T 2fe0103a66f144b2aec551cc0a380101 P 148fee78a9a8464cbec1806f743dce73: Neither blocks nor log segments found. Creating new log.
I20260630 12:30:43.632459 23467 tablet_bootstrap.cc:492] T 0ffc34454471470ab3c2cd4b8ed824ec P 1bf42b9ff9364917819f76df4489af3e: No bootstrap required, opened a new log
I20260630 12:30:43.632302 23422 tablet_service.cc:1917] Received RequestConsensusVote() RPC: tablet_id: "9fd5c742b38142afa7b9e356926da70e" candidate_uuid: "148fee78a9a8464cbec1806f743dce73" candidate_term: 1 candidate_status { last_received { term: 0 index: 0 } } ignore_live_leader: false dest_uuid: "1bf42b9ff9364917819f76df4489af3e" is_pre_election: true
I20260630 12:30:43.633021 23467 ts_tablet_manager.cc:1403] T 0ffc34454471470ab3c2cd4b8ed824ec P 1bf42b9ff9364917819f76df4489af3e: Time spent bootstrapping tablet: real 0.029s	user 0.024s	sys 0.003s
W20260630 12:30:43.634003 23236 leader_election.cc:343] T 9fd5c742b38142afa7b9e356926da70e P 148fee78a9a8464cbec1806f743dce73 [CANDIDATE]: Term 1 pre-election: Tablet error from VoteRequest() call to peer 1bf42b9ff9364917819f76df4489af3e (127.19.208.131:37491): Illegal state: must be running to vote when last-logged opid is not known
I20260630 12:30:43.634470 23236 leader_election.cc:304] T 9fd5c742b38142afa7b9e356926da70e P 148fee78a9a8464cbec1806f743dce73 [CANDIDATE]: Term 1 pre-election: Election decided. Result: candidate lost. Election summary: received 3 responses out of 3 voters: 1 yes votes; 2 no votes. yes voters: 148fee78a9a8464cbec1806f743dce73; no voters: 1bf42b9ff9364917819f76df4489af3e, 52ca74172ada4c388a1de5ff0c6acb8e
I20260630 12:30:43.635313 23479 raft_consensus.cc:2749] T 9fd5c742b38142afa7b9e356926da70e P 148fee78a9a8464cbec1806f743dce73 [term 0 FOLLOWER]: Leader pre-election lost for term 1. Reason: could not achieve majority
I20260630 12:30:43.635597 23467 raft_consensus.cc:359] T 0ffc34454471470ab3c2cd4b8ed824ec P 1bf42b9ff9364917819f76df4489af3e [term 0 FOLLOWER]: Replica starting. Triggering 0 pending ops. Active config: opid_index: -1 OBSOLETE_local: false peers { permanent_uuid: "52ca74172ada4c388a1de5ff0c6acb8e" member_type: VOTER last_known_addr { host: "127.19.208.130" port: 45055 } } peers { permanent_uuid: "1bf42b9ff9364917819f76df4489af3e" member_type: VOTER last_known_addr { host: "127.19.208.131" port: 37491 } } peers { permanent_uuid: "148fee78a9a8464cbec1806f743dce73" member_type: VOTER last_known_addr { host: "127.19.208.129" port: 32955 } }
I20260630 12:30:43.636377 23467 raft_consensus.cc:385] T 0ffc34454471470ab3c2cd4b8ed824ec P 1bf42b9ff9364917819f76df4489af3e [term 0 FOLLOWER]: Consensus starting up: Expiring failure detector timer to make a prompt election more likely
I20260630 12:30:43.636664 23467 raft_consensus.cc:740] T 0ffc34454471470ab3c2cd4b8ed824ec P 1bf42b9ff9364917819f76df4489af3e [term 0 FOLLOWER]: Becoming Follower/Learner. State: Replica: 1bf42b9ff9364917819f76df4489af3e, State: Initialized, Role: FOLLOWER
I20260630 12:30:43.637506 23467 consensus_queue.cc:260] T 0ffc34454471470ab3c2cd4b8ed824ec P 1bf42b9ff9364917819f76df4489af3e [NON_LEADER]: Queue going to NON_LEADER mode. State: All replicated index: 0, Majority replicated index: 0, Committed index: 0, Last appended: 0.0, Last appended by leader: 0, Current term: 0, Majority size: -1, State: 0, Mode: NON_LEADER, active raft config: opid_index: -1 OBSOLETE_local: false peers { permanent_uuid: "52ca74172ada4c388a1de5ff0c6acb8e" member_type: VOTER last_known_addr { host: "127.19.208.130" port: 45055 } } peers { permanent_uuid: "1bf42b9ff9364917819f76df4489af3e" member_type: VOTER last_known_addr { host: "127.19.208.131" port: 37491 } } peers { permanent_uuid: "148fee78a9a8464cbec1806f743dce73" member_type: VOTER last_known_addr { host: "127.19.208.129" port: 32955 } }
I20260630 12:30:43.638711 23472 tablet_bootstrap.cc:492] T 9fd5c742b38142afa7b9e356926da70e P 52ca74172ada4c388a1de5ff0c6acb8e: No bootstrap required, opened a new log
I20260630 12:30:43.639709 23472 ts_tablet_manager.cc:1403] T 9fd5c742b38142afa7b9e356926da70e P 52ca74172ada4c388a1de5ff0c6acb8e: Time spent bootstrapping tablet: real 0.021s	user 0.010s	sys 0.002s
I20260630 12:30:43.641062 23467 ts_tablet_manager.cc:1434] T 0ffc34454471470ab3c2cd4b8ed824ec P 1bf42b9ff9364917819f76df4489af3e: Time spent starting tablet: real 0.008s	user 0.007s	sys 0.000s
I20260630 12:30:43.642022 23467 tablet_bootstrap.cc:492] T 50e736b823aa4acf8766bbf9865a15b5 P 1bf42b9ff9364917819f76df4489af3e: Bootstrap starting.
I20260630 12:30:43.643041 23472 raft_consensus.cc:359] T 9fd5c742b38142afa7b9e356926da70e P 52ca74172ada4c388a1de5ff0c6acb8e [term 0 FOLLOWER]: Replica starting. Triggering 0 pending ops. Active config: opid_index: -1 OBSOLETE_local: false peers { permanent_uuid: "148fee78a9a8464cbec1806f743dce73" member_type: VOTER last_known_addr { host: "127.19.208.129" port: 32955 } } peers { permanent_uuid: "52ca74172ada4c388a1de5ff0c6acb8e" member_type: VOTER last_known_addr { host: "127.19.208.130" port: 45055 } } peers { permanent_uuid: "1bf42b9ff9364917819f76df4489af3e" member_type: VOTER last_known_addr { host: "127.19.208.131" port: 37491 } }
I20260630 12:30:43.643982 23472 raft_consensus.cc:385] T 9fd5c742b38142afa7b9e356926da70e P 52ca74172ada4c388a1de5ff0c6acb8e [term 0 FOLLOWER]: Consensus starting up: Expiring failure detector timer to make a prompt election more likely
I20260630 12:30:43.644361 23472 raft_consensus.cc:740] T 9fd5c742b38142afa7b9e356926da70e P 52ca74172ada4c388a1de5ff0c6acb8e [term 0 FOLLOWER]: Becoming Follower/Learner. State: Replica: 52ca74172ada4c388a1de5ff0c6acb8e, State: Initialized, Role: FOLLOWER
I20260630 12:30:43.645298 23472 consensus_queue.cc:260] T 9fd5c742b38142afa7b9e356926da70e P 52ca74172ada4c388a1de5ff0c6acb8e [NON_LEADER]: Queue going to NON_LEADER mode. State: All replicated index: 0, Majority replicated index: 0, Committed index: 0, Last appended: 0.0, Last appended by leader: 0, Current term: 0, Majority size: -1, State: 0, Mode: NON_LEADER, active raft config: opid_index: -1 OBSOLETE_local: false peers { permanent_uuid: "148fee78a9a8464cbec1806f743dce73" member_type: VOTER last_known_addr { host: "127.19.208.129" port: 32955 } } peers { permanent_uuid: "52ca74172ada4c388a1de5ff0c6acb8e" member_type: VOTER last_known_addr { host: "127.19.208.130" port: 45055 } } peers { permanent_uuid: "1bf42b9ff9364917819f76df4489af3e" member_type: VOTER last_known_addr { host: "127.19.208.131" port: 37491 } }
I20260630 12:30:43.648159 23472 ts_tablet_manager.cc:1434] T 9fd5c742b38142afa7b9e356926da70e P 52ca74172ada4c388a1de5ff0c6acb8e: Time spent starting tablet: real 0.008s	user 0.005s	sys 0.001s
I20260630 12:30:43.649402 23472 tablet_bootstrap.cc:492] T 98ac52ed495642cead30595a361b288b P 52ca74172ada4c388a1de5ff0c6acb8e: Bootstrap starting.
I20260630 12:30:43.655961 23468 tablet_bootstrap.cc:492] T 2fe0103a66f144b2aec551cc0a380101 P 148fee78a9a8464cbec1806f743dce73: No bootstrap required, opened a new log
I20260630 12:30:43.656032 23467 tablet_bootstrap.cc:654] T 50e736b823aa4acf8766bbf9865a15b5 P 1bf42b9ff9364917819f76df4489af3e: Neither blocks nor log segments found. Creating new log.
I20260630 12:30:43.656737 23468 ts_tablet_manager.cc:1403] T 2fe0103a66f144b2aec551cc0a380101 P 148fee78a9a8464cbec1806f743dce73: Time spent bootstrapping tablet: real 0.035s	user 0.016s	sys 0.012s
I20260630 12:30:43.657095 23472 tablet_bootstrap.cc:654] T 98ac52ed495642cead30595a361b288b P 52ca74172ada4c388a1de5ff0c6acb8e: Neither blocks nor log segments found. Creating new log.
I20260630 12:30:43.659618 23468 raft_consensus.cc:359] T 2fe0103a66f144b2aec551cc0a380101 P 148fee78a9a8464cbec1806f743dce73 [term 0 FOLLOWER]: Replica starting. Triggering 0 pending ops. Active config: opid_index: -1 OBSOLETE_local: false peers { permanent_uuid: "52ca74172ada4c388a1de5ff0c6acb8e" member_type: VOTER last_known_addr { host: "127.19.208.130" port: 45055 } } peers { permanent_uuid: "148fee78a9a8464cbec1806f743dce73" member_type: VOTER last_known_addr { host: "127.19.208.129" port: 32955 } } peers { permanent_uuid: "1bf42b9ff9364917819f76df4489af3e" member_type: VOTER last_known_addr { host: "127.19.208.131" port: 37491 } }
I20260630 12:30:43.660318 23468 raft_consensus.cc:385] T 2fe0103a66f144b2aec551cc0a380101 P 148fee78a9a8464cbec1806f743dce73 [term 0 FOLLOWER]: Consensus starting up: Expiring failure detector timer to make a prompt election more likely
I20260630 12:30:43.660621 23468 raft_consensus.cc:740] T 2fe0103a66f144b2aec551cc0a380101 P 148fee78a9a8464cbec1806f743dce73 [term 0 FOLLOWER]: Becoming Follower/Learner. State: Replica: 148fee78a9a8464cbec1806f743dce73, State: Initialized, Role: FOLLOWER
I20260630 12:30:43.661171 23467 tablet_bootstrap.cc:492] T 50e736b823aa4acf8766bbf9865a15b5 P 1bf42b9ff9364917819f76df4489af3e: No bootstrap required, opened a new log
I20260630 12:30:43.661661 23467 ts_tablet_manager.cc:1403] T 50e736b823aa4acf8766bbf9865a15b5 P 1bf42b9ff9364917819f76df4489af3e: Time spent bootstrapping tablet: real 0.020s	user 0.009s	sys 0.002s
I20260630 12:30:43.661377 23468 consensus_queue.cc:260] T 2fe0103a66f144b2aec551cc0a380101 P 148fee78a9a8464cbec1806f743dce73 [NON_LEADER]: Queue going to NON_LEADER mode. State: All replicated index: 0, Majority replicated index: 0, Committed index: 0, Last appended: 0.0, Last appended by leader: 0, Current term: 0, Majority size: -1, State: 0, Mode: NON_LEADER, active raft config: opid_index: -1 OBSOLETE_local: false peers { permanent_uuid: "52ca74172ada4c388a1de5ff0c6acb8e" member_type: VOTER last_known_addr { host: "127.19.208.130" port: 45055 } } peers { permanent_uuid: "148fee78a9a8464cbec1806f743dce73" member_type: VOTER last_known_addr { host: "127.19.208.129" port: 32955 } } peers { permanent_uuid: "1bf42b9ff9364917819f76df4489af3e" member_type: VOTER last_known_addr { host: "127.19.208.131" port: 37491 } }
I20260630 12:30:43.663604 23468 ts_tablet_manager.cc:1434] T 2fe0103a66f144b2aec551cc0a380101 P 148fee78a9a8464cbec1806f743dce73: Time spent starting tablet: real 0.006s	user 0.004s	sys 0.000s
I20260630 12:30:43.664602 23468 tablet_bootstrap.cc:492] T 50e736b823aa4acf8766bbf9865a15b5 P 148fee78a9a8464cbec1806f743dce73: Bootstrap starting.
I20260630 12:30:43.664317 23467 raft_consensus.cc:359] T 50e736b823aa4acf8766bbf9865a15b5 P 1bf42b9ff9364917819f76df4489af3e [term 0 FOLLOWER]: Replica starting. Triggering 0 pending ops. Active config: opid_index: -1 OBSOLETE_local: false peers { permanent_uuid: "52ca74172ada4c388a1de5ff0c6acb8e" member_type: VOTER last_known_addr { host: "127.19.208.130" port: 45055 } } peers { permanent_uuid: "148fee78a9a8464cbec1806f743dce73" member_type: VOTER last_known_addr { host: "127.19.208.129" port: 32955 } } peers { permanent_uuid: "1bf42b9ff9364917819f76df4489af3e" member_type: VOTER last_known_addr { host: "127.19.208.131" port: 37491 } }
I20260630 12:30:43.665028 23467 raft_consensus.cc:385] T 50e736b823aa4acf8766bbf9865a15b5 P 1bf42b9ff9364917819f76df4489af3e [term 0 FOLLOWER]: Consensus starting up: Expiring failure detector timer to make a prompt election more likely
I20260630 12:30:43.665330 23467 raft_consensus.cc:740] T 50e736b823aa4acf8766bbf9865a15b5 P 1bf42b9ff9364917819f76df4489af3e [term 0 FOLLOWER]: Becoming Follower/Learner. State: Replica: 1bf42b9ff9364917819f76df4489af3e, State: Initialized, Role: FOLLOWER
I20260630 12:30:43.666194 23467 consensus_queue.cc:260] T 50e736b823aa4acf8766bbf9865a15b5 P 1bf42b9ff9364917819f76df4489af3e [NON_LEADER]: Queue going to NON_LEADER mode. State: All replicated index: 0, Majority replicated index: 0, Committed index: 0, Last appended: 0.0, Last appended by leader: 0, Current term: 0, Majority size: -1, State: 0, Mode: NON_LEADER, active raft config: opid_index: -1 OBSOLETE_local: false peers { permanent_uuid: "52ca74172ada4c388a1de5ff0c6acb8e" member_type: VOTER last_known_addr { host: "127.19.208.130" port: 45055 } } peers { permanent_uuid: "148fee78a9a8464cbec1806f743dce73" member_type: VOTER last_known_addr { host: "127.19.208.129" port: 32955 } } peers { permanent_uuid: "1bf42b9ff9364917819f76df4489af3e" member_type: VOTER last_known_addr { host: "127.19.208.131" port: 37491 } }
I20260630 12:30:43.670789 23468 tablet_bootstrap.cc:654] T 50e736b823aa4acf8766bbf9865a15b5 P 148fee78a9a8464cbec1806f743dce73: Neither blocks nor log segments found. Creating new log.
I20260630 12:30:43.670925 23472 tablet_bootstrap.cc:492] T 98ac52ed495642cead30595a361b288b P 52ca74172ada4c388a1de5ff0c6acb8e: No bootstrap required, opened a new log
I20260630 12:30:43.671456 23472 ts_tablet_manager.cc:1403] T 98ac52ed495642cead30595a361b288b P 52ca74172ada4c388a1de5ff0c6acb8e: Time spent bootstrapping tablet: real 0.022s	user 0.009s	sys 0.007s
I20260630 12:30:43.675443 23467 ts_tablet_manager.cc:1434] T 50e736b823aa4acf8766bbf9865a15b5 P 1bf42b9ff9364917819f76df4489af3e: Time spent starting tablet: real 0.013s	user 0.004s	sys 0.001s
I20260630 12:30:43.678105 23467 tablet_bootstrap.cc:492] T a6da677af1ae489687550e9e280ba34f P 1bf42b9ff9364917819f76df4489af3e: Bootstrap starting.
I20260630 12:30:43.677809 23472 raft_consensus.cc:359] T 98ac52ed495642cead30595a361b288b P 52ca74172ada4c388a1de5ff0c6acb8e [term 0 FOLLOWER]: Replica starting. Triggering 0 pending ops. Active config: opid_index: -1 OBSOLETE_local: false peers { permanent_uuid: "148fee78a9a8464cbec1806f743dce73" member_type: VOTER last_known_addr { host: "127.19.208.129" port: 32955 } } peers { permanent_uuid: "52ca74172ada4c388a1de5ff0c6acb8e" member_type: VOTER last_known_addr { host: "127.19.208.130" port: 45055 } } peers { permanent_uuid: "1bf42b9ff9364917819f76df4489af3e" member_type: VOTER last_known_addr { host: "127.19.208.131" port: 37491 } }
I20260630 12:30:43.678579 23472 raft_consensus.cc:385] T 98ac52ed495642cead30595a361b288b P 52ca74172ada4c388a1de5ff0c6acb8e [term 0 FOLLOWER]: Consensus starting up: Expiring failure detector timer to make a prompt election more likely
I20260630 12:30:43.679080 23472 raft_consensus.cc:740] T 98ac52ed495642cead30595a361b288b P 52ca74172ada4c388a1de5ff0c6acb8e [term 0 FOLLOWER]: Becoming Follower/Learner. State: Replica: 52ca74172ada4c388a1de5ff0c6acb8e, State: Initialized, Role: FOLLOWER
I20260630 12:30:43.679502 23468 tablet_bootstrap.cc:492] T 50e736b823aa4acf8766bbf9865a15b5 P 148fee78a9a8464cbec1806f743dce73: No bootstrap required, opened a new log
I20260630 12:30:43.680063 23468 ts_tablet_manager.cc:1403] T 50e736b823aa4acf8766bbf9865a15b5 P 148fee78a9a8464cbec1806f743dce73: Time spent bootstrapping tablet: real 0.016s	user 0.010s	sys 0.004s
I20260630 12:30:43.679908 23472 consensus_queue.cc:260] T 98ac52ed495642cead30595a361b288b P 52ca74172ada4c388a1de5ff0c6acb8e [NON_LEADER]: Queue going to NON_LEADER mode. State: All replicated index: 0, Majority replicated index: 0, Committed index: 0, Last appended: 0.0, Last appended by leader: 0, Current term: 0, Majority size: -1, State: 0, Mode: NON_LEADER, active raft config: opid_index: -1 OBSOLETE_local: false peers { permanent_uuid: "148fee78a9a8464cbec1806f743dce73" member_type: VOTER last_known_addr { host: "127.19.208.129" port: 32955 } } peers { permanent_uuid: "52ca74172ada4c388a1de5ff0c6acb8e" member_type: VOTER last_known_addr { host: "127.19.208.130" port: 45055 } } peers { permanent_uuid: "1bf42b9ff9364917819f76df4489af3e" member_type: VOTER last_known_addr { host: "127.19.208.131" port: 37491 } }
I20260630 12:30:43.682092 23472 ts_tablet_manager.cc:1434] T 98ac52ed495642cead30595a361b288b P 52ca74172ada4c388a1de5ff0c6acb8e: Time spent starting tablet: real 0.010s	user 0.003s	sys 0.005s
I20260630 12:30:43.682938 23468 raft_consensus.cc:359] T 50e736b823aa4acf8766bbf9865a15b5 P 148fee78a9a8464cbec1806f743dce73 [term 0 FOLLOWER]: Replica starting. Triggering 0 pending ops. Active config: opid_index: -1 OBSOLETE_local: false peers { permanent_uuid: "52ca74172ada4c388a1de5ff0c6acb8e" member_type: VOTER last_known_addr { host: "127.19.208.130" port: 45055 } } peers { permanent_uuid: "148fee78a9a8464cbec1806f743dce73" member_type: VOTER last_known_addr { host: "127.19.208.129" port: 32955 } } peers { permanent_uuid: "1bf42b9ff9364917819f76df4489af3e" member_type: VOTER last_known_addr { host: "127.19.208.131" port: 37491 } }
I20260630 12:30:43.683764 23468 raft_consensus.cc:385] T 50e736b823aa4acf8766bbf9865a15b5 P 148fee78a9a8464cbec1806f743dce73 [term 0 FOLLOWER]: Consensus starting up: Expiring failure detector timer to make a prompt election more likely
I20260630 12:30:43.683943 23472 tablet_bootstrap.cc:492] T 0ffc34454471470ab3c2cd4b8ed824ec P 52ca74172ada4c388a1de5ff0c6acb8e: Bootstrap starting.
I20260630 12:30:43.684136 23468 raft_consensus.cc:740] T 50e736b823aa4acf8766bbf9865a15b5 P 148fee78a9a8464cbec1806f743dce73 [term 0 FOLLOWER]: Becoming Follower/Learner. State: Replica: 148fee78a9a8464cbec1806f743dce73, State: Initialized, Role: FOLLOWER
I20260630 12:30:43.684444 23467 tablet_bootstrap.cc:654] T a6da677af1ae489687550e9e280ba34f P 1bf42b9ff9364917819f76df4489af3e: Neither blocks nor log segments found. Creating new log.
I20260630 12:30:43.685190 23468 consensus_queue.cc:260] T 50e736b823aa4acf8766bbf9865a15b5 P 148fee78a9a8464cbec1806f743dce73 [NON_LEADER]: Queue going to NON_LEADER mode. State: All replicated index: 0, Majority replicated index: 0, Committed index: 0, Last appended: 0.0, Last appended by leader: 0, Current term: 0, Majority size: -1, State: 0, Mode: NON_LEADER, active raft config: opid_index: -1 OBSOLETE_local: false peers { permanent_uuid: "52ca74172ada4c388a1de5ff0c6acb8e" member_type: VOTER last_known_addr { host: "127.19.208.130" port: 45055 } } peers { permanent_uuid: "148fee78a9a8464cbec1806f743dce73" member_type: VOTER last_known_addr { host: "127.19.208.129" port: 32955 } } peers { permanent_uuid: "1bf42b9ff9364917819f76df4489af3e" member_type: VOTER last_known_addr { host: "127.19.208.131" port: 37491 } }
I20260630 12:30:43.687788 23468 ts_tablet_manager.cc:1434] T 50e736b823aa4acf8766bbf9865a15b5 P 148fee78a9a8464cbec1806f743dce73: Time spent starting tablet: real 0.007s	user 0.005s	sys 0.000s
I20260630 12:30:43.688812 23468 tablet_bootstrap.cc:492] T 98ac52ed495642cead30595a361b288b P 148fee78a9a8464cbec1806f743dce73: Bootstrap starting.
I20260630 12:30:43.691570 23472 tablet_bootstrap.cc:654] T 0ffc34454471470ab3c2cd4b8ed824ec P 52ca74172ada4c388a1de5ff0c6acb8e: Neither blocks nor log segments found. Creating new log.
I20260630 12:30:43.694796 23468 tablet_bootstrap.cc:654] T 98ac52ed495642cead30595a361b288b P 148fee78a9a8464cbec1806f743dce73: Neither blocks nor log segments found. Creating new log.
I20260630 12:30:43.696456 23467 tablet_bootstrap.cc:492] T a6da677af1ae489687550e9e280ba34f P 1bf42b9ff9364917819f76df4489af3e: No bootstrap required, opened a new log
I20260630 12:30:43.697103 23467 ts_tablet_manager.cc:1403] T a6da677af1ae489687550e9e280ba34f P 1bf42b9ff9364917819f76df4489af3e: Time spent bootstrapping tablet: real 0.019s	user 0.011s	sys 0.005s
I20260630 12:30:43.700829 23467 raft_consensus.cc:359] T a6da677af1ae489687550e9e280ba34f P 1bf42b9ff9364917819f76df4489af3e [term 0 FOLLOWER]: Replica starting. Triggering 0 pending ops. Active config: opid_index: -1 OBSOLETE_local: false peers { permanent_uuid: "148fee78a9a8464cbec1806f743dce73" member_type: VOTER last_known_addr { host: "127.19.208.129" port: 32955 } } peers { permanent_uuid: "52ca74172ada4c388a1de5ff0c6acb8e" member_type: VOTER last_known_addr { host: "127.19.208.130" port: 45055 } } peers { permanent_uuid: "1bf42b9ff9364917819f76df4489af3e" member_type: VOTER last_known_addr { host: "127.19.208.131" port: 37491 } }
I20260630 12:30:43.701960 23467 raft_consensus.cc:385] T a6da677af1ae489687550e9e280ba34f P 1bf42b9ff9364917819f76df4489af3e [term 0 FOLLOWER]: Consensus starting up: Expiring failure detector timer to make a prompt election more likely
I20260630 12:30:43.702342 23467 raft_consensus.cc:740] T a6da677af1ae489687550e9e280ba34f P 1bf42b9ff9364917819f76df4489af3e [term 0 FOLLOWER]: Becoming Follower/Learner. State: Replica: 1bf42b9ff9364917819f76df4489af3e, State: Initialized, Role: FOLLOWER
I20260630 12:30:43.703522 23467 consensus_queue.cc:260] T a6da677af1ae489687550e9e280ba34f P 1bf42b9ff9364917819f76df4489af3e [NON_LEADER]: Queue going to NON_LEADER mode. State: All replicated index: 0, Majority replicated index: 0, Committed index: 0, Last appended: 0.0, Last appended by leader: 0, Current term: 0, Majority size: -1, State: 0, Mode: NON_LEADER, active raft config: opid_index: -1 OBSOLETE_local: false peers { permanent_uuid: "148fee78a9a8464cbec1806f743dce73" member_type: VOTER last_known_addr { host: "127.19.208.129" port: 32955 } } peers { permanent_uuid: "52ca74172ada4c388a1de5ff0c6acb8e" member_type: VOTER last_known_addr { host: "127.19.208.130" port: 45055 } } peers { permanent_uuid: "1bf42b9ff9364917819f76df4489af3e" member_type: VOTER last_known_addr { host: "127.19.208.131" port: 37491 } }
I20260630 12:30:43.709205 23467 ts_tablet_manager.cc:1434] T a6da677af1ae489687550e9e280ba34f P 1bf42b9ff9364917819f76df4489af3e: Time spent starting tablet: real 0.012s	user 0.005s	sys 0.002s
I20260630 12:30:43.710247 23467 tablet_bootstrap.cc:492] T 9fd5c742b38142afa7b9e356926da70e P 1bf42b9ff9364917819f76df4489af3e: Bootstrap starting.
I20260630 12:30:43.712631 23480 raft_consensus.cc:493] T 98ac52ed495642cead30595a361b288b P 52ca74172ada4c388a1de5ff0c6acb8e [term 0 FOLLOWER]: Starting pre-election (no leader contacted us within the election timeout)
I20260630 12:30:43.713136 23480 raft_consensus.cc:515] T 98ac52ed495642cead30595a361b288b P 52ca74172ada4c388a1de5ff0c6acb8e [term 0 FOLLOWER]: Starting pre-election with config: opid_index: -1 OBSOLETE_local: false peers { permanent_uuid: "148fee78a9a8464cbec1806f743dce73" member_type: VOTER last_known_addr { host: "127.19.208.129" port: 32955 } } peers { permanent_uuid: "52ca74172ada4c388a1de5ff0c6acb8e" member_type: VOTER last_known_addr { host: "127.19.208.130" port: 45055 } } peers { permanent_uuid: "1bf42b9ff9364917819f76df4489af3e" member_type: VOTER last_known_addr { host: "127.19.208.131" port: 37491 } }
I20260630 12:30:43.718245 23467 tablet_bootstrap.cc:654] T 9fd5c742b38142afa7b9e356926da70e P 1bf42b9ff9364917819f76df4489af3e: Neither blocks nor log segments found. Creating new log.
I20260630 12:30:43.718461 23468 tablet_bootstrap.cc:492] T 98ac52ed495642cead30595a361b288b P 148fee78a9a8464cbec1806f743dce73: No bootstrap required, opened a new log
I20260630 12:30:43.718947 23468 ts_tablet_manager.cc:1403] T 98ac52ed495642cead30595a361b288b P 148fee78a9a8464cbec1806f743dce73: Time spent bootstrapping tablet: real 0.030s	user 0.018s	sys 0.011s
I20260630 12:30:43.722163 23468 raft_consensus.cc:359] T 98ac52ed495642cead30595a361b288b P 148fee78a9a8464cbec1806f743dce73 [term 0 FOLLOWER]: Replica starting. Triggering 0 pending ops. Active config: opid_index: -1 OBSOLETE_local: false peers { permanent_uuid: "148fee78a9a8464cbec1806f743dce73" member_type: VOTER last_known_addr { host: "127.19.208.129" port: 32955 } } peers { permanent_uuid: "52ca74172ada4c388a1de5ff0c6acb8e" member_type: VOTER last_known_addr { host: "127.19.208.130" port: 45055 } } peers { permanent_uuid: "1bf42b9ff9364917819f76df4489af3e" member_type: VOTER last_known_addr { host: "127.19.208.131" port: 37491 } }
I20260630 12:30:43.723104 23468 raft_consensus.cc:385] T 98ac52ed495642cead30595a361b288b P 148fee78a9a8464cbec1806f743dce73 [term 0 FOLLOWER]: Consensus starting up: Expiring failure detector timer to make a prompt election more likely
I20260630 12:30:43.723472 23468 raft_consensus.cc:740] T 98ac52ed495642cead30595a361b288b P 148fee78a9a8464cbec1806f743dce73 [term 0 FOLLOWER]: Becoming Follower/Learner. State: Replica: 148fee78a9a8464cbec1806f743dce73, State: Initialized, Role: FOLLOWER
I20260630 12:30:43.724391 23468 consensus_queue.cc:260] T 98ac52ed495642cead30595a361b288b P 148fee78a9a8464cbec1806f743dce73 [NON_LEADER]: Queue going to NON_LEADER mode. State: All replicated index: 0, Majority replicated index: 0, Committed index: 0, Last appended: 0.0, Last appended by leader: 0, Current term: 0, Majority size: -1, State: 0, Mode: NON_LEADER, active raft config: opid_index: -1 OBSOLETE_local: false peers { permanent_uuid: "148fee78a9a8464cbec1806f743dce73" member_type: VOTER last_known_addr { host: "127.19.208.129" port: 32955 } } peers { permanent_uuid: "52ca74172ada4c388a1de5ff0c6acb8e" member_type: VOTER last_known_addr { host: "127.19.208.130" port: 45055 } } peers { permanent_uuid: "1bf42b9ff9364917819f76df4489af3e" member_type: VOTER last_known_addr { host: "127.19.208.131" port: 37491 } }
I20260630 12:30:43.727021 23472 tablet_bootstrap.cc:492] T 0ffc34454471470ab3c2cd4b8ed824ec P 52ca74172ada4c388a1de5ff0c6acb8e: No bootstrap required, opened a new log
I20260630 12:30:43.727522 23472 ts_tablet_manager.cc:1403] T 0ffc34454471470ab3c2cd4b8ed824ec P 52ca74172ada4c388a1de5ff0c6acb8e: Time spent bootstrapping tablet: real 0.044s	user 0.021s	sys 0.004s
I20260630 12:30:43.728737 23467 tablet_bootstrap.cc:492] T 9fd5c742b38142afa7b9e356926da70e P 1bf42b9ff9364917819f76df4489af3e: No bootstrap required, opened a new log
I20260630 12:30:43.729264 23467 ts_tablet_manager.cc:1403] T 9fd5c742b38142afa7b9e356926da70e P 1bf42b9ff9364917819f76df4489af3e: Time spent bootstrapping tablet: real 0.019s	user 0.009s	sys 0.006s
I20260630 12:30:43.730233 23472 raft_consensus.cc:359] T 0ffc34454471470ab3c2cd4b8ed824ec P 52ca74172ada4c388a1de5ff0c6acb8e [term 0 FOLLOWER]: Replica starting. Triggering 0 pending ops. Active config: opid_index: -1 OBSOLETE_local: false peers { permanent_uuid: "52ca74172ada4c388a1de5ff0c6acb8e" member_type: VOTER last_known_addr { host: "127.19.208.130" port: 45055 } } peers { permanent_uuid: "1bf42b9ff9364917819f76df4489af3e" member_type: VOTER last_known_addr { host: "127.19.208.131" port: 37491 } } peers { permanent_uuid: "148fee78a9a8464cbec1806f743dce73" member_type: VOTER last_known_addr { host: "127.19.208.129" port: 32955 } }
I20260630 12:30:43.731070 23472 raft_consensus.cc:385] T 0ffc34454471470ab3c2cd4b8ed824ec P 52ca74172ada4c388a1de5ff0c6acb8e [term 0 FOLLOWER]: Consensus starting up: Expiring failure detector timer to make a prompt election more likely
I20260630 12:30:43.731438 23472 raft_consensus.cc:740] T 0ffc34454471470ab3c2cd4b8ed824ec P 52ca74172ada4c388a1de5ff0c6acb8e [term 0 FOLLOWER]: Becoming Follower/Learner. State: Replica: 52ca74172ada4c388a1de5ff0c6acb8e, State: Initialized, Role: FOLLOWER
I20260630 12:30:43.732291 23467 raft_consensus.cc:359] T 9fd5c742b38142afa7b9e356926da70e P 1bf42b9ff9364917819f76df4489af3e [term 0 FOLLOWER]: Replica starting. Triggering 0 pending ops. Active config: opid_index: -1 OBSOLETE_local: false peers { permanent_uuid: "148fee78a9a8464cbec1806f743dce73" member_type: VOTER last_known_addr { host: "127.19.208.129" port: 32955 } } peers { permanent_uuid: "52ca74172ada4c388a1de5ff0c6acb8e" member_type: VOTER last_known_addr { host: "127.19.208.130" port: 45055 } } peers { permanent_uuid: "1bf42b9ff9364917819f76df4489af3e" member_type: VOTER last_known_addr { host: "127.19.208.131" port: 37491 } }
I20260630 12:30:43.732456 23472 consensus_queue.cc:260] T 0ffc34454471470ab3c2cd4b8ed824ec P 52ca74172ada4c388a1de5ff0c6acb8e [NON_LEADER]: Queue going to NON_LEADER mode. State: All replicated index: 0, Majority replicated index: 0, Committed index: 0, Last appended: 0.0, Last appended by leader: 0, Current term: 0, Majority size: -1, State: 0, Mode: NON_LEADER, active raft config: opid_index: -1 OBSOLETE_local: false peers { permanent_uuid: "52ca74172ada4c388a1de5ff0c6acb8e" member_type: VOTER last_known_addr { host: "127.19.208.130" port: 45055 } } peers { permanent_uuid: "1bf42b9ff9364917819f76df4489af3e" member_type: VOTER last_known_addr { host: "127.19.208.131" port: 37491 } } peers { permanent_uuid: "148fee78a9a8464cbec1806f743dce73" member_type: VOTER last_known_addr { host: "127.19.208.129" port: 32955 } }
I20260630 12:30:43.733327 23468 ts_tablet_manager.cc:1434] T 98ac52ed495642cead30595a361b288b P 148fee78a9a8464cbec1806f743dce73: Time spent starting tablet: real 0.014s	user 0.006s	sys 0.001s
I20260630 12:30:43.733472 23467 raft_consensus.cc:385] T 9fd5c742b38142afa7b9e356926da70e P 1bf42b9ff9364917819f76df4489af3e [term 0 FOLLOWER]: Consensus starting up: Expiring failure detector timer to make a prompt election more likely
I20260630 12:30:43.733920 23467 raft_consensus.cc:740] T 9fd5c742b38142afa7b9e356926da70e P 1bf42b9ff9364917819f76df4489af3e [term 0 FOLLOWER]: Becoming Follower/Learner. State: Replica: 1bf42b9ff9364917819f76df4489af3e, State: Initialized, Role: FOLLOWER
I20260630 12:30:43.734699 23467 consensus_queue.cc:260] T 9fd5c742b38142afa7b9e356926da70e P 1bf42b9ff9364917819f76df4489af3e [NON_LEADER]: Queue going to NON_LEADER mode. State: All replicated index: 0, Majority replicated index: 0, Committed index: 0, Last appended: 0.0, Last appended by leader: 0, Current term: 0, Majority size: -1, State: 0, Mode: NON_LEADER, active raft config: opid_index: -1 OBSOLETE_local: false peers { permanent_uuid: "148fee78a9a8464cbec1806f743dce73" member_type: VOTER last_known_addr { host: "127.19.208.129" port: 32955 } } peers { permanent_uuid: "52ca74172ada4c388a1de5ff0c6acb8e" member_type: VOTER last_known_addr { host: "127.19.208.130" port: 45055 } } peers { permanent_uuid: "1bf42b9ff9364917819f76df4489af3e" member_type: VOTER last_known_addr { host: "127.19.208.131" port: 37491 } }
I20260630 12:30:43.737272 23480 leader_election.cc:290] T 98ac52ed495642cead30595a361b288b P 52ca74172ada4c388a1de5ff0c6acb8e [CANDIDATE]: Term 1 pre-election: Requested pre-vote from peers 148fee78a9a8464cbec1806f743dce73 (127.19.208.129:32955), 1bf42b9ff9364917819f76df4489af3e (127.19.208.131:37491)
I20260630 12:30:43.737952 23480 raft_consensus.cc:493] T 50e736b823aa4acf8766bbf9865a15b5 P 52ca74172ada4c388a1de5ff0c6acb8e [term 0 FOLLOWER]: Starting pre-election (no leader contacted us within the election timeout)
I20260630 12:30:43.738473 23480 raft_consensus.cc:515] T 50e736b823aa4acf8766bbf9865a15b5 P 52ca74172ada4c388a1de5ff0c6acb8e [term 0 FOLLOWER]: Starting pre-election with config: opid_index: -1 OBSOLETE_local: false peers { permanent_uuid: "52ca74172ada4c388a1de5ff0c6acb8e" member_type: VOTER last_known_addr { host: "127.19.208.130" port: 45055 } } peers { permanent_uuid: "148fee78a9a8464cbec1806f743dce73" member_type: VOTER last_known_addr { host: "127.19.208.129" port: 32955 } } peers { permanent_uuid: "1bf42b9ff9364917819f76df4489af3e" member_type: VOTER last_known_addr { host: "127.19.208.131" port: 37491 } }
I20260630 12:30:43.741101 23467 ts_tablet_manager.cc:1434] T 9fd5c742b38142afa7b9e356926da70e P 1bf42b9ff9364917819f76df4489af3e: Time spent starting tablet: real 0.011s	user 0.005s	sys 0.000s
I20260630 12:30:43.742244 23467 tablet_bootstrap.cc:492] T 7e38e0912f614a35aa125d5cf25f6093 P 1bf42b9ff9364917819f76df4489af3e: Bootstrap starting.
I20260630 12:30:43.742712 23468 tablet_bootstrap.cc:492] T 200802a3848b4eaa97599dd2c7e2d4d8 P 148fee78a9a8464cbec1806f743dce73: Bootstrap starting.
I20260630 12:30:43.748643 23467 tablet_bootstrap.cc:654] T 7e38e0912f614a35aa125d5cf25f6093 P 1bf42b9ff9364917819f76df4489af3e: Neither blocks nor log segments found. Creating new log.
I20260630 12:30:43.749221 23468 tablet_bootstrap.cc:654] T 200802a3848b4eaa97599dd2c7e2d4d8 P 148fee78a9a8464cbec1806f743dce73: Neither blocks nor log segments found. Creating new log.
I20260630 12:30:43.740979 23480 leader_election.cc:290] T 50e736b823aa4acf8766bbf9865a15b5 P 52ca74172ada4c388a1de5ff0c6acb8e [CANDIDATE]: Term 1 pre-election: Requested pre-vote from peers 148fee78a9a8464cbec1806f743dce73 (127.19.208.129:32955), 1bf42b9ff9364917819f76df4489af3e (127.19.208.131:37491)
I20260630 12:30:43.763339 23467 tablet_bootstrap.cc:492] T 7e38e0912f614a35aa125d5cf25f6093 P 1bf42b9ff9364917819f76df4489af3e: No bootstrap required, opened a new log
I20260630 12:30:43.763882 23467 ts_tablet_manager.cc:1403] T 7e38e0912f614a35aa125d5cf25f6093 P 1bf42b9ff9364917819f76df4489af3e: Time spent bootstrapping tablet: real 0.022s	user 0.001s	sys 0.015s
I20260630 12:30:43.766702 23467 raft_consensus.cc:359] T 7e38e0912f614a35aa125d5cf25f6093 P 1bf42b9ff9364917819f76df4489af3e [term 0 FOLLOWER]: Replica starting. Triggering 0 pending ops. Active config: opid_index: -1 OBSOLETE_local: false peers { permanent_uuid: "52ca74172ada4c388a1de5ff0c6acb8e" member_type: VOTER last_known_addr { host: "127.19.208.130" port: 45055 } } peers { permanent_uuid: "148fee78a9a8464cbec1806f743dce73" member_type: VOTER last_known_addr { host: "127.19.208.129" port: 32955 } } peers { permanent_uuid: "1bf42b9ff9364917819f76df4489af3e" member_type: VOTER last_known_addr { host: "127.19.208.131" port: 37491 } }
I20260630 12:30:43.768182 23467 raft_consensus.cc:385] T 7e38e0912f614a35aa125d5cf25f6093 P 1bf42b9ff9364917819f76df4489af3e [term 0 FOLLOWER]: Consensus starting up: Expiring failure detector timer to make a prompt election more likely
I20260630 12:30:43.768653 23467 raft_consensus.cc:740] T 7e38e0912f614a35aa125d5cf25f6093 P 1bf42b9ff9364917819f76df4489af3e [term 0 FOLLOWER]: Becoming Follower/Learner. State: Replica: 1bf42b9ff9364917819f76df4489af3e, State: Initialized, Role: FOLLOWER
I20260630 12:30:43.769714 23467 consensus_queue.cc:260] T 7e38e0912f614a35aa125d5cf25f6093 P 1bf42b9ff9364917819f76df4489af3e [NON_LEADER]: Queue going to NON_LEADER mode. State: All replicated index: 0, Majority replicated index: 0, Committed index: 0, Last appended: 0.0, Last appended by leader: 0, Current term: 0, Majority size: -1, State: 0, Mode: NON_LEADER, active raft config: opid_index: -1 OBSOLETE_local: false peers { permanent_uuid: "52ca74172ada4c388a1de5ff0c6acb8e" member_type: VOTER last_known_addr { host: "127.19.208.130" port: 45055 } } peers { permanent_uuid: "148fee78a9a8464cbec1806f743dce73" member_type: VOTER last_known_addr { host: "127.19.208.129" port: 32955 } } peers { permanent_uuid: "1bf42b9ff9364917819f76df4489af3e" member_type: VOTER last_known_addr { host: "127.19.208.131" port: 37491 } }
I20260630 12:30:43.773207 23467 ts_tablet_manager.cc:1434] T 7e38e0912f614a35aa125d5cf25f6093 P 1bf42b9ff9364917819f76df4489af3e: Time spent starting tablet: real 0.009s	user 0.008s	sys 0.000s
I20260630 12:30:43.774626 23467 tablet_bootstrap.cc:492] T 2fe0103a66f144b2aec551cc0a380101 P 1bf42b9ff9364917819f76df4489af3e: Bootstrap starting.
I20260630 12:30:43.780687 23472 ts_tablet_manager.cc:1434] T 0ffc34454471470ab3c2cd4b8ed824ec P 52ca74172ada4c388a1de5ff0c6acb8e: Time spent starting tablet: real 0.053s	user 0.014s	sys 0.030s
I20260630 12:30:43.781720 23472 tablet_bootstrap.cc:492] T 7e38e0912f614a35aa125d5cf25f6093 P 52ca74172ada4c388a1de5ff0c6acb8e: Bootstrap starting.
I20260630 12:30:43.786862 23273 tablet_service.cc:1917] Received RequestConsensusVote() RPC: tablet_id: "98ac52ed495642cead30595a361b288b" candidate_uuid: "52ca74172ada4c388a1de5ff0c6acb8e" candidate_term: 1 candidate_status { last_received { term: 0 index: 0 } } ignore_live_leader: false dest_uuid: "148fee78a9a8464cbec1806f743dce73" is_pre_election: true
I20260630 12:30:43.788749 23272 tablet_service.cc:1917] Received RequestConsensusVote() RPC: tablet_id: "50e736b823aa4acf8766bbf9865a15b5" candidate_uuid: "52ca74172ada4c388a1de5ff0c6acb8e" candidate_term: 1 candidate_status { last_received { term: 0 index: 0 } } ignore_live_leader: false dest_uuid: "148fee78a9a8464cbec1806f743dce73" is_pre_election: true
I20260630 12:30:43.789425 23272 raft_consensus.cc:2468] T 50e736b823aa4acf8766bbf9865a15b5 P 148fee78a9a8464cbec1806f743dce73 [term 0 FOLLOWER]: Leader pre-election vote request: Granting yes vote for candidate 52ca74172ada4c388a1de5ff0c6acb8e in term 0.
I20260630 12:30:43.787613 23273 raft_consensus.cc:2468] T 98ac52ed495642cead30595a361b288b P 148fee78a9a8464cbec1806f743dce73 [term 0 FOLLOWER]: Leader pre-election vote request: Granting yes vote for candidate 52ca74172ada4c388a1de5ff0c6acb8e in term 0.
I20260630 12:30:43.791448 23314 leader_election.cc:304] T 50e736b823aa4acf8766bbf9865a15b5 P 52ca74172ada4c388a1de5ff0c6acb8e [CANDIDATE]: Term 1 pre-election: Election decided. Result: candidate won. Election summary: received 2 responses out of 3 voters: 2 yes votes; 0 no votes. yes voters: 148fee78a9a8464cbec1806f743dce73, 52ca74172ada4c388a1de5ff0c6acb8e; no voters: 
I20260630 12:30:43.792554 23472 tablet_bootstrap.cc:654] T 7e38e0912f614a35aa125d5cf25f6093 P 52ca74172ada4c388a1de5ff0c6acb8e: Neither blocks nor log segments found. Creating new log.
I20260630 12:30:43.795114 23468 tablet_bootstrap.cc:492] T 200802a3848b4eaa97599dd2c7e2d4d8 P 148fee78a9a8464cbec1806f743dce73: No bootstrap required, opened a new log
I20260630 12:30:43.795593 23468 ts_tablet_manager.cc:1403] T 200802a3848b4eaa97599dd2c7e2d4d8 P 148fee78a9a8464cbec1806f743dce73: Time spent bootstrapping tablet: real 0.053s	user 0.011s	sys 0.034s
I20260630 12:30:43.796345 23467 tablet_bootstrap.cc:654] T 2fe0103a66f144b2aec551cc0a380101 P 1bf42b9ff9364917819f76df4489af3e: Neither blocks nor log segments found. Creating new log.
I20260630 12:30:43.796679 23314 leader_election.cc:304] T 98ac52ed495642cead30595a361b288b P 52ca74172ada4c388a1de5ff0c6acb8e [CANDIDATE]: Term 1 pre-election: Election decided. Result: candidate won. Election summary: received 2 responses out of 3 voters: 2 yes votes; 0 no votes. yes voters: 148fee78a9a8464cbec1806f743dce73, 52ca74172ada4c388a1de5ff0c6acb8e; no voters: 
I20260630 12:30:43.797605 23493 raft_consensus.cc:2804] T 98ac52ed495642cead30595a361b288b P 52ca74172ada4c388a1de5ff0c6acb8e [term 0 FOLLOWER]: Leader pre-election won for term 1
I20260630 12:30:43.797989 23493 raft_consensus.cc:493] T 98ac52ed495642cead30595a361b288b P 52ca74172ada4c388a1de5ff0c6acb8e [term 0 FOLLOWER]: Starting leader election (no leader contacted us within the election timeout)
