I20260630 12:30:45.168915 23189 raft_consensus.cc:359] T 0731f539abd24042948b8700efddddfd P c6d76f3195a546d9a47ccc04ffb16954 [term 0 FOLLOWER]: Replica starting. Triggering 0 pending ops. Active config: opid_index: -1 OBSOLETE_local: false peers { permanent_uuid: "e2af0a97ad954881aa5a6a2cc58f2044" member_type: VOTER last_known_addr { host: "127.19.223.65" port: 39751 } } peers { permanent_uuid: "c6d76f3195a546d9a47ccc04ffb16954" member_type: VOTER last_known_addr { host: "127.19.223.66" port: 36525 } } peers { permanent_uuid: "caa46d30ef954698b425084a1301d4ca" member_type: VOTER last_known_addr { host: "127.19.223.67" port: 45869 } }
I20260630 12:30:45.169449 23141 raft_consensus.cc:3060] T 0731f539abd24042948b8700efddddfd P caa46d30ef954698b425084a1301d4ca [term 0 FOLLOWER]: Advancing to term 1
I20260630 12:30:45.169654 23189 raft_consensus.cc:385] T 0731f539abd24042948b8700efddddfd P c6d76f3195a546d9a47ccc04ffb16954 [term 0 FOLLOWER]: Consensus starting up: Expiring failure detector timer to make a prompt election more likely
I20260630 12:30:45.169950 23189 raft_consensus.cc:740] T 0731f539abd24042948b8700efddddfd P c6d76f3195a546d9a47ccc04ffb16954 [term 0 FOLLOWER]: Becoming Follower/Learner. State: Replica: c6d76f3195a546d9a47ccc04ffb16954, State: Initialized, Role: FOLLOWER
I20260630 12:30:45.171715 23189 consensus_queue.cc:260] T 0731f539abd24042948b8700efddddfd P c6d76f3195a546d9a47ccc04ffb16954 [NON_LEADER]: Queue going to NON_LEADER mode. State: All replicated index: 0, Majority replicated index: 0, Committed index: 0, Last appended: 0.0, Last appended by leader: 0, Current term: 0, Majority size: -1, State: 0, Mode: NON_LEADER, active raft config: opid_index: -1 OBSOLETE_local: false peers { permanent_uuid: "e2af0a97ad954881aa5a6a2cc58f2044" member_type: VOTER last_known_addr { host: "127.19.223.65" port: 39751 } } peers { permanent_uuid: "c6d76f3195a546d9a47ccc04ffb16954" member_type: VOTER last_known_addr { host: "127.19.223.66" port: 36525 } } peers { permanent_uuid: "caa46d30ef954698b425084a1301d4ca" member_type: VOTER last_known_addr { host: "127.19.223.67" port: 45869 } }
I20260630 12:30:45.179780 23141 raft_consensus.cc:2468] T 0731f539abd24042948b8700efddddfd P caa46d30ef954698b425084a1301d4ca [term 1 FOLLOWER]: Leader election vote request: Granting yes vote for candidate e2af0a97ad954881aa5a6a2cc58f2044 in term 1.
I20260630 12:30:45.180223 23189 ts_tablet_manager.cc:1434] T 0731f539abd24042948b8700efddddfd P c6d76f3195a546d9a47ccc04ffb16954: Time spent starting tablet: real 0.014s	user 0.005s	sys 0.000s
I20260630 12:30:45.180994 22957 leader_election.cc:304] T 0731f539abd24042948b8700efddddfd P e2af0a97ad954881aa5a6a2cc58f2044 [CANDIDATE]: Term 1 election: Election decided. Result: candidate won. Election summary: received 3 responses out of 3 voters: 2 yes votes; 1 no votes. yes voters: caa46d30ef954698b425084a1301d4ca, e2af0a97ad954881aa5a6a2cc58f2044; no voters: c6d76f3195a546d9a47ccc04ffb16954
I20260630 12:30:45.186581 23194 leader_election.cc:290] T 0731f539abd24042948b8700efddddfd P e2af0a97ad954881aa5a6a2cc58f2044 [CANDIDATE]: Term 1 election: Requested vote from peers c6d76f3195a546d9a47ccc04ffb16954 (127.19.223.66:36525), caa46d30ef954698b425084a1301d4ca (127.19.223.67:45869)
I20260630 12:30:45.187518 23194 raft_consensus.cc:2804] T 0731f539abd24042948b8700efddddfd P e2af0a97ad954881aa5a6a2cc58f2044 [term 1 FOLLOWER]: Leader election won for term 1
I20260630 12:30:45.188481 23194 raft_consensus.cc:697] T 0731f539abd24042948b8700efddddfd P e2af0a97ad954881aa5a6a2cc58f2044 [term 1 LEADER]: Becoming Leader. State: Replica: e2af0a97ad954881aa5a6a2cc58f2044, State: Running, Role: LEADER
I20260630 12:30:45.190457 23194 consensus_queue.cc:237] T 0731f539abd24042948b8700efddddfd P e2af0a97ad954881aa5a6a2cc58f2044 [LEADER]: Queue going to LEADER mode. State: All replicated index: 0, Majority replicated index: 0, Committed index: 0, Last appended: 0.0, Last appended by leader: 0, Current term: 1, Majority size: 2, State: 0, Mode: LEADER, active raft config: opid_index: -1 OBSOLETE_local: false peers { permanent_uuid: "e2af0a97ad954881aa5a6a2cc58f2044" member_type: VOTER last_known_addr { host: "127.19.223.65" port: 39751 } } peers { permanent_uuid: "c6d76f3195a546d9a47ccc04ffb16954" member_type: VOTER last_known_addr { host: "127.19.223.66" port: 36525 } } peers { permanent_uuid: "caa46d30ef954698b425084a1301d4ca" member_type: VOTER last_known_addr { host: "127.19.223.67" port: 45869 } }
I20260630 12:30:45.191557 22992 tablet_service.cc:1917] Received RequestConsensusVote() RPC: tablet_id: "0731f539abd24042948b8700efddddfd" candidate_uuid: "caa46d30ef954698b425084a1301d4ca" candidate_term: 1 candidate_status { last_received { term: 0 index: 0 } } ignore_live_leader: false dest_uuid: "e2af0a97ad954881aa5a6a2cc58f2044" is_pre_election: true
I20260630 12:30:45.198944 23067 tablet_service.cc:1917] Received RequestConsensusVote() RPC: tablet_id: "0731f539abd24042948b8700efddddfd" candidate_uuid: "caa46d30ef954698b425084a1301d4ca" candidate_term: 1 candidate_status { last_received { term: 0 index: 0 } } ignore_live_leader: false dest_uuid: "c6d76f3195a546d9a47ccc04ffb16954" is_pre_election: true
I20260630 12:30:45.199653 23187 tablet_bootstrap.cc:492] T 4fda0cffc3b743cd8f1b81438bfe8afa P caa46d30ef954698b425084a1301d4ca: No bootstrap required, opened a new log
I20260630 12:30:45.199527 23067 raft_consensus.cc:2468] T 0731f539abd24042948b8700efddddfd P c6d76f3195a546d9a47ccc04ffb16954 [term 0 FOLLOWER]: Leader pre-election vote request: Granting yes vote for candidate caa46d30ef954698b425084a1301d4ca in term 0.
I20260630 12:30:45.199978 23187 ts_tablet_manager.cc:1403] T 4fda0cffc3b743cd8f1b81438bfe8afa P caa46d30ef954698b425084a1301d4ca: Time spent bootstrapping tablet: real 0.066s	user 0.039s	sys 0.024s
I20260630 12:30:45.201016 23104 leader_election.cc:304] T 0731f539abd24042948b8700efddddfd P caa46d30ef954698b425084a1301d4ca [CANDIDATE]: Term 1 pre-election: Election decided. Result: candidate won. Election summary: received 3 responses out of 3 voters: 2 yes votes; 1 no votes. yes voters: c6d76f3195a546d9a47ccc04ffb16954, caa46d30ef954698b425084a1301d4ca; no voters: e2af0a97ad954881aa5a6a2cc58f2044
I20260630 12:30:45.202309 23207 raft_consensus.cc:2764] T 0731f539abd24042948b8700efddddfd P caa46d30ef954698b425084a1301d4ca [term 1 FOLLOWER]: Leader pre-election decision vote started in defunct term 0: won
I20260630 12:30:45.203085 23187 raft_consensus.cc:359] T 4fda0cffc3b743cd8f1b81438bfe8afa P caa46d30ef954698b425084a1301d4ca [term 0 FOLLOWER]: Replica starting. Triggering 0 pending ops. Active config: opid_index: -1 OBSOLETE_local: false peers { permanent_uuid: "e2af0a97ad954881aa5a6a2cc58f2044" member_type: VOTER last_known_addr { host: "127.19.223.65" port: 39751 } } peers { permanent_uuid: "c6d76f3195a546d9a47ccc04ffb16954" member_type: VOTER last_known_addr { host: "127.19.223.66" port: 36525 } } peers { permanent_uuid: "caa46d30ef954698b425084a1301d4ca" member_type: VOTER last_known_addr { host: "127.19.223.67" port: 45869 } }
I20260630 12:30:45.203800 23187 raft_consensus.cc:385] T 4fda0cffc3b743cd8f1b81438bfe8afa P caa46d30ef954698b425084a1301d4ca [term 0 FOLLOWER]: Consensus starting up: Expiring failure detector timer to make a prompt election more likely
I20260630 12:30:45.204092 23187 raft_consensus.cc:740] T 4fda0cffc3b743cd8f1b81438bfe8afa P caa46d30ef954698b425084a1301d4ca [term 0 FOLLOWER]: Becoming Follower/Learner. State: Replica: caa46d30ef954698b425084a1301d4ca, State: Initialized, Role: FOLLOWER
I20260630 12:30:45.204706 23187 consensus_queue.cc:260] T 4fda0cffc3b743cd8f1b81438bfe8afa P caa46d30ef954698b425084a1301d4ca [NON_LEADER]: Queue going to NON_LEADER mode. State: All replicated index: 0, Majority replicated index: 0, Committed index: 0, Last appended: 0.0, Last appended by leader: 0, Current term: 0, Majority size: -1, State: 0, Mode: NON_LEADER, active raft config: opid_index: -1 OBSOLETE_local: false peers { permanent_uuid: "e2af0a97ad954881aa5a6a2cc58f2044" member_type: VOTER last_known_addr { host: "127.19.223.65" port: 39751 } } peers { permanent_uuid: "c6d76f3195a546d9a47ccc04ffb16954" member_type: VOTER last_known_addr { host: "127.19.223.66" port: 36525 } } peers { permanent_uuid: "caa46d30ef954698b425084a1301d4ca" member_type: VOTER last_known_addr { host: "127.19.223.67" port: 45869 } }
I20260630 12:30:45.204730 22890 catalog_manager.cc:5697] T 0731f539abd24042948b8700efddddfd P e2af0a97ad954881aa5a6a2cc58f2044 reported cstate change: term changed from 0 to 1, leader changed from <none> to e2af0a97ad954881aa5a6a2cc58f2044 (127.19.223.65). New cstate: current_term: 1 leader_uuid: "e2af0a97ad954881aa5a6a2cc58f2044" committed_config { opid_index: -1 OBSOLETE_local: false peers { permanent_uuid: "e2af0a97ad954881aa5a6a2cc58f2044" member_type: VOTER last_known_addr { host: "127.19.223.65" port: 39751 } health_report { overall_health: HEALTHY } } peers { permanent_uuid: "c6d76f3195a546d9a47ccc04ffb16954" member_type: VOTER last_known_addr { host: "127.19.223.66" port: 36525 } health_report { overall_health: UNKNOWN } } peers { permanent_uuid: "caa46d30ef954698b425084a1301d4ca" member_type: VOTER last_known_addr { host: "127.19.223.67" port: 45869 } health_report { overall_health: UNKNOWN } } }
I20260630 12:30:45.206473 23187 ts_tablet_manager.cc:1434] T 4fda0cffc3b743cd8f1b81438bfe8afa P caa46d30ef954698b425084a1301d4ca: Time spent starting tablet: real 0.006s	user 0.008s	sys 0.000s
I20260630 12:30:45.221771 23192 raft_consensus.cc:493] T d6e90c40465e40c8b733fcbb58374b8c P c6d76f3195a546d9a47ccc04ffb16954 [term 0 FOLLOWER]: Starting pre-election (no leader contacted us within the election timeout)
I20260630 12:30:45.222275 23192 raft_consensus.cc:515] T d6e90c40465e40c8b733fcbb58374b8c P c6d76f3195a546d9a47ccc04ffb16954 [term 0 FOLLOWER]: Starting pre-election with config: opid_index: -1 OBSOLETE_local: false peers { permanent_uuid: "e2af0a97ad954881aa5a6a2cc58f2044" member_type: VOTER last_known_addr { host: "127.19.223.65" port: 39751 } } peers { permanent_uuid: "c6d76f3195a546d9a47ccc04ffb16954" member_type: VOTER last_known_addr { host: "127.19.223.66" port: 36525 } } peers { permanent_uuid: "caa46d30ef954698b425084a1301d4ca" member_type: VOTER last_known_addr { host: "127.19.223.67" port: 45869 } }
I20260630 12:30:45.224236 23192 leader_election.cc:290] T d6e90c40465e40c8b733fcbb58374b8c P c6d76f3195a546d9a47ccc04ffb16954 [CANDIDATE]: Term 1 pre-election: Requested pre-vote from peers e2af0a97ad954881aa5a6a2cc58f2044 (127.19.223.65:39751), caa46d30ef954698b425084a1301d4ca (127.19.223.67:45869)
I20260630 12:30:45.235529 22992 tablet_service.cc:1917] Received RequestConsensusVote() RPC: tablet_id: "d6e90c40465e40c8b733fcbb58374b8c" candidate_uuid: "c6d76f3195a546d9a47ccc04ffb16954" candidate_term: 1 candidate_status { last_received { term: 0 index: 0 } } ignore_live_leader: false dest_uuid: "e2af0a97ad954881aa5a6a2cc58f2044" is_pre_election: true
I20260630 12:30:45.235667 23141 tablet_service.cc:1917] Received RequestConsensusVote() RPC: tablet_id: "d6e90c40465e40c8b733fcbb58374b8c" candidate_uuid: "c6d76f3195a546d9a47ccc04ffb16954" candidate_term: 1 candidate_status { last_received { term: 0 index: 0 } } ignore_live_leader: false dest_uuid: "caa46d30ef954698b425084a1301d4ca" is_pre_election: true
I20260630 12:30:45.236148 22992 raft_consensus.cc:2468] T d6e90c40465e40c8b733fcbb58374b8c P e2af0a97ad954881aa5a6a2cc58f2044 [term 0 FOLLOWER]: Leader pre-election vote request: Granting yes vote for candidate c6d76f3195a546d9a47ccc04ffb16954 in term 0.
I20260630 12:30:45.236263 23141 raft_consensus.cc:2468] T d6e90c40465e40c8b733fcbb58374b8c P caa46d30ef954698b425084a1301d4ca [term 0 FOLLOWER]: Leader pre-election vote request: Granting yes vote for candidate c6d76f3195a546d9a47ccc04ffb16954 in term 0.
I20260630 12:30:45.237210 23030 leader_election.cc:304] T d6e90c40465e40c8b733fcbb58374b8c P c6d76f3195a546d9a47ccc04ffb16954 [CANDIDATE]: Term 1 pre-election: Election decided. Result: candidate won. Election summary: received 2 responses out of 3 voters: 2 yes votes; 0 no votes. yes voters: c6d76f3195a546d9a47ccc04ffb16954, e2af0a97ad954881aa5a6a2cc58f2044; no voters: 
I20260630 12:30:45.237845 23192 raft_consensus.cc:2804] T d6e90c40465e40c8b733fcbb58374b8c P c6d76f3195a546d9a47ccc04ffb16954 [term 0 FOLLOWER]: Leader pre-election won for term 1
I20260630 12:30:45.238180 23192 raft_consensus.cc:493] T d6e90c40465e40c8b733fcbb58374b8c P c6d76f3195a546d9a47ccc04ffb16954 [term 0 FOLLOWER]: Starting leader election (no leader contacted us within the election timeout)
I20260630 12:30:45.238447 23192 raft_consensus.cc:3060] T d6e90c40465e40c8b733fcbb58374b8c P c6d76f3195a546d9a47ccc04ffb16954 [term 0 FOLLOWER]: Advancing to term 1
I20260630 12:30:45.242944 23192 raft_consensus.cc:515] T d6e90c40465e40c8b733fcbb58374b8c P c6d76f3195a546d9a47ccc04ffb16954 [term 1 FOLLOWER]: Starting leader election with config: opid_index: -1 OBSOLETE_local: false peers { permanent_uuid: "e2af0a97ad954881aa5a6a2cc58f2044" member_type: VOTER last_known_addr { host: "127.19.223.65" port: 39751 } } peers { permanent_uuid: "c6d76f3195a546d9a47ccc04ffb16954" member_type: VOTER last_known_addr { host: "127.19.223.66" port: 36525 } } peers { permanent_uuid: "caa46d30ef954698b425084a1301d4ca" member_type: VOTER last_known_addr { host: "127.19.223.67" port: 45869 } }
I20260630 12:30:45.244323 23192 leader_election.cc:290] T d6e90c40465e40c8b733fcbb58374b8c P c6d76f3195a546d9a47ccc04ffb16954 [CANDIDATE]: Term 1 election: Requested vote from peers e2af0a97ad954881aa5a6a2cc58f2044 (127.19.223.65:39751), caa46d30ef954698b425084a1301d4ca (127.19.223.67:45869)
I20260630 12:30:45.245069 22992 tablet_service.cc:1917] Received RequestConsensusVote() RPC: tablet_id: "d6e90c40465e40c8b733fcbb58374b8c" candidate_uuid: "c6d76f3195a546d9a47ccc04ffb16954" candidate_term: 1 candidate_status { last_received { term: 0 index: 0 } } ignore_live_leader: false dest_uuid: "e2af0a97ad954881aa5a6a2cc58f2044"
I20260630 12:30:45.245234 23141 tablet_service.cc:1917] Received RequestConsensusVote() RPC: tablet_id: "d6e90c40465e40c8b733fcbb58374b8c" candidate_uuid: "c6d76f3195a546d9a47ccc04ffb16954" candidate_term: 1 candidate_status { last_received { term: 0 index: 0 } } ignore_live_leader: false dest_uuid: "caa46d30ef954698b425084a1301d4ca"
I20260630 12:30:45.245627 22992 raft_consensus.cc:3060] T d6e90c40465e40c8b733fcbb58374b8c P e2af0a97ad954881aa5a6a2cc58f2044 [term 0 FOLLOWER]: Advancing to term 1
I20260630 12:30:45.245719 23141 raft_consensus.cc:3060] T d6e90c40465e40c8b733fcbb58374b8c P caa46d30ef954698b425084a1301d4ca [term 0 FOLLOWER]: Advancing to term 1
I20260630 12:30:45.252158 23141 raft_consensus.cc:2468] T d6e90c40465e40c8b733fcbb58374b8c P caa46d30ef954698b425084a1301d4ca [term 1 FOLLOWER]: Leader election vote request: Granting yes vote for candidate c6d76f3195a546d9a47ccc04ffb16954 in term 1.
I20260630 12:30:45.252158 22992 raft_consensus.cc:2468] T d6e90c40465e40c8b733fcbb58374b8c P e2af0a97ad954881aa5a6a2cc58f2044 [term 1 FOLLOWER]: Leader election vote request: Granting yes vote for candidate c6d76f3195a546d9a47ccc04ffb16954 in term 1.
I20260630 12:30:45.253381 23030 leader_election.cc:304] T d6e90c40465e40c8b733fcbb58374b8c P c6d76f3195a546d9a47ccc04ffb16954 [CANDIDATE]: Term 1 election: Election decided. Result: candidate won. Election summary: received 2 responses out of 3 voters: 2 yes votes; 0 no votes. yes voters: c6d76f3195a546d9a47ccc04ffb16954, e2af0a97ad954881aa5a6a2cc58f2044; no voters: 
I20260630 12:30:45.253980 23192 raft_consensus.cc:2804] T d6e90c40465e40c8b733fcbb58374b8c P c6d76f3195a546d9a47ccc04ffb16954 [term 1 FOLLOWER]: Leader election won for term 1
I20260630 12:30:45.254981 23192 raft_consensus.cc:697] T d6e90c40465e40c8b733fcbb58374b8c P c6d76f3195a546d9a47ccc04ffb16954 [term 1 LEADER]: Becoming Leader. State: Replica: c6d76f3195a546d9a47ccc04ffb16954, State: Running, Role: LEADER
I20260630 12:30:45.255565 23192 consensus_queue.cc:237] T d6e90c40465e40c8b733fcbb58374b8c P c6d76f3195a546d9a47ccc04ffb16954 [LEADER]: Queue going to LEADER mode. State: All replicated index: 0, Majority replicated index: 0, Committed index: 0, Last appended: 0.0, Last appended by leader: 0, Current term: 1, Majority size: 2, State: 0, Mode: LEADER, active raft config: opid_index: -1 OBSOLETE_local: false peers { permanent_uuid: "e2af0a97ad954881aa5a6a2cc58f2044" member_type: VOTER last_known_addr { host: "127.19.223.65" port: 39751 } } peers { permanent_uuid: "c6d76f3195a546d9a47ccc04ffb16954" member_type: VOTER last_known_addr { host: "127.19.223.66" port: 36525 } } peers { permanent_uuid: "caa46d30ef954698b425084a1301d4ca" member_type: VOTER last_known_addr { host: "127.19.223.67" port: 45869 } }
I20260630 12:30:45.261986 22889 catalog_manager.cc:5697] T d6e90c40465e40c8b733fcbb58374b8c P c6d76f3195a546d9a47ccc04ffb16954 reported cstate change: term changed from 0 to 1, leader changed from <none> to c6d76f3195a546d9a47ccc04ffb16954 (127.19.223.66). New cstate: current_term: 1 leader_uuid: "c6d76f3195a546d9a47ccc04ffb16954" committed_config { opid_index: -1 OBSOLETE_local: false peers { permanent_uuid: "e2af0a97ad954881aa5a6a2cc58f2044" member_type: VOTER last_known_addr { host: "127.19.223.65" port: 39751 } health_report { overall_health: UNKNOWN } } peers { permanent_uuid: "c6d76f3195a546d9a47ccc04ffb16954" member_type: VOTER last_known_addr { host: "127.19.223.66" port: 36525 } health_report { overall_health: HEALTHY } } peers { permanent_uuid: "caa46d30ef954698b425084a1301d4ca" member_type: VOTER last_known_addr { host: "127.19.223.67" port: 45869 } health_report { overall_health: UNKNOWN } } }
I20260630 12:30:45.325464 23194 raft_consensus.cc:493] T 474786060a25495db7847674e8d011bc P e2af0a97ad954881aa5a6a2cc58f2044 [term 0 FOLLOWER]: Starting pre-election (no leader contacted us within the election timeout)
I20260630 12:30:45.325852 23194 raft_consensus.cc:515] T 474786060a25495db7847674e8d011bc P e2af0a97ad954881aa5a6a2cc58f2044 [term 0 FOLLOWER]: Starting pre-election with config: opid_index: -1 OBSOLETE_local: false peers { permanent_uuid: "e2af0a97ad954881aa5a6a2cc58f2044" member_type: VOTER last_known_addr { host: "127.19.223.65" port: 39751 } } peers { permanent_uuid: "caa46d30ef954698b425084a1301d4ca" member_type: VOTER last_known_addr { host: "127.19.223.67" port: 45869 } } peers { permanent_uuid: "c6d76f3195a546d9a47ccc04ffb16954" member_type: VOTER last_known_addr { host: "127.19.223.66" port: 36525 } }
I20260630 12:30:45.327492 23194 leader_election.cc:290] T 474786060a25495db7847674e8d011bc P e2af0a97ad954881aa5a6a2cc58f2044 [CANDIDATE]: Term 1 pre-election: Requested pre-vote from peers caa46d30ef954698b425084a1301d4ca (127.19.223.67:45869), c6d76f3195a546d9a47ccc04ffb16954 (127.19.223.66:36525)
I20260630 12:30:45.328095 23141 tablet_service.cc:1917] Received RequestConsensusVote() RPC: tablet_id: "474786060a25495db7847674e8d011bc" candidate_uuid: "e2af0a97ad954881aa5a6a2cc58f2044" candidate_term: 1 candidate_status { last_received { term: 0 index: 0 } } ignore_live_leader: false dest_uuid: "caa46d30ef954698b425084a1301d4ca" is_pre_election: true
I20260630 12:30:45.328519 23067 tablet_service.cc:1917] Received RequestConsensusVote() RPC: tablet_id: "474786060a25495db7847674e8d011bc" candidate_uuid: "e2af0a97ad954881aa5a6a2cc58f2044" candidate_term: 1 candidate_status { last_received { term: 0 index: 0 } } ignore_live_leader: false dest_uuid: "c6d76f3195a546d9a47ccc04ffb16954" is_pre_election: true
I20260630 12:30:45.328739 23141 raft_consensus.cc:2468] T 474786060a25495db7847674e8d011bc P caa46d30ef954698b425084a1301d4ca [term 0 FOLLOWER]: Leader pre-election vote request: Granting yes vote for candidate e2af0a97ad954881aa5a6a2cc58f2044 in term 0.
I20260630 12:30:45.329109 23067 raft_consensus.cc:2468] T 474786060a25495db7847674e8d011bc P c6d76f3195a546d9a47ccc04ffb16954 [term 0 FOLLOWER]: Leader pre-election vote request: Granting yes vote for candidate e2af0a97ad954881aa5a6a2cc58f2044 in term 0.
I20260630 12:30:45.329757 22957 leader_election.cc:304] T 474786060a25495db7847674e8d011bc P e2af0a97ad954881aa5a6a2cc58f2044 [CANDIDATE]: Term 1 pre-election: Election decided. Result: candidate won. Election summary: received 2 responses out of 3 voters: 2 yes votes; 0 no votes. yes voters: caa46d30ef954698b425084a1301d4ca, e2af0a97ad954881aa5a6a2cc58f2044; no voters: 
I20260630 12:30:45.330549 23194 raft_consensus.cc:2804] T 474786060a25495db7847674e8d011bc P e2af0a97ad954881aa5a6a2cc58f2044 [term 0 FOLLOWER]: Leader pre-election won for term 1
I20260630 12:30:45.330843 23194 raft_consensus.cc:493] T 474786060a25495db7847674e8d011bc P e2af0a97ad954881aa5a6a2cc58f2044 [term 0 FOLLOWER]: Starting leader election (no leader contacted us within the election timeout)
I20260630 12:30:45.331101 23194 raft_consensus.cc:3060] T 474786060a25495db7847674e8d011bc P e2af0a97ad954881aa5a6a2cc58f2044 [term 0 FOLLOWER]: Advancing to term 1
I20260630 12:30:45.335367 23194 raft_consensus.cc:515] T 474786060a25495db7847674e8d011bc P e2af0a97ad954881aa5a6a2cc58f2044 [term 1 FOLLOWER]: Starting leader election with config: opid_index: -1 OBSOLETE_local: false peers { permanent_uuid: "e2af0a97ad954881aa5a6a2cc58f2044" member_type: VOTER last_known_addr { host: "127.19.223.65" port: 39751 } } peers { permanent_uuid: "caa46d30ef954698b425084a1301d4ca" member_type: VOTER last_known_addr { host: "127.19.223.67" port: 45869 } } peers { permanent_uuid: "c6d76f3195a546d9a47ccc04ffb16954" member_type: VOTER last_known_addr { host: "127.19.223.66" port: 36525 } }
I20260630 12:30:45.336827 23194 leader_election.cc:290] T 474786060a25495db7847674e8d011bc P e2af0a97ad954881aa5a6a2cc58f2044 [CANDIDATE]: Term 1 election: Requested vote from peers caa46d30ef954698b425084a1301d4ca (127.19.223.67:45869), c6d76f3195a546d9a47ccc04ffb16954 (127.19.223.66:36525)
I20260630 12:30:45.337677 23141 tablet_service.cc:1917] Received RequestConsensusVote() RPC: tablet_id: "474786060a25495db7847674e8d011bc" candidate_uuid: "e2af0a97ad954881aa5a6a2cc58f2044" candidate_term: 1 candidate_status { last_received { term: 0 index: 0 } } ignore_live_leader: false dest_uuid: "caa46d30ef954698b425084a1301d4ca"
I20260630 12:30:45.337947 23067 tablet_service.cc:1917] Received RequestConsensusVote() RPC: tablet_id: "474786060a25495db7847674e8d011bc" candidate_uuid: "e2af0a97ad954881aa5a6a2cc58f2044" candidate_term: 1 candidate_status { last_received { term: 0 index: 0 } } ignore_live_leader: false dest_uuid: "c6d76f3195a546d9a47ccc04ffb16954"
I20260630 12:30:45.338151 23141 raft_consensus.cc:3060] T 474786060a25495db7847674e8d011bc P caa46d30ef954698b425084a1301d4ca [term 0 FOLLOWER]: Advancing to term 1
I20260630 12:30:45.338500 23067 raft_consensus.cc:3060] T 474786060a25495db7847674e8d011bc P c6d76f3195a546d9a47ccc04ffb16954 [term 0 FOLLOWER]: Advancing to term 1
I20260630 12:30:45.342664 23141 raft_consensus.cc:2468] T 474786060a25495db7847674e8d011bc P caa46d30ef954698b425084a1301d4ca [term 1 FOLLOWER]: Leader election vote request: Granting yes vote for candidate e2af0a97ad954881aa5a6a2cc58f2044 in term 1.
I20260630 12:30:45.343017 23067 raft_consensus.cc:2468] T 474786060a25495db7847674e8d011bc P c6d76f3195a546d9a47ccc04ffb16954 [term 1 FOLLOWER]: Leader election vote request: Granting yes vote for candidate e2af0a97ad954881aa5a6a2cc58f2044 in term 1.
I20260630 12:30:45.343669 22957 leader_election.cc:304] T 474786060a25495db7847674e8d011bc P e2af0a97ad954881aa5a6a2cc58f2044 [CANDIDATE]: Term 1 election: Election decided. Result: candidate won. Election summary: received 2 responses out of 3 voters: 2 yes votes; 0 no votes. yes voters: caa46d30ef954698b425084a1301d4ca, e2af0a97ad954881aa5a6a2cc58f2044; no voters: 
I20260630 12:30:45.344287 23194 raft_consensus.cc:2804] T 474786060a25495db7847674e8d011bc P e2af0a97ad954881aa5a6a2cc58f2044 [term 1 FOLLOWER]: Leader election won for term 1
I20260630 12:30:45.344743 23194 raft_consensus.cc:697] T 474786060a25495db7847674e8d011bc P e2af0a97ad954881aa5a6a2cc58f2044 [term 1 LEADER]: Becoming Leader. State: Replica: e2af0a97ad954881aa5a6a2cc58f2044, State: Running, Role: LEADER
I20260630 12:30:45.345454 23194 consensus_queue.cc:237] T 474786060a25495db7847674e8d011bc P e2af0a97ad954881aa5a6a2cc58f2044 [LEADER]: Queue going to LEADER mode. State: All replicated index: 0, Majority replicated index: 0, Committed index: 0, Last appended: 0.0, Last appended by leader: 0, Current term: 1, Majority size: 2, State: 0, Mode: LEADER, active raft config: opid_index: -1 OBSOLETE_local: false peers { permanent_uuid: "e2af0a97ad954881aa5a6a2cc58f2044" member_type: VOTER last_known_addr { host: "127.19.223.65" port: 39751 } } peers { permanent_uuid: "caa46d30ef954698b425084a1301d4ca" member_type: VOTER last_known_addr { host: "127.19.223.67" port: 45869 } } peers { permanent_uuid: "c6d76f3195a546d9a47ccc04ffb16954" member_type: VOTER last_known_addr { host: "127.19.223.66" port: 36525 } }
I20260630 12:30:45.351102 22889 catalog_manager.cc:5697] T 474786060a25495db7847674e8d011bc P e2af0a97ad954881aa5a6a2cc58f2044 reported cstate change: term changed from 0 to 1, leader changed from <none> to e2af0a97ad954881aa5a6a2cc58f2044 (127.19.223.65). New cstate: current_term: 1 leader_uuid: "e2af0a97ad954881aa5a6a2cc58f2044" committed_config { opid_index: -1 OBSOLETE_local: false peers { permanent_uuid: "e2af0a97ad954881aa5a6a2cc58f2044" member_type: VOTER last_known_addr { host: "127.19.223.65" port: 39751 } health_report { overall_health: HEALTHY } } peers { permanent_uuid: "caa46d30ef954698b425084a1301d4ca" member_type: VOTER last_known_addr { host: "127.19.223.67" port: 45869 } health_report { overall_health: UNKNOWN } } peers { permanent_uuid: "c6d76f3195a546d9a47ccc04ffb16954" member_type: VOTER last_known_addr { host: "127.19.223.66" port: 36525 } health_report { overall_health: UNKNOWN } } }
I20260630 12:30:45.357841 23194 raft_consensus.cc:493] T 4fda0cffc3b743cd8f1b81438bfe8afa P e2af0a97ad954881aa5a6a2cc58f2044 [term 0 FOLLOWER]: Starting pre-election (no leader contacted us within the election timeout)
I20260630 12:30:45.358270 23194 raft_consensus.cc:515] T 4fda0cffc3b743cd8f1b81438bfe8afa P e2af0a97ad954881aa5a6a2cc58f2044 [term 0 FOLLOWER]: Starting pre-election with config: opid_index: -1 OBSOLETE_local: false peers { permanent_uuid: "e2af0a97ad954881aa5a6a2cc58f2044" member_type: VOTER last_known_addr { host: "127.19.223.65" port: 39751 } } peers { permanent_uuid: "c6d76f3195a546d9a47ccc04ffb16954" member_type: VOTER last_known_addr { host: "127.19.223.66" port: 36525 } } peers { permanent_uuid: "caa46d30ef954698b425084a1301d4ca" member_type: VOTER last_known_addr { host: "127.19.223.67" port: 45869 } }
I20260630 12:30:45.359700 23194 leader_election.cc:290] T 4fda0cffc3b743cd8f1b81438bfe8afa P e2af0a97ad954881aa5a6a2cc58f2044 [CANDIDATE]: Term 1 pre-election: Requested pre-vote from peers c6d76f3195a546d9a47ccc04ffb16954 (127.19.223.66:36525), caa46d30ef954698b425084a1301d4ca (127.19.223.67:45869)
I20260630 12:30:45.360280 23067 tablet_service.cc:1917] Received RequestConsensusVote() RPC: tablet_id: "4fda0cffc3b743cd8f1b81438bfe8afa" candidate_uuid: "e2af0a97ad954881aa5a6a2cc58f2044" candidate_term: 1 candidate_status { last_received { term: 0 index: 0 } } ignore_live_leader: false dest_uuid: "c6d76f3195a546d9a47ccc04ffb16954" is_pre_election: true
I20260630 12:30:45.360749 23141 tablet_service.cc:1917] Received RequestConsensusVote() RPC: tablet_id: "4fda0cffc3b743cd8f1b81438bfe8afa" candidate_uuid: "e2af0a97ad954881aa5a6a2cc58f2044" candidate_term: 1 candidate_status { last_received { term: 0 index: 0 } } ignore_live_leader: false dest_uuid: "caa46d30ef954698b425084a1301d4ca" is_pre_election: true
I20260630 12:30:45.360818 23067 raft_consensus.cc:2468] T 4fda0cffc3b743cd8f1b81438bfe8afa P c6d76f3195a546d9a47ccc04ffb16954 [term 0 FOLLOWER]: Leader pre-election vote request: Granting yes vote for candidate e2af0a97ad954881aa5a6a2cc58f2044 in term 0.
I20260630 12:30:45.361276 23141 raft_consensus.cc:2468] T 4fda0cffc3b743cd8f1b81438bfe8afa P caa46d30ef954698b425084a1301d4ca [term 0 FOLLOWER]: Leader pre-election vote request: Granting yes vote for candidate e2af0a97ad954881aa5a6a2cc58f2044 in term 0.
I20260630 12:30:45.361824 22955 leader_election.cc:304] T 4fda0cffc3b743cd8f1b81438bfe8afa P e2af0a97ad954881aa5a6a2cc58f2044 [CANDIDATE]: Term 1 pre-election: Election decided. Result: candidate won. Election summary: received 2 responses out of 3 voters: 2 yes votes; 0 no votes. yes voters: c6d76f3195a546d9a47ccc04ffb16954, e2af0a97ad954881aa5a6a2cc58f2044; no voters: 
I20260630 12:30:45.362618 23194 raft_consensus.cc:2804] T 4fda0cffc3b743cd8f1b81438bfe8afa P e2af0a97ad954881aa5a6a2cc58f2044 [term 0 FOLLOWER]: Leader pre-election won for term 1
I20260630 12:30:45.362855 23194 raft_consensus.cc:493] T 4fda0cffc3b743cd8f1b81438bfe8afa P e2af0a97ad954881aa5a6a2cc58f2044 [term 0 FOLLOWER]: Starting leader election (no leader contacted us within the election timeout)
I20260630 12:30:45.363062 23194 raft_consensus.cc:3060] T 4fda0cffc3b743cd8f1b81438bfe8afa P e2af0a97ad954881aa5a6a2cc58f2044 [term 0 FOLLOWER]: Advancing to term 1
I20260630 12:30:45.367094 23194 raft_consensus.cc:515] T 4fda0cffc3b743cd8f1b81438bfe8afa P e2af0a97ad954881aa5a6a2cc58f2044 [term 1 FOLLOWER]: Starting leader election with config: opid_index: -1 OBSOLETE_local: false peers { permanent_uuid: "e2af0a97ad954881aa5a6a2cc58f2044" member_type: VOTER last_known_addr { host: "127.19.223.65" port: 39751 } } peers { permanent_uuid: "c6d76f3195a546d9a47ccc04ffb16954" member_type: VOTER last_known_addr { host: "127.19.223.66" port: 36525 } } peers { permanent_uuid: "caa46d30ef954698b425084a1301d4ca" member_type: VOTER last_known_addr { host: "127.19.223.67" port: 45869 } }
I20260630 12:30:45.368404 23194 leader_election.cc:290] T 4fda0cffc3b743cd8f1b81438bfe8afa P e2af0a97ad954881aa5a6a2cc58f2044 [CANDIDATE]: Term 1 election: Requested vote from peers c6d76f3195a546d9a47ccc04ffb16954 (127.19.223.66:36525), caa46d30ef954698b425084a1301d4ca (127.19.223.67:45869)
I20260630 12:30:45.369019 23067 tablet_service.cc:1917] Received RequestConsensusVote() RPC: tablet_id: "4fda0cffc3b743cd8f1b81438bfe8afa" candidate_uuid: "e2af0a97ad954881aa5a6a2cc58f2044" candidate_term: 1 candidate_status { last_received { term: 0 index: 0 } } ignore_live_leader: false dest_uuid: "c6d76f3195a546d9a47ccc04ffb16954"
I20260630 12:30:45.369240 23141 tablet_service.cc:1917] Received RequestConsensusVote() RPC: tablet_id: "4fda0cffc3b743cd8f1b81438bfe8afa" candidate_uuid: "e2af0a97ad954881aa5a6a2cc58f2044" candidate_term: 1 candidate_status { last_received { term: 0 index: 0 } } ignore_live_leader: false dest_uuid: "caa46d30ef954698b425084a1301d4ca"
I20260630 12:30:45.369448 23067 raft_consensus.cc:3060] T 4fda0cffc3b743cd8f1b81438bfe8afa P c6d76f3195a546d9a47ccc04ffb16954 [term 0 FOLLOWER]: Advancing to term 1
I20260630 12:30:45.369769 23141 raft_consensus.cc:3060] T 4fda0cffc3b743cd8f1b81438bfe8afa P caa46d30ef954698b425084a1301d4ca [term 0 FOLLOWER]: Advancing to term 1
I20260630 12:30:45.373538 23067 raft_consensus.cc:2468] T 4fda0cffc3b743cd8f1b81438bfe8afa P c6d76f3195a546d9a47ccc04ffb16954 [term 1 FOLLOWER]: Leader election vote request: Granting yes vote for candidate e2af0a97ad954881aa5a6a2cc58f2044 in term 1.
I20260630 12:30:45.373766 23141 raft_consensus.cc:2468] T 4fda0cffc3b743cd8f1b81438bfe8afa P caa46d30ef954698b425084a1301d4ca [term 1 FOLLOWER]: Leader election vote request: Granting yes vote for candidate e2af0a97ad954881aa5a6a2cc58f2044 in term 1.
I20260630 12:30:45.374449 22955 leader_election.cc:304] T 4fda0cffc3b743cd8f1b81438bfe8afa P e2af0a97ad954881aa5a6a2cc58f2044 [CANDIDATE]: Term 1 election: Election decided. Result: candidate won. Election summary: received 2 responses out of 3 voters: 2 yes votes; 0 no votes. yes voters: c6d76f3195a546d9a47ccc04ffb16954, e2af0a97ad954881aa5a6a2cc58f2044; no voters: 
I20260630 12:30:45.375082 23194 raft_consensus.cc:2804] T 4fda0cffc3b743cd8f1b81438bfe8afa P e2af0a97ad954881aa5a6a2cc58f2044 [term 1 FOLLOWER]: Leader election won for term 1
I20260630 12:30:45.375468 23194 raft_consensus.cc:697] T 4fda0cffc3b743cd8f1b81438bfe8afa P e2af0a97ad954881aa5a6a2cc58f2044 [term 1 LEADER]: Becoming Leader. State: Replica: e2af0a97ad954881aa5a6a2cc58f2044, State: Running, Role: LEADER
I20260630 12:30:45.376056 23194 consensus_queue.cc:237] T 4fda0cffc3b743cd8f1b81438bfe8afa P e2af0a97ad954881aa5a6a2cc58f2044 [LEADER]: Queue going to LEADER mode. State: All replicated index: 0, Majority replicated index: 0, Committed index: 0, Last appended: 0.0, Last appended by leader: 0, Current term: 1, Majority size: 2, State: 0, Mode: LEADER, active raft config: opid_index: -1 OBSOLETE_local: false peers { permanent_uuid: "e2af0a97ad954881aa5a6a2cc58f2044" member_type: VOTER last_known_addr { host: "127.19.223.65" port: 39751 } } peers { permanent_uuid: "c6d76f3195a546d9a47ccc04ffb16954" member_type: VOTER last_known_addr { host: "127.19.223.66" port: 36525 } } peers { permanent_uuid: "caa46d30ef954698b425084a1301d4ca" member_type: VOTER last_known_addr { host: "127.19.223.67" port: 45869 } }
I20260630 12:30:45.381556 22889 catalog_manager.cc:5697] T 4fda0cffc3b743cd8f1b81438bfe8afa P e2af0a97ad954881aa5a6a2cc58f2044 reported cstate change: term changed from 0 to 1, leader changed from <none> to e2af0a97ad954881aa5a6a2cc58f2044 (127.19.223.65). New cstate: current_term: 1 leader_uuid: "e2af0a97ad954881aa5a6a2cc58f2044" committed_config { opid_index: -1 OBSOLETE_local: false peers { permanent_uuid: "e2af0a97ad954881aa5a6a2cc58f2044" member_type: VOTER last_known_addr { host: "127.19.223.65" port: 39751 } health_report { overall_health: HEALTHY } } peers { permanent_uuid: "c6d76f3195a546d9a47ccc04ffb16954" member_type: VOTER last_known_addr { host: "127.19.223.66" port: 36525 } health_report { overall_health: UNKNOWN } } peers { permanent_uuid: "caa46d30ef954698b425084a1301d4ca" member_type: VOTER last_known_addr { host: "127.19.223.67" port: 45869 } health_report { overall_health: UNKNOWN } } }
I20260630 12:30:45.408448 20349 tablet_server.cc:179] TabletServer@127.19.223.65:0 shutting down...
I20260630 12:30:45.429828 22943 auto_leader_rebalancer.cc:141] leader rebalance for table range_aware_auto_rebalancer_test
I20260630 12:30:45.432722 20349 ts_tablet_manager.cc:1507] Shutting down tablet manager...
I20260630 12:30:45.434156 20349 tablet_replica.cc:333] T 474786060a25495db7847674e8d011bc P e2af0a97ad954881aa5a6a2cc58f2044: stopping tablet replica
I20260630 12:30:45.434657 20349 raft_consensus.cc:2243] T 474786060a25495db7847674e8d011bc P e2af0a97ad954881aa5a6a2cc58f2044 [term 1 LEADER]: Raft consensus shutting down.
I20260630 12:30:45.435289 20349 pending_rounds.cc:70] T 474786060a25495db7847674e8d011bc P e2af0a97ad954881aa5a6a2cc58f2044: Trying to abort 1 pending ops.
I20260630 12:30:45.435540 20349 pending_rounds.cc:77] T 474786060a25495db7847674e8d011bc P e2af0a97ad954881aa5a6a2cc58f2044: Aborting op as it isn't in flight: id { term: 1 index: 1 } timestamp: 7302441555341262848 op_type: NO_OP noop_request { }
I20260630 12:30:45.435921 20349 raft_consensus.cc:2889] T 474786060a25495db7847674e8d011bc P e2af0a97ad954881aa5a6a2cc58f2044 [term 1 LEADER]: NO_OP replication failed: Aborted: Op aborted
I20260630 12:30:45.436224 20349 raft_consensus.cc:2272] T 474786060a25495db7847674e8d011bc P e2af0a97ad954881aa5a6a2cc58f2044 [term 1 FOLLOWER]: Raft consensus is shut down!
I20260630 12:30:45.438768 20349 tablet_replica.cc:333] T 0731f539abd24042948b8700efddddfd P e2af0a97ad954881aa5a6a2cc58f2044: stopping tablet replica
I20260630 12:30:45.439280 20349 raft_consensus.cc:2243] T 0731f539abd24042948b8700efddddfd P e2af0a97ad954881aa5a6a2cc58f2044 [term 1 LEADER]: Raft consensus shutting down.
I20260630 12:30:45.439792 20349 pending_rounds.cc:70] T 0731f539abd24042948b8700efddddfd P e2af0a97ad954881aa5a6a2cc58f2044: Trying to abort 1 pending ops.
I20260630 12:30:45.439996 20349 pending_rounds.cc:77] T 0731f539abd24042948b8700efddddfd P e2af0a97ad954881aa5a6a2cc58f2044: Aborting op as it isn't in flight: id { term: 1 index: 1 } timestamp: 7302441554734981120 op_type: NO_OP noop_request { }
I20260630 12:30:45.440315 20349 raft_consensus.cc:2889] T 0731f539abd24042948b8700efddddfd P e2af0a97ad954881aa5a6a2cc58f2044 [term 1 LEADER]: NO_OP replication failed: Aborted: Op aborted
I20260630 12:30:45.440613 20349 raft_consensus.cc:2272] T 0731f539abd24042948b8700efddddfd P e2af0a97ad954881aa5a6a2cc58f2044 [term 1 FOLLOWER]: Raft consensus is shut down!
I20260630 12:30:45.442942 20349 tablet_replica.cc:333] T 4fda0cffc3b743cd8f1b81438bfe8afa P e2af0a97ad954881aa5a6a2cc58f2044: stopping tablet replica
I20260630 12:30:45.443470 20349 raft_consensus.cc:2243] T 4fda0cffc3b743cd8f1b81438bfe8afa P e2af0a97ad954881aa5a6a2cc58f2044 [term 1 LEADER]: Raft consensus shutting down.
I20260630 12:30:45.444079 20349 pending_rounds.cc:70] T 4fda0cffc3b743cd8f1b81438bfe8afa P e2af0a97ad954881aa5a6a2cc58f2044: Trying to abort 1 pending ops.
I20260630 12:30:45.444244 20349 pending_rounds.cc:77] T 4fda0cffc3b743cd8f1b81438bfe8afa P e2af0a97ad954881aa5a6a2cc58f2044: Aborting op as it isn't in flight: id { term: 1 index: 1 } timestamp: 7302441555466510336 op_type: NO_OP noop_request { }
I20260630 12:30:45.444437 20349 raft_consensus.cc:2889] T 4fda0cffc3b743cd8f1b81438bfe8afa P e2af0a97ad954881aa5a6a2cc58f2044 [term 1 LEADER]: NO_OP replication failed: Aborted: Op aborted
I20260630 12:30:45.444635 20349 raft_consensus.cc:2272] T 4fda0cffc3b743cd8f1b81438bfe8afa P e2af0a97ad954881aa5a6a2cc58f2044 [term 1 FOLLOWER]: Raft consensus is shut down!
I20260630 12:30:45.446605 20349 tablet_replica.cc:333] T d6e90c40465e40c8b733fcbb58374b8c P e2af0a97ad954881aa5a6a2cc58f2044: stopping tablet replica
I20260630 12:30:45.447064 20349 raft_consensus.cc:2243] T d6e90c40465e40c8b733fcbb58374b8c P e2af0a97ad954881aa5a6a2cc58f2044 [term 1 FOLLOWER]: Raft consensus shutting down.
I20260630 12:30:45.447395 20349 raft_consensus.cc:2272] T d6e90c40465e40c8b733fcbb58374b8c P e2af0a97ad954881aa5a6a2cc58f2044 [term 1 FOLLOWER]: Raft consensus is shut down!
W20260630 12:30:45.452369 22943 auto_leader_rebalancer.cc:524] the master instance isn't leader: Remote error: Service unavailable: service kudu.consensus.ConsensusService not registered on TabletServer
I20260630 12:30:45.470681 20349 tablet_server.cc:196] TabletServer@127.19.223.65:0 shutdown complete.
I20260630 12:30:45.482007 20349 tablet_server.cc:179] TabletServer@127.19.223.66:0 shutting down...
I20260630 12:30:45.502245 20349 ts_tablet_manager.cc:1507] Shutting down tablet manager...
I20260630 12:30:45.503015 20349 tablet_replica.cc:333] T 0731f539abd24042948b8700efddddfd P c6d76f3195a546d9a47ccc04ffb16954: stopping tablet replica
I20260630 12:30:45.503556 20349 raft_consensus.cc:2243] T 0731f539abd24042948b8700efddddfd P c6d76f3195a546d9a47ccc04ffb16954 [term 0 FOLLOWER]: Raft consensus shutting down.
I20260630 12:30:45.503928 20349 raft_consensus.cc:2272] T 0731f539abd24042948b8700efddddfd P c6d76f3195a546d9a47ccc04ffb16954 [term 0 FOLLOWER]: Raft consensus is shut down!
I20260630 12:30:45.505695 20349 tablet_replica.cc:333] T 474786060a25495db7847674e8d011bc P c6d76f3195a546d9a47ccc04ffb16954: stopping tablet replica
I20260630 12:30:45.506258 20349 raft_consensus.cc:2243] T 474786060a25495db7847674e8d011bc P c6d76f3195a546d9a47ccc04ffb16954 [term 1 FOLLOWER]: Raft consensus shutting down.
I20260630 12:30:45.506618 20349 raft_consensus.cc:2272] T 474786060a25495db7847674e8d011bc P c6d76f3195a546d9a47ccc04ffb16954 [term 1 FOLLOWER]: Raft consensus is shut down!
I20260630 12:30:45.508252 20349 tablet_replica.cc:333] T d6e90c40465e40c8b733fcbb58374b8c P c6d76f3195a546d9a47ccc04ffb16954: stopping tablet replica
I20260630 12:30:45.508706 20349 raft_consensus.cc:2243] T d6e90c40465e40c8b733fcbb58374b8c P c6d76f3195a546d9a47ccc04ffb16954 [term 1 LEADER]: Raft consensus shutting down.
I20260630 12:30:45.509205 20349 pending_rounds.cc:70] T d6e90c40465e40c8b733fcbb58374b8c P c6d76f3195a546d9a47ccc04ffb16954: Trying to abort 1 pending ops.
I20260630 12:30:45.509389 20349 pending_rounds.cc:77] T d6e90c40465e40c8b733fcbb58374b8c P c6d76f3195a546d9a47ccc04ffb16954: Aborting op as it isn't in flight: id { term: 1 index: 1 } timestamp: 7302441554972606464 op_type: NO_OP noop_request { }
I20260630 12:30:45.509676 20349 raft_consensus.cc:2889] T d6e90c40465e40c8b733fcbb58374b8c P c6d76f3195a546d9a47ccc04ffb16954 [term 1 LEADER]: NO_OP replication failed: Aborted: Op aborted
I20260630 12:30:45.509930 20349 raft_consensus.cc:2272] T d6e90c40465e40c8b733fcbb58374b8c P c6d76f3195a546d9a47ccc04ffb16954 [term 1 FOLLOWER]: Raft consensus is shut down!
I20260630 12:30:45.511898 20349 tablet_replica.cc:333] T 4fda0cffc3b743cd8f1b81438bfe8afa P c6d76f3195a546d9a47ccc04ffb16954: stopping tablet replica
I20260630 12:30:45.512334 20349 raft_consensus.cc:2243] T 4fda0cffc3b743cd8f1b81438bfe8afa P c6d76f3195a546d9a47ccc04ffb16954 [term 1 FOLLOWER]: Raft consensus shutting down.
I20260630 12:30:45.512678 20349 raft_consensus.cc:2272] T 4fda0cffc3b743cd8f1b81438bfe8afa P c6d76f3195a546d9a47ccc04ffb16954 [term 1 FOLLOWER]: Raft consensus is shut down!
I20260630 12:30:45.533326 20349 tablet_server.cc:196] TabletServer@127.19.223.66:0 shutdown complete.
I20260630 12:30:45.543756 20349 tablet_server.cc:179] TabletServer@127.19.223.67:0 shutting down...
I20260630 12:30:45.561589 20349 ts_tablet_manager.cc:1507] Shutting down tablet manager...
I20260630 12:30:45.562405 20349 tablet_replica.cc:333] T 4fda0cffc3b743cd8f1b81438bfe8afa P caa46d30ef954698b425084a1301d4ca: stopping tablet replica
I20260630 12:30:45.562913 20349 raft_consensus.cc:2243] T 4fda0cffc3b743cd8f1b81438bfe8afa P caa46d30ef954698b425084a1301d4ca [term 1 FOLLOWER]: Raft consensus shutting down.
I20260630 12:30:45.563287 20349 raft_consensus.cc:2272] T 4fda0cffc3b743cd8f1b81438bfe8afa P caa46d30ef954698b425084a1301d4ca [term 1 FOLLOWER]: Raft consensus is shut down!
I20260630 12:30:45.565011 20349 tablet_replica.cc:333] T d6e90c40465e40c8b733fcbb58374b8c P caa46d30ef954698b425084a1301d4ca: stopping tablet replica
I20260630 12:30:45.565476 20349 raft_consensus.cc:2243] T d6e90c40465e40c8b733fcbb58374b8c P caa46d30ef954698b425084a1301d4ca [term 1 FOLLOWER]: Raft consensus shutting down.
I20260630 12:30:45.565832 20349 raft_consensus.cc:2272] T d6e90c40465e40c8b733fcbb58374b8c P caa46d30ef954698b425084a1301d4ca [term 1 FOLLOWER]: Raft consensus is shut down!
I20260630 12:30:45.567476 20349 tablet_replica.cc:333] T 0731f539abd24042948b8700efddddfd P caa46d30ef954698b425084a1301d4ca: stopping tablet replica
I20260630 12:30:45.567934 20349 raft_consensus.cc:2243] T 0731f539abd24042948b8700efddddfd P caa46d30ef954698b425084a1301d4ca [term 1 FOLLOWER]: Raft consensus shutting down.
I20260630 12:30:45.568266 20349 raft_consensus.cc:2272] T 0731f539abd24042948b8700efddddfd P caa46d30ef954698b425084a1301d4ca [term 1 FOLLOWER]: Raft consensus is shut down!
I20260630 12:30:45.569788 20349 tablet_replica.cc:333] T 474786060a25495db7847674e8d011bc P caa46d30ef954698b425084a1301d4ca: stopping tablet replica
I20260630 12:30:45.570263 20349 raft_consensus.cc:2243] T 474786060a25495db7847674e8d011bc P caa46d30ef954698b425084a1301d4ca [term 1 FOLLOWER]: Raft consensus shutting down.
I20260630 12:30:45.570613 20349 raft_consensus.cc:2272] T 474786060a25495db7847674e8d011bc P caa46d30ef954698b425084a1301d4ca [term 1 FOLLOWER]: Raft consensus is shut down!
I20260630 12:30:45.591372 20349 tablet_server.cc:196] TabletServer@127.19.223.67:0 shutdown complete.
I20260630 12:30:45.602298 20349 master.cc:562] Master@127.19.223.126:45093 shutting down...
I20260630 12:30:45.617362 20349 raft_consensus.cc:2243] T 00000000000000000000000000000000 P 1e52548864334472abcf380920cd16ec [term 1 LEADER]: Raft consensus shutting down.
I20260630 12:30:45.617844 20349 raft_consensus.cc:2272] T 00000000000000000000000000000000 P 1e52548864334472abcf380920cd16ec [term 1 FOLLOWER]: Raft consensus is shut down!
I20260630 12:30:45.618216 20349 tablet_replica.cc:333] T 00000000000000000000000000000000 P 1e52548864334472abcf380920cd16ec: stopping tablet replica
I20260630 12:30:45.626768 20349 master.cc:584] Master@127.19.223.126:45093 shutdown complete.
[       OK ] AutoRebalancerTest.RangeAwareBuildClusterInfoGroupsByRange (2371 ms)
[ RUN      ] AutoRebalancerTest.RangeAwareRebalancesNewRangeReplicas
I20260630 12:30:45.664072 20349 internal_mini_cluster.cc:156] Creating distributed mini masters. Addrs: 127.19.223.126:42023
I20260630 12:30:45.665056 20349 file_cache.cc:492] Constructed file cache file cache with capacity 419430
W20260630 12:30:45.669915 23219 instance_detector.cc:116] could not retrieve AWS instance metadata: Network error: curl error: HTTP response code said error: The requested URL returned error: 404
W20260630 12:30:45.670439 23220 instance_detector.cc:116] could not retrieve Azure instance metadata: Network error: curl error: HTTP response code said error: The requested URL returned error: 404
W20260630 12:30:45.671365 23222 instance_detector.cc:116] could not retrieve OpenStack instance metadata: Network error: curl error: HTTP response code said error: The requested URL returned error: 404
I20260630 12:30:45.671834 20349 server_base.cc:1061] running on GCE node
I20260630 12:30:45.672678 20349 hybrid_clock.cc:584] initializing the hybrid clock with 'system_unsync' time source
W20260630 12:30:45.672880 20349 system_unsync_time.cc:38] NTP support is disabled. Clock error bounds will not be accurate. This configuration is not suitable for distributed clusters.
I20260630 12:30:45.673045 20349 hybrid_clock.cc:648] HybridClock initialized: now 1782822645673027 us; error 0 us; skew 500 ppm
I20260630 12:30:45.673525 20349 server_base.cc:861] Flag tcmalloc_max_total_thread_cache_bytes is not working since tcmalloc is not enabled.
I20260630 12:30:45.675802 20349 webserver.cc:533] Webserver started at http://127.19.223.126:43227/ using document root <none> and password file <none>
I20260630 12:30:45.676203 20349 fs_manager.cc:362] Metadata directory not provided
I20260630 12:30:45.676355 20349 fs_manager.cc:368] Using write-ahead log directory (fs_wal_dir) as metadata directory
I20260630 12:30:45.676604 20349 server_base.cc:909] This appears to be a new deployment of Kudu; creating new FS layout
I20260630 12:30:45.677605 20349 fs_manager.cc:1068] Generated new instance metadata in path /tmp/dist-test-task45N4JK/test-tmp/auto_rebalancer-test.0.AutoRebalancerTest.RangeAwareRebalancesNewRangeReplicas.1782822563695800-20349-0/minicluster-data/master-0-root/instance:
uuid: "05c64d9107ba42d18c209ac50f5229f7"
format_stamp: "Formatted at 2026-06-30 12:30:45 on dist-test-slave-47x1"
I20260630 12:30:45.681648 20349 fs_manager.cc:696] Time spent creating directory manager: real 0.004s	user 0.001s	sys 0.002s
I20260630 12:30:45.684602 23227 log_block_manager.cc:4031] Time spent loading block containers with low live blocks: real 0.000s	user 0.000s	sys 0.000s
I20260630 12:30:45.685271 20349 fs_manager.cc:730] Time spent opening block manager: real 0.002s	user 0.000s	sys 0.002s
I20260630 12:30:45.685484 20349 fs_manager.cc:647] Opened local filesystem: /tmp/dist-test-task45N4JK/test-tmp/auto_rebalancer-test.0.AutoRebalancerTest.RangeAwareRebalancesNewRangeReplicas.1782822563695800-20349-0/minicluster-data/master-0-root
uuid: "05c64d9107ba42d18c209ac50f5229f7"
format_stamp: "Formatted at 2026-06-30 12:30:45 on dist-test-slave-47x1"
I20260630 12:30:45.685716 20349 fs_report.cc:389] FS layout report
--------------------
wal directory: /tmp/dist-test-task45N4JK/test-tmp/auto_rebalancer-test.0.AutoRebalancerTest.RangeAwareRebalancesNewRangeReplicas.1782822563695800-20349-0/minicluster-data/master-0-root
metadata directory: /tmp/dist-test-task45N4JK/test-tmp/auto_rebalancer-test.0.AutoRebalancerTest.RangeAwareRebalancesNewRangeReplicas.1782822563695800-20349-0/minicluster-data/master-0-root
1 data directories: /tmp/dist-test-task45N4JK/test-tmp/auto_rebalancer-test.0.AutoRebalancerTest.RangeAwareRebalancesNewRangeReplicas.1782822563695800-20349-0/minicluster-data/master-0-root/data
Total live blocks: 0
Total live bytes: 0
Total live bytes (after alignment): 0
Total number of LBM containers: 0 (0 full)
Did not check for missing blocks
Did not check for orphaned blocks
Total full LBM containers with extra space: 0 (0 repaired)
Total full LBM container extra space in bytes: 0 (0 repaired)
Total incomplete LBM containers: 0 (0 repaired)
Total LBM partial records: 0 (0 repaired)
Total corrupted LBM metadata records in RocksDB: 0 (0 repaired)
I20260630 12:30:45.711890 20349 rpc_server.cc:225] running with OpenSSL 1.1.1  11 Sep 2018
I20260630 12:30:45.712890 20349 kserver.cc:163] Server-wide thread pool size limit: 3276
I20260630 12:30:45.748097 20349 rpc_server.cc:307] RPC server started. Bound to: 127.19.223.126:42023
I20260630 12:30:45.748198 23278 acceptor_pool.cc:272] collecting diagnostics on the listening RPC socket 127.19.223.126:42023 every 8 connection(s)
I20260630 12:30:45.751739 23279 data_dirs.cc:400] Could only allocate 1 dirs of requested 3 for tablet 00000000000000000000000000000000. 1 dirs total, 0 dirs full, 0 dirs failed
I20260630 12:30:45.761489 23279 tablet_bootstrap.cc:492] T 00000000000000000000000000000000 P 05c64d9107ba42d18c209ac50f5229f7: Bootstrap starting.
I20260630 12:30:45.765532 23279 tablet_bootstrap.cc:654] T 00000000000000000000000000000000 P 05c64d9107ba42d18c209ac50f5229f7: Neither blocks nor log segments found. Creating new log.
I20260630 12:30:45.769229 23279 tablet_bootstrap.cc:492] T 00000000000000000000000000000000 P 05c64d9107ba42d18c209ac50f5229f7: No bootstrap required, opened a new log
