I20260630 12:30:39.420469 22684 raft_consensus.cc:697] T 42fea335fe2c48c3932157fb462810c5 P 74f85dd92fbc435b8ffa5ba6b32e4931 [term 1 LEADER]: Becoming Leader. State: Replica: 74f85dd92fbc435b8ffa5ba6b32e4931, State: Running, Role: LEADER
I20260630 12:30:39.420217 22675 raft_consensus.cc:3060] T 42fea335fe2c48c3932157fb462810c5 P ce96bb8b01e54e1b9850b1edc23a796b [term 0 FOLLOWER]: Advancing to term 1
I20260630 12:30:39.421169 22683 raft_consensus.cc:697] T e56e57c7af8548e78261299162292247 P 74f85dd92fbc435b8ffa5ba6b32e4931 [term 1 LEADER]: Becoming Leader. State: Replica: 74f85dd92fbc435b8ffa5ba6b32e4931, State: Running, Role: LEADER
I20260630 12:30:39.421583 22434 leader_election.cc:304] T e56e57c7af8548e78261299162292247 P a837d5651a38462b98909d51c3f12926 [CANDIDATE]: Term 1 pre-election: Election decided. Result: candidate lost. Election summary: received 3 responses out of 3 voters: 1 yes votes; 2 no votes. yes voters: a837d5651a38462b98909d51c3f12926; no voters: 74f85dd92fbc435b8ffa5ba6b32e4931, ce96bb8b01e54e1b9850b1edc23a796b
I20260630 12:30:39.421756 22684 consensus_queue.cc:237] T 42fea335fe2c48c3932157fb462810c5 P 74f85dd92fbc435b8ffa5ba6b32e4931 [LEADER]: Queue going to LEADER mode. State: All replicated index: 0, Majority replicated index: 0, Committed index: 0, Last appended: 0.0, Last appended by leader: 0, Current term: 1, Majority size: 2, State: 0, Mode: LEADER, active raft config: opid_index: -1 OBSOLETE_local: false peers { permanent_uuid: "a837d5651a38462b98909d51c3f12926" member_type: VOTER last_known_addr { host: "127.19.102.65" port: 37971 } } peers { permanent_uuid: "74f85dd92fbc435b8ffa5ba6b32e4931" member_type: VOTER last_known_addr { host: "127.19.102.66" port: 36973 } } peers { permanent_uuid: "ce96bb8b01e54e1b9850b1edc23a796b" member_type: VOTER last_known_addr { host: "127.19.102.67" port: 41513 } }
I20260630 12:30:39.421986 22683 consensus_queue.cc:237] T e56e57c7af8548e78261299162292247 P 74f85dd92fbc435b8ffa5ba6b32e4931 [LEADER]: Queue going to LEADER mode. State: All replicated index: 0, Majority replicated index: 0, Committed index: 0, Last appended: 0.0, Last appended by leader: 0, Current term: 1, Majority size: 2, State: 0, Mode: LEADER, active raft config: opid_index: -1 OBSOLETE_local: false peers { permanent_uuid: "a837d5651a38462b98909d51c3f12926" member_type: VOTER last_known_addr { host: "127.19.102.65" port: 37971 } } peers { permanent_uuid: "74f85dd92fbc435b8ffa5ba6b32e4931" member_type: VOTER last_known_addr { host: "127.19.102.66" port: 36973 } } peers { permanent_uuid: "ce96bb8b01e54e1b9850b1edc23a796b" member_type: VOTER last_known_addr { host: "127.19.102.67" port: 41513 } }
I20260630 12:30:39.422549 22672 raft_consensus.cc:2749] T e56e57c7af8548e78261299162292247 P a837d5651a38462b98909d51c3f12926 [term 1 FOLLOWER]: Leader pre-election lost for term 1. Reason: could not achieve majority
I20260630 12:30:39.423725 22434 leader_election.cc:304] T 42fea335fe2c48c3932157fb462810c5 P a837d5651a38462b98909d51c3f12926 [CANDIDATE]: Term 1 pre-election: Election decided. Result: candidate won. Election summary: received 3 responses out of 3 voters: 2 yes votes; 1 no votes. yes voters: a837d5651a38462b98909d51c3f12926, ce96bb8b01e54e1b9850b1edc23a796b; no voters: 74f85dd92fbc435b8ffa5ba6b32e4931
I20260630 12:30:39.424698 22672 raft_consensus.cc:2764] T 42fea335fe2c48c3932157fb462810c5 P a837d5651a38462b98909d51c3f12926 [term 1 FOLLOWER]: Leader pre-election decision vote started in defunct term 0: won
I20260630 12:30:39.428782 22675 raft_consensus.cc:2749] T 42fea335fe2c48c3932157fb462810c5 P ce96bb8b01e54e1b9850b1edc23a796b [term 1 FOLLOWER]: Leader pre-election lost for term 1. Reason: could not achieve majority
W20260630 12:30:39.435469 22417 auto_rebalancer.cc:298] Could not retrieve cluster info: Service unavailable: Tablet not running
I20260630 12:30:39.435308 22368 catalog_manager.cc:5697] T 42fea335fe2c48c3932157fb462810c5 P 74f85dd92fbc435b8ffa5ba6b32e4931 reported cstate change: term changed from 0 to 1, leader changed from <none> to 74f85dd92fbc435b8ffa5ba6b32e4931 (127.19.102.66). New cstate: current_term: 1 leader_uuid: "74f85dd92fbc435b8ffa5ba6b32e4931" committed_config { opid_index: -1 OBSOLETE_local: false peers { permanent_uuid: "a837d5651a38462b98909d51c3f12926" member_type: VOTER last_known_addr { host: "127.19.102.65" port: 37971 } health_report { overall_health: UNKNOWN } } peers { permanent_uuid: "74f85dd92fbc435b8ffa5ba6b32e4931" member_type: VOTER last_known_addr { host: "127.19.102.66" port: 36973 } health_report { overall_health: HEALTHY } } peers { permanent_uuid: "ce96bb8b01e54e1b9850b1edc23a796b" member_type: VOTER last_known_addr { host: "127.19.102.67" port: 41513 } health_report { overall_health: UNKNOWN } } }
I20260630 12:30:39.436088 22617 raft_consensus.cc:2468] T 42fea335fe2c48c3932157fb462810c5 P ce96bb8b01e54e1b9850b1edc23a796b [term 1 FOLLOWER]: Leader election vote request: Granting yes vote for candidate 74f85dd92fbc435b8ffa5ba6b32e4931 in term 1.
I20260630 12:30:39.437522 22422 auto_leader_rebalancer.cc:141] leader rebalance for table range_aware_auto_rebalancer_test
W20260630 12:30:39.439448 22422 auto_leader_rebalancer.cc:524] the master instance isn't leader: Service unavailable: Tablet not running
I20260630 12:30:39.447726 22368 catalog_manager.cc:5697] T e56e57c7af8548e78261299162292247 P 74f85dd92fbc435b8ffa5ba6b32e4931 reported cstate change: term changed from 0 to 1, leader changed from <none> to 74f85dd92fbc435b8ffa5ba6b32e4931 (127.19.102.66). New cstate: current_term: 1 leader_uuid: "74f85dd92fbc435b8ffa5ba6b32e4931" committed_config { opid_index: -1 OBSOLETE_local: false peers { permanent_uuid: "a837d5651a38462b98909d51c3f12926" member_type: VOTER last_known_addr { host: "127.19.102.65" port: 37971 } health_report { overall_health: UNKNOWN } } peers { permanent_uuid: "74f85dd92fbc435b8ffa5ba6b32e4931" member_type: VOTER last_known_addr { host: "127.19.102.66" port: 36973 } health_report { overall_health: HEALTHY } } peers { permanent_uuid: "ce96bb8b01e54e1b9850b1edc23a796b" member_type: VOTER last_known_addr { host: "127.19.102.67" port: 41513 } health_report { overall_health: UNKNOWN } } }
I20260630 12:30:39.524864 19865 tablet_server.cc:179] TabletServer@127.19.102.65:0 shutting down...
I20260630 12:30:39.539014 22672 raft_consensus.cc:493] T 1d563ee375c1492495b50cbf311b5ede P a837d5651a38462b98909d51c3f12926 [term 0 FOLLOWER]: Starting pre-election (no leader contacted us within the election timeout)
I20260630 12:30:39.539683 22672 raft_consensus.cc:515] T 1d563ee375c1492495b50cbf311b5ede P a837d5651a38462b98909d51c3f12926 [term 0 FOLLOWER]: Starting pre-election with config: opid_index: -1 OBSOLETE_local: false peers { permanent_uuid: "a837d5651a38462b98909d51c3f12926" member_type: VOTER last_known_addr { host: "127.19.102.65" port: 37971 } } peers { permanent_uuid: "74f85dd92fbc435b8ffa5ba6b32e4931" member_type: VOTER last_known_addr { host: "127.19.102.66" port: 36973 } } peers { permanent_uuid: "ce96bb8b01e54e1b9850b1edc23a796b" member_type: VOTER last_known_addr { host: "127.19.102.67" port: 41513 } }
I20260630 12:30:39.542207 22672 leader_election.cc:290] T 1d563ee375c1492495b50cbf311b5ede P a837d5651a38462b98909d51c3f12926 [CANDIDATE]: Term 1 pre-election: Requested pre-vote from peers 74f85dd92fbc435b8ffa5ba6b32e4931 (127.19.102.66:36973), ce96bb8b01e54e1b9850b1edc23a796b (127.19.102.67:41513)
I20260630 12:30:39.542827 22545 tablet_service.cc:1917] Received RequestConsensusVote() RPC: tablet_id: "1d563ee375c1492495b50cbf311b5ede" candidate_uuid: "a837d5651a38462b98909d51c3f12926" candidate_term: 1 candidate_status { last_received { term: 0 index: 0 } } ignore_live_leader: false dest_uuid: "74f85dd92fbc435b8ffa5ba6b32e4931" is_pre_election: true
I20260630 12:30:39.543274 22617 tablet_service.cc:1917] Received RequestConsensusVote() RPC: tablet_id: "1d563ee375c1492495b50cbf311b5ede" candidate_uuid: "a837d5651a38462b98909d51c3f12926" candidate_term: 1 candidate_status { last_received { term: 0 index: 0 } } ignore_live_leader: false dest_uuid: "ce96bb8b01e54e1b9850b1edc23a796b" is_pre_election: true
I20260630 12:30:39.544171 19865 ts_tablet_manager.cc:1507] Shutting down tablet manager...
I20260630 12:30:39.544188 22617 raft_consensus.cc:2393] T 1d563ee375c1492495b50cbf311b5ede P ce96bb8b01e54e1b9850b1edc23a796b [term 1 FOLLOWER]: Leader pre-election vote request: Denying vote to candidate a837d5651a38462b98909d51c3f12926 in current term 1: Already voted for candidate 74f85dd92fbc435b8ffa5ba6b32e4931 in this term.
I20260630 12:30:39.545092 19865 tablet_replica.cc:333] T 1d563ee375c1492495b50cbf311b5ede P a837d5651a38462b98909d51c3f12926: stopping tablet replica
I20260630 12:30:39.545771 19865 raft_consensus.cc:2243] T 1d563ee375c1492495b50cbf311b5ede P a837d5651a38462b98909d51c3f12926 [term 0 FOLLOWER]: Raft consensus shutting down.
I20260630 12:30:39.545715 22434 leader_election.cc:304] T 1d563ee375c1492495b50cbf311b5ede P a837d5651a38462b98909d51c3f12926 [CANDIDATE]: Term 1 pre-election: Election decided. Result: candidate lost. Election summary: received 3 responses out of 3 voters: 1 yes votes; 2 no votes. yes voters: a837d5651a38462b98909d51c3f12926; no voters: 74f85dd92fbc435b8ffa5ba6b32e4931, ce96bb8b01e54e1b9850b1edc23a796b
I20260630 12:30:39.546307 19865 raft_consensus.cc:2272] T 1d563ee375c1492495b50cbf311b5ede P a837d5651a38462b98909d51c3f12926 [term 0 FOLLOWER]: Raft consensus is shut down!
I20260630 12:30:39.546700 22672 raft_consensus.cc:2706] T 1d563ee375c1492495b50cbf311b5ede P a837d5651a38462b98909d51c3f12926 [term 0 FOLLOWER]: Received pre-election callback for term 1 while not running: Illegal state: RaftConsensus is not running: State = Stopped
I20260630 12:30:39.548614 19865 tablet_replica.cc:333] T 42fea335fe2c48c3932157fb462810c5 P a837d5651a38462b98909d51c3f12926: stopping tablet replica
I20260630 12:30:39.549122 19865 raft_consensus.cc:2243] T 42fea335fe2c48c3932157fb462810c5 P a837d5651a38462b98909d51c3f12926 [term 1 FOLLOWER]: Raft consensus shutting down.
I20260630 12:30:39.549417 19865 raft_consensus.cc:2272] T 42fea335fe2c48c3932157fb462810c5 P a837d5651a38462b98909d51c3f12926 [term 1 FOLLOWER]: Raft consensus is shut down!
I20260630 12:30:39.551100 19865 tablet_replica.cc:333] T e56e57c7af8548e78261299162292247 P a837d5651a38462b98909d51c3f12926: stopping tablet replica
I20260630 12:30:39.551570 19865 raft_consensus.cc:2243] T e56e57c7af8548e78261299162292247 P a837d5651a38462b98909d51c3f12926 [term 1 FOLLOWER]: Raft consensus shutting down.
I20260630 12:30:39.551898 19865 raft_consensus.cc:2272] T e56e57c7af8548e78261299162292247 P a837d5651a38462b98909d51c3f12926 [term 1 FOLLOWER]: Raft consensus is shut down!
I20260630 12:30:39.553787 19865 tablet_replica.cc:333] T d1370bb163d547d4895e0fa96457df0f P a837d5651a38462b98909d51c3f12926: stopping tablet replica
I20260630 12:30:39.554242 19865 raft_consensus.cc:2243] T d1370bb163d547d4895e0fa96457df0f P a837d5651a38462b98909d51c3f12926 [term 1 FOLLOWER]: Raft consensus shutting down.
I20260630 12:30:39.554590 19865 raft_consensus.cc:2272] T d1370bb163d547d4895e0fa96457df0f P a837d5651a38462b98909d51c3f12926 [term 1 FOLLOWER]: Raft consensus is shut down!
I20260630 12:30:39.555603 22683 consensus_queue.cc:1048] T d1370bb163d547d4895e0fa96457df0f P 74f85dd92fbc435b8ffa5ba6b32e4931 [LEADER]: Connected to new peer: Peer: permanent_uuid: "ce96bb8b01e54e1b9850b1edc23a796b" member_type: VOTER last_known_addr { host: "127.19.102.67" port: 41513 }, Status: LMP_MISMATCH, Last received: 0.0, Next index: 1, Last known committed idx: 0, Time since last communication: 0.000s
W20260630 12:30:39.565872 22510 proxy.cc:239] Call had error, refreshing address and retrying: Network error: Client connection negotiation failed: client connection to 127.19.102.65:37971: connect: Connection refused (error 111) [suppressed 3 similar messages]
W20260630 12:30:39.571638 22510 consensus_peers.cc:597] T d1370bb163d547d4895e0fa96457df0f P 74f85dd92fbc435b8ffa5ba6b32e4931 -> Peer a837d5651a38462b98909d51c3f12926 (127.19.102.65:37971): Couldn't send request to peer a837d5651a38462b98909d51c3f12926. Status: Network error: Client connection negotiation failed: client connection to 127.19.102.65:37971: connect: Connection refused (error 111). This is attempt 1: this message will repeat every 5th retry.
I20260630 12:30:39.578697 19865 tablet_server.cc:196] TabletServer@127.19.102.65:0 shutdown complete.
I20260630 12:30:39.588636 19865 tablet_server.cc:179] TabletServer@127.19.102.66:0 shutting down...
I20260630 12:30:39.605489 19865 ts_tablet_manager.cc:1507] Shutting down tablet manager...
I20260630 12:30:39.606287 19865 tablet_replica.cc:333] T e56e57c7af8548e78261299162292247 P 74f85dd92fbc435b8ffa5ba6b32e4931: stopping tablet replica
I20260630 12:30:39.606902 19865 raft_consensus.cc:2243] T e56e57c7af8548e78261299162292247 P 74f85dd92fbc435b8ffa5ba6b32e4931 [term 1 LEADER]: Raft consensus shutting down.
I20260630 12:30:39.607457 19865 pending_rounds.cc:70] T e56e57c7af8548e78261299162292247 P 74f85dd92fbc435b8ffa5ba6b32e4931: Trying to abort 1 pending ops.
I20260630 12:30:39.607728 19865 pending_rounds.cc:77] T e56e57c7af8548e78261299162292247 P 74f85dd92fbc435b8ffa5ba6b32e4931: Aborting op as it isn't in flight: id { term: 1 index: 1 } timestamp: 7302441531081498624 op_type: NO_OP noop_request { }
I20260630 12:30:39.608065 19865 raft_consensus.cc:2889] T e56e57c7af8548e78261299162292247 P 74f85dd92fbc435b8ffa5ba6b32e4931 [term 1 LEADER]: NO_OP replication failed: Aborted: Op aborted
I20260630 12:30:39.608336 19865 raft_consensus.cc:2272] T e56e57c7af8548e78261299162292247 P 74f85dd92fbc435b8ffa5ba6b32e4931 [term 1 FOLLOWER]: Raft consensus is shut down!
I20260630 12:30:39.610337 19865 tablet_replica.cc:333] T d1370bb163d547d4895e0fa96457df0f P 74f85dd92fbc435b8ffa5ba6b32e4931: stopping tablet replica
I20260630 12:30:39.610846 19865 raft_consensus.cc:2243] T d1370bb163d547d4895e0fa96457df0f P 74f85dd92fbc435b8ffa5ba6b32e4931 [term 1 LEADER]: Raft consensus shutting down.
I20260630 12:30:39.611563 19865 raft_consensus.cc:2272] T d1370bb163d547d4895e0fa96457df0f P 74f85dd92fbc435b8ffa5ba6b32e4931 [term 1 FOLLOWER]: Raft consensus is shut down!
I20260630 12:30:39.613510 19865 tablet_replica.cc:333] T 1d563ee375c1492495b50cbf311b5ede P 74f85dd92fbc435b8ffa5ba6b32e4931: stopping tablet replica
I20260630 12:30:39.613970 19865 raft_consensus.cc:2243] T 1d563ee375c1492495b50cbf311b5ede P 74f85dd92fbc435b8ffa5ba6b32e4931 [term 1 LEADER]: Raft consensus shutting down.
I20260630 12:30:39.614507 19865 pending_rounds.cc:70] T 1d563ee375c1492495b50cbf311b5ede P 74f85dd92fbc435b8ffa5ba6b32e4931: Trying to abort 1 pending ops.
I20260630 12:30:39.614710 19865 pending_rounds.cc:77] T 1d563ee375c1492495b50cbf311b5ede P 74f85dd92fbc435b8ffa5ba6b32e4931: Aborting op as it isn't in flight: id { term: 1 index: 1 } timestamp: 7302441530010382336 op_type: NO_OP noop_request { }
I20260630 12:30:39.614981 19865 raft_consensus.cc:2889] T 1d563ee375c1492495b50cbf311b5ede P 74f85dd92fbc435b8ffa5ba6b32e4931 [term 1 LEADER]: NO_OP replication failed: Aborted: Op aborted
I20260630 12:30:39.615244 19865 raft_consensus.cc:2272] T 1d563ee375c1492495b50cbf311b5ede P 74f85dd92fbc435b8ffa5ba6b32e4931 [term 1 FOLLOWER]: Raft consensus is shut down!
I20260630 12:30:39.617136 19865 tablet_replica.cc:333] T 42fea335fe2c48c3932157fb462810c5 P 74f85dd92fbc435b8ffa5ba6b32e4931: stopping tablet replica
I20260630 12:30:39.617630 19865 raft_consensus.cc:2243] T 42fea335fe2c48c3932157fb462810c5 P 74f85dd92fbc435b8ffa5ba6b32e4931 [term 1 LEADER]: Raft consensus shutting down.
I20260630 12:30:39.618153 19865 pending_rounds.cc:70] T 42fea335fe2c48c3932157fb462810c5 P 74f85dd92fbc435b8ffa5ba6b32e4931: Trying to abort 1 pending ops.
I20260630 12:30:39.618342 19865 pending_rounds.cc:77] T 42fea335fe2c48c3932157fb462810c5 P 74f85dd92fbc435b8ffa5ba6b32e4931: Aborting op as it isn't in flight: id { term: 1 index: 1 } timestamp: 7302441531082735616 op_type: NO_OP noop_request { }
I20260630 12:30:39.618597 19865 raft_consensus.cc:2889] T 42fea335fe2c48c3932157fb462810c5 P 74f85dd92fbc435b8ffa5ba6b32e4931 [term 1 LEADER]: NO_OP replication failed: Aborted: Op aborted
I20260630 12:30:39.618848 19865 raft_consensus.cc:2272] T 42fea335fe2c48c3932157fb462810c5 P 74f85dd92fbc435b8ffa5ba6b32e4931 [term 1 FOLLOWER]: Raft consensus is shut down!
I20260630 12:30:39.640375 19865 tablet_server.cc:196] TabletServer@127.19.102.66:0 shutdown complete.
I20260630 12:30:39.650281 19865 tablet_server.cc:179] TabletServer@127.19.102.67:0 shutting down...
I20260630 12:30:39.668570 19865 ts_tablet_manager.cc:1507] Shutting down tablet manager...
I20260630 12:30:39.669203 19865 tablet_replica.cc:333] T d1370bb163d547d4895e0fa96457df0f P ce96bb8b01e54e1b9850b1edc23a796b: stopping tablet replica
I20260630 12:30:39.669741 19865 raft_consensus.cc:2243] T d1370bb163d547d4895e0fa96457df0f P ce96bb8b01e54e1b9850b1edc23a796b [term 1 FOLLOWER]: Raft consensus shutting down.
I20260630 12:30:39.670109 19865 raft_consensus.cc:2272] T d1370bb163d547d4895e0fa96457df0f P ce96bb8b01e54e1b9850b1edc23a796b [term 1 FOLLOWER]: Raft consensus is shut down!
I20260630 12:30:39.672286 19865 tablet_replica.cc:333] T e56e57c7af8548e78261299162292247 P ce96bb8b01e54e1b9850b1edc23a796b: stopping tablet replica
I20260630 12:30:39.672748 19865 raft_consensus.cc:2243] T e56e57c7af8548e78261299162292247 P ce96bb8b01e54e1b9850b1edc23a796b [term 1 FOLLOWER]: Raft consensus shutting down.
I20260630 12:30:39.673133 19865 raft_consensus.cc:2272] T e56e57c7af8548e78261299162292247 P ce96bb8b01e54e1b9850b1edc23a796b [term 1 FOLLOWER]: Raft consensus is shut down!
I20260630 12:30:39.674578 19865 tablet_replica.cc:333] T 42fea335fe2c48c3932157fb462810c5 P ce96bb8b01e54e1b9850b1edc23a796b: stopping tablet replica
I20260630 12:30:39.674988 19865 raft_consensus.cc:2243] T 42fea335fe2c48c3932157fb462810c5 P ce96bb8b01e54e1b9850b1edc23a796b [term 1 FOLLOWER]: Raft consensus shutting down.
I20260630 12:30:39.675273 19865 raft_consensus.cc:2272] T 42fea335fe2c48c3932157fb462810c5 P ce96bb8b01e54e1b9850b1edc23a796b [term 1 FOLLOWER]: Raft consensus is shut down!
I20260630 12:30:39.676590 19865 tablet_replica.cc:333] T 1d563ee375c1492495b50cbf311b5ede P ce96bb8b01e54e1b9850b1edc23a796b: stopping tablet replica
I20260630 12:30:39.677030 19865 raft_consensus.cc:2243] T 1d563ee375c1492495b50cbf311b5ede P ce96bb8b01e54e1b9850b1edc23a796b [term 1 FOLLOWER]: Raft consensus shutting down.
I20260630 12:30:39.677320 19865 raft_consensus.cc:2272] T 1d563ee375c1492495b50cbf311b5ede P ce96bb8b01e54e1b9850b1edc23a796b [term 1 FOLLOWER]: Raft consensus is shut down!
W20260630 12:30:40.344347 22641 debug-util.cc:398] Leaking SignalData structure 0x7b0800229dc0 after lost signal to thread 19868
W20260630 12:30:40.345291 22641 debug-util.cc:398] Leaking SignalData structure 0x7b080015e120 after lost signal to thread 22403
W20260630 12:30:40.696592 19865 thread.cc:527] Waited for 1000ms trying to join with diag-logger (tid 22641)
I20260630 12:30:41.440457 22422 auto_leader_rebalancer.cc:141] leader rebalance for table range_aware_auto_rebalancer_test
W20260630 12:30:41.447516 22422 auto_leader_rebalancer.cc:524] the master instance isn't leader: Network error: Client connection negotiation failed: client connection to 127.19.102.66:36973: connect: Connection refused (error 111)
W20260630 12:30:41.697088 19865 thread.cc:527] Waited for 2000ms trying to join with diag-logger (tid 22641)
W20260630 12:30:42.697728 19865 thread.cc:527] Waited for 3000ms trying to join with diag-logger (tid 22641)
I20260630 12:30:42.981321 19865 tablet_server.cc:196] TabletServer@127.19.102.67:0 shutdown complete.
I20260630 12:30:43.000955 19865 master.cc:562] Master@127.19.102.126:41377 shutting down...
I20260630 12:30:43.022531 19865 raft_consensus.cc:2243] T 00000000000000000000000000000000 P 2ce4210e3dc04cad931ca8a7ec2ded76 [term 1 LEADER]: Raft consensus shutting down.
I20260630 12:30:43.023350 19865 raft_consensus.cc:2272] T 00000000000000000000000000000000 P 2ce4210e3dc04cad931ca8a7ec2ded76 [term 1 FOLLOWER]: Raft consensus is shut down!
I20260630 12:30:43.023734 19865 tablet_replica.cc:333] T 00000000000000000000000000000000 P 2ce4210e3dc04cad931ca8a7ec2ded76: stopping tablet replica
I20260630 12:30:43.042541 19865 master.cc:584] Master@127.19.102.126:41377 shutdown complete.
[       OK ] AutoRebalancerTest.RangeAwareBuildClusterInfoGroupsByRange (5772 ms)
[ RUN      ] AutoRebalancerTest.RangeAwareRebalancesNewRangeReplicas
I20260630 12:30:43.087944 19865 internal_mini_cluster.cc:156] Creating distributed mini masters. Addrs: 127.19.102.126:37503
I20260630 12:30:43.089123 19865 file_cache.cc:492] Constructed file cache file cache with capacity 419430
W20260630 12:30:43.094532 22702 instance_detector.cc:116] could not retrieve AWS instance metadata: Network error: curl error: HTTP response code said error: The requested URL returned error: 404
W20260630 12:30:43.094614 22703 instance_detector.cc:116] could not retrieve Azure instance metadata: Network error: curl error: HTTP response code said error: The requested URL returned error: 404
W20260630 12:30:43.095978 22705 instance_detector.cc:116] could not retrieve OpenStack instance metadata: Network error: curl error: HTTP response code said error: The requested URL returned error: 404
I20260630 12:30:43.097018 19865 server_base.cc:1061] running on GCE node
I20260630 12:30:43.097774 19865 hybrid_clock.cc:584] initializing the hybrid clock with 'system_unsync' time source
W20260630 12:30:43.097985 19865 system_unsync_time.cc:38] NTP support is disabled. Clock error bounds will not be accurate. This configuration is not suitable for distributed clusters.
I20260630 12:30:43.098151 19865 hybrid_clock.cc:648] HybridClock initialized: now 1782822643098132 us; error 0 us; skew 500 ppm
I20260630 12:30:43.098629 19865 server_base.cc:861] Flag tcmalloc_max_total_thread_cache_bytes is not working since tcmalloc is not enabled.
I20260630 12:30:43.100909 19865 webserver.cc:533] Webserver started at http://127.19.102.126:46745/ using document root <none> and password file <none>
I20260630 12:30:43.101397 19865 fs_manager.cc:362] Metadata directory not provided
I20260630 12:30:43.101615 19865 fs_manager.cc:368] Using write-ahead log directory (fs_wal_dir) as metadata directory
I20260630 12:30:43.101895 19865 server_base.cc:909] This appears to be a new deployment of Kudu; creating new FS layout
I20260630 12:30:43.103587 19865 fs_manager.cc:1068] Generated new instance metadata in path /tmp/dist-test-task4brhlC/test-tmp/auto_rebalancer-test.0.AutoRebalancerTest.RangeAwareRebalancesNewRangeReplicas.1782822562130006-19865-0/minicluster-data/master-0-root/instance:
uuid: "fa9e1aa8e848486286a01ec39e22dcde"
format_stamp: "Formatted at 2026-06-30 12:30:43 on dist-test-slave-fqpm"
I20260630 12:30:43.107821 19865 fs_manager.cc:696] Time spent creating directory manager: real 0.004s	user 0.006s	sys 0.000s
I20260630 12:30:43.111019 22710 log_block_manager.cc:4031] Time spent loading block containers with low live blocks: real 0.000s	user 0.000s	sys 0.000s
I20260630 12:30:43.111836 19865 fs_manager.cc:730] Time spent opening block manager: real 0.002s	user 0.002s	sys 0.000s
I20260630 12:30:43.112069 19865 fs_manager.cc:647] Opened local filesystem: /tmp/dist-test-task4brhlC/test-tmp/auto_rebalancer-test.0.AutoRebalancerTest.RangeAwareRebalancesNewRangeReplicas.1782822562130006-19865-0/minicluster-data/master-0-root
uuid: "fa9e1aa8e848486286a01ec39e22dcde"
format_stamp: "Formatted at 2026-06-30 12:30:43 on dist-test-slave-fqpm"
I20260630 12:30:43.112290 19865 fs_report.cc:389] FS layout report
--------------------
wal directory: /tmp/dist-test-task4brhlC/test-tmp/auto_rebalancer-test.0.AutoRebalancerTest.RangeAwareRebalancesNewRangeReplicas.1782822562130006-19865-0/minicluster-data/master-0-root
metadata directory: /tmp/dist-test-task4brhlC/test-tmp/auto_rebalancer-test.0.AutoRebalancerTest.RangeAwareRebalancesNewRangeReplicas.1782822562130006-19865-0/minicluster-data/master-0-root
1 data directories: /tmp/dist-test-task4brhlC/test-tmp/auto_rebalancer-test.0.AutoRebalancerTest.RangeAwareRebalancesNewRangeReplicas.1782822562130006-19865-0/minicluster-data/master-0-root/data
Total live blocks: 0
Total live bytes: 0
Total live bytes (after alignment): 0
Total number of LBM containers: 0 (0 full)
Did not check for missing blocks
Did not check for orphaned blocks
Total full LBM containers with extra space: 0 (0 repaired)
Total full LBM container extra space in bytes: 0 (0 repaired)
Total incomplete LBM containers: 0 (0 repaired)
Total LBM partial records: 0 (0 repaired)
Total corrupted LBM metadata records in RocksDB: 0 (0 repaired)
I20260630 12:30:43.131057 19865 rpc_server.cc:225] running with OpenSSL 1.1.1  11 Sep 2018
I20260630 12:30:43.132167 19865 kserver.cc:163] Server-wide thread pool size limit: 3276
I20260630 12:30:43.170753 19865 rpc_server.cc:307] RPC server started. Bound to: 127.19.102.126:37503
I20260630 12:30:43.170837 22761 acceptor_pool.cc:272] collecting diagnostics on the listening RPC socket 127.19.102.126:37503 every 8 connection(s)
I20260630 12:30:43.174811 22762 data_dirs.cc:400] Could only allocate 1 dirs of requested 3 for tablet 00000000000000000000000000000000. 1 dirs total, 0 dirs full, 0 dirs failed
I20260630 12:30:43.185189 22762 tablet_bootstrap.cc:492] T 00000000000000000000000000000000 P fa9e1aa8e848486286a01ec39e22dcde: Bootstrap starting.
I20260630 12:30:43.189780 22762 tablet_bootstrap.cc:654] T 00000000000000000000000000000000 P fa9e1aa8e848486286a01ec39e22dcde: Neither blocks nor log segments found. Creating new log.
I20260630 12:30:43.193984 22762 tablet_bootstrap.cc:492] T 00000000000000000000000000000000 P fa9e1aa8e848486286a01ec39e22dcde: No bootstrap required, opened a new log
I20260630 12:30:43.196054 22762 raft_consensus.cc:359] T 00000000000000000000000000000000 P fa9e1aa8e848486286a01ec39e22dcde [term 0 FOLLOWER]: Replica starting. Triggering 0 pending ops. Active config: opid_index: -1 OBSOLETE_local: true peers { permanent_uuid: "fa9e1aa8e848486286a01ec39e22dcde" member_type: VOTER }
I20260630 12:30:43.196491 22762 raft_consensus.cc:385] T 00000000000000000000000000000000 P fa9e1aa8e848486286a01ec39e22dcde [term 0 FOLLOWER]: Consensus starting up: Expiring failure detector timer to make a prompt election more likely
I20260630 12:30:43.196712 22762 raft_consensus.cc:740] T 00000000000000000000000000000000 P fa9e1aa8e848486286a01ec39e22dcde [term 0 FOLLOWER]: Becoming Follower/Learner. State: Replica: fa9e1aa8e848486286a01ec39e22dcde, State: Initialized, Role: FOLLOWER
I20260630 12:30:43.197402 22762 consensus_queue.cc:260] T 00000000000000000000000000000000 P fa9e1aa8e848486286a01ec39e22dcde [NON_LEADER]: Queue going to NON_LEADER mode. State: All replicated index: 0, Majority replicated index: 0, Committed index: 0, Last appended: 0.0, Last appended by leader: 0, Current term: 0, Majority size: -1, State: 0, Mode: NON_LEADER, active raft config: opid_index: -1 OBSOLETE_local: true peers { permanent_uuid: "fa9e1aa8e848486286a01ec39e22dcde" member_type: VOTER }
I20260630 12:30:43.197883 22762 raft_consensus.cc:399] T 00000000000000000000000000000000 P fa9e1aa8e848486286a01ec39e22dcde [term 0 FOLLOWER]: Only one voter in the Raft config. Triggering election immediately
I20260630 12:30:43.198166 22762 raft_consensus.cc:493] T 00000000000000000000000000000000 P fa9e1aa8e848486286a01ec39e22dcde [term 0 FOLLOWER]: Starting leader election (initial election of a single-replica configuration)
I20260630 12:30:43.198453 22762 raft_consensus.cc:3060] T 00000000000000000000000000000000 P fa9e1aa8e848486286a01ec39e22dcde [term 0 FOLLOWER]: Advancing to term 1
I20260630 12:30:43.202617 22762 raft_consensus.cc:515] T 00000000000000000000000000000000 P fa9e1aa8e848486286a01ec39e22dcde [term 1 FOLLOWER]: Starting leader election with config: opid_index: -1 OBSOLETE_local: true peers { permanent_uuid: "fa9e1aa8e848486286a01ec39e22dcde" member_type: VOTER }
I20260630 12:30:43.203109 22762 leader_election.cc:304] T 00000000000000000000000000000000 P fa9e1aa8e848486286a01ec39e22dcde [CANDIDATE]: Term 1 election: Election decided. Result: candidate won. Election summary: received 1 responses out of 1 voters: 1 yes votes; 0 no votes. yes voters: fa9e1aa8e848486286a01ec39e22dcde; no voters: 
I20260630 12:30:43.204144 22762 leader_election.cc:290] T 00000000000000000000000000000000 P fa9e1aa8e848486286a01ec39e22dcde [CANDIDATE]: Term 1 election: Requested vote from peers 
I20260630 12:30:43.204553 22765 raft_consensus.cc:2804] T 00000000000000000000000000000000 P fa9e1aa8e848486286a01ec39e22dcde [term 1 FOLLOWER]: Leader election won for term 1
I20260630 12:30:43.205844 22765 raft_consensus.cc:697] T 00000000000000000000000000000000 P fa9e1aa8e848486286a01ec39e22dcde [term 1 LEADER]: Becoming Leader. State: Replica: fa9e1aa8e848486286a01ec39e22dcde, State: Running, Role: LEADER
I20260630 12:30:43.206512 22765 consensus_queue.cc:237] T 00000000000000000000000000000000 P fa9e1aa8e848486286a01ec39e22dcde [LEADER]: Queue going to LEADER mode. State: All replicated index: 0, Majority replicated index: 0, Committed index: 0, Last appended: 0.0, Last appended by leader: 0, Current term: 1, Majority size: 1, State: 0, Mode: LEADER, active raft config: opid_index: -1 OBSOLETE_local: true peers { permanent_uuid: "fa9e1aa8e848486286a01ec39e22dcde" member_type: VOTER }
I20260630 12:30:43.206983 22762 sys_catalog.cc:565] T 00000000000000000000000000000000 P fa9e1aa8e848486286a01ec39e22dcde [sys.catalog]: configured and running, proceeding with master startup.
I20260630 12:30:43.213536 22766 sys_catalog.cc:455] T 00000000000000000000000000000000 P fa9e1aa8e848486286a01ec39e22dcde [sys.catalog]: SysCatalogTable state changed. Reason: RaftConsensus started. Latest consensus state: current_term: 1 leader_uuid: "fa9e1aa8e848486286a01ec39e22dcde" committed_config { opid_index: -1 OBSOLETE_local: true peers { permanent_uuid: "fa9e1aa8e848486286a01ec39e22dcde" member_type: VOTER } }
I20260630 12:30:43.214190 22766 sys_catalog.cc:458] T 00000000000000000000000000000000 P fa9e1aa8e848486286a01ec39e22dcde [sys.catalog]: This master's current role is: LEADER
I20260630 12:30:43.214334 22767 sys_catalog.cc:455] T 00000000000000000000000000000000 P fa9e1aa8e848486286a01ec39e22dcde [sys.catalog]: SysCatalogTable state changed. Reason: New leader fa9e1aa8e848486286a01ec39e22dcde. Latest consensus state: current_term: 1 leader_uuid: "fa9e1aa8e848486286a01ec39e22dcde" committed_config { opid_index: -1 OBSOLETE_local: true peers { permanent_uuid: "fa9e1aa8e848486286a01ec39e22dcde" member_type: VOTER } }
I20260630 12:30:43.214906 22767 sys_catalog.cc:458] T 00000000000000000000000000000000 P fa9e1aa8e848486286a01ec39e22dcde [sys.catalog]: This master's current role is: LEADER
I20260630 12:30:43.215929 22775 catalog_manager.cc:1511] Loading table and tablet metadata into memory...
I20260630 12:30:43.220818 22775 catalog_manager.cc:1520] Initializing Kudu cluster ID...
I20260630 12:30:43.221974 19865 internal_mini_cluster.cc:184] Waiting to initialize catalog manager on master 0
I20260630 12:30:43.229317 22775 catalog_manager.cc:1383] Generated new cluster ID: c5b4171101cc4c57aa215fbb97869991
I20260630 12:30:43.229581 22775 catalog_manager.cc:1531] Initializing Kudu internal certificate authority...
I20260630 12:30:43.245798 22775 catalog_manager.cc:1406] Generated new certificate authority record
I20260630 12:30:43.247010 22775 catalog_manager.cc:1540] Loading token signing keys...
I20260630 12:30:43.262113 22775 catalog_manager.cc:6070] T 00000000000000000000000000000000 P fa9e1aa8e848486286a01ec39e22dcde: Generated new TSK 0
I20260630 12:30:43.262693 22775 catalog_manager.cc:1550] Initializing in-progress tserver states...
I20260630 12:30:43.288589 19865 file_cache.cc:492] Constructed file cache file cache with capacity 419430
W20260630 12:30:43.294627 22783 instance_detector.cc:116] could not retrieve AWS instance metadata: Network error: curl error: HTTP response code said error: The requested URL returned error: 404
W20260630 12:30:43.295845 22784 instance_detector.cc:116] could not retrieve Azure instance metadata: Network error: curl error: HTTP response code said error: The requested URL returned error: 404
W20260630 12:30:43.297115 22786 instance_detector.cc:116] could not retrieve OpenStack instance metadata: Network error: curl error: HTTP response code said error: The requested URL returned error: 404
I20260630 12:30:43.297796 19865 server_base.cc:1061] running on GCE node
I20260630 12:30:43.298513 19865 hybrid_clock.cc:584] initializing the hybrid clock with 'system_unsync' time source
W20260630 12:30:43.298681 19865 system_unsync_time.cc:38] NTP support is disabled. Clock error bounds will not be accurate. This configuration is not suitable for distributed clusters.
I20260630 12:30:43.298797 19865 hybrid_clock.cc:648] HybridClock initialized: now 1782822643298787 us; error 0 us; skew 500 ppm
I20260630 12:30:43.299224 19865 server_base.cc:861] Flag tcmalloc_max_total_thread_cache_bytes is not working since tcmalloc is not enabled.
I20260630 12:30:43.301397 19865 webserver.cc:533] Webserver started at http://127.19.102.65:33813/ using document root <none> and password file <none>
I20260630 12:30:43.301831 19865 fs_manager.cc:362] Metadata directory not provided
I20260630 12:30:43.301972 19865 fs_manager.cc:368] Using write-ahead log directory (fs_wal_dir) as metadata directory
I20260630 12:30:43.302167 19865 server_base.cc:909] This appears to be a new deployment of Kudu; creating new FS layout
I20260630 12:30:43.303239 19865 fs_manager.cc:1068] Generated new instance metadata in path /tmp/dist-test-task4brhlC/test-tmp/auto_rebalancer-test.0.AutoRebalancerTest.RangeAwareRebalancesNewRangeReplicas.1782822562130006-19865-0/minicluster-data/ts-0-root/instance:
uuid: "104cd4eb2ed14397930033068a0ca1fd"
format_stamp: "Formatted at 2026-06-30 12:30:43 on dist-test-slave-fqpm"
I20260630 12:30:43.307562 19865 fs_manager.cc:696] Time spent creating directory manager: real 0.004s	user 0.000s	sys 0.006s
I20260630 12:30:43.310599 22791 log_block_manager.cc:4031] Time spent loading block containers with low live blocks: real 0.000s	user 0.000s	sys 0.000s
I20260630 12:30:43.311309 19865 fs_manager.cc:730] Time spent opening block manager: real 0.002s	user 0.001s	sys 0.000s
I20260630 12:30:43.311545 19865 fs_manager.cc:647] Opened local filesystem: /tmp/dist-test-task4brhlC/test-tmp/auto_rebalancer-test.0.AutoRebalancerTest.RangeAwareRebalancesNewRangeReplicas.1782822562130006-19865-0/minicluster-data/ts-0-root
uuid: "104cd4eb2ed14397930033068a0ca1fd"
format_stamp: "Formatted at 2026-06-30 12:30:43 on dist-test-slave-fqpm"
I20260630 12:30:43.311760 19865 fs_report.cc:389] FS layout report
--------------------
wal directory: /tmp/dist-test-task4brhlC/test-tmp/auto_rebalancer-test.0.AutoRebalancerTest.RangeAwareRebalancesNewRangeReplicas.1782822562130006-19865-0/minicluster-data/ts-0-root
metadata directory: /tmp/dist-test-task4brhlC/test-tmp/auto_rebalancer-test.0.AutoRebalancerTest.RangeAwareRebalancesNewRangeReplicas.1782822562130006-19865-0/minicluster-data/ts-0-root
1 data directories: /tmp/dist-test-task4brhlC/test-tmp/auto_rebalancer-test.0.AutoRebalancerTest.RangeAwareRebalancesNewRangeReplicas.1782822562130006-19865-0/minicluster-data/ts-0-root/data
Total live blocks: 0
Total live bytes: 0
Total live bytes (after alignment): 0
Total number of LBM containers: 0 (0 full)
Did not check for missing blocks
Did not check for orphaned blocks
Total full LBM containers with extra space: 0 (0 repaired)
Total full LBM container extra space in bytes: 0 (0 repaired)
Total incomplete LBM containers: 0 (0 repaired)
Total LBM partial records: 0 (0 repaired)
Total corrupted LBM metadata records in RocksDB: 0 (0 repaired)
I20260630 12:30:43.345850 19865 rpc_server.cc:225] running with OpenSSL 1.1.1  11 Sep 2018
I20260630 12:30:43.347549 19865 kserver.cc:163] Server-wide thread pool size limit: 3276
I20260630 12:30:43.349187 19865 txn_system_client.cc:432] TxnSystemClient initialization is disabled...
I20260630 12:30:43.351460 19865 ts_tablet_manager.cc:585] Loaded tablet metadata (0 total tablets, 0 live tablets)
I20260630 12:30:43.351684 19865 ts_tablet_manager.cc:531] Time spent load tablet metadata: real 0.000s	user 0.000s	sys 0.000s
I20260630 12:30:43.351928 19865 ts_tablet_manager.cc:616] Registered 0 tablets
I20260630 12:30:43.352113 19865 ts_tablet_manager.cc:595] Time spent register tablets: real 0.000s	user 0.000s	sys 0.000s
I20260630 12:30:43.392140 19865 rpc_server.cc:307] RPC server started. Bound to: 127.19.102.65:39833
I20260630 12:30:43.392241 22853 acceptor_pool.cc:272] collecting diagnostics on the listening RPC socket 127.19.102.65:39833 every 8 connection(s)
I20260630 12:30:43.397078 19865 file_cache.cc:492] Constructed file cache file cache with capacity 419430
W20260630 12:30:43.404011 22858 instance_detector.cc:116] could not retrieve AWS instance metadata: Network error: curl error: HTTP response code said error: The requested URL returned error: 404
W20260630 12:30:43.405087 22859 instance_detector.cc:116] could not retrieve Azure instance metadata: Network error: curl error: HTTP response code said error: The requested URL returned error: 404
W20260630 12:30:43.407727 22861 instance_detector.cc:116] could not retrieve OpenStack instance metadata: Network error: curl error: HTTP response code said error: The requested URL returned error: 404
I20260630 12:30:43.408196 19865 server_base.cc:1061] running on GCE node
I20260630 12:30:43.409225 19865 hybrid_clock.cc:584] initializing the hybrid clock with 'system_unsync' time source
W20260630 12:30:43.409458 19865 system_unsync_time.cc:38] NTP support is disabled. Clock error bounds will not be accurate. This configuration is not suitable for distributed clusters.
I20260630 12:30:43.409654 19865 hybrid_clock.cc:648] HybridClock initialized: now 1782822643409635 us; error 0 us; skew 500 ppm
I20260630 12:30:43.410264 19865 server_base.cc:861] Flag tcmalloc_max_total_thread_cache_bytes is not working since tcmalloc is not enabled.
I20260630 12:30:43.410791 22854 heartbeater.cc:344] Connected to a master server at 127.19.102.126:37503
I20260630 12:30:43.411160 22854 heartbeater.cc:461] Registering TS with master...
I20260630 12:30:43.411831 22854 heartbeater.cc:507] Master 127.19.102.126:37503 requested a full tablet report, sending...
I20260630 12:30:43.413079 19865 webserver.cc:533] Webserver started at http://127.19.102.66:42269/ using document root <none> and password file <none>
I20260630 12:30:43.413712 19865 fs_manager.cc:362] Metadata directory not provided
I20260630 12:30:43.413947 19865 fs_manager.cc:368] Using write-ahead log directory (fs_wal_dir) as metadata directory
I20260630 12:30:43.414100 22727 ts_manager.cc:194] Registered new tserver with Master: 104cd4eb2ed14397930033068a0ca1fd (127.19.102.65:39833)
I20260630 12:30:43.414309 19865 server_base.cc:909] This appears to be a new deployment of Kudu; creating new FS layout
I20260630 12:30:43.415913 19865 fs_manager.cc:1068] Generated new instance metadata in path /tmp/dist-test-task4brhlC/test-tmp/auto_rebalancer-test.0.AutoRebalancerTest.RangeAwareRebalancesNewRangeReplicas.1782822562130006-19865-0/minicluster-data/ts-1-root/instance:
uuid: "5ef2f71480094c1ea0f76f0768d8626d"
format_stamp: "Formatted at 2026-06-30 12:30:43 on dist-test-slave-fqpm"
I20260630 12:30:43.416648 22727 master_service.cc:502] Signed X509 certificate for tserver {username='slave'} at 127.0.0.1:56248
I20260630 12:30:43.420723 19865 fs_manager.cc:696] Time spent creating directory manager: real 0.004s	user 0.004s	sys 0.003s
I20260630 12:30:43.424166 22866 log_block_manager.cc:4031] Time spent loading block containers with low live blocks: real 0.000s	user 0.000s	sys 0.000s
I20260630 12:30:43.425027 19865 fs_manager.cc:730] Time spent opening block manager: real 0.002s	user 0.003s	sys 0.000s
I20260630 12:30:43.425318 19865 fs_manager.cc:647] Opened local filesystem: /tmp/dist-test-task4brhlC/test-tmp/auto_rebalancer-test.0.AutoRebalancerTest.RangeAwareRebalancesNewRangeReplicas.1782822562130006-19865-0/minicluster-data/ts-1-root
uuid: "5ef2f71480094c1ea0f76f0768d8626d"
format_stamp: "Formatted at 2026-06-30 12:30:43 on dist-test-slave-fqpm"
I20260630 12:30:43.425606 19865 fs_report.cc:389] FS layout report
--------------------
wal directory: /tmp/dist-test-task4brhlC/test-tmp/auto_rebalancer-test.0.AutoRebalancerTest.RangeAwareRebalancesNewRangeReplicas.1782822562130006-19865-0/minicluster-data/ts-1-root
metadata directory: /tmp/dist-test-task4brhlC/test-tmp/auto_rebalancer-test.0.AutoRebalancerTest.RangeAwareRebalancesNewRangeReplicas.1782822562130006-19865-0/minicluster-data/ts-1-root
1 data directories: /tmp/dist-test-task4brhlC/test-tmp/auto_rebalancer-test.0.AutoRebalancerTest.RangeAwareRebalancesNewRangeReplicas.1782822562130006-19865-0/minicluster-data/ts-1-root/data
Total live blocks: 0
Total live bytes: 0
Total live bytes (after alignment): 0
Total number of LBM containers: 0 (0 full)
Did not check for missing blocks
Did not check for orphaned blocks
Total full LBM containers with extra space: 0 (0 repaired)
Total full LBM container extra space in bytes: 0 (0 repaired)
Total incomplete LBM containers: 0 (0 repaired)
Total LBM partial records: 0 (0 repaired)
Total corrupted LBM metadata records in RocksDB: 0 (0 repaired)
I20260630 12:30:43.450132 19865 rpc_server.cc:225] running with OpenSSL 1.1.1  11 Sep 2018
I20260630 12:30:43.451299 19865 kserver.cc:163] Server-wide thread pool size limit: 3276
I20260630 12:30:43.452735 19865 txn_system_client.cc:432] TxnSystemClient initialization is disabled...
I20260630 12:30:43.454908 19865 ts_tablet_manager.cc:585] Loaded tablet metadata (0 total tablets, 0 live tablets)
I20260630 12:30:43.455137 19865 ts_tablet_manager.cc:531] Time spent load tablet metadata: real 0.000s	user 0.000s	sys 0.000s
I20260630 12:30:43.455387 19865 ts_tablet_manager.cc:616] Registered 0 tablets
I20260630 12:30:43.455562 19865 ts_tablet_manager.cc:595] Time spent register tablets: real 0.000s	user 0.000s	sys 0.000s
I20260630 12:30:43.494469 19865 rpc_server.cc:307] RPC server started. Bound to: 127.19.102.66:45135
I20260630 12:30:43.494578 22928 acceptor_pool.cc:272] collecting diagnostics on the listening RPC socket 127.19.102.66:45135 every 8 connection(s)
I20260630 12:30:43.499588 19865 file_cache.cc:492] Constructed file cache file cache with capacity 419430
W20260630 12:30:43.506508 22932 instance_detector.cc:116] could not retrieve AWS instance metadata: Network error: curl error: HTTP response code said error: The requested URL returned error: 404
W20260630 12:30:43.514569 22933 instance_detector.cc:116] could not retrieve Azure instance metadata: Network error: curl error: HTTP response code said error: The requested URL returned error: 404
W20260630 12:30:43.516783 22935 instance_detector.cc:116] could not retrieve OpenStack instance metadata: Network error: curl error: HTTP response code said error: The requested URL returned error: 404
I20260630 12:30:43.517589 22929 heartbeater.cc:344] Connected to a master server at 127.19.102.126:37503
I20260630 12:30:43.518064 19865 server_base.cc:1061] running on GCE node
I20260630 12:30:43.518146 22929 heartbeater.cc:461] Registering TS with master...
I20260630 12:30:43.519203 19865 hybrid_clock.cc:584] initializing the hybrid clock with 'system_unsync' time source
I20260630 12:30:43.519233 22929 heartbeater.cc:507] Master 127.19.102.126:37503 requested a full tablet report, sending...
W20260630 12:30:43.519667 19865 system_unsync_time.cc:38] NTP support is disabled. Clock error bounds will not be accurate. This configuration is not suitable for distributed clusters.
I20260630 12:30:43.519888 19865 hybrid_clock.cc:648] HybridClock initialized: now 1782822643519869 us; error 0 us; skew 500 ppm
I20260630 12:30:43.520586 19865 server_base.cc:861] Flag tcmalloc_max_total_thread_cache_bytes is not working since tcmalloc is not enabled.
I20260630 12:30:43.521692 22727 ts_manager.cc:194] Registered new tserver with Master: 5ef2f71480094c1ea0f76f0768d8626d (127.19.102.66:45135)
I20260630 12:30:43.523178 19865 webserver.cc:533] Webserver started at http://127.19.102.67:37759/ using document root <none> and password file <none>
I20260630 12:30:43.523319 22727 master_service.cc:502] Signed X509 certificate for tserver {username='slave'} at 127.0.0.1:56254
I20260630 12:30:43.523738 19865 fs_manager.cc:362] Metadata directory not provided
I20260630 12:30:43.523973 19865 fs_manager.cc:368] Using write-ahead log directory (fs_wal_dir) as metadata directory
I20260630 12:30:43.524284 19865 server_base.cc:909] This appears to be a new deployment of Kudu; creating new FS layout
I20260630 12:30:43.525555 19865 fs_manager.cc:1068] Generated new instance metadata in path /tmp/dist-test-task4brhlC/test-tmp/auto_rebalancer-test.0.AutoRebalancerTest.RangeAwareRebalancesNewRangeReplicas.1782822562130006-19865-0/minicluster-data/ts-2-root/instance:
uuid: "d6c8a883200f45f09f42afdc0d16931d"
format_stamp: "Formatted at 2026-06-30 12:30:43 on dist-test-slave-fqpm"
I20260630 12:30:43.529812 19865 fs_manager.cc:696] Time spent creating directory manager: real 0.004s	user 0.001s	sys 0.004s
I20260630 12:30:43.533092 22940 log_block_manager.cc:4031] Time spent loading block containers with low live blocks: real 0.000s	user 0.000s	sys 0.000s
I20260630 12:30:43.533751 19865 fs_manager.cc:730] Time spent opening block manager: real 0.002s	user 0.002s	sys 0.001s
I20260630 12:30:43.534034 19865 fs_manager.cc:647] Opened local filesystem: /tmp/dist-test-task4brhlC/test-tmp/auto_rebalancer-test.0.AutoRebalancerTest.RangeAwareRebalancesNewRangeReplicas.1782822562130006-19865-0/minicluster-data/ts-2-root
uuid: "d6c8a883200f45f09f42afdc0d16931d"
format_stamp: "Formatted at 2026-06-30 12:30:43 on dist-test-slave-fqpm"
I20260630 12:30:43.534303 19865 fs_report.cc:389] FS layout report
--------------------
wal directory: /tmp/dist-test-task4brhlC/test-tmp/auto_rebalancer-test.0.AutoRebalancerTest.RangeAwareRebalancesNewRangeReplicas.1782822562130006-19865-0/minicluster-data/ts-2-root
metadata directory: /tmp/dist-test-task4brhlC/test-tmp/auto_rebalancer-test.0.AutoRebalancerTest.RangeAwareRebalancesNewRangeReplicas.1782822562130006-19865-0/minicluster-data/ts-2-root
1 data directories: /tmp/dist-test-task4brhlC/test-tmp/auto_rebalancer-test.0.AutoRebalancerTest.RangeAwareRebalancesNewRangeReplicas.1782822562130006-19865-0/minicluster-data/ts-2-root/data
Total live blocks: 0
Total live bytes: 0
Total live bytes (after alignment): 0
Total number of LBM containers: 0 (0 full)
Did not check for missing blocks
Did not check for orphaned blocks
Total full LBM containers with extra space: 0 (0 repaired)
Total full LBM container extra space in bytes: 0 (0 repaired)
Total incomplete LBM containers: 0 (0 repaired)
Total LBM partial records: 0 (0 repaired)
Total corrupted LBM metadata records in RocksDB: 0 (0 repaired)
I20260630 12:30:43.585989 19865 rpc_server.cc:225] running with OpenSSL 1.1.1  11 Sep 2018
I20260630 12:30:43.587167 19865 kserver.cc:163] Server-wide thread pool size limit: 3276
I20260630 12:30:43.588570 19865 txn_system_client.cc:432] TxnSystemClient initialization is disabled...
I20260630 12:30:43.590845 19865 ts_tablet_manager.cc:585] Loaded tablet metadata (0 total tablets, 0 live tablets)
I20260630 12:30:43.591070 19865 ts_tablet_manager.cc:531] Time spent load tablet metadata: real 0.000s	user 0.000s	sys 0.000s
I20260630 12:30:43.591298 19865 ts_tablet_manager.cc:616] Registered 0 tablets
I20260630 12:30:43.591476 19865 ts_tablet_manager.cc:595] Time spent register tablets: real 0.000s	user 0.000s	sys 0.000s
I20260630 12:30:43.631651 19865 rpc_server.cc:307] RPC server started. Bound to: 127.19.102.67:35259
I20260630 12:30:43.631742 23002 acceptor_pool.cc:272] collecting diagnostics on the listening RPC socket 127.19.102.67:35259 every 8 connection(s)
I20260630 12:30:43.645706 23003 heartbeater.cc:344] Connected to a master server at 127.19.102.126:37503
I20260630 12:30:43.646139 23003 heartbeater.cc:461] Registering TS with master...
I20260630 12:30:43.646924 23003 heartbeater.cc:507] Master 127.19.102.126:37503 requested a full tablet report, sending...
I20260630 12:30:43.648758 22727 ts_manager.cc:194] Registered new tserver with Master: d6c8a883200f45f09f42afdc0d16931d (127.19.102.67:35259)
I20260630 12:30:43.649291 19865 internal_mini_cluster.cc:371] 3 TS(s) registered with all masters after 0.01459486s
I20260630 12:30:43.650509 22727 master_service.cc:502] Signed X509 certificate for tserver {username='slave'} at 127.0.0.1:56256
I20260630 12:30:44.419286 22854 heartbeater.cc:499] Master 127.19.102.126:37503 was elected leader, sending a full tablet report...
I20260630 12:30:44.525753 22929 heartbeater.cc:499] Master 127.19.102.126:37503 was elected leader, sending a full tablet report...
I20260630 12:30:44.653610 23003 heartbeater.cc:499] Master 127.19.102.126:37503 was elected leader, sending a full tablet report...
I20260630 12:30:44.708900 22727 catalog_manager.cc:2283] Servicing CreateTable request from {username='slave'} at 127.0.0.1:56272:
name: "range_aware_rebalance_new_range"
schema {
  columns {
    name: "key"
    type: INT32
    is_key: true
    is_nullable: false
    encoding: AUTO_ENCODING
    compression: DEFAULT_COMPRESSION
    cfile_block_size: 0
    immutable: false
  }
}
num_replicas: 3
split_rows_range_bounds {
  rows: "\006\001\000\000\000\000\007\001\n\000\000\000""\006\001\000\000\000\000\007\001\n\000\000\000"
  indirect_data: """"
}
partition_schema {
  hash_schema {
    columns {
      name: "key"
    }
    num_buckets: 8
    seed: 0
  }
  range_schema {
    columns {
