W20260630 12:29:32.007606 21652 leader_election.cc:343] T fca2503d0289410f801b5b912905a3c2 P 5f377793ee4c47a2b9817889cc04b9a3 [CANDIDATE]: Term 1 pre-election: Tablet error from VoteRequest() call to peer dcc011b63c6e4a54a02f38550dd82ed3 (127.20.97.2:44175): Illegal state: must be running to vote when last-logged opid is not known
I20260630 12:29:32.008073 21652 leader_election.cc:304] T fca2503d0289410f801b5b912905a3c2 P 5f377793ee4c47a2b9817889cc04b9a3 [CANDIDATE]: Term 1 pre-election: Election decided. Result: candidate lost. Election summary: received 3 responses out of 3 voters: 1 yes votes; 2 no votes. yes voters: 5f377793ee4c47a2b9817889cc04b9a3; no voters: abc3e324269c4bc3b142d4a2db54091a, dcc011b63c6e4a54a02f38550dd82ed3
I20260630 12:29:32.013761 21739 raft_consensus.cc:2749] T fca2503d0289410f801b5b912905a3c2 P 5f377793ee4c47a2b9817889cc04b9a3 [term 0 FOLLOWER]: Leader pre-election lost for term 1. Reason: could not achieve majority
I20260630 12:29:32.014204 21737 raft_consensus.cc:697] T 15c9edffdbf6467c907f39ca7e0afb3f P abc3e324269c4bc3b142d4a2db54091a [term 1 LEADER]: Becoming Leader. State: Replica: abc3e324269c4bc3b142d4a2db54091a, State: Running, Role: LEADER
I20260630 12:29:32.017402 21735 tablet_bootstrap.cc:492] T 7ae85cb59d2d4117b1ca7fbe85c42fb3 P dcc011b63c6e4a54a02f38550dd82ed3: No bootstrap required, opened a new log
I20260630 12:29:32.017956 21735 ts_tablet_manager.cc:1403] T 7ae85cb59d2d4117b1ca7fbe85c42fb3 P dcc011b63c6e4a54a02f38550dd82ed3: Time spent bootstrapping tablet: real 0.074s	user 0.019s	sys 0.008s
I20260630 12:29:32.021134 21735 raft_consensus.cc:359] T 7ae85cb59d2d4117b1ca7fbe85c42fb3 P dcc011b63c6e4a54a02f38550dd82ed3 [term 0 FOLLOWER]: Replica starting. Triggering 0 pending ops. Active config: opid_index: -1 OBSOLETE_local: false peers { permanent_uuid: "abc3e324269c4bc3b142d4a2db54091a" member_type: VOTER last_known_addr { host: "127.20.97.1" port: 39159 } } peers { permanent_uuid: "dcc011b63c6e4a54a02f38550dd82ed3" member_type: VOTER last_known_addr { host: "127.20.97.2" port: 44175 } } peers { permanent_uuid: "5f377793ee4c47a2b9817889cc04b9a3" member_type: VOTER last_known_addr { host: "127.20.97.3" port: 44323 } }
I20260630 12:29:32.017956 21737 consensus_queue.cc:237] T 15c9edffdbf6467c907f39ca7e0afb3f P abc3e324269c4bc3b142d4a2db54091a [LEADER]: Queue going to LEADER mode. State: All replicated index: 0, Majority replicated index: 0, Committed index: 0, Last appended: 0.0, Last appended by leader: 0, Current term: 1, Majority size: 2, State: 0, Mode: LEADER, active raft config: opid_index: -1 OBSOLETE_local: false peers { permanent_uuid: "abc3e324269c4bc3b142d4a2db54091a" member_type: VOTER last_known_addr { host: "127.20.97.1" port: 39159 } } peers { permanent_uuid: "dcc011b63c6e4a54a02f38550dd82ed3" member_type: VOTER last_known_addr { host: "127.20.97.2" port: 44175 } } peers { permanent_uuid: "5f377793ee4c47a2b9817889cc04b9a3" member_type: VOTER last_known_addr { host: "127.20.97.3" port: 44323 } }
I20260630 12:29:32.021116 21732 tablet_bootstrap.cc:492] T 7ae85cb59d2d4117b1ca7fbe85c42fb3 P 5f377793ee4c47a2b9817889cc04b9a3: No bootstrap required, opened a new log
I20260630 12:29:32.022325 21735 raft_consensus.cc:385] T 7ae85cb59d2d4117b1ca7fbe85c42fb3 P dcc011b63c6e4a54a02f38550dd82ed3 [term 0 FOLLOWER]: Consensus starting up: Expiring failure detector timer to make a prompt election more likely
I20260630 12:29:32.022761 21735 raft_consensus.cc:740] T 7ae85cb59d2d4117b1ca7fbe85c42fb3 P dcc011b63c6e4a54a02f38550dd82ed3 [term 0 FOLLOWER]: Becoming Follower/Learner. State: Replica: dcc011b63c6e4a54a02f38550dd82ed3, State: Initialized, Role: FOLLOWER
I20260630 12:29:32.022214 21537 raft_consensus.cc:2468] T e5750b1918bb40e6915d94840986e870 P abc3e324269c4bc3b142d4a2db54091a [term 1 FOLLOWER]: Leader election vote request: Granting yes vote for candidate 5f377793ee4c47a2b9817889cc04b9a3 in term 1.
I20260630 12:29:32.022907 21732 ts_tablet_manager.cc:1403] T 7ae85cb59d2d4117b1ca7fbe85c42fb3 P 5f377793ee4c47a2b9817889cc04b9a3: Time spent bootstrapping tablet: real 0.085s	user 0.020s	sys 0.021s
I20260630 12:29:32.023772 21735 consensus_queue.cc:260] T 7ae85cb59d2d4117b1ca7fbe85c42fb3 P dcc011b63c6e4a54a02f38550dd82ed3 [NON_LEADER]: Queue going to NON_LEADER mode. State: All replicated index: 0, Majority replicated index: 0, Committed index: 0, Last appended: 0.0, Last appended by leader: 0, Current term: 0, Majority size: -1, State: 0, Mode: NON_LEADER, active raft config: opid_index: -1 OBSOLETE_local: false peers { permanent_uuid: "abc3e324269c4bc3b142d4a2db54091a" member_type: VOTER last_known_addr { host: "127.20.97.1" port: 39159 } } peers { permanent_uuid: "dcc011b63c6e4a54a02f38550dd82ed3" member_type: VOTER last_known_addr { host: "127.20.97.2" port: 44175 } } peers { permanent_uuid: "5f377793ee4c47a2b9817889cc04b9a3" member_type: VOTER last_known_addr { host: "127.20.97.3" port: 44323 } }
I20260630 12:29:32.024400 21651 leader_election.cc:304] T e5750b1918bb40e6915d94840986e870 P 5f377793ee4c47a2b9817889cc04b9a3 [CANDIDATE]: Term 1 election: Election decided. Result: candidate won. Election summary: received 3 responses out of 3 voters: 2 yes votes; 1 no votes. yes voters: 5f377793ee4c47a2b9817889cc04b9a3, abc3e324269c4bc3b142d4a2db54091a; no voters: dcc011b63c6e4a54a02f38550dd82ed3
I20260630 12:29:32.017632 21733 raft_consensus.cc:359] T 45b7c124079c430586b0d99fd1054986 P abc3e324269c4bc3b142d4a2db54091a [term 0 FOLLOWER]: Replica starting. Triggering 0 pending ops. Active config: opid_index: -1 OBSOLETE_local: false peers { permanent_uuid: "5f377793ee4c47a2b9817889cc04b9a3" member_type: VOTER last_known_addr { host: "127.20.97.3" port: 44323 } } peers { permanent_uuid: "abc3e324269c4bc3b142d4a2db54091a" member_type: VOTER last_known_addr { host: "127.20.97.1" port: 39159 } } peers { permanent_uuid: "dcc011b63c6e4a54a02f38550dd82ed3" member_type: VOTER last_known_addr { host: "127.20.97.2" port: 44175 } }
I20260630 12:29:32.026775 21733 raft_consensus.cc:385] T 45b7c124079c430586b0d99fd1054986 P abc3e324269c4bc3b142d4a2db54091a [term 0 FOLLOWER]: Consensus starting up: Expiring failure detector timer to make a prompt election more likely
I20260630 12:29:32.027145 21733 raft_consensus.cc:740] T 45b7c124079c430586b0d99fd1054986 P abc3e324269c4bc3b142d4a2db54091a [term 0 FOLLOWER]: Becoming Follower/Learner. State: Replica: abc3e324269c4bc3b142d4a2db54091a, State: Initialized, Role: FOLLOWER
I20260630 12:29:32.026177 21739 raft_consensus.cc:2804] T e5750b1918bb40e6915d94840986e870 P 5f377793ee4c47a2b9817889cc04b9a3 [term 1 FOLLOWER]: Leader election won for term 1
I20260630 12:29:32.027443 21732 raft_consensus.cc:359] T 7ae85cb59d2d4117b1ca7fbe85c42fb3 P 5f377793ee4c47a2b9817889cc04b9a3 [term 0 FOLLOWER]: Replica starting. Triggering 0 pending ops. Active config: opid_index: -1 OBSOLETE_local: false peers { permanent_uuid: "abc3e324269c4bc3b142d4a2db54091a" member_type: VOTER last_known_addr { host: "127.20.97.1" port: 39159 } } peers { permanent_uuid: "dcc011b63c6e4a54a02f38550dd82ed3" member_type: VOTER last_known_addr { host: "127.20.97.2" port: 44175 } } peers { permanent_uuid: "5f377793ee4c47a2b9817889cc04b9a3" member_type: VOTER last_known_addr { host: "127.20.97.3" port: 44323 } }
I20260630 12:29:32.024520 21433 catalog_manager.cc:5697] T f281036a223448e2998d4e4b3ae1050f P dcc011b63c6e4a54a02f38550dd82ed3 reported cstate change: term changed from 0 to 1, leader changed from <none> to dcc011b63c6e4a54a02f38550dd82ed3 (127.20.97.2). New cstate: current_term: 1 leader_uuid: "dcc011b63c6e4a54a02f38550dd82ed3" committed_config { opid_index: -1 OBSOLETE_local: false peers { permanent_uuid: "abc3e324269c4bc3b142d4a2db54091a" member_type: VOTER last_known_addr { host: "127.20.97.1" port: 39159 } health_report { overall_health: UNKNOWN } } peers { permanent_uuid: "dcc011b63c6e4a54a02f38550dd82ed3" member_type: VOTER last_known_addr { host: "127.20.97.2" port: 44175 } health_report { overall_health: HEALTHY } } peers { permanent_uuid: "5f377793ee4c47a2b9817889cc04b9a3" member_type: VOTER last_known_addr { host: "127.20.97.3" port: 44323 } health_report { overall_health: UNKNOWN } } }
I20260630 12:29:32.028206 21739 raft_consensus.cc:697] T e5750b1918bb40e6915d94840986e870 P 5f377793ee4c47a2b9817889cc04b9a3 [term 1 LEADER]: Becoming Leader. State: Replica: 5f377793ee4c47a2b9817889cc04b9a3, State: Running, Role: LEADER
I20260630 12:29:32.029201 21739 consensus_queue.cc:237] T e5750b1918bb40e6915d94840986e870 P 5f377793ee4c47a2b9817889cc04b9a3 [LEADER]: Queue going to LEADER mode. State: All replicated index: 0, Majority replicated index: 0, Committed index: 0, Last appended: 0.0, Last appended by leader: 0, Current term: 1, Majority size: 2, State: 0, Mode: LEADER, active raft config: opid_index: -1 OBSOLETE_local: false peers { permanent_uuid: "abc3e324269c4bc3b142d4a2db54091a" member_type: VOTER last_known_addr { host: "127.20.97.1" port: 39159 } } peers { permanent_uuid: "dcc011b63c6e4a54a02f38550dd82ed3" member_type: VOTER last_known_addr { host: "127.20.97.2" port: 44175 } } peers { permanent_uuid: "5f377793ee4c47a2b9817889cc04b9a3" member_type: VOTER last_known_addr { host: "127.20.97.3" port: 44323 } }
I20260630 12:29:32.030838 21733 consensus_queue.cc:260] T 45b7c124079c430586b0d99fd1054986 P abc3e324269c4bc3b142d4a2db54091a [NON_LEADER]: Queue going to NON_LEADER mode. State: All replicated index: 0, Majority replicated index: 0, Committed index: 0, Last appended: 0.0, Last appended by leader: 0, Current term: 0, Majority size: -1, State: 0, Mode: NON_LEADER, active raft config: opid_index: -1 OBSOLETE_local: false peers { permanent_uuid: "5f377793ee4c47a2b9817889cc04b9a3" member_type: VOTER last_known_addr { host: "127.20.97.3" port: 44323 } } peers { permanent_uuid: "abc3e324269c4bc3b142d4a2db54091a" member_type: VOTER last_known_addr { host: "127.20.97.1" port: 39159 } } peers { permanent_uuid: "dcc011b63c6e4a54a02f38550dd82ed3" member_type: VOTER last_known_addr { host: "127.20.97.2" port: 44175 } }
I20260630 12:29:32.028198 21732 raft_consensus.cc:385] T 7ae85cb59d2d4117b1ca7fbe85c42fb3 P 5f377793ee4c47a2b9817889cc04b9a3 [term 0 FOLLOWER]: Consensus starting up: Expiring failure detector timer to make a prompt election more likely
I20260630 12:29:32.033802 21732 raft_consensus.cc:740] T 7ae85cb59d2d4117b1ca7fbe85c42fb3 P 5f377793ee4c47a2b9817889cc04b9a3 [term 0 FOLLOWER]: Becoming Follower/Learner. State: Replica: 5f377793ee4c47a2b9817889cc04b9a3, State: Initialized, Role: FOLLOWER
I20260630 12:29:32.033260 21733 ts_tablet_manager.cc:1434] T 45b7c124079c430586b0d99fd1054986 P abc3e324269c4bc3b142d4a2db54091a: Time spent starting tablet: real 0.054s	user 0.005s	sys 0.005s
I20260630 12:29:32.033950 21436 catalog_manager.cc:5697] T 15c9edffdbf6467c907f39ca7e0afb3f P abc3e324269c4bc3b142d4a2db54091a reported cstate change: term changed from 0 to 1, leader changed from <none> to abc3e324269c4bc3b142d4a2db54091a (127.20.97.1). New cstate: current_term: 1 leader_uuid: "abc3e324269c4bc3b142d4a2db54091a" committed_config { opid_index: -1 OBSOLETE_local: false peers { permanent_uuid: "abc3e324269c4bc3b142d4a2db54091a" member_type: VOTER last_known_addr { host: "127.20.97.1" port: 39159 } health_report { overall_health: HEALTHY } } peers { permanent_uuid: "dcc011b63c6e4a54a02f38550dd82ed3" member_type: VOTER last_known_addr { host: "127.20.97.2" port: 44175 } health_report { overall_health: UNKNOWN } } peers { permanent_uuid: "5f377793ee4c47a2b9817889cc04b9a3" member_type: VOTER last_known_addr { host: "127.20.97.3" port: 44323 } health_report { overall_health: UNKNOWN } } }
I20260630 12:29:32.034829 21732 consensus_queue.cc:260] T 7ae85cb59d2d4117b1ca7fbe85c42fb3 P 5f377793ee4c47a2b9817889cc04b9a3 [NON_LEADER]: Queue going to NON_LEADER mode. State: All replicated index: 0, Majority replicated index: 0, Committed index: 0, Last appended: 0.0, Last appended by leader: 0, Current term: 0, Majority size: -1, State: 0, Mode: NON_LEADER, active raft config: opid_index: -1 OBSOLETE_local: false peers { permanent_uuid: "abc3e324269c4bc3b142d4a2db54091a" member_type: VOTER last_known_addr { host: "127.20.97.1" port: 39159 } } peers { permanent_uuid: "dcc011b63c6e4a54a02f38550dd82ed3" member_type: VOTER last_known_addr { host: "127.20.97.2" port: 44175 } } peers { permanent_uuid: "5f377793ee4c47a2b9817889cc04b9a3" member_type: VOTER last_known_addr { host: "127.20.97.3" port: 44323 } }
I20260630 12:29:32.035984 21733 tablet_bootstrap.cc:492] T fca2503d0289410f801b5b912905a3c2 P abc3e324269c4bc3b142d4a2db54091a: Bootstrap starting.
I20260630 12:29:32.026392 21735 ts_tablet_manager.cc:1434] T 7ae85cb59d2d4117b1ca7fbe85c42fb3 P dcc011b63c6e4a54a02f38550dd82ed3: Time spent starting tablet: real 0.008s	user 0.007s	sys 0.000s
I20260630 12:29:32.037803 21732 ts_tablet_manager.cc:1434] T 7ae85cb59d2d4117b1ca7fbe85c42fb3 P 5f377793ee4c47a2b9817889cc04b9a3: Time spent starting tablet: real 0.014s	user 0.006s	sys 0.001s
I20260630 12:29:32.038106 21735 tablet_bootstrap.cc:492] T e5750b1918bb40e6915d94840986e870 P dcc011b63c6e4a54a02f38550dd82ed3: Bootstrap starting.
I20260630 12:29:32.038905 21732 tablet_bootstrap.cc:492] T 464b4dd35f6a4eb0a15306e9425904b1 P 5f377793ee4c47a2b9817889cc04b9a3: Bootstrap starting.
I20260630 12:29:32.039428 21434 catalog_manager.cc:5697] T e5750b1918bb40e6915d94840986e870 P 5f377793ee4c47a2b9817889cc04b9a3 reported cstate change: term changed from 0 to 1, leader changed from <none> to 5f377793ee4c47a2b9817889cc04b9a3 (127.20.97.3). New cstate: current_term: 1 leader_uuid: "5f377793ee4c47a2b9817889cc04b9a3" committed_config { opid_index: -1 OBSOLETE_local: false peers { permanent_uuid: "abc3e324269c4bc3b142d4a2db54091a" member_type: VOTER last_known_addr { host: "127.20.97.1" port: 39159 } health_report { overall_health: UNKNOWN } } peers { permanent_uuid: "dcc011b63c6e4a54a02f38550dd82ed3" member_type: VOTER last_known_addr { host: "127.20.97.2" port: 44175 } health_report { overall_health: UNKNOWN } } peers { permanent_uuid: "5f377793ee4c47a2b9817889cc04b9a3" member_type: VOTER last_known_addr { host: "127.20.97.3" port: 44323 } health_report { overall_health: HEALTHY } } }
I20260630 12:29:32.044937 21733 tablet_bootstrap.cc:654] T fca2503d0289410f801b5b912905a3c2 P abc3e324269c4bc3b142d4a2db54091a: Neither blocks nor log segments found. Creating new log.
I20260630 12:29:32.048297 21735 tablet_bootstrap.cc:654] T e5750b1918bb40e6915d94840986e870 P dcc011b63c6e4a54a02f38550dd82ed3: Neither blocks nor log segments found. Creating new log.
I20260630 12:29:32.049574 21739 raft_consensus.cc:493] T 45b7c124079c430586b0d99fd1054986 P 5f377793ee4c47a2b9817889cc04b9a3 [term 0 FOLLOWER]: Starting pre-election (no leader contacted us within the election timeout)
I20260630 12:29:32.050163 21739 raft_consensus.cc:515] T 45b7c124079c430586b0d99fd1054986 P 5f377793ee4c47a2b9817889cc04b9a3 [term 0 FOLLOWER]: Starting pre-election with config: opid_index: -1 OBSOLETE_local: false peers { permanent_uuid: "5f377793ee4c47a2b9817889cc04b9a3" member_type: VOTER last_known_addr { host: "127.20.97.3" port: 44323 } } peers { permanent_uuid: "abc3e324269c4bc3b142d4a2db54091a" member_type: VOTER last_known_addr { host: "127.20.97.1" port: 39159 } } peers { permanent_uuid: "dcc011b63c6e4a54a02f38550dd82ed3" member_type: VOTER last_known_addr { host: "127.20.97.2" port: 44175 } }
I20260630 12:29:32.051745 21732 tablet_bootstrap.cc:654] T 464b4dd35f6a4eb0a15306e9425904b1 P 5f377793ee4c47a2b9817889cc04b9a3: Neither blocks nor log segments found. Creating new log.
I20260630 12:29:32.052585 21739 leader_election.cc:290] T 45b7c124079c430586b0d99fd1054986 P 5f377793ee4c47a2b9817889cc04b9a3 [CANDIDATE]: Term 1 pre-election: Requested pre-vote from peers abc3e324269c4bc3b142d4a2db54091a (127.20.97.1:39159), dcc011b63c6e4a54a02f38550dd82ed3 (127.20.97.2:44175)
I20260630 12:29:32.054148 21537 tablet_service.cc:1917] Received RequestConsensusVote() RPC: tablet_id: "45b7c124079c430586b0d99fd1054986" candidate_uuid: "5f377793ee4c47a2b9817889cc04b9a3" candidate_term: 1 candidate_status { last_received { term: 0 index: 0 } } ignore_live_leader: false dest_uuid: "abc3e324269c4bc3b142d4a2db54091a" is_pre_election: true
I20260630 12:29:32.055028 21537 raft_consensus.cc:2468] T 45b7c124079c430586b0d99fd1054986 P abc3e324269c4bc3b142d4a2db54091a [term 0 FOLLOWER]: Leader pre-election vote request: Granting yes vote for candidate 5f377793ee4c47a2b9817889cc04b9a3 in term 0.
I20260630 12:29:32.057121 21612 tablet_service.cc:1917] Received RequestConsensusVote() RPC: tablet_id: "45b7c124079c430586b0d99fd1054986" candidate_uuid: "5f377793ee4c47a2b9817889cc04b9a3" candidate_term: 1 candidate_status { last_received { term: 0 index: 0 } } ignore_live_leader: false dest_uuid: "dcc011b63c6e4a54a02f38550dd82ed3" is_pre_election: true
I20260630 12:29:32.057963 21612 raft_consensus.cc:2468] T 45b7c124079c430586b0d99fd1054986 P dcc011b63c6e4a54a02f38550dd82ed3 [term 0 FOLLOWER]: Leader pre-election vote request: Granting yes vote for candidate 5f377793ee4c47a2b9817889cc04b9a3 in term 0.
I20260630 12:29:32.059469 21651 leader_election.cc:304] T 45b7c124079c430586b0d99fd1054986 P 5f377793ee4c47a2b9817889cc04b9a3 [CANDIDATE]: Term 1 pre-election: Election decided. Result: candidate won. Election summary: received 2 responses out of 3 voters: 2 yes votes; 0 no votes. yes voters: 5f377793ee4c47a2b9817889cc04b9a3, abc3e324269c4bc3b142d4a2db54091a; no voters: 
I20260630 12:29:32.060300 21739 raft_consensus.cc:2804] T 45b7c124079c430586b0d99fd1054986 P 5f377793ee4c47a2b9817889cc04b9a3 [term 0 FOLLOWER]: Leader pre-election won for term 1
I20260630 12:29:32.060675 21739 raft_consensus.cc:493] T 45b7c124079c430586b0d99fd1054986 P 5f377793ee4c47a2b9817889cc04b9a3 [term 0 FOLLOWER]: Starting leader election (no leader contacted us within the election timeout)
I20260630 12:29:32.060990 21739 raft_consensus.cc:3060] T 45b7c124079c430586b0d99fd1054986 P 5f377793ee4c47a2b9817889cc04b9a3 [term 0 FOLLOWER]: Advancing to term 1
I20260630 12:29:32.067550 21737 raft_consensus.cc:493] T 7ae85cb59d2d4117b1ca7fbe85c42fb3 P abc3e324269c4bc3b142d4a2db54091a [term 0 FOLLOWER]: Starting pre-election (no leader contacted us within the election timeout)
I20260630 12:29:32.068137 21737 raft_consensus.cc:515] T 7ae85cb59d2d4117b1ca7fbe85c42fb3 P abc3e324269c4bc3b142d4a2db54091a [term 0 FOLLOWER]: Starting pre-election with config: opid_index: -1 OBSOLETE_local: false peers { permanent_uuid: "abc3e324269c4bc3b142d4a2db54091a" member_type: VOTER last_known_addr { host: "127.20.97.1" port: 39159 } } peers { permanent_uuid: "dcc011b63c6e4a54a02f38550dd82ed3" member_type: VOTER last_known_addr { host: "127.20.97.2" port: 44175 } } peers { permanent_uuid: "5f377793ee4c47a2b9817889cc04b9a3" member_type: VOTER last_known_addr { host: "127.20.97.3" port: 44323 } }
I20260630 12:29:32.069576 21733 tablet_bootstrap.cc:492] T fca2503d0289410f801b5b912905a3c2 P abc3e324269c4bc3b142d4a2db54091a: No bootstrap required, opened a new log
I20260630 12:29:32.070124 21733 ts_tablet_manager.cc:1403] T fca2503d0289410f801b5b912905a3c2 P abc3e324269c4bc3b142d4a2db54091a: Time spent bootstrapping tablet: real 0.034s	user 0.007s	sys 0.012s
I20260630 12:29:32.071139 21612 tablet_service.cc:1917] Received RequestConsensusVote() RPC: tablet_id: "7ae85cb59d2d4117b1ca7fbe85c42fb3" candidate_uuid: "abc3e324269c4bc3b142d4a2db54091a" candidate_term: 1 candidate_status { last_received { term: 0 index: 0 } } ignore_live_leader: false dest_uuid: "dcc011b63c6e4a54a02f38550dd82ed3" is_pre_election: true
I20260630 12:29:32.071790 21612 raft_consensus.cc:2468] T 7ae85cb59d2d4117b1ca7fbe85c42fb3 P dcc011b63c6e4a54a02f38550dd82ed3 [term 0 FOLLOWER]: Leader pre-election vote request: Granting yes vote for candidate abc3e324269c4bc3b142d4a2db54091a in term 0.
I20260630 12:29:32.073159 21503 leader_election.cc:304] T 7ae85cb59d2d4117b1ca7fbe85c42fb3 P abc3e324269c4bc3b142d4a2db54091a [CANDIDATE]: Term 1 pre-election: Election decided. Result: candidate won. Election summary: received 2 responses out of 3 voters: 2 yes votes; 0 no votes. yes voters: abc3e324269c4bc3b142d4a2db54091a, dcc011b63c6e4a54a02f38550dd82ed3; no voters: 
I20260630 12:29:32.071947 21739 raft_consensus.cc:515] T 45b7c124079c430586b0d99fd1054986 P 5f377793ee4c47a2b9817889cc04b9a3 [term 1 FOLLOWER]: Starting leader election with config: opid_index: -1 OBSOLETE_local: false peers { permanent_uuid: "5f377793ee4c47a2b9817889cc04b9a3" member_type: VOTER last_known_addr { host: "127.20.97.3" port: 44323 } } peers { permanent_uuid: "abc3e324269c4bc3b142d4a2db54091a" member_type: VOTER last_known_addr { host: "127.20.97.1" port: 39159 } } peers { permanent_uuid: "dcc011b63c6e4a54a02f38550dd82ed3" member_type: VOTER last_known_addr { host: "127.20.97.2" port: 44175 } }
I20260630 12:29:32.074168 21762 raft_consensus.cc:2804] T 7ae85cb59d2d4117b1ca7fbe85c42fb3 P abc3e324269c4bc3b142d4a2db54091a [term 0 FOLLOWER]: Leader pre-election won for term 1
I20260630 12:29:32.074546 21762 raft_consensus.cc:493] T 7ae85cb59d2d4117b1ca7fbe85c42fb3 P abc3e324269c4bc3b142d4a2db54091a [term 0 FOLLOWER]: Starting leader election (no leader contacted us within the election timeout)
I20260630 12:29:32.074903 21762 raft_consensus.cc:3060] T 7ae85cb59d2d4117b1ca7fbe85c42fb3 P abc3e324269c4bc3b142d4a2db54091a [term 0 FOLLOWER]: Advancing to term 1
I20260630 12:29:32.077076 21537 tablet_service.cc:1917] Received RequestConsensusVote() RPC: tablet_id: "45b7c124079c430586b0d99fd1054986" candidate_uuid: "5f377793ee4c47a2b9817889cc04b9a3" candidate_term: 1 candidate_status { last_received { term: 0 index: 0 } } ignore_live_leader: false dest_uuid: "abc3e324269c4bc3b142d4a2db54091a"
I20260630 12:29:32.077740 21537 raft_consensus.cc:3060] T 45b7c124079c430586b0d99fd1054986 P abc3e324269c4bc3b142d4a2db54091a [term 0 FOLLOWER]: Advancing to term 1
I20260630 12:29:32.081687 21737 leader_election.cc:290] T 7ae85cb59d2d4117b1ca7fbe85c42fb3 P abc3e324269c4bc3b142d4a2db54091a [CANDIDATE]: Term 1 pre-election: Requested pre-vote from peers dcc011b63c6e4a54a02f38550dd82ed3 (127.20.97.2:44175), 5f377793ee4c47a2b9817889cc04b9a3 (127.20.97.3:44323)
I20260630 12:29:32.083052 21686 tablet_service.cc:1917] Received RequestConsensusVote() RPC: tablet_id: "7ae85cb59d2d4117b1ca7fbe85c42fb3" candidate_uuid: "abc3e324269c4bc3b142d4a2db54091a" candidate_term: 1 candidate_status { last_received { term: 0 index: 0 } } ignore_live_leader: false dest_uuid: "5f377793ee4c47a2b9817889cc04b9a3" is_pre_election: true
I20260630 12:29:32.083683 21686 raft_consensus.cc:2468] T 7ae85cb59d2d4117b1ca7fbe85c42fb3 P 5f377793ee4c47a2b9817889cc04b9a3 [term 0 FOLLOWER]: Leader pre-election vote request: Granting yes vote for candidate abc3e324269c4bc3b142d4a2db54091a in term 0.
I20260630 12:29:32.084201 21537 raft_consensus.cc:2468] T 45b7c124079c430586b0d99fd1054986 P abc3e324269c4bc3b142d4a2db54091a [term 1 FOLLOWER]: Leader election vote request: Granting yes vote for candidate 5f377793ee4c47a2b9817889cc04b9a3 in term 1.
I20260630 12:29:32.085214 21733 raft_consensus.cc:359] T fca2503d0289410f801b5b912905a3c2 P abc3e324269c4bc3b142d4a2db54091a [term 0 FOLLOWER]: Replica starting. Triggering 0 pending ops. Active config: opid_index: -1 OBSOLETE_local: false peers { permanent_uuid: "abc3e324269c4bc3b142d4a2db54091a" member_type: VOTER last_known_addr { host: "127.20.97.1" port: 39159 } } peers { permanent_uuid: "dcc011b63c6e4a54a02f38550dd82ed3" member_type: VOTER last_known_addr { host: "127.20.97.2" port: 44175 } } peers { permanent_uuid: "5f377793ee4c47a2b9817889cc04b9a3" member_type: VOTER last_known_addr { host: "127.20.97.3" port: 44323 } }
I20260630 12:29:32.086843 21733 raft_consensus.cc:385] T fca2503d0289410f801b5b912905a3c2 P abc3e324269c4bc3b142d4a2db54091a [term 0 FOLLOWER]: Consensus starting up: Expiring failure detector timer to make a prompt election more likely
I20260630 12:29:32.089305 21762 raft_consensus.cc:515] T 7ae85cb59d2d4117b1ca7fbe85c42fb3 P abc3e324269c4bc3b142d4a2db54091a [term 1 FOLLOWER]: Starting leader election with config: opid_index: -1 OBSOLETE_local: false peers { permanent_uuid: "abc3e324269c4bc3b142d4a2db54091a" member_type: VOTER last_known_addr { host: "127.20.97.1" port: 39159 } } peers { permanent_uuid: "dcc011b63c6e4a54a02f38550dd82ed3" member_type: VOTER last_known_addr { host: "127.20.97.2" port: 44175 } } peers { permanent_uuid: "5f377793ee4c47a2b9817889cc04b9a3" member_type: VOTER last_known_addr { host: "127.20.97.3" port: 44323 } }
I20260630 12:29:32.087577 21612 tablet_service.cc:1917] Received RequestConsensusVote() RPC: tablet_id: "45b7c124079c430586b0d99fd1054986" candidate_uuid: "5f377793ee4c47a2b9817889cc04b9a3" candidate_term: 1 candidate_status { last_received { term: 0 index: 0 } } ignore_live_leader: false dest_uuid: "dcc011b63c6e4a54a02f38550dd82ed3"
I20260630 12:29:32.087845 21651 leader_election.cc:304] T 45b7c124079c430586b0d99fd1054986 P 5f377793ee4c47a2b9817889cc04b9a3 [CANDIDATE]: Term 1 election: Election decided. Result: candidate won. Election summary: received 2 responses out of 3 voters: 2 yes votes; 0 no votes. yes voters: 5f377793ee4c47a2b9817889cc04b9a3, abc3e324269c4bc3b142d4a2db54091a; no voters: 
I20260630 12:29:32.091308 21612 raft_consensus.cc:3060] T 45b7c124079c430586b0d99fd1054986 P dcc011b63c6e4a54a02f38550dd82ed3 [term 0 FOLLOWER]: Advancing to term 1
I20260630 12:29:32.091387 21763 raft_consensus.cc:2804] T 45b7c124079c430586b0d99fd1054986 P 5f377793ee4c47a2b9817889cc04b9a3 [term 1 FOLLOWER]: Leader election won for term 1
I20260630 12:29:32.093050 21613 tablet_service.cc:1917] Received RequestConsensusVote() RPC: tablet_id: "7ae85cb59d2d4117b1ca7fbe85c42fb3" candidate_uuid: "abc3e324269c4bc3b142d4a2db54091a" candidate_term: 1 candidate_status { last_received { term: 0 index: 0 } } ignore_live_leader: false dest_uuid: "dcc011b63c6e4a54a02f38550dd82ed3"
I20260630 12:29:32.093696 21613 raft_consensus.cc:3060] T 7ae85cb59d2d4117b1ca7fbe85c42fb3 P dcc011b63c6e4a54a02f38550dd82ed3 [term 0 FOLLOWER]: Advancing to term 1
I20260630 12:29:32.094915 21763 raft_consensus.cc:697] T 45b7c124079c430586b0d99fd1054986 P 5f377793ee4c47a2b9817889cc04b9a3 [term 1 LEADER]: Becoming Leader. State: Replica: 5f377793ee4c47a2b9817889cc04b9a3, State: Running, Role: LEADER
I20260630 12:29:32.096045 21763 consensus_queue.cc:237] T 45b7c124079c430586b0d99fd1054986 P 5f377793ee4c47a2b9817889cc04b9a3 [LEADER]: Queue going to LEADER mode. State: All replicated index: 0, Majority replicated index: 0, Committed index: 0, Last appended: 0.0, Last appended by leader: 0, Current term: 1, Majority size: 2, State: 0, Mode: LEADER, active raft config: opid_index: -1 OBSOLETE_local: false peers { permanent_uuid: "5f377793ee4c47a2b9817889cc04b9a3" member_type: VOTER last_known_addr { host: "127.20.97.3" port: 44323 } } peers { permanent_uuid: "abc3e324269c4bc3b142d4a2db54091a" member_type: VOTER last_known_addr { host: "127.20.97.1" port: 39159 } } peers { permanent_uuid: "dcc011b63c6e4a54a02f38550dd82ed3" member_type: VOTER last_known_addr { host: "127.20.97.2" port: 44175 } }
I20260630 12:29:32.099037 21612 raft_consensus.cc:2468] T 45b7c124079c430586b0d99fd1054986 P dcc011b63c6e4a54a02f38550dd82ed3 [term 1 FOLLOWER]: Leader election vote request: Granting yes vote for candidate 5f377793ee4c47a2b9817889cc04b9a3 in term 1.
I20260630 12:29:32.086434 21739 leader_election.cc:290] T 45b7c124079c430586b0d99fd1054986 P 5f377793ee4c47a2b9817889cc04b9a3 [CANDIDATE]: Term 1 election: Requested vote from peers abc3e324269c4bc3b142d4a2db54091a (127.20.97.1:39159), dcc011b63c6e4a54a02f38550dd82ed3 (127.20.97.2:44175)
I20260630 12:29:32.089648 21733 raft_consensus.cc:740] T fca2503d0289410f801b5b912905a3c2 P abc3e324269c4bc3b142d4a2db54091a [term 0 FOLLOWER]: Becoming Follower/Learner. State: Replica: abc3e324269c4bc3b142d4a2db54091a, State: Initialized, Role: FOLLOWER
I20260630 12:29:32.100540 21733 consensus_queue.cc:260] T fca2503d0289410f801b5b912905a3c2 P abc3e324269c4bc3b142d4a2db54091a [NON_LEADER]: Queue going to NON_LEADER mode. State: All replicated index: 0, Majority replicated index: 0, Committed index: 0, Last appended: 0.0, Last appended by leader: 0, Current term: 0, Majority size: -1, State: 0, Mode: NON_LEADER, active raft config: opid_index: -1 OBSOLETE_local: false peers { permanent_uuid: "abc3e324269c4bc3b142d4a2db54091a" member_type: VOTER last_known_addr { host: "127.20.97.1" port: 39159 } } peers { permanent_uuid: "dcc011b63c6e4a54a02f38550dd82ed3" member_type: VOTER last_known_addr { host: "127.20.97.2" port: 44175 } } peers { permanent_uuid: "5f377793ee4c47a2b9817889cc04b9a3" member_type: VOTER last_known_addr { host: "127.20.97.3" port: 44323 } }
I20260630 12:29:32.101677 21732 tablet_bootstrap.cc:492] T 464b4dd35f6a4eb0a15306e9425904b1 P 5f377793ee4c47a2b9817889cc04b9a3: No bootstrap required, opened a new log
I20260630 12:29:32.101981 21613 raft_consensus.cc:2468] T 7ae85cb59d2d4117b1ca7fbe85c42fb3 P dcc011b63c6e4a54a02f38550dd82ed3 [term 1 FOLLOWER]: Leader election vote request: Granting yes vote for candidate abc3e324269c4bc3b142d4a2db54091a in term 1.
I20260630 12:29:32.102485 21732 ts_tablet_manager.cc:1403] T 464b4dd35f6a4eb0a15306e9425904b1 P 5f377793ee4c47a2b9817889cc04b9a3: Time spent bootstrapping tablet: real 0.064s	user 0.029s	sys 0.018s
I20260630 12:29:32.102921 21733 ts_tablet_manager.cc:1434] T fca2503d0289410f801b5b912905a3c2 P abc3e324269c4bc3b142d4a2db54091a: Time spent starting tablet: real 0.032s	user 0.006s	sys 0.000s
I20260630 12:29:32.103440 21503 leader_election.cc:304] T 7ae85cb59d2d4117b1ca7fbe85c42fb3 P abc3e324269c4bc3b142d4a2db54091a [CANDIDATE]: Term 1 election: Election decided. Result: candidate won. Election summary: received 2 responses out of 3 voters: 2 yes votes; 0 no votes. yes voters: abc3e324269c4bc3b142d4a2db54091a, dcc011b63c6e4a54a02f38550dd82ed3; no voters: 
I20260630 12:29:32.104106 21733 tablet_bootstrap.cc:492] T b02f855487bc48ff90619013bebc0b86 P abc3e324269c4bc3b142d4a2db54091a: Bootstrap starting.
I20260630 12:29:32.104456 21737 raft_consensus.cc:2804] T 7ae85cb59d2d4117b1ca7fbe85c42fb3 P abc3e324269c4bc3b142d4a2db54091a [term 1 FOLLOWER]: Leader election won for term 1
I20260630 12:29:32.108904 21732 raft_consensus.cc:359] T 464b4dd35f6a4eb0a15306e9425904b1 P 5f377793ee4c47a2b9817889cc04b9a3 [term 0 FOLLOWER]: Replica starting. Triggering 0 pending ops. Active config: opid_index: -1 OBSOLETE_local: false peers { permanent_uuid: "abc3e324269c4bc3b142d4a2db54091a" member_type: VOTER last_known_addr { host: "127.20.97.1" port: 39159 } } peers { permanent_uuid: "dcc011b63c6e4a54a02f38550dd82ed3" member_type: VOTER last_known_addr { host: "127.20.97.2" port: 44175 } } peers { permanent_uuid: "5f377793ee4c47a2b9817889cc04b9a3" member_type: VOTER last_known_addr { host: "127.20.97.3" port: 44323 } }
I20260630 12:29:32.110893 21732 raft_consensus.cc:385] T 464b4dd35f6a4eb0a15306e9425904b1 P 5f377793ee4c47a2b9817889cc04b9a3 [term 0 FOLLOWER]: Consensus starting up: Expiring failure detector timer to make a prompt election more likely
I20260630 12:29:32.111274 21732 raft_consensus.cc:740] T 464b4dd35f6a4eb0a15306e9425904b1 P 5f377793ee4c47a2b9817889cc04b9a3 [term 0 FOLLOWER]: Becoming Follower/Learner. State: Replica: 5f377793ee4c47a2b9817889cc04b9a3, State: Initialized, Role: FOLLOWER
I20260630 12:29:32.113752 21762 leader_election.cc:290] T 7ae85cb59d2d4117b1ca7fbe85c42fb3 P abc3e324269c4bc3b142d4a2db54091a [CANDIDATE]: Term 1 election: Requested vote from peers dcc011b63c6e4a54a02f38550dd82ed3 (127.20.97.2:44175), 5f377793ee4c47a2b9817889cc04b9a3 (127.20.97.3:44323)
I20260630 12:29:32.112237 21732 consensus_queue.cc:260] T 464b4dd35f6a4eb0a15306e9425904b1 P 5f377793ee4c47a2b9817889cc04b9a3 [NON_LEADER]: Queue going to NON_LEADER mode. State: All replicated index: 0, Majority replicated index: 0, Committed index: 0, Last appended: 0.0, Last appended by leader: 0, Current term: 0, Majority size: -1, State: 0, Mode: NON_LEADER, active raft config: opid_index: -1 OBSOLETE_local: false peers { permanent_uuid: "abc3e324269c4bc3b142d4a2db54091a" member_type: VOTER last_known_addr { host: "127.20.97.1" port: 39159 } } peers { permanent_uuid: "dcc011b63c6e4a54a02f38550dd82ed3" member_type: VOTER last_known_addr { host: "127.20.97.2" port: 44175 } } peers { permanent_uuid: "5f377793ee4c47a2b9817889cc04b9a3" member_type: VOTER last_known_addr { host: "127.20.97.3" port: 44323 } }
I20260630 12:29:32.115003 21686 tablet_service.cc:1917] Received RequestConsensusVote() RPC: tablet_id: "7ae85cb59d2d4117b1ca7fbe85c42fb3" candidate_uuid: "abc3e324269c4bc3b142d4a2db54091a" candidate_term: 1 candidate_status { last_received { term: 0 index: 0 } } ignore_live_leader: false dest_uuid: "5f377793ee4c47a2b9817889cc04b9a3"
I20260630 12:29:32.115572 21686 raft_consensus.cc:3060] T 7ae85cb59d2d4117b1ca7fbe85c42fb3 P 5f377793ee4c47a2b9817889cc04b9a3 [term 0 FOLLOWER]: Advancing to term 1
I20260630 12:29:32.116963 21732 ts_tablet_manager.cc:1434] T 464b4dd35f6a4eb0a15306e9425904b1 P 5f377793ee4c47a2b9817889cc04b9a3: Time spent starting tablet: real 0.014s	user 0.009s	sys 0.000s
I20260630 12:29:32.118131 21732 tablet_bootstrap.cc:492] T b02f855487bc48ff90619013bebc0b86 P 5f377793ee4c47a2b9817889cc04b9a3: Bootstrap starting.
I20260630 12:29:32.119628 21733 tablet_bootstrap.cc:654] T b02f855487bc48ff90619013bebc0b86 P abc3e324269c4bc3b142d4a2db54091a: Neither blocks nor log segments found. Creating new log.
I20260630 12:29:32.125137 21735 tablet_bootstrap.cc:492] T e5750b1918bb40e6915d94840986e870 P dcc011b63c6e4a54a02f38550dd82ed3: No bootstrap required, opened a new log
I20260630 12:29:32.125917 21735 ts_tablet_manager.cc:1403] T e5750b1918bb40e6915d94840986e870 P dcc011b63c6e4a54a02f38550dd82ed3: Time spent bootstrapping tablet: real 0.088s	user 0.037s	sys 0.042s
I20260630 12:29:32.122547 21737 raft_consensus.cc:697] T 7ae85cb59d2d4117b1ca7fbe85c42fb3 P abc3e324269c4bc3b142d4a2db54091a [term 1 LEADER]: Becoming Leader. State: Replica: abc3e324269c4bc3b142d4a2db54091a, State: Running, Role: LEADER
I20260630 12:29:32.131093 21732 tablet_bootstrap.cc:654] T b02f855487bc48ff90619013bebc0b86 P 5f377793ee4c47a2b9817889cc04b9a3: Neither blocks nor log segments found. Creating new log.
I20260630 12:29:32.126748 21686 raft_consensus.cc:2468] T 7ae85cb59d2d4117b1ca7fbe85c42fb3 P 5f377793ee4c47a2b9817889cc04b9a3 [term 1 FOLLOWER]: Leader election vote request: Granting yes vote for candidate abc3e324269c4bc3b142d4a2db54091a in term 1.
I20260630 12:29:32.131711 21737 consensus_queue.cc:237] T 7ae85cb59d2d4117b1ca7fbe85c42fb3 P abc3e324269c4bc3b142d4a2db54091a [LEADER]: Queue going to LEADER mode. State: All replicated index: 0, Majority replicated index: 0, Committed index: 0, Last appended: 0.0, Last appended by leader: 0, Current term: 1, Majority size: 2, State: 0, Mode: LEADER, active raft config: opid_index: -1 OBSOLETE_local: false peers { permanent_uuid: "abc3e324269c4bc3b142d4a2db54091a" member_type: VOTER last_known_addr { host: "127.20.97.1" port: 39159 } } peers { permanent_uuid: "dcc011b63c6e4a54a02f38550dd82ed3" member_type: VOTER last_known_addr { host: "127.20.97.2" port: 44175 } } peers { permanent_uuid: "5f377793ee4c47a2b9817889cc04b9a3" member_type: VOTER last_known_addr { host: "127.20.97.3" port: 44323 } }
I20260630 12:29:32.130419 21735 raft_consensus.cc:359] T e5750b1918bb40e6915d94840986e870 P dcc011b63c6e4a54a02f38550dd82ed3 [term 0 FOLLOWER]: Replica starting. Triggering 0 pending ops. Active config: opid_index: -1 OBSOLETE_local: false peers { permanent_uuid: "abc3e324269c4bc3b142d4a2db54091a" member_type: VOTER last_known_addr { host: "127.20.97.1" port: 39159 } } peers { permanent_uuid: "dcc011b63c6e4a54a02f38550dd82ed3" member_type: VOTER last_known_addr { host: "127.20.97.2" port: 44175 } } peers { permanent_uuid: "5f377793ee4c47a2b9817889cc04b9a3" member_type: VOTER last_known_addr { host: "127.20.97.3" port: 44323 } }
I20260630 12:29:32.135044 21735 raft_consensus.cc:385] T e5750b1918bb40e6915d94840986e870 P dcc011b63c6e4a54a02f38550dd82ed3 [term 0 FOLLOWER]: Consensus starting up: Expiring failure detector timer to make a prompt election more likely
I20260630 12:29:32.135655 21735 raft_consensus.cc:740] T e5750b1918bb40e6915d94840986e870 P dcc011b63c6e4a54a02f38550dd82ed3 [term 0 FOLLOWER]: Becoming Follower/Learner. State: Replica: dcc011b63c6e4a54a02f38550dd82ed3, State: Initialized, Role: FOLLOWER
I20260630 12:29:32.137097 21735 consensus_queue.cc:260] T e5750b1918bb40e6915d94840986e870 P dcc011b63c6e4a54a02f38550dd82ed3 [NON_LEADER]: Queue going to NON_LEADER mode. State: All replicated index: 0, Majority replicated index: 0, Committed index: 0, Last appended: 0.0, Last appended by leader: 0, Current term: 0, Majority size: -1, State: 0, Mode: NON_LEADER, active raft config: opid_index: -1 OBSOLETE_local: false peers { permanent_uuid: "abc3e324269c4bc3b142d4a2db54091a" member_type: VOTER last_known_addr { host: "127.20.97.1" port: 39159 } } peers { permanent_uuid: "dcc011b63c6e4a54a02f38550dd82ed3" member_type: VOTER last_known_addr { host: "127.20.97.2" port: 44175 } } peers { permanent_uuid: "5f377793ee4c47a2b9817889cc04b9a3" member_type: VOTER last_known_addr { host: "127.20.97.3" port: 44323 } }
I20260630 12:29:32.139889 21735 ts_tablet_manager.cc:1434] T e5750b1918bb40e6915d94840986e870 P dcc011b63c6e4a54a02f38550dd82ed3: Time spent starting tablet: real 0.013s	user 0.002s	sys 0.005s
I20260630 12:29:32.141024 21735 tablet_bootstrap.cc:492] T b02f855487bc48ff90619013bebc0b86 P dcc011b63c6e4a54a02f38550dd82ed3: Bootstrap starting.
I20260630 12:29:32.141023 21733 tablet_bootstrap.cc:492] T b02f855487bc48ff90619013bebc0b86 P abc3e324269c4bc3b142d4a2db54091a: No bootstrap required, opened a new log
I20260630 12:29:32.145162 21733 ts_tablet_manager.cc:1403] T b02f855487bc48ff90619013bebc0b86 P abc3e324269c4bc3b142d4a2db54091a: Time spent bootstrapping tablet: real 0.041s	user 0.003s	sys 0.023s
I20260630 12:29:32.152254 21733 raft_consensus.cc:359] T b02f855487bc48ff90619013bebc0b86 P abc3e324269c4bc3b142d4a2db54091a [term 0 FOLLOWER]: Replica starting. Triggering 0 pending ops. Active config: opid_index: -1 OBSOLETE_local: false peers { permanent_uuid: "abc3e324269c4bc3b142d4a2db54091a" member_type: VOTER last_known_addr { host: "127.20.97.1" port: 39159 } } peers { permanent_uuid: "dcc011b63c6e4a54a02f38550dd82ed3" member_type: VOTER last_known_addr { host: "127.20.97.2" port: 44175 } } peers { permanent_uuid: "5f377793ee4c47a2b9817889cc04b9a3" member_type: VOTER last_known_addr { host: "127.20.97.3" port: 44323 } }
I20260630 12:29:32.153309 21733 raft_consensus.cc:385] T b02f855487bc48ff90619013bebc0b86 P abc3e324269c4bc3b142d4a2db54091a [term 0 FOLLOWER]: Consensus starting up: Expiring failure detector timer to make a prompt election more likely
I20260630 12:29:32.153689 21733 raft_consensus.cc:740] T b02f855487bc48ff90619013bebc0b86 P abc3e324269c4bc3b142d4a2db54091a [term 0 FOLLOWER]: Becoming Follower/Learner. State: Replica: abc3e324269c4bc3b142d4a2db54091a, State: Initialized, Role: FOLLOWER
I20260630 12:29:32.154714 21735 tablet_bootstrap.cc:654] T b02f855487bc48ff90619013bebc0b86 P dcc011b63c6e4a54a02f38550dd82ed3: Neither blocks nor log segments found. Creating new log.
I20260630 12:29:32.154960 21733 consensus_queue.cc:260] T b02f855487bc48ff90619013bebc0b86 P abc3e324269c4bc3b142d4a2db54091a [NON_LEADER]: Queue going to NON_LEADER mode. State: All replicated index: 0, Majority replicated index: 0, Committed index: 0, Last appended: 0.0, Last appended by leader: 0, Current term: 0, Majority size: -1, State: 0, Mode: NON_LEADER, active raft config: opid_index: -1 OBSOLETE_local: false peers { permanent_uuid: "abc3e324269c4bc3b142d4a2db54091a" member_type: VOTER last_known_addr { host: "127.20.97.1" port: 39159 } } peers { permanent_uuid: "dcc011b63c6e4a54a02f38550dd82ed3" member_type: VOTER last_known_addr { host: "127.20.97.2" port: 44175 } } peers { permanent_uuid: "5f377793ee4c47a2b9817889cc04b9a3" member_type: VOTER last_known_addr { host: "127.20.97.3" port: 44323 } }
I20260630 12:29:32.160187 21733 ts_tablet_manager.cc:1434] T b02f855487bc48ff90619013bebc0b86 P abc3e324269c4bc3b142d4a2db54091a: Time spent starting tablet: real 0.015s	user 0.008s	sys 0.000s
I20260630 12:29:32.163357 21733 tablet_bootstrap.cc:492] T 464b4dd35f6a4eb0a15306e9425904b1 P abc3e324269c4bc3b142d4a2db54091a: Bootstrap starting.
I20260630 12:29:32.170687 21733 tablet_bootstrap.cc:654] T 464b4dd35f6a4eb0a15306e9425904b1 P abc3e324269c4bc3b142d4a2db54091a: Neither blocks nor log segments found. Creating new log.
I20260630 12:29:32.173213 21434 catalog_manager.cc:5697] T 45b7c124079c430586b0d99fd1054986 P 5f377793ee4c47a2b9817889cc04b9a3 reported cstate change: term changed from 0 to 1, leader changed from <none> to 5f377793ee4c47a2b9817889cc04b9a3 (127.20.97.3). New cstate: current_term: 1 leader_uuid: "5f377793ee4c47a2b9817889cc04b9a3" committed_config { opid_index: -1 OBSOLETE_local: false peers { permanent_uuid: "5f377793ee4c47a2b9817889cc04b9a3" member_type: VOTER last_known_addr { host: "127.20.97.3" port: 44323 } health_report { overall_health: HEALTHY } } peers { permanent_uuid: "abc3e324269c4bc3b142d4a2db54091a" member_type: VOTER last_known_addr { host: "127.20.97.1" port: 39159 } health_report { overall_health: UNKNOWN } } peers { permanent_uuid: "dcc011b63c6e4a54a02f38550dd82ed3" member_type: VOTER last_known_addr { host: "127.20.97.2" port: 44175 } health_report { overall_health: UNKNOWN } } }
I20260630 12:29:32.175288 21732 tablet_bootstrap.cc:492] T b02f855487bc48ff90619013bebc0b86 P 5f377793ee4c47a2b9817889cc04b9a3: No bootstrap required, opened a new log
I20260630 12:29:32.175773 21732 ts_tablet_manager.cc:1403] T b02f855487bc48ff90619013bebc0b86 P 5f377793ee4c47a2b9817889cc04b9a3: Time spent bootstrapping tablet: real 0.058s	user 0.020s	sys 0.014s
I20260630 12:29:32.178298 21732 raft_consensus.cc:359] T b02f855487bc48ff90619013bebc0b86 P 5f377793ee4c47a2b9817889cc04b9a3 [term 0 FOLLOWER]: Replica starting. Triggering 0 pending ops. Active config: opid_index: -1 OBSOLETE_local: false peers { permanent_uuid: "abc3e324269c4bc3b142d4a2db54091a" member_type: VOTER last_known_addr { host: "127.20.97.1" port: 39159 } } peers { permanent_uuid: "dcc011b63c6e4a54a02f38550dd82ed3" member_type: VOTER last_known_addr { host: "127.20.97.2" port: 44175 } } peers { permanent_uuid: "5f377793ee4c47a2b9817889cc04b9a3" member_type: VOTER last_known_addr { host: "127.20.97.3" port: 44323 } }
I20260630 12:29:32.178753 21732 raft_consensus.cc:385] T b02f855487bc48ff90619013bebc0b86 P 5f377793ee4c47a2b9817889cc04b9a3 [term 0 FOLLOWER]: Consensus starting up: Expiring failure detector timer to make a prompt election more likely
I20260630 12:29:32.178905 21732 raft_consensus.cc:740] T b02f855487bc48ff90619013bebc0b86 P 5f377793ee4c47a2b9817889cc04b9a3 [term 0 FOLLOWER]: Becoming Follower/Learner. State: Replica: 5f377793ee4c47a2b9817889cc04b9a3, State: Initialized, Role: FOLLOWER
I20260630 12:29:32.179469 21732 consensus_queue.cc:260] T b02f855487bc48ff90619013bebc0b86 P 5f377793ee4c47a2b9817889cc04b9a3 [NON_LEADER]: Queue going to NON_LEADER mode. State: All replicated index: 0, Majority replicated index: 0, Committed index: 0, Last appended: 0.0, Last appended by leader: 0, Current term: 0, Majority size: -1, State: 0, Mode: NON_LEADER, active raft config: opid_index: -1 OBSOLETE_local: false peers { permanent_uuid: "abc3e324269c4bc3b142d4a2db54091a" member_type: VOTER last_known_addr { host: "127.20.97.1" port: 39159 } } peers { permanent_uuid: "dcc011b63c6e4a54a02f38550dd82ed3" member_type: VOTER last_known_addr { host: "127.20.97.2" port: 44175 } } peers { permanent_uuid: "5f377793ee4c47a2b9817889cc04b9a3" member_type: VOTER last_known_addr { host: "127.20.97.3" port: 44323 } }
I20260630 12:29:32.181740 21732 ts_tablet_manager.cc:1434] T b02f855487bc48ff90619013bebc0b86 P 5f377793ee4c47a2b9817889cc04b9a3: Time spent starting tablet: real 0.006s	user 0.005s	sys 0.000s
I20260630 12:29:32.182508 21735 tablet_bootstrap.cc:492] T b02f855487bc48ff90619013bebc0b86 P dcc011b63c6e4a54a02f38550dd82ed3: No bootstrap required, opened a new log
I20260630 12:29:32.182508 21733 tablet_bootstrap.cc:492] T 464b4dd35f6a4eb0a15306e9425904b1 P abc3e324269c4bc3b142d4a2db54091a: No bootstrap required, opened a new log
I20260630 12:29:32.183149 21733 ts_tablet_manager.cc:1403] T 464b4dd35f6a4eb0a15306e9425904b1 P abc3e324269c4bc3b142d4a2db54091a: Time spent bootstrapping tablet: real 0.020s	user 0.012s	sys 0.000s
I20260630 12:29:32.183159 21735 ts_tablet_manager.cc:1403] T b02f855487bc48ff90619013bebc0b86 P dcc011b63c6e4a54a02f38550dd82ed3: Time spent bootstrapping tablet: real 0.042s	user 0.011s	sys 0.009s
I20260630 12:29:32.185967 21733 raft_consensus.cc:359] T 464b4dd35f6a4eb0a15306e9425904b1 P abc3e324269c4bc3b142d4a2db54091a [term 0 FOLLOWER]: Replica starting. Triggering 0 pending ops. Active config: opid_index: -1 OBSOLETE_local: false peers { permanent_uuid: "abc3e324269c4bc3b142d4a2db54091a" member_type: VOTER last_known_addr { host: "127.20.97.1" port: 39159 } } peers { permanent_uuid: "dcc011b63c6e4a54a02f38550dd82ed3" member_type: VOTER last_known_addr { host: "127.20.97.2" port: 44175 } } peers { permanent_uuid: "5f377793ee4c47a2b9817889cc04b9a3" member_type: VOTER last_known_addr { host: "127.20.97.3" port: 44323 } }
I20260630 12:29:32.186712 21733 raft_consensus.cc:385] T 464b4dd35f6a4eb0a15306e9425904b1 P abc3e324269c4bc3b142d4a2db54091a [term 0 FOLLOWER]: Consensus starting up: Expiring failure detector timer to make a prompt election more likely
I20260630 12:29:32.187104 21733 raft_consensus.cc:740] T 464b4dd35f6a4eb0a15306e9425904b1 P abc3e324269c4bc3b142d4a2db54091a [term 0 FOLLOWER]: Becoming Follower/Learner. State: Replica: abc3e324269c4bc3b142d4a2db54091a, State: Initialized, Role: FOLLOWER
I20260630 12:29:32.186621 21436 catalog_manager.cc:5697] T 7ae85cb59d2d4117b1ca7fbe85c42fb3 P abc3e324269c4bc3b142d4a2db54091a reported cstate change: term changed from 0 to 1, leader changed from <none> to abc3e324269c4bc3b142d4a2db54091a (127.20.97.1). New cstate: current_term: 1 leader_uuid: "abc3e324269c4bc3b142d4a2db54091a" committed_config { opid_index: -1 OBSOLETE_local: false peers { permanent_uuid: "abc3e324269c4bc3b142d4a2db54091a" member_type: VOTER last_known_addr { host: "127.20.97.1" port: 39159 } health_report { overall_health: HEALTHY } } peers { permanent_uuid: "dcc011b63c6e4a54a02f38550dd82ed3" member_type: VOTER last_known_addr { host: "127.20.97.2" port: 44175 } health_report { overall_health: UNKNOWN } } peers { permanent_uuid: "5f377793ee4c47a2b9817889cc04b9a3" member_type: VOTER last_known_addr { host: "127.20.97.3" port: 44323 } health_report { overall_health: UNKNOWN } } }
I20260630 12:29:32.187153 21735 raft_consensus.cc:359] T b02f855487bc48ff90619013bebc0b86 P dcc011b63c6e4a54a02f38550dd82ed3 [term 0 FOLLOWER]: Replica starting. Triggering 0 pending ops. Active config: opid_index: -1 OBSOLETE_local: false peers { permanent_uuid: "abc3e324269c4bc3b142d4a2db54091a" member_type: VOTER last_known_addr { host: "127.20.97.1" port: 39159 } } peers { permanent_uuid: "dcc011b63c6e4a54a02f38550dd82ed3" member_type: VOTER last_known_addr { host: "127.20.97.2" port: 44175 } } peers { permanent_uuid: "5f377793ee4c47a2b9817889cc04b9a3" member_type: VOTER last_known_addr { host: "127.20.97.3" port: 44323 } }
I20260630 12:29:32.188082 21735 raft_consensus.cc:385] T b02f855487bc48ff90619013bebc0b86 P dcc011b63c6e4a54a02f38550dd82ed3 [term 0 FOLLOWER]: Consensus starting up: Expiring failure detector timer to make a prompt election more likely
I20260630 12:29:32.188580 21735 raft_consensus.cc:740] T b02f855487bc48ff90619013bebc0b86 P dcc011b63c6e4a54a02f38550dd82ed3 [term 0 FOLLOWER]: Becoming Follower/Learner. State: Replica: dcc011b63c6e4a54a02f38550dd82ed3, State: Initialized, Role: FOLLOWER
I20260630 12:29:32.188087 21733 consensus_queue.cc:260] T 464b4dd35f6a4eb0a15306e9425904b1 P abc3e324269c4bc3b142d4a2db54091a [NON_LEADER]: Queue going to NON_LEADER mode. State: All replicated index: 0, Majority replicated index: 0, Committed index: 0, Last appended: 0.0, Last appended by leader: 0, Current term: 0, Majority size: -1, State: 0, Mode: NON_LEADER, active raft config: opid_index: -1 OBSOLETE_local: false peers { permanent_uuid: "abc3e324269c4bc3b142d4a2db54091a" member_type: VOTER last_known_addr { host: "127.20.97.1" port: 39159 } } peers { permanent_uuid: "dcc011b63c6e4a54a02f38550dd82ed3" member_type: VOTER last_known_addr { host: "127.20.97.2" port: 44175 } } peers { permanent_uuid: "5f377793ee4c47a2b9817889cc04b9a3" member_type: VOTER last_known_addr { host: "127.20.97.3" port: 44323 } }
I20260630 12:29:32.189745 21735 consensus_queue.cc:260] T b02f855487bc48ff90619013bebc0b86 P dcc011b63c6e4a54a02f38550dd82ed3 [NON_LEADER]: Queue going to NON_LEADER mode. State: All replicated index: 0, Majority replicated index: 0, Committed index: 0, Last appended: 0.0, Last appended by leader: 0, Current term: 0, Majority size: -1, State: 0, Mode: NON_LEADER, active raft config: opid_index: -1 OBSOLETE_local: false peers { permanent_uuid: "abc3e324269c4bc3b142d4a2db54091a" member_type: VOTER last_known_addr { host: "127.20.97.1" port: 39159 } } peers { permanent_uuid: "dcc011b63c6e4a54a02f38550dd82ed3" member_type: VOTER last_known_addr { host: "127.20.97.2" port: 44175 } } peers { permanent_uuid: "5f377793ee4c47a2b9817889cc04b9a3" member_type: VOTER last_known_addr { host: "127.20.97.3" port: 44323 } }
I20260630 12:29:32.190447 21733 ts_tablet_manager.cc:1434] T 464b4dd35f6a4eb0a15306e9425904b1 P abc3e324269c4bc3b142d4a2db54091a: Time spent starting tablet: real 0.007s	user 0.005s	sys 0.000s
