I20260630 12:30:48.627817 22952 catalog_manager.cc:5028] TS 139977f4c42e4b469474739e9b072816 (127.19.164.4:42293): tablet 72e9f4c450784cffbe7eacda8de0aaea (table range_aware_rebalance_new_range [id=0b4b944f5dfe444f9291ab59afaef941]) successfully deleted
I20260630 12:30:48.646453 23589 raft_consensus.cc:1064] T 166f4d23947c4d4592a087e332b1c092 P e47f76320c1d4f238bd816752e8b8b59: attempting to promote NON_VOTER 139977f4c42e4b469474739e9b072816 to VOTER
I20260630 12:30:48.648239 23589 consensus_queue.cc:237] T 166f4d23947c4d4592a087e332b1c092 P e47f76320c1d4f238bd816752e8b8b59 [LEADER]: Queue going to LEADER mode. State: All replicated index: 0, Majority replicated index: 2, Committed index: 2, Last appended: 1.2, Last appended by leader: 0, Current term: 1, Majority size: 3, State: 0, Mode: LEADER, active raft config: opid_index: 3 OBSOLETE_local: false peers { permanent_uuid: "2a1eea7334fe4ebca8adbc819008d69f" member_type: VOTER last_known_addr { host: "127.19.164.2" port: 34453 } attrs { replace: true } } peers { permanent_uuid: "e47f76320c1d4f238bd816752e8b8b59" member_type: VOTER last_known_addr { host: "127.19.164.1" port: 34757 } } peers { permanent_uuid: "b336b9d672e645cfa3feebb6ce3a7eba" member_type: VOTER last_known_addr { host: "127.19.164.3" port: 36213 } } peers { permanent_uuid: "139977f4c42e4b469474739e9b072816" member_type: VOTER last_known_addr { host: "127.19.164.4" port: 42293 } attrs { promote: false } }
I20260630 12:30:48.654452 23379 raft_consensus.cc:1275] T 166f4d23947c4d4592a087e332b1c092 P 139977f4c42e4b469474739e9b072816 [term 1 LEARNER]: Refusing update from remote peer e47f76320c1d4f238bd816752e8b8b59: Log matching property violated. Preceding OpId in replica: term: 1 index: 2. Preceding OpId from leader: term: 1 index: 3. (index mismatch)
I20260630 12:30:48.656113 23217 raft_consensus.cc:1275] T 166f4d23947c4d4592a087e332b1c092 P b336b9d672e645cfa3feebb6ce3a7eba [term 1 FOLLOWER]: Refusing update from remote peer e47f76320c1d4f238bd816752e8b8b59: Log matching property violated. Preceding OpId in replica: term: 1 index: 2. Preceding OpId from leader: term: 1 index: 3. (index mismatch)
I20260630 12:30:48.656418 23144 raft_consensus.cc:1275] T 166f4d23947c4d4592a087e332b1c092 P 2a1eea7334fe4ebca8adbc819008d69f [term 1 FOLLOWER]: Refusing update from remote peer e47f76320c1d4f238bd816752e8b8b59: Log matching property violated. Preceding OpId in replica: term: 1 index: 2. Preceding OpId from leader: term: 1 index: 3. (index mismatch)
I20260630 12:30:48.656795 23588 consensus_queue.cc:1048] T 166f4d23947c4d4592a087e332b1c092 P e47f76320c1d4f238bd816752e8b8b59 [LEADER]: Connected to new peer: Peer: permanent_uuid: "139977f4c42e4b469474739e9b072816" member_type: VOTER last_known_addr { host: "127.19.164.4" port: 42293 } attrs { promote: false }, Status: LMP_MISMATCH, Last received: 0.0, Next index: 3, Last known committed idx: 2, Time since last communication: 0.000s
I20260630 12:30:48.657738 23619 consensus_queue.cc:1048] T 166f4d23947c4d4592a087e332b1c092 P e47f76320c1d4f238bd816752e8b8b59 [LEADER]: Connected to new peer: Peer: permanent_uuid: "b336b9d672e645cfa3feebb6ce3a7eba" member_type: VOTER last_known_addr { host: "127.19.164.3" port: 36213 }, Status: LMP_MISMATCH, Last received: 0.0, Next index: 3, Last known committed idx: 2, Time since last communication: 0.000s
I20260630 12:30:48.658512 23589 consensus_queue.cc:1048] T 166f4d23947c4d4592a087e332b1c092 P e47f76320c1d4f238bd816752e8b8b59 [LEADER]: Connected to new peer: Peer: permanent_uuid: "2a1eea7334fe4ebca8adbc819008d69f" member_type: VOTER last_known_addr { host: "127.19.164.2" port: 34453 } attrs { replace: true }, Status: LMP_MISMATCH, Last received: 0.0, Next index: 3, Last known committed idx: 2, Time since last communication: 0.000s
I20260630 12:30:48.679483 23589 raft_consensus.cc:2955] T 166f4d23947c4d4592a087e332b1c092 P e47f76320c1d4f238bd816752e8b8b59 [term 1 LEADER]: Committing config change with OpId 1.3: config changed from index 2 to 3, 139977f4c42e4b469474739e9b072816 (127.19.164.4) changed from NON_VOTER to VOTER. New config: { opid_index: 3 OBSOLETE_local: false peers { permanent_uuid: "2a1eea7334fe4ebca8adbc819008d69f" member_type: VOTER last_known_addr { host: "127.19.164.2" port: 34453 } attrs { replace: true } } peers { permanent_uuid: "e47f76320c1d4f238bd816752e8b8b59" member_type: VOTER last_known_addr { host: "127.19.164.1" port: 34757 } } peers { permanent_uuid: "b336b9d672e645cfa3feebb6ce3a7eba" member_type: VOTER last_known_addr { host: "127.19.164.3" port: 36213 } } peers { permanent_uuid: "139977f4c42e4b469474739e9b072816" member_type: VOTER last_known_addr { host: "127.19.164.4" port: 42293 } attrs { promote: false } } }
I20260630 12:30:48.681154 23217 raft_consensus.cc:2955] T 166f4d23947c4d4592a087e332b1c092 P b336b9d672e645cfa3feebb6ce3a7eba [term 1 FOLLOWER]: Committing config change with OpId 1.3: config changed from index 2 to 3, 139977f4c42e4b469474739e9b072816 (127.19.164.4) changed from NON_VOTER to VOTER. New config: { opid_index: 3 OBSOLETE_local: false peers { permanent_uuid: "2a1eea7334fe4ebca8adbc819008d69f" member_type: VOTER last_known_addr { host: "127.19.164.2" port: 34453 } attrs { replace: true } } peers { permanent_uuid: "e47f76320c1d4f238bd816752e8b8b59" member_type: VOTER last_known_addr { host: "127.19.164.1" port: 34757 } } peers { permanent_uuid: "b336b9d672e645cfa3feebb6ce3a7eba" member_type: VOTER last_known_addr { host: "127.19.164.3" port: 36213 } } peers { permanent_uuid: "139977f4c42e4b469474739e9b072816" member_type: VOTER last_known_addr { host: "127.19.164.4" port: 42293 } attrs { promote: false } } }
I20260630 12:30:48.683264 23379 raft_consensus.cc:2955] T 166f4d23947c4d4592a087e332b1c092 P 139977f4c42e4b469474739e9b072816 [term 1 FOLLOWER]: Committing config change with OpId 1.3: config changed from index 2 to 3, 139977f4c42e4b469474739e9b072816 (127.19.164.4) changed from NON_VOTER to VOTER. New config: { opid_index: 3 OBSOLETE_local: false peers { permanent_uuid: "2a1eea7334fe4ebca8adbc819008d69f" member_type: VOTER last_known_addr { host: "127.19.164.2" port: 34453 } attrs { replace: true } } peers { permanent_uuid: "e47f76320c1d4f238bd816752e8b8b59" member_type: VOTER last_known_addr { host: "127.19.164.1" port: 34757 } } peers { permanent_uuid: "b336b9d672e645cfa3feebb6ce3a7eba" member_type: VOTER last_known_addr { host: "127.19.164.3" port: 36213 } } peers { permanent_uuid: "139977f4c42e4b469474739e9b072816" member_type: VOTER last_known_addr { host: "127.19.164.4" port: 42293 } attrs { promote: false } } }
I20260630 12:30:48.692694 23144 raft_consensus.cc:2955] T 166f4d23947c4d4592a087e332b1c092 P 2a1eea7334fe4ebca8adbc819008d69f [term 1 FOLLOWER]: Committing config change with OpId 1.3: config changed from index 2 to 3, 139977f4c42e4b469474739e9b072816 (127.19.164.4) changed from NON_VOTER to VOTER. New config: { opid_index: 3 OBSOLETE_local: false peers { permanent_uuid: "2a1eea7334fe4ebca8adbc819008d69f" member_type: VOTER last_known_addr { host: "127.19.164.2" port: 34453 } attrs { replace: true } } peers { permanent_uuid: "e47f76320c1d4f238bd816752e8b8b59" member_type: VOTER last_known_addr { host: "127.19.164.1" port: 34757 } } peers { permanent_uuid: "b336b9d672e645cfa3feebb6ce3a7eba" member_type: VOTER last_known_addr { host: "127.19.164.3" port: 36213 } } peers { permanent_uuid: "139977f4c42e4b469474739e9b072816" member_type: VOTER last_known_addr { host: "127.19.164.4" port: 42293 } attrs { promote: false } } }
I20260630 12:30:48.697678 22967 catalog_manager.cc:5697] T 166f4d23947c4d4592a087e332b1c092 P e47f76320c1d4f238bd816752e8b8b59 reported cstate change: config changed from index 2 to 3, 139977f4c42e4b469474739e9b072816 (127.19.164.4) changed from NON_VOTER to VOTER. New cstate: current_term: 1 leader_uuid: "e47f76320c1d4f238bd816752e8b8b59" committed_config { opid_index: 3 OBSOLETE_local: false peers { permanent_uuid: "2a1eea7334fe4ebca8adbc819008d69f" member_type: VOTER last_known_addr { host: "127.19.164.2" port: 34453 } attrs { replace: true } health_report { overall_health: HEALTHY } } peers { permanent_uuid: "e47f76320c1d4f238bd816752e8b8b59" member_type: VOTER last_known_addr { host: "127.19.164.1" port: 34757 } health_report { overall_health: HEALTHY } } peers { permanent_uuid: "b336b9d672e645cfa3feebb6ce3a7eba" member_type: VOTER last_known_addr { host: "127.19.164.3" port: 36213 } health_report { overall_health: HEALTHY } } peers { permanent_uuid: "139977f4c42e4b469474739e9b072816" member_type: VOTER last_known_addr { host: "127.19.164.4" port: 42293 } attrs { promote: false } health_report { overall_health: HEALTHY } } }
I20260630 12:30:48.712145 23067 consensus_queue.cc:237] T 166f4d23947c4d4592a087e332b1c092 P e47f76320c1d4f238bd816752e8b8b59 [LEADER]: Queue going to LEADER mode. State: All replicated index: 0, Majority replicated index: 3, Committed index: 3, Last appended: 1.3, Last appended by leader: 0, Current term: 1, Majority size: 2, State: 0, Mode: LEADER, active raft config: opid_index: 4 OBSOLETE_local: false peers { permanent_uuid: "e47f76320c1d4f238bd816752e8b8b59" member_type: VOTER last_known_addr { host: "127.19.164.1" port: 34757 } } peers { permanent_uuid: "b336b9d672e645cfa3feebb6ce3a7eba" member_type: VOTER last_known_addr { host: "127.19.164.3" port: 36213 } } peers { permanent_uuid: "139977f4c42e4b469474739e9b072816" member_type: VOTER last_known_addr { host: "127.19.164.4" port: 42293 } attrs { promote: false } }
I20260630 12:30:48.717206 23379 raft_consensus.cc:1275] T 166f4d23947c4d4592a087e332b1c092 P 139977f4c42e4b469474739e9b072816 [term 1 FOLLOWER]: Refusing update from remote peer e47f76320c1d4f238bd816752e8b8b59: Log matching property violated. Preceding OpId in replica: term: 1 index: 3. Preceding OpId from leader: term: 1 index: 4. (index mismatch)
I20260630 12:30:48.717730 23217 raft_consensus.cc:1275] T 166f4d23947c4d4592a087e332b1c092 P b336b9d672e645cfa3feebb6ce3a7eba [term 1 FOLLOWER]: Refusing update from remote peer e47f76320c1d4f238bd816752e8b8b59: Log matching property violated. Preceding OpId in replica: term: 1 index: 3. Preceding OpId from leader: term: 1 index: 4. (index mismatch)
I20260630 12:30:48.718413 23589 consensus_queue.cc:1048] T 166f4d23947c4d4592a087e332b1c092 P e47f76320c1d4f238bd816752e8b8b59 [LEADER]: Connected to new peer: Peer: permanent_uuid: "139977f4c42e4b469474739e9b072816" member_type: VOTER last_known_addr { host: "127.19.164.4" port: 42293 } attrs { promote: false }, Status: LMP_MISMATCH, Last received: 0.0, Next index: 4, Last known committed idx: 3, Time since last communication: 0.000s
I20260630 12:30:48.719184 23571 consensus_queue.cc:1048] T 166f4d23947c4d4592a087e332b1c092 P e47f76320c1d4f238bd816752e8b8b59 [LEADER]: Connected to new peer: Peer: permanent_uuid: "b336b9d672e645cfa3feebb6ce3a7eba" member_type: VOTER last_known_addr { host: "127.19.164.3" port: 36213 }, Status: LMP_MISMATCH, Last received: 0.0, Next index: 4, Last known committed idx: 3, Time since last communication: 0.000s
I20260630 12:30:48.727209 23588 raft_consensus.cc:2955] T 166f4d23947c4d4592a087e332b1c092 P e47f76320c1d4f238bd816752e8b8b59 [term 1 LEADER]: Committing config change with OpId 1.4: config changed from index 3 to 4, VOTER 2a1eea7334fe4ebca8adbc819008d69f (127.19.164.2) evicted. New config: { opid_index: 4 OBSOLETE_local: false peers { permanent_uuid: "e47f76320c1d4f238bd816752e8b8b59" member_type: VOTER last_known_addr { host: "127.19.164.1" port: 34757 } } peers { permanent_uuid: "b336b9d672e645cfa3feebb6ce3a7eba" member_type: VOTER last_known_addr { host: "127.19.164.3" port: 36213 } } peers { permanent_uuid: "139977f4c42e4b469474739e9b072816" member_type: VOTER last_known_addr { host: "127.19.164.4" port: 42293 } attrs { promote: false } } }
I20260630 12:30:48.732342 23217 raft_consensus.cc:2955] T 166f4d23947c4d4592a087e332b1c092 P b336b9d672e645cfa3feebb6ce3a7eba [term 1 FOLLOWER]: Committing config change with OpId 1.4: config changed from index 3 to 4, VOTER 2a1eea7334fe4ebca8adbc819008d69f (127.19.164.2) evicted. New config: { opid_index: 4 OBSOLETE_local: false peers { permanent_uuid: "e47f76320c1d4f238bd816752e8b8b59" member_type: VOTER last_known_addr { host: "127.19.164.1" port: 34757 } } peers { permanent_uuid: "b336b9d672e645cfa3feebb6ce3a7eba" member_type: VOTER last_known_addr { host: "127.19.164.3" port: 36213 } } peers { permanent_uuid: "139977f4c42e4b469474739e9b072816" member_type: VOTER last_known_addr { host: "127.19.164.4" port: 42293 } attrs { promote: false } } }
I20260630 12:30:48.733067 23379 raft_consensus.cc:2955] T 166f4d23947c4d4592a087e332b1c092 P 139977f4c42e4b469474739e9b072816 [term 1 FOLLOWER]: Committing config change with OpId 1.4: config changed from index 3 to 4, VOTER 2a1eea7334fe4ebca8adbc819008d69f (127.19.164.2) evicted. New config: { opid_index: 4 OBSOLETE_local: false peers { permanent_uuid: "e47f76320c1d4f238bd816752e8b8b59" member_type: VOTER last_known_addr { host: "127.19.164.1" port: 34757 } } peers { permanent_uuid: "b336b9d672e645cfa3feebb6ce3a7eba" member_type: VOTER last_known_addr { host: "127.19.164.3" port: 36213 } } peers { permanent_uuid: "139977f4c42e4b469474739e9b072816" member_type: VOTER last_known_addr { host: "127.19.164.4" port: 42293 } attrs { promote: false } } }
I20260630 12:30:48.739236 22954 catalog_manager.cc:5210] ChangeConfig:REMOVE_PEER RPC for tablet 166f4d23947c4d4592a087e332b1c092 with cas_config_opid_index 3: ChangeConfig:REMOVE_PEER succeeded (attempt 1)
I20260630 12:30:48.742138 22965 catalog_manager.cc:5697] T 166f4d23947c4d4592a087e332b1c092 P e47f76320c1d4f238bd816752e8b8b59 reported cstate change: config changed from index 3 to 4, VOTER 2a1eea7334fe4ebca8adbc819008d69f (127.19.164.2) evicted. New cstate: current_term: 1 leader_uuid: "e47f76320c1d4f238bd816752e8b8b59" committed_config { opid_index: 4 OBSOLETE_local: false peers { permanent_uuid: "e47f76320c1d4f238bd816752e8b8b59" member_type: VOTER last_known_addr { host: "127.19.164.1" port: 34757 } health_report { overall_health: HEALTHY } } peers { permanent_uuid: "b336b9d672e645cfa3feebb6ce3a7eba" member_type: VOTER last_known_addr { host: "127.19.164.3" port: 36213 } health_report { overall_health: HEALTHY } } peers { permanent_uuid: "139977f4c42e4b469474739e9b072816" member_type: VOTER last_known_addr { host: "127.19.164.4" port: 42293 } attrs { promote: false } health_report { overall_health: HEALTHY } } }
I20260630 12:30:48.751859 23128 tablet_service.cc:1558] Processing DeleteTablet for tablet 166f4d23947c4d4592a087e332b1c092 with delete_type TABLET_DATA_TOMBSTONED (TS 2a1eea7334fe4ebca8adbc819008d69f not found in new config with opid_index 4) from {username='slave'} at 127.0.0.1:33140
I20260630 12:30:48.752872 23600 tablet_replica.cc:333] T 166f4d23947c4d4592a087e332b1c092 P 2a1eea7334fe4ebca8adbc819008d69f: stopping tablet replica
I20260630 12:30:48.753774 23600 raft_consensus.cc:2243] T 166f4d23947c4d4592a087e332b1c092 P 2a1eea7334fe4ebca8adbc819008d69f [term 1 FOLLOWER]: Raft consensus shutting down.
I20260630 12:30:48.754446 23600 raft_consensus.cc:2272] T 166f4d23947c4d4592a087e332b1c092 P 2a1eea7334fe4ebca8adbc819008d69f [term 1 FOLLOWER]: Raft consensus is shut down!
I20260630 12:30:48.757189 23600 ts_tablet_manager.cc:1916] T 166f4d23947c4d4592a087e332b1c092 P 2a1eea7334fe4ebca8adbc819008d69f: Deleting tablet data with delete state TABLET_DATA_TOMBSTONED
I20260630 12:30:48.766731 23600 ts_tablet_manager.cc:1929] T 166f4d23947c4d4592a087e332b1c092 P 2a1eea7334fe4ebca8adbc819008d69f: tablet deleted with delete type TABLET_DATA_TOMBSTONED: last-logged OpId 1.3
I20260630 12:30:48.767035 23600 log.cc:1199] T 166f4d23947c4d4592a087e332b1c092 P 2a1eea7334fe4ebca8adbc819008d69f: Deleting WAL directory at /tmp/dist-test-tasksMiujh/test-tmp/auto_rebalancer-test.0.AutoRebalancerTest.RangeAwareRebalancesNewRangeReplicas.1782822560574941-20112-0/minicluster-data/ts-1-root/wals/166f4d23947c4d4592a087e332b1c092
I20260630 12:30:48.768215 22951 catalog_manager.cc:5028] TS 2a1eea7334fe4ebca8adbc819008d69f (127.19.164.2:34453): tablet 166f4d23947c4d4592a087e332b1c092 (table range_aware_rebalance_new_range [id=0b4b944f5dfe444f9291ab59afaef941]) successfully deleted
I20260630 12:30:49.782312 23142 consensus_queue.cc:237] T be38131ef1c743589f58b54057f4f179 P 2a1eea7334fe4ebca8adbc819008d69f [LEADER]: Queue going to LEADER mode. State: All replicated index: 0, Majority replicated index: 2, Committed index: 2, Last appended: 2.2, Last appended by leader: 1, Current term: 2, Majority size: 2, State: 0, Mode: LEADER, active raft config: opid_index: 3 OBSOLETE_local: false peers { permanent_uuid: "e47f76320c1d4f238bd816752e8b8b59" member_type: VOTER last_known_addr { host: "127.19.164.1" port: 34757 } } peers { permanent_uuid: "2a1eea7334fe4ebca8adbc819008d69f" member_type: VOTER last_known_addr { host: "127.19.164.2" port: 34453 } } peers { permanent_uuid: "b336b9d672e645cfa3feebb6ce3a7eba" member_type: VOTER last_known_addr { host: "127.19.164.3" port: 36213 } attrs { replace: true } } peers { permanent_uuid: "139977f4c42e4b469474739e9b072816" member_type: NON_VOTER last_known_addr { host: "127.19.164.4" port: 42293 } attrs { promote: true } }
I20260630 12:30:49.788817 23218 raft_consensus.cc:1275] T be38131ef1c743589f58b54057f4f179 P b336b9d672e645cfa3feebb6ce3a7eba [term 2 FOLLOWER]: Refusing update from remote peer 2a1eea7334fe4ebca8adbc819008d69f: Log matching property violated. Preceding OpId in replica: term: 2 index: 2. Preceding OpId from leader: term: 2 index: 3. (index mismatch)
W20260630 12:30:49.788986 23108 consensus_peers.cc:597] T be38131ef1c743589f58b54057f4f179 P 2a1eea7334fe4ebca8adbc819008d69f -> Peer 139977f4c42e4b469474739e9b072816 (127.19.164.4:42293): Couldn't send request to peer 139977f4c42e4b469474739e9b072816. Error code: TABLET_NOT_FOUND (6). Status: Not found: Tablet not found: be38131ef1c743589f58b54057f4f179. This is attempt 1: this message will repeat every 5th retry.
I20260630 12:30:49.789724 23067 raft_consensus.cc:1275] T be38131ef1c743589f58b54057f4f179 P e47f76320c1d4f238bd816752e8b8b59 [term 2 FOLLOWER]: Refusing update from remote peer 2a1eea7334fe4ebca8adbc819008d69f: Log matching property violated. Preceding OpId in replica: term: 2 index: 2. Preceding OpId from leader: term: 2 index: 3. (index mismatch)
I20260630 12:30:49.790096 23629 consensus_queue.cc:1048] T be38131ef1c743589f58b54057f4f179 P 2a1eea7334fe4ebca8adbc819008d69f [LEADER]: Connected to new peer: Peer: permanent_uuid: "b336b9d672e645cfa3feebb6ce3a7eba" member_type: VOTER last_known_addr { host: "127.19.164.3" port: 36213 } attrs { replace: true }, Status: LMP_MISMATCH, Last received: 0.0, Next index: 3, Last known committed idx: 2, Time since last communication: 0.000s
I20260630 12:30:49.791183 23429 consensus_queue.cc:1048] T be38131ef1c743589f58b54057f4f179 P 2a1eea7334fe4ebca8adbc819008d69f [LEADER]: Connected to new peer: Peer: permanent_uuid: "e47f76320c1d4f238bd816752e8b8b59" member_type: VOTER last_known_addr { host: "127.19.164.1" port: 34757 }, Status: LMP_MISMATCH, Last received: 0.0, Next index: 3, Last known committed idx: 2, Time since last communication: 0.000s
I20260630 12:30:49.798154 23629 raft_consensus.cc:2955] T be38131ef1c743589f58b54057f4f179 P 2a1eea7334fe4ebca8adbc819008d69f [term 2 LEADER]: Committing config change with OpId 2.3: config changed from index -1 to 3, NON_VOTER 139977f4c42e4b469474739e9b072816 (127.19.164.4) added. New config: { opid_index: 3 OBSOLETE_local: false peers { permanent_uuid: "e47f76320c1d4f238bd816752e8b8b59" member_type: VOTER last_known_addr { host: "127.19.164.1" port: 34757 } } peers { permanent_uuid: "2a1eea7334fe4ebca8adbc819008d69f" member_type: VOTER last_known_addr { host: "127.19.164.2" port: 34453 } } peers { permanent_uuid: "b336b9d672e645cfa3feebb6ce3a7eba" member_type: VOTER last_known_addr { host: "127.19.164.3" port: 36213 } attrs { replace: true } } peers { permanent_uuid: "139977f4c42e4b469474739e9b072816" member_type: NON_VOTER last_known_addr { host: "127.19.164.4" port: 42293 } attrs { promote: true } } }
I20260630 12:30:49.800490 23067 raft_consensus.cc:2955] T be38131ef1c743589f58b54057f4f179 P e47f76320c1d4f238bd816752e8b8b59 [term 2 FOLLOWER]: Committing config change with OpId 2.3: config changed from index -1 to 3, NON_VOTER 139977f4c42e4b469474739e9b072816 (127.19.164.4) added. New config: { opid_index: 3 OBSOLETE_local: false peers { permanent_uuid: "e47f76320c1d4f238bd816752e8b8b59" member_type: VOTER last_known_addr { host: "127.19.164.1" port: 34757 } } peers { permanent_uuid: "2a1eea7334fe4ebca8adbc819008d69f" member_type: VOTER last_known_addr { host: "127.19.164.2" port: 34453 } } peers { permanent_uuid: "b336b9d672e645cfa3feebb6ce3a7eba" member_type: VOTER last_known_addr { host: "127.19.164.3" port: 36213 } attrs { replace: true } } peers { permanent_uuid: "139977f4c42e4b469474739e9b072816" member_type: NON_VOTER last_known_addr { host: "127.19.164.4" port: 42293 } attrs { promote: true } } }
I20260630 12:30:49.810305 23218 raft_consensus.cc:2955] T be38131ef1c743589f58b54057f4f179 P b336b9d672e645cfa3feebb6ce3a7eba [term 2 FOLLOWER]: Committing config change with OpId 2.3: config changed from index -1 to 3, NON_VOTER 139977f4c42e4b469474739e9b072816 (127.19.164.4) added. New config: { opid_index: 3 OBSOLETE_local: false peers { permanent_uuid: "e47f76320c1d4f238bd816752e8b8b59" member_type: VOTER last_known_addr { host: "127.19.164.1" port: 34757 } } peers { permanent_uuid: "2a1eea7334fe4ebca8adbc819008d69f" member_type: VOTER last_known_addr { host: "127.19.164.2" port: 34453 } } peers { permanent_uuid: "b336b9d672e645cfa3feebb6ce3a7eba" member_type: VOTER last_known_addr { host: "127.19.164.3" port: 36213 } attrs { replace: true } } peers { permanent_uuid: "139977f4c42e4b469474739e9b072816" member_type: NON_VOTER last_known_addr { host: "127.19.164.4" port: 42293 } attrs { promote: true } } }
I20260630 12:30:49.823676 22965 catalog_manager.cc:5697] T be38131ef1c743589f58b54057f4f179 P e47f76320c1d4f238bd816752e8b8b59 reported cstate change: config changed from index -1 to 3, NON_VOTER 139977f4c42e4b469474739e9b072816 (127.19.164.4) added. New cstate: current_term: 2 leader_uuid: "2a1eea7334fe4ebca8adbc819008d69f" committed_config { opid_index: 3 OBSOLETE_local: false peers { permanent_uuid: "e47f76320c1d4f238bd816752e8b8b59" member_type: VOTER last_known_addr { host: "127.19.164.1" port: 34757 } } peers { permanent_uuid: "2a1eea7334fe4ebca8adbc819008d69f" member_type: VOTER last_known_addr { host: "127.19.164.2" port: 34453 } } peers { permanent_uuid: "b336b9d672e645cfa3feebb6ce3a7eba" member_type: VOTER last_known_addr { host: "127.19.164.3" port: 36213 } attrs { replace: true } } peers { permanent_uuid: "139977f4c42e4b469474739e9b072816" member_type: NON_VOTER last_known_addr { host: "127.19.164.4" port: 42293 } attrs { promote: true } } }
I20260630 12:30:49.939529 23020 auto_leader_rebalancer.cc:141] leader rebalance for table range_aware_rebalance_new_range
I20260630 12:30:49.951363 23020 auto_leader_rebalancer.cc:440] table: range_aware_rebalance_new_range, leader rebalance finish, leader transfer count: 0
I20260630 12:30:49.951956 23020 auto_leader_rebalancer.cc:515] All tables' leader rebalancing finished this round
I20260630 12:30:50.175765 23637 ts_tablet_manager.cc:933] T be38131ef1c743589f58b54057f4f179 P 139977f4c42e4b469474739e9b072816: Initiating tablet copy from peer 2a1eea7334fe4ebca8adbc819008d69f (127.19.164.2:34453)
I20260630 12:30:50.177480 23637 tablet_copy_client.cc:323] T be38131ef1c743589f58b54057f4f179 P 139977f4c42e4b469474739e9b072816: tablet copy: Beginning tablet copy session from remote peer at address 127.19.164.2:34453
I20260630 12:30:50.179162 23154 tablet_copy_service.cc:140] P 2a1eea7334fe4ebca8adbc819008d69f: Received BeginTabletCopySession request for tablet be38131ef1c743589f58b54057f4f179 from peer 139977f4c42e4b469474739e9b072816 ({username='slave'} at 127.0.0.1:33168)
I20260630 12:30:50.179620 23154 tablet_copy_service.cc:161] P 2a1eea7334fe4ebca8adbc819008d69f: Beginning new tablet copy session on tablet be38131ef1c743589f58b54057f4f179 from peer 139977f4c42e4b469474739e9b072816 at {username='slave'} at 127.0.0.1:33168: session id = 139977f4c42e4b469474739e9b072816-be38131ef1c743589f58b54057f4f179
I20260630 12:30:50.184484 23154 tablet_copy_source_session.cc:215] T be38131ef1c743589f58b54057f4f179 P 2a1eea7334fe4ebca8adbc819008d69f: Tablet Copy: opened 0 blocks and 1 log segments
I20260630 12:30:50.187245 23637 data_dirs.cc:400] Could only allocate 1 dirs of requested 3 for tablet be38131ef1c743589f58b54057f4f179. 1 dirs total, 0 dirs full, 0 dirs failed
I20260630 12:30:50.199868 23637 tablet_copy_client.cc:806] T be38131ef1c743589f58b54057f4f179 P 139977f4c42e4b469474739e9b072816: tablet copy: Starting download of 0 data blocks...
I20260630 12:30:50.200476 23637 tablet_copy_client.cc:670] T be38131ef1c743589f58b54057f4f179 P 139977f4c42e4b469474739e9b072816: tablet copy: Starting download of 1 WAL segments...
I20260630 12:30:50.204844 23637 tablet_copy_client.cc:538] T be38131ef1c743589f58b54057f4f179 P 139977f4c42e4b469474739e9b072816: tablet copy: Tablet Copy complete. Replacing tablet superblock.
I20260630 12:30:50.213907 23637 tablet_bootstrap.cc:492] T be38131ef1c743589f58b54057f4f179 P 139977f4c42e4b469474739e9b072816: Bootstrap starting.
I20260630 12:30:50.231986 23637 tablet_bootstrap.cc:492] T be38131ef1c743589f58b54057f4f179 P 139977f4c42e4b469474739e9b072816: Bootstrap replayed 1/1 log segments. Stats: ops{read=3 overwritten=0 applied=3 ignored=0} inserts{seen=0 ignored=0} mutations{seen=0 ignored=0} orphaned_commits=0. Pending: 0 replicates
I20260630 12:30:50.232875 23637 tablet_bootstrap.cc:492] T be38131ef1c743589f58b54057f4f179 P 139977f4c42e4b469474739e9b072816: Bootstrap complete.
I20260630 12:30:50.233537 23637 ts_tablet_manager.cc:1403] T be38131ef1c743589f58b54057f4f179 P 139977f4c42e4b469474739e9b072816: Time spent bootstrapping tablet: real 0.020s	user 0.015s	sys 0.004s
I20260630 12:30:50.236428 23637 raft_consensus.cc:359] T be38131ef1c743589f58b54057f4f179 P 139977f4c42e4b469474739e9b072816 [term 2 LEARNER]: Replica starting. Triggering 0 pending ops. Active config: opid_index: 3 OBSOLETE_local: false peers { permanent_uuid: "e47f76320c1d4f238bd816752e8b8b59" member_type: VOTER last_known_addr { host: "127.19.164.1" port: 34757 } } peers { permanent_uuid: "2a1eea7334fe4ebca8adbc819008d69f" member_type: VOTER last_known_addr { host: "127.19.164.2" port: 34453 } } peers { permanent_uuid: "b336b9d672e645cfa3feebb6ce3a7eba" member_type: VOTER last_known_addr { host: "127.19.164.3" port: 36213 } attrs { replace: true } } peers { permanent_uuid: "139977f4c42e4b469474739e9b072816" member_type: NON_VOTER last_known_addr { host: "127.19.164.4" port: 42293 } attrs { promote: true } }
I20260630 12:30:50.237308 23637 raft_consensus.cc:740] T be38131ef1c743589f58b54057f4f179 P 139977f4c42e4b469474739e9b072816 [term 2 LEARNER]: Becoming Follower/Learner. State: Replica: 139977f4c42e4b469474739e9b072816, State: Initialized, Role: LEARNER
I20260630 12:30:50.237988 23637 consensus_queue.cc:260] T be38131ef1c743589f58b54057f4f179 P 139977f4c42e4b469474739e9b072816 [NON_LEADER]: Queue going to NON_LEADER mode. State: All replicated index: 0, Majority replicated index: 0, Committed index: 3, Last appended: 2.3, Last appended by leader: 3, Current term: 0, Majority size: -1, State: 0, Mode: NON_LEADER, active raft config: opid_index: 3 OBSOLETE_local: false peers { permanent_uuid: "e47f76320c1d4f238bd816752e8b8b59" member_type: VOTER last_known_addr { host: "127.19.164.1" port: 34757 } } peers { permanent_uuid: "2a1eea7334fe4ebca8adbc819008d69f" member_type: VOTER last_known_addr { host: "127.19.164.2" port: 34453 } } peers { permanent_uuid: "b336b9d672e645cfa3feebb6ce3a7eba" member_type: VOTER last_known_addr { host: "127.19.164.3" port: 36213 } attrs { replace: true } } peers { permanent_uuid: "139977f4c42e4b469474739e9b072816" member_type: NON_VOTER last_known_addr { host: "127.19.164.4" port: 42293 } attrs { promote: true } }
I20260630 12:30:50.241618 23637 ts_tablet_manager.cc:1434] T be38131ef1c743589f58b54057f4f179 P 139977f4c42e4b469474739e9b072816: Time spent starting tablet: real 0.008s	user 0.008s	sys 0.000s
I20260630 12:30:50.243238 23154 tablet_copy_service.cc:342] P 2a1eea7334fe4ebca8adbc819008d69f: Request end of tablet copy session 139977f4c42e4b469474739e9b072816-be38131ef1c743589f58b54057f4f179 received from {username='slave'} at 127.0.0.1:33168
I20260630 12:30:50.243674 23154 tablet_copy_service.cc:434] P 2a1eea7334fe4ebca8adbc819008d69f: ending tablet copy session 139977f4c42e4b469474739e9b072816-be38131ef1c743589f58b54057f4f179 on tablet be38131ef1c743589f58b54057f4f179 with peer 139977f4c42e4b469474739e9b072816
I20260630 12:30:50.638643 23377 raft_consensus.cc:1217] T be38131ef1c743589f58b54057f4f179 P 139977f4c42e4b469474739e9b072816 [term 2 LEARNER]: Deduplicated request from leader. Original: 2.2->[2.3-2.3]   Dedup: 2.3->[]
I20260630 12:30:51.240846 23640 raft_consensus.cc:1064] T be38131ef1c743589f58b54057f4f179 P 2a1eea7334fe4ebca8adbc819008d69f: attempting to promote NON_VOTER 139977f4c42e4b469474739e9b072816 to VOTER
I20260630 12:30:51.243920 23640 consensus_queue.cc:237] T be38131ef1c743589f58b54057f4f179 P 2a1eea7334fe4ebca8adbc819008d69f [LEADER]: Queue going to LEADER mode. State: All replicated index: 0, Majority replicated index: 3, Committed index: 3, Last appended: 2.3, Last appended by leader: 1, Current term: 2, Majority size: 3, State: 0, Mode: LEADER, active raft config: opid_index: 4 OBSOLETE_local: false peers { permanent_uuid: "e47f76320c1d4f238bd816752e8b8b59" member_type: VOTER last_known_addr { host: "127.19.164.1" port: 34757 } } peers { permanent_uuid: "2a1eea7334fe4ebca8adbc819008d69f" member_type: VOTER last_known_addr { host: "127.19.164.2" port: 34453 } } peers { permanent_uuid: "b336b9d672e645cfa3feebb6ce3a7eba" member_type: VOTER last_known_addr { host: "127.19.164.3" port: 36213 } attrs { replace: true } } peers { permanent_uuid: "139977f4c42e4b469474739e9b072816" member_type: VOTER last_known_addr { host: "127.19.164.4" port: 42293 } attrs { promote: false } }
I20260630 12:30:51.253299 23216 raft_consensus.cc:1275] T be38131ef1c743589f58b54057f4f179 P b336b9d672e645cfa3feebb6ce3a7eba [term 2 FOLLOWER]: Refusing update from remote peer 2a1eea7334fe4ebca8adbc819008d69f: Log matching property violated. Preceding OpId in replica: term: 2 index: 3. Preceding OpId from leader: term: 2 index: 4. (index mismatch)
I20260630 12:30:51.254009 23377 raft_consensus.cc:1275] T be38131ef1c743589f58b54057f4f179 P 139977f4c42e4b469474739e9b072816 [term 2 LEARNER]: Refusing update from remote peer 2a1eea7334fe4ebca8adbc819008d69f: Log matching property violated. Preceding OpId in replica: term: 2 index: 3. Preceding OpId from leader: term: 2 index: 4. (index mismatch)
I20260630 12:30:51.255239 23068 raft_consensus.cc:1275] T be38131ef1c743589f58b54057f4f179 P e47f76320c1d4f238bd816752e8b8b59 [term 2 FOLLOWER]: Refusing update from remote peer 2a1eea7334fe4ebca8adbc819008d69f: Log matching property violated. Preceding OpId in replica: term: 2 index: 3. Preceding OpId from leader: term: 2 index: 4. (index mismatch)
I20260630 12:30:51.255868 23642 consensus_queue.cc:1048] T be38131ef1c743589f58b54057f4f179 P 2a1eea7334fe4ebca8adbc819008d69f [LEADER]: Connected to new peer: Peer: permanent_uuid: "b336b9d672e645cfa3feebb6ce3a7eba" member_type: VOTER last_known_addr { host: "127.19.164.3" port: 36213 } attrs { replace: true }, Status: LMP_MISMATCH, Last received: 0.0, Next index: 4, Last known committed idx: 3, Time since last communication: 0.001s
I20260630 12:30:51.256862 23644 consensus_queue.cc:1048] T be38131ef1c743589f58b54057f4f179 P 2a1eea7334fe4ebca8adbc819008d69f [LEADER]: Connected to new peer: Peer: permanent_uuid: "e47f76320c1d4f238bd816752e8b8b59" member_type: VOTER last_known_addr { host: "127.19.164.1" port: 34757 }, Status: LMP_MISMATCH, Last received: 0.0, Next index: 4, Last known committed idx: 3, Time since last communication: 0.000s
I20260630 12:30:51.257664 23640 consensus_queue.cc:1048] T be38131ef1c743589f58b54057f4f179 P 2a1eea7334fe4ebca8adbc819008d69f [LEADER]: Connected to new peer: Peer: permanent_uuid: "139977f4c42e4b469474739e9b072816" member_type: VOTER last_known_addr { host: "127.19.164.4" port: 42293 } attrs { promote: false }, Status: LMP_MISMATCH, Last received: 0.0, Next index: 4, Last known committed idx: 3, Time since last communication: 0.000s
I20260630 12:30:51.278769 23640 raft_consensus.cc:2955] T be38131ef1c743589f58b54057f4f179 P 2a1eea7334fe4ebca8adbc819008d69f [term 2 LEADER]: Committing config change with OpId 2.4: config changed from index 3 to 4, 139977f4c42e4b469474739e9b072816 (127.19.164.4) changed from NON_VOTER to VOTER. New config: { opid_index: 4 OBSOLETE_local: false peers { permanent_uuid: "e47f76320c1d4f238bd816752e8b8b59" member_type: VOTER last_known_addr { host: "127.19.164.1" port: 34757 } } peers { permanent_uuid: "2a1eea7334fe4ebca8adbc819008d69f" member_type: VOTER last_known_addr { host: "127.19.164.2" port: 34453 } } peers { permanent_uuid: "b336b9d672e645cfa3feebb6ce3a7eba" member_type: VOTER last_known_addr { host: "127.19.164.3" port: 36213 } attrs { replace: true } } peers { permanent_uuid: "139977f4c42e4b469474739e9b072816" member_type: VOTER last_known_addr { host: "127.19.164.4" port: 42293 } attrs { promote: false } } }
I20260630 12:30:51.280556 23379 raft_consensus.cc:2955] T be38131ef1c743589f58b54057f4f179 P 139977f4c42e4b469474739e9b072816 [term 2 FOLLOWER]: Committing config change with OpId 2.4: config changed from index 3 to 4, 139977f4c42e4b469474739e9b072816 (127.19.164.4) changed from NON_VOTER to VOTER. New config: { opid_index: 4 OBSOLETE_local: false peers { permanent_uuid: "e47f76320c1d4f238bd816752e8b8b59" member_type: VOTER last_known_addr { host: "127.19.164.1" port: 34757 } } peers { permanent_uuid: "2a1eea7334fe4ebca8adbc819008d69f" member_type: VOTER last_known_addr { host: "127.19.164.2" port: 34453 } } peers { permanent_uuid: "b336b9d672e645cfa3feebb6ce3a7eba" member_type: VOTER last_known_addr { host: "127.19.164.3" port: 36213 } attrs { replace: true } } peers { permanent_uuid: "139977f4c42e4b469474739e9b072816" member_type: VOTER last_known_addr { host: "127.19.164.4" port: 42293 } attrs { promote: false } } }
I20260630 12:30:51.287081 23218 raft_consensus.cc:2955] T be38131ef1c743589f58b54057f4f179 P b336b9d672e645cfa3feebb6ce3a7eba [term 2 FOLLOWER]: Committing config change with OpId 2.4: config changed from index 3 to 4, 139977f4c42e4b469474739e9b072816 (127.19.164.4) changed from NON_VOTER to VOTER. New config: { opid_index: 4 OBSOLETE_local: false peers { permanent_uuid: "e47f76320c1d4f238bd816752e8b8b59" member_type: VOTER last_known_addr { host: "127.19.164.1" port: 34757 } } peers { permanent_uuid: "2a1eea7334fe4ebca8adbc819008d69f" member_type: VOTER last_known_addr { host: "127.19.164.2" port: 34453 } } peers { permanent_uuid: "b336b9d672e645cfa3feebb6ce3a7eba" member_type: VOTER last_known_addr { host: "127.19.164.3" port: 36213 } attrs { replace: true } } peers { permanent_uuid: "139977f4c42e4b469474739e9b072816" member_type: VOTER last_known_addr { host: "127.19.164.4" port: 42293 } attrs { promote: false } } }
I20260630 12:30:51.295825 23068 raft_consensus.cc:2955] T be38131ef1c743589f58b54057f4f179 P e47f76320c1d4f238bd816752e8b8b59 [term 2 FOLLOWER]: Committing config change with OpId 2.4: config changed from index 3 to 4, 139977f4c42e4b469474739e9b072816 (127.19.164.4) changed from NON_VOTER to VOTER. New config: { opid_index: 4 OBSOLETE_local: false peers { permanent_uuid: "e47f76320c1d4f238bd816752e8b8b59" member_type: VOTER last_known_addr { host: "127.19.164.1" port: 34757 } } peers { permanent_uuid: "2a1eea7334fe4ebca8adbc819008d69f" member_type: VOTER last_known_addr { host: "127.19.164.2" port: 34453 } } peers { permanent_uuid: "b336b9d672e645cfa3feebb6ce3a7eba" member_type: VOTER last_known_addr { host: "127.19.164.3" port: 36213 } attrs { replace: true } } peers { permanent_uuid: "139977f4c42e4b469474739e9b072816" member_type: VOTER last_known_addr { host: "127.19.164.4" port: 42293 } attrs { promote: false } } }
I20260630 12:30:51.296798 22964 catalog_manager.cc:5697] T be38131ef1c743589f58b54057f4f179 P 139977f4c42e4b469474739e9b072816 reported cstate change: config changed from index 3 to 4, 139977f4c42e4b469474739e9b072816 (127.19.164.4) changed from NON_VOTER to VOTER. New cstate: current_term: 2 leader_uuid: "2a1eea7334fe4ebca8adbc819008d69f" committed_config { opid_index: 4 OBSOLETE_local: false peers { permanent_uuid: "e47f76320c1d4f238bd816752e8b8b59" member_type: VOTER last_known_addr { host: "127.19.164.1" port: 34757 } } peers { permanent_uuid: "2a1eea7334fe4ebca8adbc819008d69f" member_type: VOTER last_known_addr { host: "127.19.164.2" port: 34453 } } peers { permanent_uuid: "b336b9d672e645cfa3feebb6ce3a7eba" member_type: VOTER last_known_addr { host: "127.19.164.3" port: 36213 } attrs { replace: true } } peers { permanent_uuid: "139977f4c42e4b469474739e9b072816" member_type: VOTER last_known_addr { host: "127.19.164.4" port: 42293 } attrs { promote: false } } }
I20260630 12:30:51.330343 23144 consensus_queue.cc:237] T be38131ef1c743589f58b54057f4f179 P 2a1eea7334fe4ebca8adbc819008d69f [LEADER]: Queue going to LEADER mode. State: All replicated index: 0, Majority replicated index: 4, Committed index: 4, Last appended: 2.4, Last appended by leader: 1, Current term: 2, Majority size: 2, State: 0, Mode: LEADER, active raft config: opid_index: 5 OBSOLETE_local: false peers { permanent_uuid: "e47f76320c1d4f238bd816752e8b8b59" member_type: VOTER last_known_addr { host: "127.19.164.1" port: 34757 } } peers { permanent_uuid: "2a1eea7334fe4ebca8adbc819008d69f" member_type: VOTER last_known_addr { host: "127.19.164.2" port: 34453 } } peers { permanent_uuid: "139977f4c42e4b469474739e9b072816" member_type: VOTER last_known_addr { host: "127.19.164.4" port: 42293 } attrs { promote: false } }
I20260630 12:30:51.335088 23379 raft_consensus.cc:1275] T be38131ef1c743589f58b54057f4f179 P 139977f4c42e4b469474739e9b072816 [term 2 FOLLOWER]: Refusing update from remote peer 2a1eea7334fe4ebca8adbc819008d69f: Log matching property violated. Preceding OpId in replica: term: 2 index: 4. Preceding OpId from leader: term: 2 index: 5. (index mismatch)
I20260630 12:30:51.336161 23068 raft_consensus.cc:1275] T be38131ef1c743589f58b54057f4f179 P e47f76320c1d4f238bd816752e8b8b59 [term 2 FOLLOWER]: Refusing update from remote peer 2a1eea7334fe4ebca8adbc819008d69f: Log matching property violated. Preceding OpId in replica: term: 2 index: 4. Preceding OpId from leader: term: 2 index: 5. (index mismatch)
I20260630 12:30:51.337006 23644 consensus_queue.cc:1048] T be38131ef1c743589f58b54057f4f179 P 2a1eea7334fe4ebca8adbc819008d69f [LEADER]: Connected to new peer: Peer: permanent_uuid: "139977f4c42e4b469474739e9b072816" member_type: VOTER last_known_addr { host: "127.19.164.4" port: 42293 } attrs { promote: false }, Status: LMP_MISMATCH, Last received: 0.0, Next index: 5, Last known committed idx: 4, Time since last communication: 0.000s
I20260630 12:30:51.337910 23640 consensus_queue.cc:1048] T be38131ef1c743589f58b54057f4f179 P 2a1eea7334fe4ebca8adbc819008d69f [LEADER]: Connected to new peer: Peer: permanent_uuid: "e47f76320c1d4f238bd816752e8b8b59" member_type: VOTER last_known_addr { host: "127.19.164.1" port: 34757 }, Status: LMP_MISMATCH, Last received: 0.0, Next index: 5, Last known committed idx: 4, Time since last communication: 0.000s
I20260630 12:30:51.343832 23640 raft_consensus.cc:2955] T be38131ef1c743589f58b54057f4f179 P 2a1eea7334fe4ebca8adbc819008d69f [term 2 LEADER]: Committing config change with OpId 2.5: config changed from index 4 to 5, VOTER b336b9d672e645cfa3feebb6ce3a7eba (127.19.164.3) evicted. New config: { opid_index: 5 OBSOLETE_local: false peers { permanent_uuid: "e47f76320c1d4f238bd816752e8b8b59" member_type: VOTER last_known_addr { host: "127.19.164.1" port: 34757 } } peers { permanent_uuid: "2a1eea7334fe4ebca8adbc819008d69f" member_type: VOTER last_known_addr { host: "127.19.164.2" port: 34453 } } peers { permanent_uuid: "139977f4c42e4b469474739e9b072816" member_type: VOTER last_known_addr { host: "127.19.164.4" port: 42293 } attrs { promote: false } } }
I20260630 12:30:51.345542 23068 raft_consensus.cc:2955] T be38131ef1c743589f58b54057f4f179 P e47f76320c1d4f238bd816752e8b8b59 [term 2 FOLLOWER]: Committing config change with OpId 2.5: config changed from index 4 to 5, VOTER b336b9d672e645cfa3feebb6ce3a7eba (127.19.164.3) evicted. New config: { opid_index: 5 OBSOLETE_local: false peers { permanent_uuid: "e47f76320c1d4f238bd816752e8b8b59" member_type: VOTER last_known_addr { host: "127.19.164.1" port: 34757 } } peers { permanent_uuid: "2a1eea7334fe4ebca8adbc819008d69f" member_type: VOTER last_known_addr { host: "127.19.164.2" port: 34453 } } peers { permanent_uuid: "139977f4c42e4b469474739e9b072816" member_type: VOTER last_known_addr { host: "127.19.164.4" port: 42293 } attrs { promote: false } } }
I20260630 12:30:51.347438 23379 raft_consensus.cc:2955] T be38131ef1c743589f58b54057f4f179 P 139977f4c42e4b469474739e9b072816 [term 2 FOLLOWER]: Committing config change with OpId 2.5: config changed from index 4 to 5, VOTER b336b9d672e645cfa3feebb6ce3a7eba (127.19.164.3) evicted. New config: { opid_index: 5 OBSOLETE_local: false peers { permanent_uuid: "e47f76320c1d4f238bd816752e8b8b59" member_type: VOTER last_known_addr { host: "127.19.164.1" port: 34757 } } peers { permanent_uuid: "2a1eea7334fe4ebca8adbc819008d69f" member_type: VOTER last_known_addr { host: "127.19.164.2" port: 34453 } } peers { permanent_uuid: "139977f4c42e4b469474739e9b072816" member_type: VOTER last_known_addr { host: "127.19.164.4" port: 42293 } attrs { promote: false } } }
I20260630 12:30:51.354387 22951 catalog_manager.cc:5210] ChangeConfig:REMOVE_PEER RPC for tablet be38131ef1c743589f58b54057f4f179 with cas_config_opid_index 4: ChangeConfig:REMOVE_PEER succeeded (attempt 1)
I20260630 12:30:51.358443 22966 catalog_manager.cc:5697] T be38131ef1c743589f58b54057f4f179 P e47f76320c1d4f238bd816752e8b8b59 reported cstate change: config changed from index 4 to 5, VOTER b336b9d672e645cfa3feebb6ce3a7eba (127.19.164.3) evicted. New cstate: current_term: 2 leader_uuid: "2a1eea7334fe4ebca8adbc819008d69f" committed_config { opid_index: 5 OBSOLETE_local: false peers { permanent_uuid: "e47f76320c1d4f238bd816752e8b8b59" member_type: VOTER last_known_addr { host: "127.19.164.1" port: 34757 } } peers { permanent_uuid: "2a1eea7334fe4ebca8adbc819008d69f" member_type: VOTER last_known_addr { host: "127.19.164.2" port: 34453 } } peers { permanent_uuid: "139977f4c42e4b469474739e9b072816" member_type: VOTER last_known_addr { host: "127.19.164.4" port: 42293 } attrs { promote: false } } }
I20260630 12:30:51.371497 23203 tablet_service.cc:1558] Processing DeleteTablet for tablet be38131ef1c743589f58b54057f4f179 with delete_type TABLET_DATA_TOMBSTONED (TS b336b9d672e645cfa3feebb6ce3a7eba not found in new config with opid_index 5) from {username='slave'} at 127.0.0.1:51226
I20260630 12:30:51.378013 23653 tablet_replica.cc:333] T be38131ef1c743589f58b54057f4f179 P b336b9d672e645cfa3feebb6ce3a7eba: stopping tablet replica
I20260630 12:30:51.378933 23653 raft_consensus.cc:2243] T be38131ef1c743589f58b54057f4f179 P b336b9d672e645cfa3feebb6ce3a7eba [term 2 FOLLOWER]: Raft consensus shutting down.
I20260630 12:30:51.379546 23653 raft_consensus.cc:2272] T be38131ef1c743589f58b54057f4f179 P b336b9d672e645cfa3feebb6ce3a7eba [term 2 FOLLOWER]: Raft consensus is shut down!
I20260630 12:30:51.382588 23653 ts_tablet_manager.cc:1916] T be38131ef1c743589f58b54057f4f179 P b336b9d672e645cfa3feebb6ce3a7eba: Deleting tablet data with delete state TABLET_DATA_TOMBSTONED
I20260630 12:30:51.395906 23653 ts_tablet_manager.cc:1929] T be38131ef1c743589f58b54057f4f179 P b336b9d672e645cfa3feebb6ce3a7eba: tablet deleted with delete type TABLET_DATA_TOMBSTONED: last-logged OpId 2.4
I20260630 12:30:51.396237 23653 log.cc:1199] T be38131ef1c743589f58b54057f4f179 P b336b9d672e645cfa3feebb6ce3a7eba: Deleting WAL directory at /tmp/dist-test-tasksMiujh/test-tmp/auto_rebalancer-test.0.AutoRebalancerTest.RangeAwareRebalancesNewRangeReplicas.1782822560574941-20112-0/minicluster-data/ts-2-root/wals/be38131ef1c743589f58b54057f4f179
I20260630 12:30:51.397964 22952 catalog_manager.cc:5028] TS b336b9d672e645cfa3feebb6ce3a7eba (127.19.164.3:36213): tablet be38131ef1c743589f58b54057f4f179 (table range_aware_rebalance_new_range [id=0b4b944f5dfe444f9291ab59afaef941]) successfully deleted
I20260630 12:30:51.953071 23020 auto_leader_rebalancer.cc:141] leader rebalance for table range_aware_rebalance_new_range
I20260630 12:30:51.965229 23020 auto_leader_rebalancer.cc:440] table: range_aware_rebalance_new_range, leader rebalance finish, leader transfer count: 0
I20260630 12:30:51.965785 23020 auto_leader_rebalancer.cc:515] All tables' leader rebalancing finished this round
I20260630 12:30:52.247233 20112 tablet_server.cc:179] TabletServer@127.19.164.1:0 shutting down...
I20260630 12:30:52.272783 20112 ts_tablet_manager.cc:1507] Shutting down tablet manager...
I20260630 12:30:52.273610 20112 tablet_replica.cc:333] T 72e9f4c450784cffbe7eacda8de0aaea P e47f76320c1d4f238bd816752e8b8b59: stopping tablet replica
I20260630 12:30:52.274446 20112 raft_consensus.cc:2243] T 72e9f4c450784cffbe7eacda8de0aaea P e47f76320c1d4f238bd816752e8b8b59 [term 1 FOLLOWER]: Raft consensus shutting down.
I20260630 12:30:52.275172 20112 raft_consensus.cc:2272] T 72e9f4c450784cffbe7eacda8de0aaea P e47f76320c1d4f238bd816752e8b8b59 [term 1 FOLLOWER]: Raft consensus is shut down!
I20260630 12:30:52.277254 20112 tablet_replica.cc:333] T 8c92845d1ab84741bf4bcbc272f7dc3e P e47f76320c1d4f238bd816752e8b8b59: stopping tablet replica
I20260630 12:30:52.277794 20112 raft_consensus.cc:2243] T 8c92845d1ab84741bf4bcbc272f7dc3e P e47f76320c1d4f238bd816752e8b8b59 [term 2 FOLLOWER]: Raft consensus shutting down.
I20260630 12:30:52.278224 20112 raft_consensus.cc:2272] T 8c92845d1ab84741bf4bcbc272f7dc3e P e47f76320c1d4f238bd816752e8b8b59 [term 2 FOLLOWER]: Raft consensus is shut down!
I20260630 12:30:52.280200 20112 tablet_replica.cc:333] T 09a515a444f4469c8def159af31ecdcc P e47f76320c1d4f238bd816752e8b8b59: stopping tablet replica
I20260630 12:30:52.280954 20112 raft_consensus.cc:2243] T 09a515a444f4469c8def159af31ecdcc P e47f76320c1d4f238bd816752e8b8b59 [term 2 FOLLOWER]: Raft consensus shutting down.
I20260630 12:30:52.281540 20112 raft_consensus.cc:2272] T 09a515a444f4469c8def159af31ecdcc P e47f76320c1d4f238bd816752e8b8b59 [term 2 FOLLOWER]: Raft consensus is shut down!
I20260630 12:30:52.283624 20112 tablet_replica.cc:333] T be38131ef1c743589f58b54057f4f179 P e47f76320c1d4f238bd816752e8b8b59: stopping tablet replica
I20260630 12:30:52.284204 20112 raft_consensus.cc:2243] T be38131ef1c743589f58b54057f4f179 P e47f76320c1d4f238bd816752e8b8b59 [term 2 FOLLOWER]: Raft consensus shutting down.
I20260630 12:30:52.284722 20112 raft_consensus.cc:2272] T be38131ef1c743589f58b54057f4f179 P e47f76320c1d4f238bd816752e8b8b59 [term 2 FOLLOWER]: Raft consensus is shut down!
I20260630 12:30:52.287209 20112 tablet_replica.cc:333] T b6cb93874a9147909d7382b3a9adae55 P e47f76320c1d4f238bd816752e8b8b59: stopping tablet replica
I20260630 12:30:52.287765 20112 raft_consensus.cc:2243] T b6cb93874a9147909d7382b3a9adae55 P e47f76320c1d4f238bd816752e8b8b59 [term 2 FOLLOWER]: Raft consensus shutting down.
I20260630 12:30:52.288250 20112 raft_consensus.cc:2272] T b6cb93874a9147909d7382b3a9adae55 P e47f76320c1d4f238bd816752e8b8b59 [term 2 FOLLOWER]: Raft consensus is shut down!
I20260630 12:30:52.290027 20112 tablet_replica.cc:333] T 96a952c292d54a66ab7a4b3a14db79e0 P e47f76320c1d4f238bd816752e8b8b59: stopping tablet replica
I20260630 12:30:52.290576 20112 raft_consensus.cc:2243] T 96a952c292d54a66ab7a4b3a14db79e0 P e47f76320c1d4f238bd816752e8b8b59 [term 3 FOLLOWER]: Raft consensus shutting down.
I20260630 12:30:52.291253 20112 raft_consensus.cc:2272] T 96a952c292d54a66ab7a4b3a14db79e0 P e47f76320c1d4f238bd816752e8b8b59 [term 3 FOLLOWER]: Raft consensus is shut down!
I20260630 12:30:52.294708 20112 tablet_replica.cc:333] T 166f4d23947c4d4592a087e332b1c092 P e47f76320c1d4f238bd816752e8b8b59: stopping tablet replica
W20260630 12:30:52.295261 23339 proxy.cc:239] Call had error, refreshing address and retrying: Remote error: Service unavailable: service kudu.consensus.ConsensusService not registered on TabletServer
I20260630 12:30:52.295472 20112 raft_consensus.cc:2243] T 166f4d23947c4d4592a087e332b1c092 P e47f76320c1d4f238bd816752e8b8b59 [term 1 LEADER]: Raft consensus shutting down.
I20260630 12:30:52.296831 20112 raft_consensus.cc:2272] T 166f4d23947c4d4592a087e332b1c092 P e47f76320c1d4f238bd816752e8b8b59 [term 1 FOLLOWER]: Raft consensus is shut down!
I20260630 12:30:52.299569 20112 tablet_replica.cc:333] T 88ba47064ece4d06a7ef0d08a97c5f1e P e47f76320c1d4f238bd816752e8b8b59: stopping tablet replica
W20260630 12:30:52.299887 23339 consensus_peers.cc:597] T 8c92845d1ab84741bf4bcbc272f7dc3e P 139977f4c42e4b469474739e9b072816 -> Peer e47f76320c1d4f238bd816752e8b8b59 (127.19.164.1:34757): Couldn't send request to peer e47f76320c1d4f238bd816752e8b8b59. Status: Remote error: Service unavailable: service kudu.consensus.ConsensusService not registered on TabletServer. This is attempt 1: this message will repeat every 5th retry.
I20260630 12:30:52.300208 20112 raft_consensus.cc:2243] T 88ba47064ece4d06a7ef0d08a97c5f1e P e47f76320c1d4f238bd816752e8b8b59 [term 1 LEADER]: Raft consensus shutting down.
