I20260630 12:30:49.009925 23273 tablet_service.cc:1917] Received RequestConsensusVote() RPC: tablet_id: "f79e3117bd6f442ba21a66143d5b6e21" candidate_uuid: "4aa70c8a9602486986e78d8b7f05c4f1" candidate_term: 1 candidate_status { last_received { term: 0 index: 0 } } ignore_live_leader: false dest_uuid: "bf1404a5b9ad4274b1e68261eafee5e6"
I20260630 12:30:49.010804 23275 tablet_service.cc:1917] Received RequestConsensusVote() RPC: tablet_id: "f79e3117bd6f442ba21a66143d5b6e21" candidate_uuid: "4aa70c8a9602486986e78d8b7f05c4f1" candidate_term: 1 candidate_status { last_received { term: 0 index: 0 } } ignore_live_leader: false dest_uuid: "bf1404a5b9ad4274b1e68261eafee5e6" is_pre_election: true
I20260630 12:30:49.010294 23322 tablet_bootstrap.cc:492] T 95344afea86c4a7f8b699492f48eea9f P bf1404a5b9ad4274b1e68261eafee5e6: No bootstrap required, opened a new log
I20260630 12:30:49.012009 23322 ts_tablet_manager.cc:1403] T 95344afea86c4a7f8b699492f48eea9f P bf1404a5b9ad4274b1e68261eafee5e6: Time spent bootstrapping tablet: real 0.100s	user 0.026s	sys 0.020s
I20260630 12:30:48.980564 23342 raft_consensus.cc:697] T 575f5e0c1351443ea44761f02b90b4ce P 8773efad03d040cbaf562a1cbf334966 [term 1 LEADER]: Becoming Leader. State: Replica: 8773efad03d040cbaf562a1cbf334966, State: Running, Role: LEADER
I20260630 12:30:49.013823 23342 consensus_queue.cc:237] T 575f5e0c1351443ea44761f02b90b4ce P 8773efad03d040cbaf562a1cbf334966 [LEADER]: Queue going to LEADER mode. State: All replicated index: 0, Majority replicated index: 0, Committed index: 0, Last appended: 0.0, Last appended by leader: 0, Current term: 1, Majority size: 2, State: 0, Mode: LEADER, active raft config: opid_index: -1 OBSOLETE_local: false peers { permanent_uuid: "8773efad03d040cbaf562a1cbf334966" member_type: VOTER last_known_addr { host: "127.19.169.193" port: 39115 } } peers { permanent_uuid: "4aa70c8a9602486986e78d8b7f05c4f1" member_type: VOTER last_known_addr { host: "127.19.169.194" port: 33399 } } peers { permanent_uuid: "bf1404a5b9ad4274b1e68261eafee5e6" member_type: VOTER last_known_addr { host: "127.19.169.195" port: 46865 } }
I20260630 12:30:49.014981 23322 raft_consensus.cc:359] T 95344afea86c4a7f8b699492f48eea9f P bf1404a5b9ad4274b1e68261eafee5e6 [term 0 FOLLOWER]: Replica starting. Triggering 0 pending ops. Active config: opid_index: -1 OBSOLETE_local: false peers { permanent_uuid: "8773efad03d040cbaf562a1cbf334966" member_type: VOTER last_known_addr { host: "127.19.169.193" port: 39115 } } peers { permanent_uuid: "4aa70c8a9602486986e78d8b7f05c4f1" member_type: VOTER last_known_addr { host: "127.19.169.194" port: 33399 } } peers { permanent_uuid: "bf1404a5b9ad4274b1e68261eafee5e6" member_type: VOTER last_known_addr { host: "127.19.169.195" port: 46865 } }
I20260630 12:30:49.015719 23322 raft_consensus.cc:385] T 95344afea86c4a7f8b699492f48eea9f P bf1404a5b9ad4274b1e68261eafee5e6 [term 0 FOLLOWER]: Consensus starting up: Expiring failure detector timer to make a prompt election more likely
I20260630 12:30:49.016000 23322 raft_consensus.cc:740] T 95344afea86c4a7f8b699492f48eea9f P bf1404a5b9ad4274b1e68261eafee5e6 [term 0 FOLLOWER]: Becoming Follower/Learner. State: Replica: bf1404a5b9ad4274b1e68261eafee5e6, State: Initialized, Role: FOLLOWER
I20260630 12:30:49.016681 23322 consensus_queue.cc:260] T 95344afea86c4a7f8b699492f48eea9f P bf1404a5b9ad4274b1e68261eafee5e6 [NON_LEADER]: Queue going to NON_LEADER mode. State: All replicated index: 0, Majority replicated index: 0, Committed index: 0, Last appended: 0.0, Last appended by leader: 0, Current term: 0, Majority size: -1, State: 0, Mode: NON_LEADER, active raft config: opid_index: -1 OBSOLETE_local: false peers { permanent_uuid: "8773efad03d040cbaf562a1cbf334966" member_type: VOTER last_known_addr { host: "127.19.169.193" port: 39115 } } peers { permanent_uuid: "4aa70c8a9602486986e78d8b7f05c4f1" member_type: VOTER last_known_addr { host: "127.19.169.194" port: 33399 } } peers { permanent_uuid: "bf1404a5b9ad4274b1e68261eafee5e6" member_type: VOTER last_known_addr { host: "127.19.169.195" port: 46865 } }
I20260630 12:30:49.017812 23023 catalog_manager.cc:5697] T 875944f0773c4af5bc600822ee51f794 P 8773efad03d040cbaf562a1cbf334966 reported cstate change: term changed from 0 to 1, leader changed from <none> to 8773efad03d040cbaf562a1cbf334966 (127.19.169.193). New cstate: current_term: 1 leader_uuid: "8773efad03d040cbaf562a1cbf334966" committed_config { opid_index: -1 OBSOLETE_local: false peers { permanent_uuid: "4aa70c8a9602486986e78d8b7f05c4f1" member_type: VOTER last_known_addr { host: "127.19.169.194" port: 33399 } health_report { overall_health: UNKNOWN } } peers { permanent_uuid: "bf1404a5b9ad4274b1e68261eafee5e6" member_type: VOTER last_known_addr { host: "127.19.169.195" port: 46865 } health_report { overall_health: UNKNOWN } } peers { permanent_uuid: "8773efad03d040cbaf562a1cbf334966" member_type: VOTER last_known_addr { host: "127.19.169.193" port: 39115 } health_report { overall_health: HEALTHY } } }
I20260630 12:30:49.021533 23322 ts_tablet_manager.cc:1434] T 95344afea86c4a7f8b699492f48eea9f P bf1404a5b9ad4274b1e68261eafee5e6: Time spent starting tablet: real 0.009s	user 0.006s	sys 0.001s
I20260630 12:30:49.022670 23322 tablet_bootstrap.cc:492] T a7c809b0c0aa412888ff29cf9cab56a9 P bf1404a5b9ad4274b1e68261eafee5e6: Bootstrap starting.
I20260630 12:30:49.027880 23322 tablet_bootstrap.cc:654] T a7c809b0c0aa412888ff29cf9cab56a9 P bf1404a5b9ad4274b1e68261eafee5e6: Neither blocks nor log segments found. Creating new log.
I20260630 12:30:49.005515 23324 leader_election.cc:290] T f79e3117bd6f442ba21a66143d5b6e21 P 8773efad03d040cbaf562a1cbf334966 [CANDIDATE]: Term 2 election: Requested vote from peers 4aa70c8a9602486986e78d8b7f05c4f1 (127.19.169.194:33399), bf1404a5b9ad4274b1e68261eafee5e6 (127.19.169.195:46865)
I20260630 12:30:49.034212 23200 tablet_service.cc:1917] Received RequestConsensusVote() RPC: tablet_id: "f79e3117bd6f442ba21a66143d5b6e21" candidate_uuid: "8773efad03d040cbaf562a1cbf334966" candidate_term: 2 candidate_status { last_received { term: 0 index: 0 } } ignore_live_leader: false dest_uuid: "4aa70c8a9602486986e78d8b7f05c4f1"
I20260630 12:30:49.037369 23320 tablet_bootstrap.cc:492] T a7c809b0c0aa412888ff29cf9cab56a9 P 8773efad03d040cbaf562a1cbf334966: No bootstrap required, opened a new log
I20260630 12:30:49.038146 23320 ts_tablet_manager.cc:1403] T a7c809b0c0aa412888ff29cf9cab56a9 P 8773efad03d040cbaf562a1cbf334966: Time spent bootstrapping tablet: real 0.105s	user 0.011s	sys 0.013s
I20260630 12:30:49.034035 23201 tablet_service.cc:1917] Received RequestConsensusVote() RPC: tablet_id: "c425acbcc61d46fe94de48061975750e" candidate_uuid: "8773efad03d040cbaf562a1cbf334966" candidate_term: 1 candidate_status { last_received { term: 0 index: 0 } } ignore_live_leader: false dest_uuid: "4aa70c8a9602486986e78d8b7f05c4f1" is_pre_election: true
I20260630 12:30:49.037496 23321 tablet_bootstrap.cc:492] T a7c809b0c0aa412888ff29cf9cab56a9 P 4aa70c8a9602486986e78d8b7f05c4f1: No bootstrap required, opened a new log
I20260630 12:30:49.042284 23321 ts_tablet_manager.cc:1403] T a7c809b0c0aa412888ff29cf9cab56a9 P 4aa70c8a9602486986e78d8b7f05c4f1: Time spent bootstrapping tablet: real 0.067s	user 0.018s	sys 0.029s
I20260630 12:30:49.041601 23201 raft_consensus.cc:2468] T c425acbcc61d46fe94de48061975750e P 4aa70c8a9602486986e78d8b7f05c4f1 [term 0 FOLLOWER]: Leader pre-election vote request: Granting yes vote for candidate 8773efad03d040cbaf562a1cbf334966 in term 0.
I20260630 12:30:49.043812 23125 raft_consensus.cc:2468] T 286e36705a6e42e59be37c6329652de9 P 8773efad03d040cbaf562a1cbf334966 [term 1 FOLLOWER]: Leader election vote request: Granting yes vote for candidate bf1404a5b9ad4274b1e68261eafee5e6 in term 1.
I20260630 12:30:49.044440 23320 raft_consensus.cc:359] T a7c809b0c0aa412888ff29cf9cab56a9 P 8773efad03d040cbaf562a1cbf334966 [term 0 FOLLOWER]: Replica starting. Triggering 0 pending ops. Active config: opid_index: -1 OBSOLETE_local: false peers { permanent_uuid: "4aa70c8a9602486986e78d8b7f05c4f1" member_type: VOTER last_known_addr { host: "127.19.169.194" port: 33399 } } peers { permanent_uuid: "8773efad03d040cbaf562a1cbf334966" member_type: VOTER last_known_addr { host: "127.19.169.193" port: 39115 } } peers { permanent_uuid: "bf1404a5b9ad4274b1e68261eafee5e6" member_type: VOTER last_known_addr { host: "127.19.169.195" port: 46865 } }
I20260630 12:30:49.045228 23320 raft_consensus.cc:385] T a7c809b0c0aa412888ff29cf9cab56a9 P 8773efad03d040cbaf562a1cbf334966 [term 0 FOLLOWER]: Consensus starting up: Expiring failure detector timer to make a prompt election more likely
I20260630 12:30:49.045049 23238 leader_election.cc:304] T 286e36705a6e42e59be37c6329652de9 P bf1404a5b9ad4274b1e68261eafee5e6 [CANDIDATE]: Term 1 election: Election decided. Result: candidate won. Election summary: received 2 responses out of 3 voters: 2 yes votes; 0 no votes. yes voters: 8773efad03d040cbaf562a1cbf334966, bf1404a5b9ad4274b1e68261eafee5e6; no voters: 
I20260630 12:30:49.045981 23329 raft_consensus.cc:2804] T 286e36705a6e42e59be37c6329652de9 P bf1404a5b9ad4274b1e68261eafee5e6 [term 1 FOLLOWER]: Leader election won for term 1
I20260630 12:30:49.045614 23321 raft_consensus.cc:359] T a7c809b0c0aa412888ff29cf9cab56a9 P 4aa70c8a9602486986e78d8b7f05c4f1 [term 0 FOLLOWER]: Replica starting. Triggering 0 pending ops. Active config: opid_index: -1 OBSOLETE_local: false peers { permanent_uuid: "4aa70c8a9602486986e78d8b7f05c4f1" member_type: VOTER last_known_addr { host: "127.19.169.194" port: 33399 } } peers { permanent_uuid: "8773efad03d040cbaf562a1cbf334966" member_type: VOTER last_known_addr { host: "127.19.169.193" port: 39115 } } peers { permanent_uuid: "bf1404a5b9ad4274b1e68261eafee5e6" member_type: VOTER last_known_addr { host: "127.19.169.195" port: 46865 } }
I20260630 12:30:49.046492 23329 raft_consensus.cc:697] T 286e36705a6e42e59be37c6329652de9 P bf1404a5b9ad4274b1e68261eafee5e6 [term 1 LEADER]: Becoming Leader. State: Replica: bf1404a5b9ad4274b1e68261eafee5e6, State: Running, Role: LEADER
I20260630 12:30:49.046551 23321 raft_consensus.cc:385] T a7c809b0c0aa412888ff29cf9cab56a9 P 4aa70c8a9602486986e78d8b7f05c4f1 [term 0 FOLLOWER]: Consensus starting up: Expiring failure detector timer to make a prompt election more likely
I20260630 12:30:49.047030 23321 raft_consensus.cc:740] T a7c809b0c0aa412888ff29cf9cab56a9 P 4aa70c8a9602486986e78d8b7f05c4f1 [term 0 FOLLOWER]: Becoming Follower/Learner. State: Replica: 4aa70c8a9602486986e78d8b7f05c4f1, State: Initialized, Role: FOLLOWER
I20260630 12:30:49.047394 23329 consensus_queue.cc:237] T 286e36705a6e42e59be37c6329652de9 P bf1404a5b9ad4274b1e68261eafee5e6 [LEADER]: Queue going to LEADER mode. State: All replicated index: 0, Majority replicated index: 0, Committed index: 0, Last appended: 0.0, Last appended by leader: 0, Current term: 1, Majority size: 2, State: 0, Mode: LEADER, active raft config: opid_index: -1 OBSOLETE_local: false peers { permanent_uuid: "4aa70c8a9602486986e78d8b7f05c4f1" member_type: VOTER last_known_addr { host: "127.19.169.194" port: 33399 } } peers { permanent_uuid: "8773efad03d040cbaf562a1cbf334966" member_type: VOTER last_known_addr { host: "127.19.169.193" port: 39115 } } peers { permanent_uuid: "bf1404a5b9ad4274b1e68261eafee5e6" member_type: VOTER last_known_addr { host: "127.19.169.195" port: 46865 } }
I20260630 12:30:49.048012 23321 consensus_queue.cc:260] T a7c809b0c0aa412888ff29cf9cab56a9 P 4aa70c8a9602486986e78d8b7f05c4f1 [NON_LEADER]: Queue going to NON_LEADER mode. State: All replicated index: 0, Majority replicated index: 0, Committed index: 0, Last appended: 0.0, Last appended by leader: 0, Current term: 0, Majority size: -1, State: 0, Mode: NON_LEADER, active raft config: opid_index: -1 OBSOLETE_local: false peers { permanent_uuid: "4aa70c8a9602486986e78d8b7f05c4f1" member_type: VOTER last_known_addr { host: "127.19.169.194" port: 33399 } } peers { permanent_uuid: "8773efad03d040cbaf562a1cbf334966" member_type: VOTER last_known_addr { host: "127.19.169.193" port: 39115 } } peers { permanent_uuid: "bf1404a5b9ad4274b1e68261eafee5e6" member_type: VOTER last_known_addr { host: "127.19.169.195" port: 46865 } }
I20260630 12:30:49.041431 23352 raft_consensus.cc:515] T a35f4aaeb52346cda665f4f300561bef P bf1404a5b9ad4274b1e68261eafee5e6 [term 1 FOLLOWER]: Starting leader election with config: opid_index: -1 OBSOLETE_local: false peers { permanent_uuid: "8773efad03d040cbaf562a1cbf334966" member_type: VOTER last_known_addr { host: "127.19.169.193" port: 39115 } } peers { permanent_uuid: "4aa70c8a9602486986e78d8b7f05c4f1" member_type: VOTER last_known_addr { host: "127.19.169.194" port: 33399 } } peers { permanent_uuid: "bf1404a5b9ad4274b1e68261eafee5e6" member_type: VOTER last_known_addr { host: "127.19.169.195" port: 46865 } }
I20260630 12:30:49.051331 23321 ts_tablet_manager.cc:1434] T a7c809b0c0aa412888ff29cf9cab56a9 P 4aa70c8a9602486986e78d8b7f05c4f1: Time spent starting tablet: real 0.009s	user 0.008s	sys 0.000s
I20260630 12:30:49.051791 23320 raft_consensus.cc:740] T a7c809b0c0aa412888ff29cf9cab56a9 P 8773efad03d040cbaf562a1cbf334966 [term 0 FOLLOWER]: Becoming Follower/Learner. State: Replica: 8773efad03d040cbaf562a1cbf334966, State: Initialized, Role: FOLLOWER
I20260630 12:30:49.054147 23320 consensus_queue.cc:260] T a7c809b0c0aa412888ff29cf9cab56a9 P 8773efad03d040cbaf562a1cbf334966 [NON_LEADER]: Queue going to NON_LEADER mode. State: All replicated index: 0, Majority replicated index: 0, Committed index: 0, Last appended: 0.0, Last appended by leader: 0, Current term: 0, Majority size: -1, State: 0, Mode: NON_LEADER, active raft config: opid_index: -1 OBSOLETE_local: false peers { permanent_uuid: "4aa70c8a9602486986e78d8b7f05c4f1" member_type: VOTER last_known_addr { host: "127.19.169.194" port: 33399 } } peers { permanent_uuid: "8773efad03d040cbaf562a1cbf334966" member_type: VOTER last_known_addr { host: "127.19.169.193" port: 39115 } } peers { permanent_uuid: "bf1404a5b9ad4274b1e68261eafee5e6" member_type: VOTER last_known_addr { host: "127.19.169.195" port: 46865 } }
I20260630 12:30:49.052191 23352 leader_election.cc:290] T a35f4aaeb52346cda665f4f300561bef P bf1404a5b9ad4274b1e68261eafee5e6 [CANDIDATE]: Term 1 election: Requested vote from peers 8773efad03d040cbaf562a1cbf334966 (127.19.169.193:39115), 4aa70c8a9602486986e78d8b7f05c4f1 (127.19.169.194:33399)
I20260630 12:30:49.053146 23125 tablet_service.cc:1917] Received RequestConsensusVote() RPC: tablet_id: "a35f4aaeb52346cda665f4f300561bef" candidate_uuid: "bf1404a5b9ad4274b1e68261eafee5e6" candidate_term: 1 candidate_status { last_received { term: 0 index: 0 } } ignore_live_leader: false dest_uuid: "8773efad03d040cbaf562a1cbf334966"
I20260630 12:30:49.056545 23125 raft_consensus.cc:3060] T a35f4aaeb52346cda665f4f300561bef P 8773efad03d040cbaf562a1cbf334966 [term 0 FOLLOWER]: Advancing to term 1
I20260630 12:30:49.058280 23274 raft_consensus.cc:2468] T f79e3117bd6f442ba21a66143d5b6e21 P bf1404a5b9ad4274b1e68261eafee5e6 [term 2 FOLLOWER]: Leader election vote request: Granting yes vote for candidate 8773efad03d040cbaf562a1cbf334966 in term 2.
I20260630 12:30:49.059962 23092 leader_election.cc:304] T f79e3117bd6f442ba21a66143d5b6e21 P 8773efad03d040cbaf562a1cbf334966 [CANDIDATE]: Term 2 election: Election decided. Result: candidate won. Election summary: received 3 responses out of 3 voters: 2 yes votes; 1 no votes. yes voters: 8773efad03d040cbaf562a1cbf334966, bf1404a5b9ad4274b1e68261eafee5e6; no voters: 4aa70c8a9602486986e78d8b7f05c4f1
I20260630 12:30:49.061255 23324 raft_consensus.cc:2804] T f79e3117bd6f442ba21a66143d5b6e21 P 8773efad03d040cbaf562a1cbf334966 [term 2 FOLLOWER]: Leader election won for term 2
I20260630 12:30:49.061476 23348 raft_consensus.cc:493] T a35f4aaeb52346cda665f4f300561bef P 4aa70c8a9602486986e78d8b7f05c4f1 [term 0 FOLLOWER]: Starting pre-election (no leader contacted us within the election timeout)
I20260630 12:30:49.061733 23324 raft_consensus.cc:697] T f79e3117bd6f442ba21a66143d5b6e21 P 8773efad03d040cbaf562a1cbf334966 [term 2 LEADER]: Becoming Leader. State: Replica: 8773efad03d040cbaf562a1cbf334966, State: Running, Role: LEADER
I20260630 12:30:49.061937 23348 raft_consensus.cc:515] T a35f4aaeb52346cda665f4f300561bef P 4aa70c8a9602486986e78d8b7f05c4f1 [term 0 FOLLOWER]: Starting pre-election with config: opid_index: -1 OBSOLETE_local: false peers { permanent_uuid: "8773efad03d040cbaf562a1cbf334966" member_type: VOTER last_known_addr { host: "127.19.169.193" port: 39115 } } peers { permanent_uuid: "4aa70c8a9602486986e78d8b7f05c4f1" member_type: VOTER last_known_addr { host: "127.19.169.194" port: 33399 } } peers { permanent_uuid: "bf1404a5b9ad4274b1e68261eafee5e6" member_type: VOTER last_known_addr { host: "127.19.169.195" port: 46865 } }
I20260630 12:30:49.062536 23324 consensus_queue.cc:237] T f79e3117bd6f442ba21a66143d5b6e21 P 8773efad03d040cbaf562a1cbf334966 [LEADER]: Queue going to LEADER mode. State: All replicated index: 0, Majority replicated index: 0, Committed index: 0, Last appended: 0.0, Last appended by leader: 0, Current term: 2, Majority size: 2, State: 0, Mode: LEADER, active raft config: opid_index: -1 OBSOLETE_local: false peers { permanent_uuid: "4aa70c8a9602486986e78d8b7f05c4f1" member_type: VOTER last_known_addr { host: "127.19.169.194" port: 33399 } } peers { permanent_uuid: "8773efad03d040cbaf562a1cbf334966" member_type: VOTER last_known_addr { host: "127.19.169.193" port: 39115 } } peers { permanent_uuid: "bf1404a5b9ad4274b1e68261eafee5e6" member_type: VOTER last_known_addr { host: "127.19.169.195" port: 46865 } }
I20260630 12:30:49.064000 23348 leader_election.cc:290] T a35f4aaeb52346cda665f4f300561bef P 4aa70c8a9602486986e78d8b7f05c4f1 [CANDIDATE]: Term 1 pre-election: Requested pre-vote from peers 8773efad03d040cbaf562a1cbf334966 (127.19.169.193:39115), bf1404a5b9ad4274b1e68261eafee5e6 (127.19.169.195:46865)
I20260630 12:30:49.066182 23126 tablet_service.cc:1917] Received RequestConsensusVote() RPC: tablet_id: "a35f4aaeb52346cda665f4f300561bef" candidate_uuid: "4aa70c8a9602486986e78d8b7f05c4f1" candidate_term: 1 candidate_status { last_received { term: 0 index: 0 } } ignore_live_leader: false dest_uuid: "8773efad03d040cbaf562a1cbf334966" is_pre_election: true
I20260630 12:30:49.067385 23351 raft_consensus.cc:515] T c425acbcc61d46fe94de48061975750e P 8773efad03d040cbaf562a1cbf334966 [term 1 FOLLOWER]: Starting leader election with config: opid_index: -1 OBSOLETE_local: false peers { permanent_uuid: "4aa70c8a9602486986e78d8b7f05c4f1" member_type: VOTER last_known_addr { host: "127.19.169.194" port: 33399 } } peers { permanent_uuid: "8773efad03d040cbaf562a1cbf334966" member_type: VOTER last_known_addr { host: "127.19.169.193" port: 39115 } } peers { permanent_uuid: "bf1404a5b9ad4274b1e68261eafee5e6" member_type: VOTER last_known_addr { host: "127.19.169.195" port: 46865 } }
I20260630 12:30:49.067821 23201 tablet_service.cc:1917] Received RequestConsensusVote() RPC: tablet_id: "a35f4aaeb52346cda665f4f300561bef" candidate_uuid: "bf1404a5b9ad4274b1e68261eafee5e6" candidate_term: 1 candidate_status { last_received { term: 0 index: 0 } } ignore_live_leader: false dest_uuid: "4aa70c8a9602486986e78d8b7f05c4f1" is_pre_election: true
I20260630 12:30:49.068588 23201 raft_consensus.cc:2468] T a35f4aaeb52346cda665f4f300561bef P 4aa70c8a9602486986e78d8b7f05c4f1 [term 0 FOLLOWER]: Leader pre-election vote request: Granting yes vote for candidate bf1404a5b9ad4274b1e68261eafee5e6 in term 0.
I20260630 12:30:49.069486 23351 leader_election.cc:290] T c425acbcc61d46fe94de48061975750e P 8773efad03d040cbaf562a1cbf334966 [CANDIDATE]: Term 1 election: Requested vote from peers 4aa70c8a9602486986e78d8b7f05c4f1 (127.19.169.194:33399), bf1404a5b9ad4274b1e68261eafee5e6 (127.19.169.195:46865)
I20260630 12:30:49.071661 23274 tablet_service.cc:1917] Received RequestConsensusVote() RPC: tablet_id: "c425acbcc61d46fe94de48061975750e" candidate_uuid: "8773efad03d040cbaf562a1cbf334966" candidate_term: 1 candidate_status { last_received { term: 0 index: 0 } } ignore_live_leader: false dest_uuid: "bf1404a5b9ad4274b1e68261eafee5e6"
I20260630 12:30:49.072242 23199 tablet_service.cc:1917] Received RequestConsensusVote() RPC: tablet_id: "a35f4aaeb52346cda665f4f300561bef" candidate_uuid: "bf1404a5b9ad4274b1e68261eafee5e6" candidate_term: 1 candidate_status { last_received { term: 0 index: 0 } } ignore_live_leader: false dest_uuid: "4aa70c8a9602486986e78d8b7f05c4f1"
I20260630 12:30:49.072423 23200 tablet_service.cc:1917] Received RequestConsensusVote() RPC: tablet_id: "286e36705a6e42e59be37c6329652de9" candidate_uuid: "bf1404a5b9ad4274b1e68261eafee5e6" candidate_term: 1 candidate_status { last_received { term: 0 index: 0 } } ignore_live_leader: false dest_uuid: "4aa70c8a9602486986e78d8b7f05c4f1"
I20260630 12:30:49.081220 23199 raft_consensus.cc:3060] T a35f4aaeb52346cda665f4f300561bef P 4aa70c8a9602486986e78d8b7f05c4f1 [term 0 FOLLOWER]: Advancing to term 1
I20260630 12:30:49.081331 23200 raft_consensus.cc:3060] T 286e36705a6e42e59be37c6329652de9 P 4aa70c8a9602486986e78d8b7f05c4f1 [term 0 FOLLOWER]: Advancing to term 1
I20260630 12:30:49.073938 23198 tablet_service.cc:1917] Received RequestConsensusVote() RPC: tablet_id: "c425acbcc61d46fe94de48061975750e" candidate_uuid: "8773efad03d040cbaf562a1cbf334966" candidate_term: 1 candidate_status { last_received { term: 0 index: 0 } } ignore_live_leader: false dest_uuid: "4aa70c8a9602486986e78d8b7f05c4f1"
I20260630 12:30:49.082007 23198 raft_consensus.cc:3060] T c425acbcc61d46fe94de48061975750e P 4aa70c8a9602486986e78d8b7f05c4f1 [term 0 FOLLOWER]: Advancing to term 1
I20260630 12:30:49.074290 23275 tablet_service.cc:1917] Received RequestConsensusVote() RPC: tablet_id: "a35f4aaeb52346cda665f4f300561bef" candidate_uuid: "4aa70c8a9602486986e78d8b7f05c4f1" candidate_term: 1 candidate_status { last_received { term: 0 index: 0 } } ignore_live_leader: false dest_uuid: "bf1404a5b9ad4274b1e68261eafee5e6" is_pre_election: true
I20260630 12:30:49.076226 23320 ts_tablet_manager.cc:1434] T a7c809b0c0aa412888ff29cf9cab56a9 P 8773efad03d040cbaf562a1cbf334966: Time spent starting tablet: real 0.038s	user 0.007s	sys 0.001s
I20260630 12:30:49.078222 23201 tablet_service.cc:1917] Received RequestConsensusVote() RPC: tablet_id: "286e36705a6e42e59be37c6329652de9" candidate_uuid: "bf1404a5b9ad4274b1e68261eafee5e6" candidate_term: 1 candidate_status { last_received { term: 0 index: 0 } } ignore_live_leader: false dest_uuid: "4aa70c8a9602486986e78d8b7f05c4f1" is_pre_election: true
I20260630 12:30:49.084573 23275 raft_consensus.cc:2393] T a35f4aaeb52346cda665f4f300561bef P bf1404a5b9ad4274b1e68261eafee5e6 [term 1 FOLLOWER]: Leader pre-election vote request: Denying vote to candidate 4aa70c8a9602486986e78d8b7f05c4f1 in current term 1: Already voted for candidate bf1404a5b9ad4274b1e68261eafee5e6 in this term.
I20260630 12:30:49.085875 23167 leader_election.cc:304] T a35f4aaeb52346cda665f4f300561bef P 4aa70c8a9602486986e78d8b7f05c4f1 [CANDIDATE]: Term 1 pre-election: Election decided. Result: candidate lost. Election summary: received 3 responses out of 3 voters: 1 yes votes; 2 no votes. yes voters: 4aa70c8a9602486986e78d8b7f05c4f1; no voters: 8773efad03d040cbaf562a1cbf334966, bf1404a5b9ad4274b1e68261eafee5e6
I20260630 12:30:49.089259 23328 raft_consensus.cc:493] T a7c809b0c0aa412888ff29cf9cab56a9 P 4aa70c8a9602486986e78d8b7f05c4f1 [term 0 FOLLOWER]: Starting pre-election (no leader contacted us within the election timeout)
I20260630 12:30:49.089785 23199 raft_consensus.cc:2468] T a35f4aaeb52346cda665f4f300561bef P 4aa70c8a9602486986e78d8b7f05c4f1 [term 1 FOLLOWER]: Leader election vote request: Granting yes vote for candidate bf1404a5b9ad4274b1e68261eafee5e6 in term 1.
I20260630 12:30:49.083161 23274 raft_consensus.cc:3060] T c425acbcc61d46fe94de48061975750e P bf1404a5b9ad4274b1e68261eafee5e6 [term 0 FOLLOWER]: Advancing to term 1
I20260630 12:30:49.089738 23328 raft_consensus.cc:515] T a7c809b0c0aa412888ff29cf9cab56a9 P 4aa70c8a9602486986e78d8b7f05c4f1 [term 0 FOLLOWER]: Starting pre-election with config: opid_index: -1 OBSOLETE_local: false peers { permanent_uuid: "4aa70c8a9602486986e78d8b7f05c4f1" member_type: VOTER last_known_addr { host: "127.19.169.194" port: 33399 } } peers { permanent_uuid: "8773efad03d040cbaf562a1cbf334966" member_type: VOTER last_known_addr { host: "127.19.169.193" port: 39115 } } peers { permanent_uuid: "bf1404a5b9ad4274b1e68261eafee5e6" member_type: VOTER last_known_addr { host: "127.19.169.195" port: 46865 } }
I20260630 12:30:49.090550 23348 raft_consensus.cc:2749] T a35f4aaeb52346cda665f4f300561bef P 4aa70c8a9602486986e78d8b7f05c4f1 [term 1 FOLLOWER]: Leader pre-election lost for term 1. Reason: could not achieve majority
I20260630 12:30:49.093379 23320 tablet_bootstrap.cc:492] T 95344afea86c4a7f8b699492f48eea9f P 8773efad03d040cbaf562a1cbf334966: Bootstrap starting.
I20260630 12:30:49.094254 23328 leader_election.cc:290] T a7c809b0c0aa412888ff29cf9cab56a9 P 4aa70c8a9602486986e78d8b7f05c4f1 [CANDIDATE]: Term 1 pre-election: Requested pre-vote from peers 8773efad03d040cbaf562a1cbf334966 (127.19.169.193:39115), bf1404a5b9ad4274b1e68261eafee5e6 (127.19.169.195:46865)
I20260630 12:30:49.094310 23200 raft_consensus.cc:2468] T 286e36705a6e42e59be37c6329652de9 P 4aa70c8a9602486986e78d8b7f05c4f1 [term 1 FOLLOWER]: Leader election vote request: Granting yes vote for candidate bf1404a5b9ad4274b1e68261eafee5e6 in term 1.
I20260630 12:30:49.095975 23126 tablet_service.cc:1917] Received RequestConsensusVote() RPC: tablet_id: "a7c809b0c0aa412888ff29cf9cab56a9" candidate_uuid: "4aa70c8a9602486986e78d8b7f05c4f1" candidate_term: 1 candidate_status { last_received { term: 0 index: 0 } } ignore_live_leader: false dest_uuid: "8773efad03d040cbaf562a1cbf334966" is_pre_election: true
I20260630 12:30:49.096599 23126 raft_consensus.cc:2468] T a7c809b0c0aa412888ff29cf9cab56a9 P 8773efad03d040cbaf562a1cbf334966 [term 0 FOLLOWER]: Leader pre-election vote request: Granting yes vote for candidate 4aa70c8a9602486986e78d8b7f05c4f1 in term 0.
I20260630 12:30:49.097258 23198 raft_consensus.cc:2468] T c425acbcc61d46fe94de48061975750e P 4aa70c8a9602486986e78d8b7f05c4f1 [term 1 FOLLOWER]: Leader election vote request: Granting yes vote for candidate 8773efad03d040cbaf562a1cbf334966 in term 1.
I20260630 12:30:49.097860 23164 leader_election.cc:304] T a7c809b0c0aa412888ff29cf9cab56a9 P 4aa70c8a9602486986e78d8b7f05c4f1 [CANDIDATE]: Term 1 pre-election: Election decided. Result: candidate won. Election summary: received 2 responses out of 3 voters: 2 yes votes; 0 no votes. yes voters: 4aa70c8a9602486986e78d8b7f05c4f1, 8773efad03d040cbaf562a1cbf334966; no voters: 
I20260630 12:30:49.098834 23328 raft_consensus.cc:2804] T a7c809b0c0aa412888ff29cf9cab56a9 P 4aa70c8a9602486986e78d8b7f05c4f1 [term 0 FOLLOWER]: Leader pre-election won for term 1
I20260630 12:30:49.101089 23328 raft_consensus.cc:493] T a7c809b0c0aa412888ff29cf9cab56a9 P 4aa70c8a9602486986e78d8b7f05c4f1 [term 0 FOLLOWER]: Starting leader election (no leader contacted us within the election timeout)
I20260630 12:30:49.101497 23328 raft_consensus.cc:3060] T a7c809b0c0aa412888ff29cf9cab56a9 P 4aa70c8a9602486986e78d8b7f05c4f1 [term 0 FOLLOWER]: Advancing to term 1
I20260630 12:30:49.097949 23125 raft_consensus.cc:2468] T a35f4aaeb52346cda665f4f300561bef P 8773efad03d040cbaf562a1cbf334966 [term 1 FOLLOWER]: Leader election vote request: Granting yes vote for candidate bf1404a5b9ad4274b1e68261eafee5e6 in term 1.
I20260630 12:30:49.102063 23090 leader_election.cc:304] T c425acbcc61d46fe94de48061975750e P 8773efad03d040cbaf562a1cbf334966 [CANDIDATE]: Term 1 election: Election decided. Result: candidate won. Election summary: received 2 responses out of 3 voters: 2 yes votes; 0 no votes. yes voters: 4aa70c8a9602486986e78d8b7f05c4f1, 8773efad03d040cbaf562a1cbf334966; no voters: 
I20260630 12:30:49.103168 23322 tablet_bootstrap.cc:492] T a7c809b0c0aa412888ff29cf9cab56a9 P bf1404a5b9ad4274b1e68261eafee5e6: No bootstrap required, opened a new log
I20260630 12:30:49.103525 23342 raft_consensus.cc:2804] T c425acbcc61d46fe94de48061975750e P 8773efad03d040cbaf562a1cbf334966 [term 1 FOLLOWER]: Leader election won for term 1
I20260630 12:30:49.103771 23322 ts_tablet_manager.cc:1403] T a7c809b0c0aa412888ff29cf9cab56a9 P bf1404a5b9ad4274b1e68261eafee5e6: Time spent bootstrapping tablet: real 0.081s	user 0.021s	sys 0.020s
I20260630 12:30:49.104099 23342 raft_consensus.cc:697] T c425acbcc61d46fe94de48061975750e P 8773efad03d040cbaf562a1cbf334966 [term 1 LEADER]: Becoming Leader. State: Replica: 8773efad03d040cbaf562a1cbf334966, State: Running, Role: LEADER
I20260630 12:30:49.105271 23239 leader_election.cc:304] T a35f4aaeb52346cda665f4f300561bef P bf1404a5b9ad4274b1e68261eafee5e6 [CANDIDATE]: Term 1 election: Election decided. Result: candidate won. Election summary: received 2 responses out of 3 voters: 2 yes votes; 0 no votes. yes voters: 4aa70c8a9602486986e78d8b7f05c4f1, bf1404a5b9ad4274b1e68261eafee5e6; no voters: 
I20260630 12:30:49.106069 23275 tablet_service.cc:1917] Received RequestConsensusVote() RPC: tablet_id: "a7c809b0c0aa412888ff29cf9cab56a9" candidate_uuid: "4aa70c8a9602486986e78d8b7f05c4f1" candidate_term: 1 candidate_status { last_received { term: 0 index: 0 } } ignore_live_leader: false dest_uuid: "bf1404a5b9ad4274b1e68261eafee5e6" is_pre_election: true
I20260630 12:30:49.104982 23342 consensus_queue.cc:237] T c425acbcc61d46fe94de48061975750e P 8773efad03d040cbaf562a1cbf334966 [LEADER]: Queue going to LEADER mode. State: All replicated index: 0, Majority replicated index: 0, Committed index: 0, Last appended: 0.0, Last appended by leader: 0, Current term: 1, Majority size: 2, State: 0, Mode: LEADER, active raft config: opid_index: -1 OBSOLETE_local: false peers { permanent_uuid: "4aa70c8a9602486986e78d8b7f05c4f1" member_type: VOTER last_known_addr { host: "127.19.169.194" port: 33399 } } peers { permanent_uuid: "8773efad03d040cbaf562a1cbf334966" member_type: VOTER last_known_addr { host: "127.19.169.193" port: 39115 } } peers { permanent_uuid: "bf1404a5b9ad4274b1e68261eafee5e6" member_type: VOTER last_known_addr { host: "127.19.169.195" port: 46865 } }
I20260630 12:30:49.107268 23352 raft_consensus.cc:2804] T a35f4aaeb52346cda665f4f300561bef P bf1404a5b9ad4274b1e68261eafee5e6 [term 1 FOLLOWER]: Leader election won for term 1
I20260630 12:30:49.109134 23352 raft_consensus.cc:697] T a35f4aaeb52346cda665f4f300561bef P bf1404a5b9ad4274b1e68261eafee5e6 [term 1 LEADER]: Becoming Leader. State: Replica: bf1404a5b9ad4274b1e68261eafee5e6, State: Running, Role: LEADER
I20260630 12:30:49.110458 23352 consensus_queue.cc:237] T a35f4aaeb52346cda665f4f300561bef P bf1404a5b9ad4274b1e68261eafee5e6 [LEADER]: Queue going to LEADER mode. State: All replicated index: 0, Majority replicated index: 0, Committed index: 0, Last appended: 0.0, Last appended by leader: 0, Current term: 1, Majority size: 2, State: 0, Mode: LEADER, active raft config: opid_index: -1 OBSOLETE_local: false peers { permanent_uuid: "8773efad03d040cbaf562a1cbf334966" member_type: VOTER last_known_addr { host: "127.19.169.193" port: 39115 } } peers { permanent_uuid: "4aa70c8a9602486986e78d8b7f05c4f1" member_type: VOTER last_known_addr { host: "127.19.169.194" port: 33399 } } peers { permanent_uuid: "bf1404a5b9ad4274b1e68261eafee5e6" member_type: VOTER last_known_addr { host: "127.19.169.195" port: 46865 } }
I20260630 12:30:49.110471 23322 raft_consensus.cc:359] T a7c809b0c0aa412888ff29cf9cab56a9 P bf1404a5b9ad4274b1e68261eafee5e6 [term 0 FOLLOWER]: Replica starting. Triggering 0 pending ops. Active config: opid_index: -1 OBSOLETE_local: false peers { permanent_uuid: "4aa70c8a9602486986e78d8b7f05c4f1" member_type: VOTER last_known_addr { host: "127.19.169.194" port: 33399 } } peers { permanent_uuid: "8773efad03d040cbaf562a1cbf334966" member_type: VOTER last_known_addr { host: "127.19.169.193" port: 39115 } } peers { permanent_uuid: "bf1404a5b9ad4274b1e68261eafee5e6" member_type: VOTER last_known_addr { host: "127.19.169.195" port: 46865 } }
I20260630 12:30:49.112442 23322 raft_consensus.cc:385] T a7c809b0c0aa412888ff29cf9cab56a9 P bf1404a5b9ad4274b1e68261eafee5e6 [term 0 FOLLOWER]: Consensus starting up: Expiring failure detector timer to make a prompt election more likely
W20260630 12:30:49.110505 23167 leader_election.cc:343] T a7c809b0c0aa412888ff29cf9cab56a9 P 4aa70c8a9602486986e78d8b7f05c4f1 [CANDIDATE]: Term 1 pre-election: Tablet error from VoteRequest() call to peer bf1404a5b9ad4274b1e68261eafee5e6 (127.19.169.195:46865): Illegal state: must be running to vote when last-logged opid is not known
I20260630 12:30:49.112778 23322 raft_consensus.cc:740] T a7c809b0c0aa412888ff29cf9cab56a9 P bf1404a5b9ad4274b1e68261eafee5e6 [term 0 FOLLOWER]: Becoming Follower/Learner. State: Replica: bf1404a5b9ad4274b1e68261eafee5e6, State: Initialized, Role: FOLLOWER
I20260630 12:30:49.113899 23322 consensus_queue.cc:260] T a7c809b0c0aa412888ff29cf9cab56a9 P bf1404a5b9ad4274b1e68261eafee5e6 [NON_LEADER]: Queue going to NON_LEADER mode. State: All replicated index: 0, Majority replicated index: 0, Committed index: 0, Last appended: 0.0, Last appended by leader: 0, Current term: 0, Majority size: -1, State: 0, Mode: NON_LEADER, active raft config: opid_index: -1 OBSOLETE_local: false peers { permanent_uuid: "4aa70c8a9602486986e78d8b7f05c4f1" member_type: VOTER last_known_addr { host: "127.19.169.194" port: 33399 } } peers { permanent_uuid: "8773efad03d040cbaf562a1cbf334966" member_type: VOTER last_known_addr { host: "127.19.169.193" port: 39115 } } peers { permanent_uuid: "bf1404a5b9ad4274b1e68261eafee5e6" member_type: VOTER last_known_addr { host: "127.19.169.195" port: 46865 } }
I20260630 12:30:49.116292 23274 raft_consensus.cc:2468] T c425acbcc61d46fe94de48061975750e P bf1404a5b9ad4274b1e68261eafee5e6 [term 1 FOLLOWER]: Leader election vote request: Granting yes vote for candidate 8773efad03d040cbaf562a1cbf334966 in term 1.
I20260630 12:30:49.116868 23322 ts_tablet_manager.cc:1434] T a7c809b0c0aa412888ff29cf9cab56a9 P bf1404a5b9ad4274b1e68261eafee5e6: Time spent starting tablet: real 0.012s	user 0.003s	sys 0.004s
I20260630 12:30:49.118184 23320 tablet_bootstrap.cc:654] T 95344afea86c4a7f8b699492f48eea9f P 8773efad03d040cbaf562a1cbf334966: Neither blocks nor log segments found. Creating new log.
I20260630 12:30:49.126591 23328 raft_consensus.cc:515] T a7c809b0c0aa412888ff29cf9cab56a9 P 4aa70c8a9602486986e78d8b7f05c4f1 [term 1 FOLLOWER]: Starting leader election with config: opid_index: -1 OBSOLETE_local: false peers { permanent_uuid: "4aa70c8a9602486986e78d8b7f05c4f1" member_type: VOTER last_known_addr { host: "127.19.169.194" port: 33399 } } peers { permanent_uuid: "8773efad03d040cbaf562a1cbf334966" member_type: VOTER last_known_addr { host: "127.19.169.193" port: 39115 } } peers { permanent_uuid: "bf1404a5b9ad4274b1e68261eafee5e6" member_type: VOTER last_known_addr { host: "127.19.169.195" port: 46865 } }
I20260630 12:30:49.128330 23328 leader_election.cc:290] T a7c809b0c0aa412888ff29cf9cab56a9 P 4aa70c8a9602486986e78d8b7f05c4f1 [CANDIDATE]: Term 1 election: Requested vote from peers 8773efad03d040cbaf562a1cbf334966 (127.19.169.193:39115), bf1404a5b9ad4274b1e68261eafee5e6 (127.19.169.195:46865)
I20260630 12:30:49.129114 23125 tablet_service.cc:1917] Received RequestConsensusVote() RPC: tablet_id: "a7c809b0c0aa412888ff29cf9cab56a9" candidate_uuid: "4aa70c8a9602486986e78d8b7f05c4f1" candidate_term: 1 candidate_status { last_received { term: 0 index: 0 } } ignore_live_leader: false dest_uuid: "8773efad03d040cbaf562a1cbf334966"
I20260630 12:30:49.129705 23125 raft_consensus.cc:3060] T a7c809b0c0aa412888ff29cf9cab56a9 P 8773efad03d040cbaf562a1cbf334966 [term 0 FOLLOWER]: Advancing to term 1
I20260630 12:30:49.130050 23274 tablet_service.cc:1917] Received RequestConsensusVote() RPC: tablet_id: "a7c809b0c0aa412888ff29cf9cab56a9" candidate_uuid: "4aa70c8a9602486986e78d8b7f05c4f1" candidate_term: 1 candidate_status { last_received { term: 0 index: 0 } } ignore_live_leader: false dest_uuid: "bf1404a5b9ad4274b1e68261eafee5e6"
I20260630 12:30:49.130613 23274 raft_consensus.cc:3060] T a7c809b0c0aa412888ff29cf9cab56a9 P bf1404a5b9ad4274b1e68261eafee5e6 [term 0 FOLLOWER]: Advancing to term 1
I20260630 12:30:49.132918 23021 catalog_manager.cc:5697] T 286e36705a6e42e59be37c6329652de9 P bf1404a5b9ad4274b1e68261eafee5e6 reported cstate change: term changed from 0 to 1, leader changed from <none> to bf1404a5b9ad4274b1e68261eafee5e6 (127.19.169.195). New cstate: current_term: 1 leader_uuid: "bf1404a5b9ad4274b1e68261eafee5e6" committed_config { opid_index: -1 OBSOLETE_local: false peers { permanent_uuid: "4aa70c8a9602486986e78d8b7f05c4f1" member_type: VOTER last_known_addr { host: "127.19.169.194" port: 33399 } health_report { overall_health: UNKNOWN } } peers { permanent_uuid: "8773efad03d040cbaf562a1cbf334966" member_type: VOTER last_known_addr { host: "127.19.169.193" port: 39115 } health_report { overall_health: UNKNOWN } } peers { permanent_uuid: "bf1404a5b9ad4274b1e68261eafee5e6" member_type: VOTER last_known_addr { host: "127.19.169.195" port: 46865 } health_report { overall_health: HEALTHY } } }
I20260630 12:30:49.137338 23125 raft_consensus.cc:2468] T a7c809b0c0aa412888ff29cf9cab56a9 P 8773efad03d040cbaf562a1cbf334966 [term 1 FOLLOWER]: Leader election vote request: Granting yes vote for candidate 4aa70c8a9602486986e78d8b7f05c4f1 in term 1.
I20260630 12:30:49.138569 23164 leader_election.cc:304] T a7c809b0c0aa412888ff29cf9cab56a9 P 4aa70c8a9602486986e78d8b7f05c4f1 [CANDIDATE]: Term 1 election: Election decided. Result: candidate won. Election summary: received 2 responses out of 3 voters: 2 yes votes; 0 no votes. yes voters: 4aa70c8a9602486986e78d8b7f05c4f1, 8773efad03d040cbaf562a1cbf334966; no voters: 
I20260630 12:30:49.139497 23274 raft_consensus.cc:2468] T a7c809b0c0aa412888ff29cf9cab56a9 P bf1404a5b9ad4274b1e68261eafee5e6 [term 1 FOLLOWER]: Leader election vote request: Granting yes vote for candidate 4aa70c8a9602486986e78d8b7f05c4f1 in term 1.
I20260630 12:30:49.141480 23328 raft_consensus.cc:2804] T a7c809b0c0aa412888ff29cf9cab56a9 P 4aa70c8a9602486986e78d8b7f05c4f1 [term 1 FOLLOWER]: Leader election won for term 1
I20260630 12:30:49.141952 23328 raft_consensus.cc:697] T a7c809b0c0aa412888ff29cf9cab56a9 P 4aa70c8a9602486986e78d8b7f05c4f1 [term 1 LEADER]: Becoming Leader. State: Replica: 4aa70c8a9602486986e78d8b7f05c4f1, State: Running, Role: LEADER
I20260630 12:30:49.142616 23328 consensus_queue.cc:237] T a7c809b0c0aa412888ff29cf9cab56a9 P 4aa70c8a9602486986e78d8b7f05c4f1 [LEADER]: Queue going to LEADER mode. State: All replicated index: 0, Majority replicated index: 0, Committed index: 0, Last appended: 0.0, Last appended by leader: 0, Current term: 1, Majority size: 2, State: 0, Mode: LEADER, active raft config: opid_index: -1 OBSOLETE_local: false peers { permanent_uuid: "4aa70c8a9602486986e78d8b7f05c4f1" member_type: VOTER last_known_addr { host: "127.19.169.194" port: 33399 } } peers { permanent_uuid: "8773efad03d040cbaf562a1cbf334966" member_type: VOTER last_known_addr { host: "127.19.169.193" port: 39115 } } peers { permanent_uuid: "bf1404a5b9ad4274b1e68261eafee5e6" member_type: VOTER last_known_addr { host: "127.19.169.195" port: 46865 } }
I20260630 12:30:49.150712 23320 tablet_bootstrap.cc:492] T 95344afea86c4a7f8b699492f48eea9f P 8773efad03d040cbaf562a1cbf334966: No bootstrap required, opened a new log
I20260630 12:30:49.151247 23320 ts_tablet_manager.cc:1403] T 95344afea86c4a7f8b699492f48eea9f P 8773efad03d040cbaf562a1cbf334966: Time spent bootstrapping tablet: real 0.058s	user 0.017s	sys 0.008s
I20260630 12:30:49.152195 23352 raft_consensus.cc:493] T 95344afea86c4a7f8b699492f48eea9f P bf1404a5b9ad4274b1e68261eafee5e6 [term 0 FOLLOWER]: Starting pre-election (no leader contacted us within the election timeout)
I20260630 12:30:49.152675 23352 raft_consensus.cc:515] T 95344afea86c4a7f8b699492f48eea9f P bf1404a5b9ad4274b1e68261eafee5e6 [term 0 FOLLOWER]: Starting pre-election with config: opid_index: -1 OBSOLETE_local: false peers { permanent_uuid: "8773efad03d040cbaf562a1cbf334966" member_type: VOTER last_known_addr { host: "127.19.169.193" port: 39115 } } peers { permanent_uuid: "4aa70c8a9602486986e78d8b7f05c4f1" member_type: VOTER last_known_addr { host: "127.19.169.194" port: 33399 } } peers { permanent_uuid: "bf1404a5b9ad4274b1e68261eafee5e6" member_type: VOTER last_known_addr { host: "127.19.169.195" port: 46865 } }
I20260630 12:30:49.153854 23320 raft_consensus.cc:359] T 95344afea86c4a7f8b699492f48eea9f P 8773efad03d040cbaf562a1cbf334966 [term 0 FOLLOWER]: Replica starting. Triggering 0 pending ops. Active config: opid_index: -1 OBSOLETE_local: false peers { permanent_uuid: "8773efad03d040cbaf562a1cbf334966" member_type: VOTER last_known_addr { host: "127.19.169.193" port: 39115 } } peers { permanent_uuid: "4aa70c8a9602486986e78d8b7f05c4f1" member_type: VOTER last_known_addr { host: "127.19.169.194" port: 33399 } } peers { permanent_uuid: "bf1404a5b9ad4274b1e68261eafee5e6" member_type: VOTER last_known_addr { host: "127.19.169.195" port: 46865 } }
I20260630 12:30:49.155011 23352 leader_election.cc:290] T 95344afea86c4a7f8b699492f48eea9f P bf1404a5b9ad4274b1e68261eafee5e6 [CANDIDATE]: Term 1 pre-election: Requested pre-vote from peers 8773efad03d040cbaf562a1cbf334966 (127.19.169.193:39115), 4aa70c8a9602486986e78d8b7f05c4f1 (127.19.169.194:33399)
I20260630 12:30:49.155915 23125 tablet_service.cc:1917] Received RequestConsensusVote() RPC: tablet_id: "95344afea86c4a7f8b699492f48eea9f" candidate_uuid: "bf1404a5b9ad4274b1e68261eafee5e6" candidate_term: 1 candidate_status { last_received { term: 0 index: 0 } } ignore_live_leader: false dest_uuid: "8773efad03d040cbaf562a1cbf334966" is_pre_election: true
I20260630 12:30:49.155025 23320 raft_consensus.cc:385] T 95344afea86c4a7f8b699492f48eea9f P 8773efad03d040cbaf562a1cbf334966 [term 0 FOLLOWER]: Consensus starting up: Expiring failure detector timer to make a prompt election more likely
I20260630 12:30:49.157238 23320 raft_consensus.cc:740] T 95344afea86c4a7f8b699492f48eea9f P 8773efad03d040cbaf562a1cbf334966 [term 0 FOLLOWER]: Becoming Follower/Learner. State: Replica: 8773efad03d040cbaf562a1cbf334966, State: Initialized, Role: FOLLOWER
I20260630 12:30:49.158072 23320 consensus_queue.cc:260] T 95344afea86c4a7f8b699492f48eea9f P 8773efad03d040cbaf562a1cbf334966 [NON_LEADER]: Queue going to NON_LEADER mode. State: All replicated index: 0, Majority replicated index: 0, Committed index: 0, Last appended: 0.0, Last appended by leader: 0, Current term: 0, Majority size: -1, State: 0, Mode: NON_LEADER, active raft config: opid_index: -1 OBSOLETE_local: false peers { permanent_uuid: "8773efad03d040cbaf562a1cbf334966" member_type: VOTER last_known_addr { host: "127.19.169.193" port: 39115 } } peers { permanent_uuid: "4aa70c8a9602486986e78d8b7f05c4f1" member_type: VOTER last_known_addr { host: "127.19.169.194" port: 33399 } } peers { permanent_uuid: "bf1404a5b9ad4274b1e68261eafee5e6" member_type: VOTER last_known_addr { host: "127.19.169.195" port: 46865 } }
I20260630 12:30:49.159446 23125 raft_consensus.cc:2468] T 95344afea86c4a7f8b699492f48eea9f P 8773efad03d040cbaf562a1cbf334966 [term 0 FOLLOWER]: Leader pre-election vote request: Granting yes vote for candidate bf1404a5b9ad4274b1e68261eafee5e6 in term 0.
I20260630 12:30:49.160809 23320 ts_tablet_manager.cc:1434] T 95344afea86c4a7f8b699492f48eea9f P 8773efad03d040cbaf562a1cbf334966: Time spent starting tablet: real 0.009s	user 0.005s	sys 0.000s
I20260630 12:30:49.160923 23198 tablet_service.cc:1917] Received RequestConsensusVote() RPC: tablet_id: "95344afea86c4a7f8b699492f48eea9f" candidate_uuid: "bf1404a5b9ad4274b1e68261eafee5e6" candidate_term: 1 candidate_status { last_received { term: 0 index: 0 } } ignore_live_leader: false dest_uuid: "4aa70c8a9602486986e78d8b7f05c4f1" is_pre_election: true
I20260630 12:30:49.161489 23238 leader_election.cc:304] T 95344afea86c4a7f8b699492f48eea9f P bf1404a5b9ad4274b1e68261eafee5e6 [CANDIDATE]: Term 1 pre-election: Election decided. Result: candidate won. Election summary: received 2 responses out of 3 voters: 2 yes votes; 0 no votes. yes voters: 8773efad03d040cbaf562a1cbf334966, bf1404a5b9ad4274b1e68261eafee5e6; no voters: 
I20260630 12:30:49.161645 23198 raft_consensus.cc:2468] T 95344afea86c4a7f8b699492f48eea9f P 4aa70c8a9602486986e78d8b7f05c4f1 [term 0 FOLLOWER]: Leader pre-election vote request: Granting yes vote for candidate bf1404a5b9ad4274b1e68261eafee5e6 in term 0.
I20260630 12:30:49.162366 23352 raft_consensus.cc:2804] T 95344afea86c4a7f8b699492f48eea9f P bf1404a5b9ad4274b1e68261eafee5e6 [term 0 FOLLOWER]: Leader pre-election won for term 1
I20260630 12:30:49.162760 23352 raft_consensus.cc:493] T 95344afea86c4a7f8b699492f48eea9f P bf1404a5b9ad4274b1e68261eafee5e6 [term 0 FOLLOWER]: Starting leader election (no leader contacted us within the election timeout)
I20260630 12:30:49.163115 23352 raft_consensus.cc:3060] T 95344afea86c4a7f8b699492f48eea9f P bf1404a5b9ad4274b1e68261eafee5e6 [term 0 FOLLOWER]: Advancing to term 1
I20260630 12:30:49.163347 23024 catalog_manager.cc:5697] T a35f4aaeb52346cda665f4f300561bef P bf1404a5b9ad4274b1e68261eafee5e6 reported cstate change: term changed from 0 to 1, leader changed from <none> to bf1404a5b9ad4274b1e68261eafee5e6 (127.19.169.195). New cstate: current_term: 1 leader_uuid: "bf1404a5b9ad4274b1e68261eafee5e6" committed_config { opid_index: -1 OBSOLETE_local: false peers { permanent_uuid: "8773efad03d040cbaf562a1cbf334966" member_type: VOTER last_known_addr { host: "127.19.169.193" port: 39115 } health_report { overall_health: UNKNOWN } } peers { permanent_uuid: "4aa70c8a9602486986e78d8b7f05c4f1" member_type: VOTER last_known_addr { host: "127.19.169.194" port: 33399 } health_report { overall_health: UNKNOWN } } peers { permanent_uuid: "bf1404a5b9ad4274b1e68261eafee5e6" member_type: VOTER last_known_addr { host: "127.19.169.195" port: 46865 } health_report { overall_health: HEALTHY } } }
I20260630 12:30:49.169260 23352 raft_consensus.cc:515] T 95344afea86c4a7f8b699492f48eea9f P bf1404a5b9ad4274b1e68261eafee5e6 [term 1 FOLLOWER]: Starting leader election with config: opid_index: -1 OBSOLETE_local: false peers { permanent_uuid: "8773efad03d040cbaf562a1cbf334966" member_type: VOTER last_known_addr { host: "127.19.169.193" port: 39115 } } peers { permanent_uuid: "4aa70c8a9602486986e78d8b7f05c4f1" member_type: VOTER last_known_addr { host: "127.19.169.194" port: 33399 } } peers { permanent_uuid: "bf1404a5b9ad4274b1e68261eafee5e6" member_type: VOTER last_known_addr { host: "127.19.169.195" port: 46865 } }
I20260630 12:30:49.171730 23125 tablet_service.cc:1917] Received RequestConsensusVote() RPC: tablet_id: "95344afea86c4a7f8b699492f48eea9f" candidate_uuid: "bf1404a5b9ad4274b1e68261eafee5e6" candidate_term: 1 candidate_status { last_received { term: 0 index: 0 } } ignore_live_leader: false dest_uuid: "8773efad03d040cbaf562a1cbf334966"
I20260630 12:30:49.171947 23352 leader_election.cc:290] T 95344afea86c4a7f8b699492f48eea9f P bf1404a5b9ad4274b1e68261eafee5e6 [CANDIDATE]: Term 1 election: Requested vote from peers 8773efad03d040cbaf562a1cbf334966 (127.19.169.193:39115), 4aa70c8a9602486986e78d8b7f05c4f1 (127.19.169.194:33399)
I20260630 12:30:49.172398 23125 raft_consensus.cc:3060] T 95344afea86c4a7f8b699492f48eea9f P 8773efad03d040cbaf562a1cbf334966 [term 0 FOLLOWER]: Advancing to term 1
I20260630 12:30:49.173107 23198 tablet_service.cc:1917] Received RequestConsensusVote() RPC: tablet_id: "95344afea86c4a7f8b699492f48eea9f" candidate_uuid: "bf1404a5b9ad4274b1e68261eafee5e6" candidate_term: 1 candidate_status { last_received { term: 0 index: 0 } } ignore_live_leader: false dest_uuid: "4aa70c8a9602486986e78d8b7f05c4f1"
I20260630 12:30:49.172410 23023 catalog_manager.cc:5697] T c425acbcc61d46fe94de48061975750e P 8773efad03d040cbaf562a1cbf334966 reported cstate change: term changed from 0 to 1, leader changed from <none> to 8773efad03d040cbaf562a1cbf334966 (127.19.169.193). New cstate: current_term: 1 leader_uuid: "8773efad03d040cbaf562a1cbf334966" committed_config { opid_index: -1 OBSOLETE_local: false peers { permanent_uuid: "4aa70c8a9602486986e78d8b7f05c4f1" member_type: VOTER last_known_addr { host: "127.19.169.194" port: 33399 } health_report { overall_health: UNKNOWN } } peers { permanent_uuid: "8773efad03d040cbaf562a1cbf334966" member_type: VOTER last_known_addr { host: "127.19.169.193" port: 39115 } health_report { overall_health: HEALTHY } } peers { permanent_uuid: "bf1404a5b9ad4274b1e68261eafee5e6" member_type: VOTER last_known_addr { host: "127.19.169.195" port: 46865 } health_report { overall_health: UNKNOWN } } }
I20260630 12:30:49.173640 23198 raft_consensus.cc:3060] T 95344afea86c4a7f8b699492f48eea9f P 4aa70c8a9602486986e78d8b7f05c4f1 [term 0 FOLLOWER]: Advancing to term 1
I20260630 12:30:49.174602 23023 catalog_manager.cc:5697] T 575f5e0c1351443ea44761f02b90b4ce P 8773efad03d040cbaf562a1cbf334966 reported cstate change: term changed from 0 to 1, leader changed from <none> to 8773efad03d040cbaf562a1cbf334966 (127.19.169.193). New cstate: current_term: 1 leader_uuid: "8773efad03d040cbaf562a1cbf334966" committed_config { opid_index: -1 OBSOLETE_local: false peers { permanent_uuid: "8773efad03d040cbaf562a1cbf334966" member_type: VOTER last_known_addr { host: "127.19.169.193" port: 39115 } health_report { overall_health: HEALTHY } } peers { permanent_uuid: "4aa70c8a9602486986e78d8b7f05c4f1" member_type: VOTER last_known_addr { host: "127.19.169.194" port: 33399 } health_report { overall_health: UNKNOWN } } peers { permanent_uuid: "bf1404a5b9ad4274b1e68261eafee5e6" member_type: VOTER last_known_addr { host: "127.19.169.195" port: 46865 } health_report { overall_health: UNKNOWN } } }
