I20260630 12:29:26.825296 21109 ts_tablet_manager.cc:1403] T e940bc550efd46bfa159f94274ff77c2 P 903cc160093c4263b4d7a8ade29620dc: Time spent bootstrapping tablet: real 0.022s	user 0.014s	sys 0.005s
I20260630 12:29:26.826210 21111 tablet_bootstrap.cc:492] T 7acc68977ba74e078cd59f87b3a1b8ef P e395f6cff28244bd895c509b75536f07: Bootstrap starting.
I20260630 12:29:26.826459 21110 tablet_bootstrap.cc:492] T b95e73d8624b495db6b7ebe0157068c9 P de4b5e411c4a427a86d6737992003b0b: No bootstrap required, opened a new log
I20260630 12:29:26.826925 21110 ts_tablet_manager.cc:1403] T b95e73d8624b495db6b7ebe0157068c9 P de4b5e411c4a427a86d6737992003b0b: Time spent bootstrapping tablet: real 0.015s	user 0.010s	sys 0.004s
I20260630 12:29:26.828166 21109 raft_consensus.cc:359] T e940bc550efd46bfa159f94274ff77c2 P 903cc160093c4263b4d7a8ade29620dc [term 0 FOLLOWER]: Replica starting. Triggering 0 pending ops. Active config: opid_index: -1 OBSOLETE_local: false peers { permanent_uuid: "903cc160093c4263b4d7a8ade29620dc" member_type: VOTER last_known_addr { host: "127.19.197.193" port: 40059 } } peers { permanent_uuid: "de4b5e411c4a427a86d6737992003b0b" member_type: VOTER last_known_addr { host: "127.19.197.194" port: 45999 } } peers { permanent_uuid: "e395f6cff28244bd895c509b75536f07" member_type: VOTER last_known_addr { host: "127.19.197.195" port: 33983 } }
I20260630 12:29:26.829025 21109 raft_consensus.cc:385] T e940bc550efd46bfa159f94274ff77c2 P 903cc160093c4263b4d7a8ade29620dc [term 0 FOLLOWER]: Consensus starting up: Expiring failure detector timer to make a prompt election more likely
I20260630 12:29:26.829425 21110 raft_consensus.cc:359] T b95e73d8624b495db6b7ebe0157068c9 P de4b5e411c4a427a86d6737992003b0b [term 0 FOLLOWER]: Replica starting. Triggering 0 pending ops. Active config: opid_index: -1 OBSOLETE_local: false peers { permanent_uuid: "903cc160093c4263b4d7a8ade29620dc" member_type: VOTER last_known_addr { host: "127.19.197.193" port: 40059 } } peers { permanent_uuid: "de4b5e411c4a427a86d6737992003b0b" member_type: VOTER last_known_addr { host: "127.19.197.194" port: 45999 } } peers { permanent_uuid: "e395f6cff28244bd895c509b75536f07" member_type: VOTER last_known_addr { host: "127.19.197.195" port: 33983 } }
I20260630 12:29:26.829769 21109 raft_consensus.cc:740] T e940bc550efd46bfa159f94274ff77c2 P 903cc160093c4263b4d7a8ade29620dc [term 0 FOLLOWER]: Becoming Follower/Learner. State: Replica: 903cc160093c4263b4d7a8ade29620dc, State: Initialized, Role: FOLLOWER
I20260630 12:29:26.830230 21110 raft_consensus.cc:385] T b95e73d8624b495db6b7ebe0157068c9 P de4b5e411c4a427a86d6737992003b0b [term 0 FOLLOWER]: Consensus starting up: Expiring failure detector timer to make a prompt election more likely
I20260630 12:29:26.830766 21110 raft_consensus.cc:740] T b95e73d8624b495db6b7ebe0157068c9 P de4b5e411c4a427a86d6737992003b0b [term 0 FOLLOWER]: Becoming Follower/Learner. State: Replica: de4b5e411c4a427a86d6737992003b0b, State: Initialized, Role: FOLLOWER
I20260630 12:29:26.831220 21109 consensus_queue.cc:260] T e940bc550efd46bfa159f94274ff77c2 P 903cc160093c4263b4d7a8ade29620dc [NON_LEADER]: Queue going to NON_LEADER mode. State: All replicated index: 0, Majority replicated index: 0, Committed index: 0, Last appended: 0.0, Last appended by leader: 0, Current term: 0, Majority size: -1, State: 0, Mode: NON_LEADER, active raft config: opid_index: -1 OBSOLETE_local: false peers { permanent_uuid: "903cc160093c4263b4d7a8ade29620dc" member_type: VOTER last_known_addr { host: "127.19.197.193" port: 40059 } } peers { permanent_uuid: "de4b5e411c4a427a86d6737992003b0b" member_type: VOTER last_known_addr { host: "127.19.197.194" port: 45999 } } peers { permanent_uuid: "e395f6cff28244bd895c509b75536f07" member_type: VOTER last_known_addr { host: "127.19.197.195" port: 33983 } }
I20260630 12:29:26.831601 21110 consensus_queue.cc:260] T b95e73d8624b495db6b7ebe0157068c9 P de4b5e411c4a427a86d6737992003b0b [NON_LEADER]: Queue going to NON_LEADER mode. State: All replicated index: 0, Majority replicated index: 0, Committed index: 0, Last appended: 0.0, Last appended by leader: 0, Current term: 0, Majority size: -1, State: 0, Mode: NON_LEADER, active raft config: opid_index: -1 OBSOLETE_local: false peers { permanent_uuid: "903cc160093c4263b4d7a8ade29620dc" member_type: VOTER last_known_addr { host: "127.19.197.193" port: 40059 } } peers { permanent_uuid: "de4b5e411c4a427a86d6737992003b0b" member_type: VOTER last_known_addr { host: "127.19.197.194" port: 45999 } } peers { permanent_uuid: "e395f6cff28244bd895c509b75536f07" member_type: VOTER last_known_addr { host: "127.19.197.195" port: 33983 } }
I20260630 12:29:26.832356 21111 tablet_bootstrap.cc:654] T 7acc68977ba74e078cd59f87b3a1b8ef P e395f6cff28244bd895c509b75536f07: Neither blocks nor log segments found. Creating new log.
I20260630 12:29:26.833770 21110 ts_tablet_manager.cc:1434] T b95e73d8624b495db6b7ebe0157068c9 P de4b5e411c4a427a86d6737992003b0b: Time spent starting tablet: real 0.007s	user 0.005s	sys 0.000s
I20260630 12:29:26.836194 21109 ts_tablet_manager.cc:1434] T e940bc550efd46bfa159f94274ff77c2 P 903cc160093c4263b4d7a8ade29620dc: Time spent starting tablet: real 0.011s	user 0.008s	sys 0.000s
I20260630 12:29:26.837355 21109 tablet_bootstrap.cc:492] T 30dc846cd37c4b95944ae875f1182ea2 P 903cc160093c4263b4d7a8ade29620dc: Bootstrap starting.
I20260630 12:29:26.837766 21110 tablet_bootstrap.cc:492] T 27ae8fd75a79400e9edfa8bf019cb313 P de4b5e411c4a427a86d6737992003b0b: Bootstrap starting.
I20260630 12:29:26.843333 21111 tablet_bootstrap.cc:492] T 7acc68977ba74e078cd59f87b3a1b8ef P e395f6cff28244bd895c509b75536f07: No bootstrap required, opened a new log
I20260630 12:29:26.843886 21111 ts_tablet_manager.cc:1403] T 7acc68977ba74e078cd59f87b3a1b8ef P e395f6cff28244bd895c509b75536f07: Time spent bootstrapping tablet: real 0.018s	user 0.014s	sys 0.003s
I20260630 12:29:26.844476 21110 tablet_bootstrap.cc:654] T 27ae8fd75a79400e9edfa8bf019cb313 P de4b5e411c4a427a86d6737992003b0b: Neither blocks nor log segments found. Creating new log.
I20260630 12:29:26.844645 21109 tablet_bootstrap.cc:654] T 30dc846cd37c4b95944ae875f1182ea2 P 903cc160093c4263b4d7a8ade29620dc: Neither blocks nor log segments found. Creating new log.
I20260630 12:29:26.846422 21111 raft_consensus.cc:359] T 7acc68977ba74e078cd59f87b3a1b8ef P e395f6cff28244bd895c509b75536f07 [term 0 FOLLOWER]: Replica starting. Triggering 0 pending ops. Active config: opid_index: -1 OBSOLETE_local: false peers { permanent_uuid: "903cc160093c4263b4d7a8ade29620dc" member_type: VOTER last_known_addr { host: "127.19.197.193" port: 40059 } } peers { permanent_uuid: "de4b5e411c4a427a86d6737992003b0b" member_type: VOTER last_known_addr { host: "127.19.197.194" port: 45999 } } peers { permanent_uuid: "e395f6cff28244bd895c509b75536f07" member_type: VOTER last_known_addr { host: "127.19.197.195" port: 33983 } }
I20260630 12:29:26.847302 21111 raft_consensus.cc:385] T 7acc68977ba74e078cd59f87b3a1b8ef P e395f6cff28244bd895c509b75536f07 [term 0 FOLLOWER]: Consensus starting up: Expiring failure detector timer to make a prompt election more likely
I20260630 12:29:26.847666 21111 raft_consensus.cc:740] T 7acc68977ba74e078cd59f87b3a1b8ef P e395f6cff28244bd895c509b75536f07 [term 0 FOLLOWER]: Becoming Follower/Learner. State: Replica: e395f6cff28244bd895c509b75536f07, State: Initialized, Role: FOLLOWER
I20260630 12:29:26.848902 21111 consensus_queue.cc:260] T 7acc68977ba74e078cd59f87b3a1b8ef P e395f6cff28244bd895c509b75536f07 [NON_LEADER]: Queue going to NON_LEADER mode. State: All replicated index: 0, Majority replicated index: 0, Committed index: 0, Last appended: 0.0, Last appended by leader: 0, Current term: 0, Majority size: -1, State: 0, Mode: NON_LEADER, active raft config: opid_index: -1 OBSOLETE_local: false peers { permanent_uuid: "903cc160093c4263b4d7a8ade29620dc" member_type: VOTER last_known_addr { host: "127.19.197.193" port: 40059 } } peers { permanent_uuid: "de4b5e411c4a427a86d6737992003b0b" member_type: VOTER last_known_addr { host: "127.19.197.194" port: 45999 } } peers { permanent_uuid: "e395f6cff28244bd895c509b75536f07" member_type: VOTER last_known_addr { host: "127.19.197.195" port: 33983 } }
I20260630 12:29:26.851758 21111 ts_tablet_manager.cc:1434] T 7acc68977ba74e078cd59f87b3a1b8ef P e395f6cff28244bd895c509b75536f07: Time spent starting tablet: real 0.008s	user 0.005s	sys 0.002s
I20260630 12:29:26.853097 21111 tablet_bootstrap.cc:492] T e940bc550efd46bfa159f94274ff77c2 P e395f6cff28244bd895c509b75536f07: Bootstrap starting.
I20260630 12:29:26.860522 21111 tablet_bootstrap.cc:654] T e940bc550efd46bfa159f94274ff77c2 P e395f6cff28244bd895c509b75536f07: Neither blocks nor log segments found. Creating new log.
I20260630 12:29:26.866664 21114 raft_consensus.cc:493] T b95e73d8624b495db6b7ebe0157068c9 P 903cc160093c4263b4d7a8ade29620dc [term 0 FOLLOWER]: Starting pre-election (no leader contacted us within the election timeout)
I20260630 12:29:26.867205 21114 raft_consensus.cc:515] T b95e73d8624b495db6b7ebe0157068c9 P 903cc160093c4263b4d7a8ade29620dc [term 0 FOLLOWER]: Starting pre-election with config: opid_index: -1 OBSOLETE_local: false peers { permanent_uuid: "903cc160093c4263b4d7a8ade29620dc" member_type: VOTER last_known_addr { host: "127.19.197.193" port: 40059 } } peers { permanent_uuid: "de4b5e411c4a427a86d6737992003b0b" member_type: VOTER last_known_addr { host: "127.19.197.194" port: 45999 } } peers { permanent_uuid: "e395f6cff28244bd895c509b75536f07" member_type: VOTER last_known_addr { host: "127.19.197.195" port: 33983 } }
I20260630 12:29:26.867769 21110 tablet_bootstrap.cc:492] T 27ae8fd75a79400e9edfa8bf019cb313 P de4b5e411c4a427a86d6737992003b0b: No bootstrap required, opened a new log
I20260630 12:29:26.868306 21110 ts_tablet_manager.cc:1403] T 27ae8fd75a79400e9edfa8bf019cb313 P de4b5e411c4a427a86d6737992003b0b: Time spent bootstrapping tablet: real 0.031s	user 0.014s	sys 0.012s
I20260630 12:29:26.870848 21114 leader_election.cc:290] T b95e73d8624b495db6b7ebe0157068c9 P 903cc160093c4263b4d7a8ade29620dc [CANDIDATE]: Term 1 pre-election: Requested pre-vote from peers de4b5e411c4a427a86d6737992003b0b (127.19.197.194:45999), e395f6cff28244bd895c509b75536f07 (127.19.197.195:33983)
I20260630 12:29:26.874750 21109 tablet_bootstrap.cc:492] T 30dc846cd37c4b95944ae875f1182ea2 P 903cc160093c4263b4d7a8ade29620dc: No bootstrap required, opened a new log
I20260630 12:29:26.875296 21109 ts_tablet_manager.cc:1403] T 30dc846cd37c4b95944ae875f1182ea2 P 903cc160093c4263b4d7a8ade29620dc: Time spent bootstrapping tablet: real 0.038s	user 0.024s	sys 0.012s
I20260630 12:29:26.878233 21109 raft_consensus.cc:359] T 30dc846cd37c4b95944ae875f1182ea2 P 903cc160093c4263b4d7a8ade29620dc [term 0 FOLLOWER]: Replica starting. Triggering 0 pending ops. Active config: opid_index: -1 OBSOLETE_local: false peers { permanent_uuid: "903cc160093c4263b4d7a8ade29620dc" member_type: VOTER last_known_addr { host: "127.19.197.193" port: 40059 } } peers { permanent_uuid: "de4b5e411c4a427a86d6737992003b0b" member_type: VOTER last_known_addr { host: "127.19.197.194" port: 45999 } } peers { permanent_uuid: "e395f6cff28244bd895c509b75536f07" member_type: VOTER last_known_addr { host: "127.19.197.195" port: 33983 } }
I20260630 12:29:26.878985 21109 raft_consensus.cc:385] T 30dc846cd37c4b95944ae875f1182ea2 P 903cc160093c4263b4d7a8ade29620dc [term 0 FOLLOWER]: Consensus starting up: Expiring failure detector timer to make a prompt election more likely
I20260630 12:29:26.879331 21109 raft_consensus.cc:740] T 30dc846cd37c4b95944ae875f1182ea2 P 903cc160093c4263b4d7a8ade29620dc [term 0 FOLLOWER]: Becoming Follower/Learner. State: Replica: 903cc160093c4263b4d7a8ade29620dc, State: Initialized, Role: FOLLOWER
I20260630 12:29:26.880132 21109 consensus_queue.cc:260] T 30dc846cd37c4b95944ae875f1182ea2 P 903cc160093c4263b4d7a8ade29620dc [NON_LEADER]: Queue going to NON_LEADER mode. State: All replicated index: 0, Majority replicated index: 0, Committed index: 0, Last appended: 0.0, Last appended by leader: 0, Current term: 0, Majority size: -1, State: 0, Mode: NON_LEADER, active raft config: opid_index: -1 OBSOLETE_local: false peers { permanent_uuid: "903cc160093c4263b4d7a8ade29620dc" member_type: VOTER last_known_addr { host: "127.19.197.193" port: 40059 } } peers { permanent_uuid: "de4b5e411c4a427a86d6737992003b0b" member_type: VOTER last_known_addr { host: "127.19.197.194" port: 45999 } } peers { permanent_uuid: "e395f6cff28244bd895c509b75536f07" member_type: VOTER last_known_addr { host: "127.19.197.195" port: 33983 } }
I20260630 12:29:26.881680 21110 raft_consensus.cc:359] T 27ae8fd75a79400e9edfa8bf019cb313 P de4b5e411c4a427a86d6737992003b0b [term 0 FOLLOWER]: Replica starting. Triggering 0 pending ops. Active config: opid_index: -1 OBSOLETE_local: false peers { permanent_uuid: "903cc160093c4263b4d7a8ade29620dc" member_type: VOTER last_known_addr { host: "127.19.197.193" port: 40059 } } peers { permanent_uuid: "de4b5e411c4a427a86d6737992003b0b" member_type: VOTER last_known_addr { host: "127.19.197.194" port: 45999 } } peers { permanent_uuid: "e395f6cff28244bd895c509b75536f07" member_type: VOTER last_known_addr { host: "127.19.197.195" port: 33983 } }
I20260630 12:29:26.882546 21109 ts_tablet_manager.cc:1434] T 30dc846cd37c4b95944ae875f1182ea2 P 903cc160093c4263b4d7a8ade29620dc: Time spent starting tablet: real 0.007s	user 0.005s	sys 0.000s
I20260630 12:29:26.882769 21110 raft_consensus.cc:385] T 27ae8fd75a79400e9edfa8bf019cb313 P de4b5e411c4a427a86d6737992003b0b [term 0 FOLLOWER]: Consensus starting up: Expiring failure detector timer to make a prompt election more likely
I20260630 12:29:26.883288 21110 raft_consensus.cc:740] T 27ae8fd75a79400e9edfa8bf019cb313 P de4b5e411c4a427a86d6737992003b0b [term 0 FOLLOWER]: Becoming Follower/Learner. State: Replica: de4b5e411c4a427a86d6737992003b0b, State: Initialized, Role: FOLLOWER
I20260630 12:29:26.883838 21109 tablet_bootstrap.cc:492] T d70e43ce6d124364a425e4bdc11ffc2e P 903cc160093c4263b4d7a8ade29620dc: Bootstrap starting.
I20260630 12:29:26.886560 21111 tablet_bootstrap.cc:492] T e940bc550efd46bfa159f94274ff77c2 P e395f6cff28244bd895c509b75536f07: No bootstrap required, opened a new log
I20260630 12:29:26.887279 21111 ts_tablet_manager.cc:1403] T e940bc550efd46bfa159f94274ff77c2 P e395f6cff28244bd895c509b75536f07: Time spent bootstrapping tablet: real 0.034s	user 0.017s	sys 0.003s
I20260630 12:29:26.889562 21109 tablet_bootstrap.cc:654] T d70e43ce6d124364a425e4bdc11ffc2e P 903cc160093c4263b4d7a8ade29620dc: Neither blocks nor log segments found. Creating new log.
I20260630 12:29:26.891098 21111 raft_consensus.cc:359] T e940bc550efd46bfa159f94274ff77c2 P e395f6cff28244bd895c509b75536f07 [term 0 FOLLOWER]: Replica starting. Triggering 0 pending ops. Active config: opid_index: -1 OBSOLETE_local: false peers { permanent_uuid: "903cc160093c4263b4d7a8ade29620dc" member_type: VOTER last_known_addr { host: "127.19.197.193" port: 40059 } } peers { permanent_uuid: "de4b5e411c4a427a86d6737992003b0b" member_type: VOTER last_known_addr { host: "127.19.197.194" port: 45999 } } peers { permanent_uuid: "e395f6cff28244bd895c509b75536f07" member_type: VOTER last_known_addr { host: "127.19.197.195" port: 33983 } }
I20260630 12:29:26.892115 21111 raft_consensus.cc:385] T e940bc550efd46bfa159f94274ff77c2 P e395f6cff28244bd895c509b75536f07 [term 0 FOLLOWER]: Consensus starting up: Expiring failure detector timer to make a prompt election more likely
I20260630 12:29:26.892479 21111 raft_consensus.cc:740] T e940bc550efd46bfa159f94274ff77c2 P e395f6cff28244bd895c509b75536f07 [term 0 FOLLOWER]: Becoming Follower/Learner. State: Replica: e395f6cff28244bd895c509b75536f07, State: Initialized, Role: FOLLOWER
I20260630 12:29:26.893725 21110 consensus_queue.cc:260] T 27ae8fd75a79400e9edfa8bf019cb313 P de4b5e411c4a427a86d6737992003b0b [NON_LEADER]: Queue going to NON_LEADER mode. State: All replicated index: 0, Majority replicated index: 0, Committed index: 0, Last appended: 0.0, Last appended by leader: 0, Current term: 0, Majority size: -1, State: 0, Mode: NON_LEADER, active raft config: opid_index: -1 OBSOLETE_local: false peers { permanent_uuid: "903cc160093c4263b4d7a8ade29620dc" member_type: VOTER last_known_addr { host: "127.19.197.193" port: 40059 } } peers { permanent_uuid: "de4b5e411c4a427a86d6737992003b0b" member_type: VOTER last_known_addr { host: "127.19.197.194" port: 45999 } } peers { permanent_uuid: "e395f6cff28244bd895c509b75536f07" member_type: VOTER last_known_addr { host: "127.19.197.195" port: 33983 } }
I20260630 12:29:26.896656 21110 ts_tablet_manager.cc:1434] T 27ae8fd75a79400e9edfa8bf019cb313 P de4b5e411c4a427a86d6737992003b0b: Time spent starting tablet: real 0.025s	user 0.008s	sys 0.000s
I20260630 12:29:26.898021 21109 tablet_bootstrap.cc:492] T d70e43ce6d124364a425e4bdc11ffc2e P 903cc160093c4263b4d7a8ade29620dc: No bootstrap required, opened a new log
I20260630 12:29:26.898608 21109 ts_tablet_manager.cc:1403] T d70e43ce6d124364a425e4bdc11ffc2e P 903cc160093c4263b4d7a8ade29620dc: Time spent bootstrapping tablet: real 0.015s	user 0.012s	sys 0.001s
I20260630 12:29:26.898415 21111 consensus_queue.cc:260] T e940bc550efd46bfa159f94274ff77c2 P e395f6cff28244bd895c509b75536f07 [NON_LEADER]: Queue going to NON_LEADER mode. State: All replicated index: 0, Majority replicated index: 0, Committed index: 0, Last appended: 0.0, Last appended by leader: 0, Current term: 0, Majority size: -1, State: 0, Mode: NON_LEADER, active raft config: opid_index: -1 OBSOLETE_local: false peers { permanent_uuid: "903cc160093c4263b4d7a8ade29620dc" member_type: VOTER last_known_addr { host: "127.19.197.193" port: 40059 } } peers { permanent_uuid: "de4b5e411c4a427a86d6737992003b0b" member_type: VOTER last_known_addr { host: "127.19.197.194" port: 45999 } } peers { permanent_uuid: "e395f6cff28244bd895c509b75536f07" member_type: VOTER last_known_addr { host: "127.19.197.195" port: 33983 } }
I20260630 12:29:26.901396 21109 raft_consensus.cc:359] T d70e43ce6d124364a425e4bdc11ffc2e P 903cc160093c4263b4d7a8ade29620dc [term 0 FOLLOWER]: Replica starting. Triggering 0 pending ops. Active config: opid_index: -1 OBSOLETE_local: false peers { permanent_uuid: "903cc160093c4263b4d7a8ade29620dc" member_type: VOTER last_known_addr { host: "127.19.197.193" port: 40059 } } peers { permanent_uuid: "de4b5e411c4a427a86d6737992003b0b" member_type: VOTER last_known_addr { host: "127.19.197.194" port: 45999 } } peers { permanent_uuid: "e395f6cff28244bd895c509b75536f07" member_type: VOTER last_known_addr { host: "127.19.197.195" port: 33983 } }
I20260630 12:29:26.898036 21110 tablet_bootstrap.cc:492] T 7acc68977ba74e078cd59f87b3a1b8ef P de4b5e411c4a427a86d6737992003b0b: Bootstrap starting.
I20260630 12:29:26.902097 21109 raft_consensus.cc:385] T d70e43ce6d124364a425e4bdc11ffc2e P 903cc160093c4263b4d7a8ade29620dc [term 0 FOLLOWER]: Consensus starting up: Expiring failure detector timer to make a prompt election more likely
I20260630 12:29:26.903970 21109 raft_consensus.cc:740] T d70e43ce6d124364a425e4bdc11ffc2e P 903cc160093c4263b4d7a8ade29620dc [term 0 FOLLOWER]: Becoming Follower/Learner. State: Replica: 903cc160093c4263b4d7a8ade29620dc, State: Initialized, Role: FOLLOWER
I20260630 12:29:26.907819 21109 consensus_queue.cc:260] T d70e43ce6d124364a425e4bdc11ffc2e P 903cc160093c4263b4d7a8ade29620dc [NON_LEADER]: Queue going to NON_LEADER mode. State: All replicated index: 0, Majority replicated index: 0, Committed index: 0, Last appended: 0.0, Last appended by leader: 0, Current term: 0, Majority size: -1, State: 0, Mode: NON_LEADER, active raft config: opid_index: -1 OBSOLETE_local: false peers { permanent_uuid: "903cc160093c4263b4d7a8ade29620dc" member_type: VOTER last_known_addr { host: "127.19.197.193" port: 40059 } } peers { permanent_uuid: "de4b5e411c4a427a86d6737992003b0b" member_type: VOTER last_known_addr { host: "127.19.197.194" port: 45999 } } peers { permanent_uuid: "e395f6cff28244bd895c509b75536f07" member_type: VOTER last_known_addr { host: "127.19.197.195" port: 33983 } }
I20260630 12:29:26.909909 21111 ts_tablet_manager.cc:1434] T e940bc550efd46bfa159f94274ff77c2 P e395f6cff28244bd895c509b75536f07: Time spent starting tablet: real 0.022s	user 0.008s	sys 0.001s
I20260630 12:29:26.910404 21109 ts_tablet_manager.cc:1434] T d70e43ce6d124364a425e4bdc11ffc2e P 903cc160093c4263b4d7a8ade29620dc: Time spent starting tablet: real 0.011s	user 0.005s	sys 0.000s
I20260630 12:29:26.910957 21111 tablet_bootstrap.cc:492] T 27ae8fd75a79400e9edfa8bf019cb313 P e395f6cff28244bd895c509b75536f07: Bootstrap starting.
I20260630 12:29:26.915700 21109 tablet_bootstrap.cc:492] T 3e02c594c8d94c7b928e2adca4a69bc6 P 903cc160093c4263b4d7a8ade29620dc: Bootstrap starting.
I20260630 12:29:26.912087 21110 tablet_bootstrap.cc:654] T 7acc68977ba74e078cd59f87b3a1b8ef P de4b5e411c4a427a86d6737992003b0b: Neither blocks nor log segments found. Creating new log.
I20260630 12:29:26.920739 21064 tablet_service.cc:1917] Received RequestConsensusVote() RPC: tablet_id: "b95e73d8624b495db6b7ebe0157068c9" candidate_uuid: "903cc160093c4263b4d7a8ade29620dc" candidate_term: 1 candidate_status { last_received { term: 0 index: 0 } } ignore_live_leader: false dest_uuid: "e395f6cff28244bd895c509b75536f07" is_pre_election: true
I20260630 12:29:26.922181 21111 tablet_bootstrap.cc:654] T 27ae8fd75a79400e9edfa8bf019cb313 P e395f6cff28244bd895c509b75536f07: Neither blocks nor log segments found. Creating new log.
W20260630 12:29:26.922608 20878 leader_election.cc:343] T b95e73d8624b495db6b7ebe0157068c9 P 903cc160093c4263b4d7a8ade29620dc [CANDIDATE]: Term 1 pre-election: Tablet error from VoteRequest() call to peer e395f6cff28244bd895c509b75536f07 (127.19.197.195:33983): Illegal state: must be running to vote when last-logged opid is not known
I20260630 12:29:26.923432 21109 tablet_bootstrap.cc:654] T 3e02c594c8d94c7b928e2adca4a69bc6 P 903cc160093c4263b4d7a8ade29620dc: Neither blocks nor log segments found. Creating new log.
I20260630 12:29:26.926923 21110 tablet_bootstrap.cc:492] T 7acc68977ba74e078cd59f87b3a1b8ef P de4b5e411c4a427a86d6737992003b0b: No bootstrap required, opened a new log
I20260630 12:29:26.927382 21111 tablet_bootstrap.cc:492] T 27ae8fd75a79400e9edfa8bf019cb313 P e395f6cff28244bd895c509b75536f07: No bootstrap required, opened a new log
I20260630 12:29:26.927680 21110 ts_tablet_manager.cc:1403] T 7acc68977ba74e078cd59f87b3a1b8ef P de4b5e411c4a427a86d6737992003b0b: Time spent bootstrapping tablet: real 0.030s	user 0.008s	sys 0.005s
I20260630 12:29:26.927912 21111 ts_tablet_manager.cc:1403] T 27ae8fd75a79400e9edfa8bf019cb313 P e395f6cff28244bd895c509b75536f07: Time spent bootstrapping tablet: real 0.017s	user 0.005s	sys 0.006s
I20260630 12:29:26.930792 21111 raft_consensus.cc:359] T 27ae8fd75a79400e9edfa8bf019cb313 P e395f6cff28244bd895c509b75536f07 [term 0 FOLLOWER]: Replica starting. Triggering 0 pending ops. Active config: opid_index: -1 OBSOLETE_local: false peers { permanent_uuid: "903cc160093c4263b4d7a8ade29620dc" member_type: VOTER last_known_addr { host: "127.19.197.193" port: 40059 } } peers { permanent_uuid: "de4b5e411c4a427a86d6737992003b0b" member_type: VOTER last_known_addr { host: "127.19.197.194" port: 45999 } } peers { permanent_uuid: "e395f6cff28244bd895c509b75536f07" member_type: VOTER last_known_addr { host: "127.19.197.195" port: 33983 } }
I20260630 12:29:26.931516 21111 raft_consensus.cc:385] T 27ae8fd75a79400e9edfa8bf019cb313 P e395f6cff28244bd895c509b75536f07 [term 0 FOLLOWER]: Consensus starting up: Expiring failure detector timer to make a prompt election more likely
I20260630 12:29:26.931851 21111 raft_consensus.cc:740] T 27ae8fd75a79400e9edfa8bf019cb313 P e395f6cff28244bd895c509b75536f07 [term 0 FOLLOWER]: Becoming Follower/Learner. State: Replica: e395f6cff28244bd895c509b75536f07, State: Initialized, Role: FOLLOWER
I20260630 12:29:26.932688 21111 consensus_queue.cc:260] T 27ae8fd75a79400e9edfa8bf019cb313 P e395f6cff28244bd895c509b75536f07 [NON_LEADER]: Queue going to NON_LEADER mode. State: All replicated index: 0, Majority replicated index: 0, Committed index: 0, Last appended: 0.0, Last appended by leader: 0, Current term: 0, Majority size: -1, State: 0, Mode: NON_LEADER, active raft config: opid_index: -1 OBSOLETE_local: false peers { permanent_uuid: "903cc160093c4263b4d7a8ade29620dc" member_type: VOTER last_known_addr { host: "127.19.197.193" port: 40059 } } peers { permanent_uuid: "de4b5e411c4a427a86d6737992003b0b" member_type: VOTER last_known_addr { host: "127.19.197.194" port: 45999 } } peers { permanent_uuid: "e395f6cff28244bd895c509b75536f07" member_type: VOTER last_known_addr { host: "127.19.197.195" port: 33983 } }
I20260630 12:29:26.933738 20990 tablet_service.cc:1917] Received RequestConsensusVote() RPC: tablet_id: "b95e73d8624b495db6b7ebe0157068c9" candidate_uuid: "903cc160093c4263b4d7a8ade29620dc" candidate_term: 1 candidate_status { last_received { term: 0 index: 0 } } ignore_live_leader: false dest_uuid: "de4b5e411c4a427a86d6737992003b0b" is_pre_election: true
I20260630 12:29:26.934947 21111 ts_tablet_manager.cc:1434] T 27ae8fd75a79400e9edfa8bf019cb313 P e395f6cff28244bd895c509b75536f07: Time spent starting tablet: real 0.007s	user 0.003s	sys 0.002s
I20260630 12:29:26.935027 20990 raft_consensus.cc:2468] T b95e73d8624b495db6b7ebe0157068c9 P de4b5e411c4a427a86d6737992003b0b [term 0 FOLLOWER]: Leader pre-election vote request: Granting yes vote for candidate 903cc160093c4263b4d7a8ade29620dc in term 0.
I20260630 12:29:26.936024 21111 tablet_bootstrap.cc:492] T b95e73d8624b495db6b7ebe0157068c9 P e395f6cff28244bd895c509b75536f07: Bootstrap starting.
I20260630 12:29:26.936484 20878 leader_election.cc:304] T b95e73d8624b495db6b7ebe0157068c9 P 903cc160093c4263b4d7a8ade29620dc [CANDIDATE]: Term 1 pre-election: Election decided. Result: candidate won. Election summary: received 3 responses out of 3 voters: 2 yes votes; 1 no votes. yes voters: 903cc160093c4263b4d7a8ade29620dc, de4b5e411c4a427a86d6737992003b0b; no voters: e395f6cff28244bd895c509b75536f07
I20260630 12:29:26.937615 21114 raft_consensus.cc:2804] T b95e73d8624b495db6b7ebe0157068c9 P 903cc160093c4263b4d7a8ade29620dc [term 0 FOLLOWER]: Leader pre-election won for term 1
I20260630 12:29:26.937955 21114 raft_consensus.cc:493] T b95e73d8624b495db6b7ebe0157068c9 P 903cc160093c4263b4d7a8ade29620dc [term 0 FOLLOWER]: Starting leader election (no leader contacted us within the election timeout)
I20260630 12:29:26.938277 21114 raft_consensus.cc:3060] T b95e73d8624b495db6b7ebe0157068c9 P 903cc160093c4263b4d7a8ade29620dc [term 0 FOLLOWER]: Advancing to term 1
I20260630 12:29:26.941776 21111 tablet_bootstrap.cc:654] T b95e73d8624b495db6b7ebe0157068c9 P e395f6cff28244bd895c509b75536f07: Neither blocks nor log segments found. Creating new log.
I20260630 12:29:26.945572 21114 raft_consensus.cc:515] T b95e73d8624b495db6b7ebe0157068c9 P 903cc160093c4263b4d7a8ade29620dc [term 1 FOLLOWER]: Starting leader election with config: opid_index: -1 OBSOLETE_local: false peers { permanent_uuid: "903cc160093c4263b4d7a8ade29620dc" member_type: VOTER last_known_addr { host: "127.19.197.193" port: 40059 } } peers { permanent_uuid: "de4b5e411c4a427a86d6737992003b0b" member_type: VOTER last_known_addr { host: "127.19.197.194" port: 45999 } } peers { permanent_uuid: "e395f6cff28244bd895c509b75536f07" member_type: VOTER last_known_addr { host: "127.19.197.195" port: 33983 } }
I20260630 12:29:26.949184 20990 tablet_service.cc:1917] Received RequestConsensusVote() RPC: tablet_id: "b95e73d8624b495db6b7ebe0157068c9" candidate_uuid: "903cc160093c4263b4d7a8ade29620dc" candidate_term: 1 candidate_status { last_received { term: 0 index: 0 } } ignore_live_leader: false dest_uuid: "de4b5e411c4a427a86d6737992003b0b"
I20260630 12:29:26.949906 20990 raft_consensus.cc:3060] T b95e73d8624b495db6b7ebe0157068c9 P de4b5e411c4a427a86d6737992003b0b [term 0 FOLLOWER]: Advancing to term 1
I20260630 12:29:26.953485 21110 raft_consensus.cc:359] T 7acc68977ba74e078cd59f87b3a1b8ef P de4b5e411c4a427a86d6737992003b0b [term 0 FOLLOWER]: Replica starting. Triggering 0 pending ops. Active config: opid_index: -1 OBSOLETE_local: false peers { permanent_uuid: "903cc160093c4263b4d7a8ade29620dc" member_type: VOTER last_known_addr { host: "127.19.197.193" port: 40059 } } peers { permanent_uuid: "de4b5e411c4a427a86d6737992003b0b" member_type: VOTER last_known_addr { host: "127.19.197.194" port: 45999 } } peers { permanent_uuid: "e395f6cff28244bd895c509b75536f07" member_type: VOTER last_known_addr { host: "127.19.197.195" port: 33983 } }
I20260630 12:29:26.954491 21110 raft_consensus.cc:385] T 7acc68977ba74e078cd59f87b3a1b8ef P de4b5e411c4a427a86d6737992003b0b [term 0 FOLLOWER]: Consensus starting up: Expiring failure detector timer to make a prompt election more likely
I20260630 12:29:26.954898 21110 raft_consensus.cc:740] T 7acc68977ba74e078cd59f87b3a1b8ef P de4b5e411c4a427a86d6737992003b0b [term 0 FOLLOWER]: Becoming Follower/Learner. State: Replica: de4b5e411c4a427a86d6737992003b0b, State: Initialized, Role: FOLLOWER
I20260630 12:29:26.956079 21110 consensus_queue.cc:260] T 7acc68977ba74e078cd59f87b3a1b8ef P de4b5e411c4a427a86d6737992003b0b [NON_LEADER]: Queue going to NON_LEADER mode. State: All replicated index: 0, Majority replicated index: 0, Committed index: 0, Last appended: 0.0, Last appended by leader: 0, Current term: 0, Majority size: -1, State: 0, Mode: NON_LEADER, active raft config: opid_index: -1 OBSOLETE_local: false peers { permanent_uuid: "903cc160093c4263b4d7a8ade29620dc" member_type: VOTER last_known_addr { host: "127.19.197.193" port: 40059 } } peers { permanent_uuid: "de4b5e411c4a427a86d6737992003b0b" member_type: VOTER last_known_addr { host: "127.19.197.194" port: 45999 } } peers { permanent_uuid: "e395f6cff28244bd895c509b75536f07" member_type: VOTER last_known_addr { host: "127.19.197.195" port: 33983 } }
I20260630 12:29:26.959825 20990 raft_consensus.cc:2468] T b95e73d8624b495db6b7ebe0157068c9 P de4b5e411c4a427a86d6737992003b0b [term 1 FOLLOWER]: Leader election vote request: Granting yes vote for candidate 903cc160093c4263b4d7a8ade29620dc in term 1.
I20260630 12:29:26.962476 21064 tablet_service.cc:1917] Received RequestConsensusVote() RPC: tablet_id: "b95e73d8624b495db6b7ebe0157068c9" candidate_uuid: "903cc160093c4263b4d7a8ade29620dc" candidate_term: 1 candidate_status { last_received { term: 0 index: 0 } } ignore_live_leader: false dest_uuid: "e395f6cff28244bd895c509b75536f07"
W20260630 12:29:26.964958 20878 leader_election.cc:343] T b95e73d8624b495db6b7ebe0157068c9 P 903cc160093c4263b4d7a8ade29620dc [CANDIDATE]: Term 1 election: Tablet error from VoteRequest() call to peer e395f6cff28244bd895c509b75536f07 (127.19.197.195:33983): Illegal state: must be running to vote when last-logged opid is not known
I20260630 12:29:26.963061 21114 leader_election.cc:290] T b95e73d8624b495db6b7ebe0157068c9 P 903cc160093c4263b4d7a8ade29620dc [CANDIDATE]: Term 1 election: Requested vote from peers de4b5e411c4a427a86d6737992003b0b (127.19.197.194:45999), e395f6cff28244bd895c509b75536f07 (127.19.197.195:33983)
I20260630 12:29:26.967043 20878 leader_election.cc:304] T b95e73d8624b495db6b7ebe0157068c9 P 903cc160093c4263b4d7a8ade29620dc [CANDIDATE]: Term 1 election: Election decided. Result: candidate won. Election summary: received 3 responses out of 3 voters: 2 yes votes; 1 no votes. yes voters: 903cc160093c4263b4d7a8ade29620dc, de4b5e411c4a427a86d6737992003b0b; no voters: e395f6cff28244bd895c509b75536f07
I20260630 12:29:26.967620 21110 ts_tablet_manager.cc:1434] T 7acc68977ba74e078cd59f87b3a1b8ef P de4b5e411c4a427a86d6737992003b0b: Time spent starting tablet: real 0.039s	user 0.008s	sys 0.000s
I20260630 12:29:26.968536 21114 raft_consensus.cc:2804] T b95e73d8624b495db6b7ebe0157068c9 P 903cc160093c4263b4d7a8ade29620dc [term 1 FOLLOWER]: Leader election won for term 1
I20260630 12:29:26.971412 21110 tablet_bootstrap.cc:492] T 30dc846cd37c4b95944ae875f1182ea2 P de4b5e411c4a427a86d6737992003b0b: Bootstrap starting.
I20260630 12:29:26.973500 21114 raft_consensus.cc:697] T b95e73d8624b495db6b7ebe0157068c9 P 903cc160093c4263b4d7a8ade29620dc [term 1 LEADER]: Becoming Leader. State: Replica: 903cc160093c4263b4d7a8ade29620dc, State: Running, Role: LEADER
I20260630 12:29:26.974709 21114 consensus_queue.cc:237] T b95e73d8624b495db6b7ebe0157068c9 P 903cc160093c4263b4d7a8ade29620dc [LEADER]: Queue going to LEADER mode. State: All replicated index: 0, Majority replicated index: 0, Committed index: 0, Last appended: 0.0, Last appended by leader: 0, Current term: 1, Majority size: 2, State: 0, Mode: LEADER, active raft config: opid_index: -1 OBSOLETE_local: false peers { permanent_uuid: "903cc160093c4263b4d7a8ade29620dc" member_type: VOTER last_known_addr { host: "127.19.197.193" port: 40059 } } peers { permanent_uuid: "de4b5e411c4a427a86d6737992003b0b" member_type: VOTER last_known_addr { host: "127.19.197.194" port: 45999 } } peers { permanent_uuid: "e395f6cff28244bd895c509b75536f07" member_type: VOTER last_known_addr { host: "127.19.197.195" port: 33983 } }
I20260630 12:29:26.976197 21109 tablet_bootstrap.cc:492] T 3e02c594c8d94c7b928e2adca4a69bc6 P 903cc160093c4263b4d7a8ade29620dc: No bootstrap required, opened a new log
I20260630 12:29:26.976761 21109 ts_tablet_manager.cc:1403] T 3e02c594c8d94c7b928e2adca4a69bc6 P 903cc160093c4263b4d7a8ade29620dc: Time spent bootstrapping tablet: real 0.061s	user 0.019s	sys 0.034s
I20260630 12:29:26.979732 21118 raft_consensus.cc:493] T 7acc68977ba74e078cd59f87b3a1b8ef P e395f6cff28244bd895c509b75536f07 [term 0 FOLLOWER]: Starting pre-election (no leader contacted us within the election timeout)
I20260630 12:29:26.980226 21118 raft_consensus.cc:515] T 7acc68977ba74e078cd59f87b3a1b8ef P e395f6cff28244bd895c509b75536f07 [term 0 FOLLOWER]: Starting pre-election with config: opid_index: -1 OBSOLETE_local: false peers { permanent_uuid: "903cc160093c4263b4d7a8ade29620dc" member_type: VOTER last_known_addr { host: "127.19.197.193" port: 40059 } } peers { permanent_uuid: "de4b5e411c4a427a86d6737992003b0b" member_type: VOTER last_known_addr { host: "127.19.197.194" port: 45999 } } peers { permanent_uuid: "e395f6cff28244bd895c509b75536f07" member_type: VOTER last_known_addr { host: "127.19.197.195" port: 33983 } }
I20260630 12:29:26.981271 21110 tablet_bootstrap.cc:654] T 30dc846cd37c4b95944ae875f1182ea2 P de4b5e411c4a427a86d6737992003b0b: Neither blocks nor log segments found. Creating new log.
I20260630 12:29:26.980536 21109 raft_consensus.cc:359] T 3e02c594c8d94c7b928e2adca4a69bc6 P 903cc160093c4263b4d7a8ade29620dc [term 0 FOLLOWER]: Replica starting. Triggering 0 pending ops. Active config: opid_index: -1 OBSOLETE_local: false peers { permanent_uuid: "903cc160093c4263b4d7a8ade29620dc" member_type: VOTER last_known_addr { host: "127.19.197.193" port: 40059 } } peers { permanent_uuid: "de4b5e411c4a427a86d6737992003b0b" member_type: VOTER last_known_addr { host: "127.19.197.194" port: 45999 } } peers { permanent_uuid: "e395f6cff28244bd895c509b75536f07" member_type: VOTER last_known_addr { host: "127.19.197.195" port: 33983 } }
I20260630 12:29:26.982367 21109 raft_consensus.cc:385] T 3e02c594c8d94c7b928e2adca4a69bc6 P 903cc160093c4263b4d7a8ade29620dc [term 0 FOLLOWER]: Consensus starting up: Expiring failure detector timer to make a prompt election more likely
I20260630 12:29:26.982774 21109 raft_consensus.cc:740] T 3e02c594c8d94c7b928e2adca4a69bc6 P 903cc160093c4263b4d7a8ade29620dc [term 0 FOLLOWER]: Becoming Follower/Learner. State: Replica: 903cc160093c4263b4d7a8ade29620dc, State: Initialized, Role: FOLLOWER
I20260630 12:29:26.983711 21109 consensus_queue.cc:260] T 3e02c594c8d94c7b928e2adca4a69bc6 P 903cc160093c4263b4d7a8ade29620dc [NON_LEADER]: Queue going to NON_LEADER mode. State: All replicated index: 0, Majority replicated index: 0, Committed index: 0, Last appended: 0.0, Last appended by leader: 0, Current term: 0, Majority size: -1, State: 0, Mode: NON_LEADER, active raft config: opid_index: -1 OBSOLETE_local: false peers { permanent_uuid: "903cc160093c4263b4d7a8ade29620dc" member_type: VOTER last_known_addr { host: "127.19.197.193" port: 40059 } } peers { permanent_uuid: "de4b5e411c4a427a86d6737992003b0b" member_type: VOTER last_known_addr { host: "127.19.197.194" port: 45999 } } peers { permanent_uuid: "e395f6cff28244bd895c509b75536f07" member_type: VOTER last_known_addr { host: "127.19.197.195" port: 33983 } }
I20260630 12:29:26.986824 21109 ts_tablet_manager.cc:1434] T 3e02c594c8d94c7b928e2adca4a69bc6 P 903cc160093c4263b4d7a8ade29620dc: Time spent starting tablet: real 0.010s	user 0.006s	sys 0.000s
I20260630 12:29:26.988198 21109 tablet_bootstrap.cc:492] T 80cf44ef28de47b1bf9ae3cd0c260465 P 903cc160093c4263b4d7a8ade29620dc: Bootstrap starting.
I20260630 12:29:26.995033 21118 leader_election.cc:290] T 7acc68977ba74e078cd59f87b3a1b8ef P e395f6cff28244bd895c509b75536f07 [CANDIDATE]: Term 1 pre-election: Requested pre-vote from peers 903cc160093c4263b4d7a8ade29620dc (127.19.197.193:40059), de4b5e411c4a427a86d6737992003b0b (127.19.197.194:45999)
I20260630 12:29:26.996143 21109 tablet_bootstrap.cc:654] T 80cf44ef28de47b1bf9ae3cd0c260465 P 903cc160093c4263b4d7a8ade29620dc: Neither blocks nor log segments found. Creating new log.
I20260630 12:29:26.999303 21110 tablet_bootstrap.cc:492] T 30dc846cd37c4b95944ae875f1182ea2 P de4b5e411c4a427a86d6737992003b0b: No bootstrap required, opened a new log
I20260630 12:29:26.999902 21110 ts_tablet_manager.cc:1403] T 30dc846cd37c4b95944ae875f1182ea2 P de4b5e411c4a427a86d6737992003b0b: Time spent bootstrapping tablet: real 0.029s	user 0.009s	sys 0.016s
I20260630 12:29:27.003657 21110 raft_consensus.cc:359] T 30dc846cd37c4b95944ae875f1182ea2 P de4b5e411c4a427a86d6737992003b0b [term 0 FOLLOWER]: Replica starting. Triggering 0 pending ops. Active config: opid_index: -1 OBSOLETE_local: false peers { permanent_uuid: "903cc160093c4263b4d7a8ade29620dc" member_type: VOTER last_known_addr { host: "127.19.197.193" port: 40059 } } peers { permanent_uuid: "de4b5e411c4a427a86d6737992003b0b" member_type: VOTER last_known_addr { host: "127.19.197.194" port: 45999 } } peers { permanent_uuid: "e395f6cff28244bd895c509b75536f07" member_type: VOTER last_known_addr { host: "127.19.197.195" port: 33983 } }
I20260630 12:29:27.004913 21110 raft_consensus.cc:385] T 30dc846cd37c4b95944ae875f1182ea2 P de4b5e411c4a427a86d6737992003b0b [term 0 FOLLOWER]: Consensus starting up: Expiring failure detector timer to make a prompt election more likely
I20260630 12:29:27.005352 21110 raft_consensus.cc:740] T 30dc846cd37c4b95944ae875f1182ea2 P de4b5e411c4a427a86d6737992003b0b [term 0 FOLLOWER]: Becoming Follower/Learner. State: Replica: de4b5e411c4a427a86d6737992003b0b, State: Initialized, Role: FOLLOWER
I20260630 12:29:27.006506 21110 consensus_queue.cc:260] T 30dc846cd37c4b95944ae875f1182ea2 P de4b5e411c4a427a86d6737992003b0b [NON_LEADER]: Queue going to NON_LEADER mode. State: All replicated index: 0, Majority replicated index: 0, Committed index: 0, Last appended: 0.0, Last appended by leader: 0, Current term: 0, Majority size: -1, State: 0, Mode: NON_LEADER, active raft config: opid_index: -1 OBSOLETE_local: false peers { permanent_uuid: "903cc160093c4263b4d7a8ade29620dc" member_type: VOTER last_known_addr { host: "127.19.197.193" port: 40059 } } peers { permanent_uuid: "de4b5e411c4a427a86d6737992003b0b" member_type: VOTER last_known_addr { host: "127.19.197.194" port: 45999 } } peers { permanent_uuid: "e395f6cff28244bd895c509b75536f07" member_type: VOTER last_known_addr { host: "127.19.197.195" port: 33983 } }
I20260630 12:29:27.009606 21111 tablet_bootstrap.cc:492] T b95e73d8624b495db6b7ebe0157068c9 P e395f6cff28244bd895c509b75536f07: No bootstrap required, opened a new log
I20260630 12:29:27.015875 21111 ts_tablet_manager.cc:1403] T b95e73d8624b495db6b7ebe0157068c9 P e395f6cff28244bd895c509b75536f07: Time spent bootstrapping tablet: real 0.080s	user 0.029s	sys 0.017s
I20260630 12:29:27.019373 21110 ts_tablet_manager.cc:1434] T 30dc846cd37c4b95944ae875f1182ea2 P de4b5e411c4a427a86d6737992003b0b: Time spent starting tablet: real 0.019s	user 0.006s	sys 0.001s
I20260630 12:29:27.021461 21111 raft_consensus.cc:359] T b95e73d8624b495db6b7ebe0157068c9 P e395f6cff28244bd895c509b75536f07 [term 0 FOLLOWER]: Replica starting. Triggering 0 pending ops. Active config: opid_index: -1 OBSOLETE_local: false peers { permanent_uuid: "903cc160093c4263b4d7a8ade29620dc" member_type: VOTER last_known_addr { host: "127.19.197.193" port: 40059 } } peers { permanent_uuid: "de4b5e411c4a427a86d6737992003b0b" member_type: VOTER last_known_addr { host: "127.19.197.194" port: 45999 } } peers { permanent_uuid: "e395f6cff28244bd895c509b75536f07" member_type: VOTER last_known_addr { host: "127.19.197.195" port: 33983 } }
I20260630 12:29:27.022179 21110 tablet_bootstrap.cc:492] T 3e02c594c8d94c7b928e2adca4a69bc6 P de4b5e411c4a427a86d6737992003b0b: Bootstrap starting.
I20260630 12:29:27.031092 21110 tablet_bootstrap.cc:654] T 3e02c594c8d94c7b928e2adca4a69bc6 P de4b5e411c4a427a86d6737992003b0b: Neither blocks nor log segments found. Creating new log.
I20260630 12:29:27.024333 21109 tablet_bootstrap.cc:492] T 80cf44ef28de47b1bf9ae3cd0c260465 P 903cc160093c4263b4d7a8ade29620dc: No bootstrap required, opened a new log
I20260630 12:29:27.031921 21109 ts_tablet_manager.cc:1403] T 80cf44ef28de47b1bf9ae3cd0c260465 P 903cc160093c4263b4d7a8ade29620dc: Time spent bootstrapping tablet: real 0.044s	user 0.020s	sys 0.012s
I20260630 12:29:27.034847 21109 raft_consensus.cc:359] T 80cf44ef28de47b1bf9ae3cd0c260465 P 903cc160093c4263b4d7a8ade29620dc [term 0 FOLLOWER]: Replica starting. Triggering 0 pending ops. Active config: opid_index: -1 OBSOLETE_local: false peers { permanent_uuid: "903cc160093c4263b4d7a8ade29620dc" member_type: VOTER last_known_addr { host: "127.19.197.193" port: 40059 } } peers { permanent_uuid: "de4b5e411c4a427a86d6737992003b0b" member_type: VOTER last_known_addr { host: "127.19.197.194" port: 45999 } } peers { permanent_uuid: "e395f6cff28244bd895c509b75536f07" member_type: VOTER last_known_addr { host: "127.19.197.195" port: 33983 } }
I20260630 12:29:27.035534 21109 raft_consensus.cc:385] T 80cf44ef28de47b1bf9ae3cd0c260465 P 903cc160093c4263b4d7a8ade29620dc [term 0 FOLLOWER]: Consensus starting up: Expiring failure detector timer to make a prompt election more likely
I20260630 12:29:27.035718 21111 raft_consensus.cc:385] T b95e73d8624b495db6b7ebe0157068c9 P e395f6cff28244bd895c509b75536f07 [term 0 FOLLOWER]: Consensus starting up: Expiring failure detector timer to make a prompt election more likely
I20260630 12:29:27.036037 21109 raft_consensus.cc:740] T 80cf44ef28de47b1bf9ae3cd0c260465 P 903cc160093c4263b4d7a8ade29620dc [term 0 FOLLOWER]: Becoming Follower/Learner. State: Replica: 903cc160093c4263b4d7a8ade29620dc, State: Initialized, Role: FOLLOWER
I20260630 12:29:27.036051 21111 raft_consensus.cc:740] T b95e73d8624b495db6b7ebe0157068c9 P e395f6cff28244bd895c509b75536f07 [term 0 FOLLOWER]: Becoming Follower/Learner. State: Replica: e395f6cff28244bd895c509b75536f07, State: Initialized, Role: FOLLOWER
I20260630 12:29:27.037431 20915 tablet_service.cc:1917] Received RequestConsensusVote() RPC: tablet_id: "7acc68977ba74e078cd59f87b3a1b8ef" candidate_uuid: "e395f6cff28244bd895c509b75536f07" candidate_term: 1 candidate_status { last_received { term: 0 index: 0 } } ignore_live_leader: false dest_uuid: "903cc160093c4263b4d7a8ade29620dc" is_pre_election: true
I20260630 12:29:27.038851 21111 consensus_queue.cc:260] T b95e73d8624b495db6b7ebe0157068c9 P e395f6cff28244bd895c509b75536f07 [NON_LEADER]: Queue going to NON_LEADER mode. State: All replicated index: 0, Majority replicated index: 0, Committed index: 0, Last appended: 0.0, Last appended by leader: 0, Current term: 0, Majority size: -1, State: 0, Mode: NON_LEADER, active raft config: opid_index: -1 OBSOLETE_local: false peers { permanent_uuid: "903cc160093c4263b4d7a8ade29620dc" member_type: VOTER last_known_addr { host: "127.19.197.193" port: 40059 } } peers { permanent_uuid: "de4b5e411c4a427a86d6737992003b0b" member_type: VOTER last_known_addr { host: "127.19.197.194" port: 45999 } } peers { permanent_uuid: "e395f6cff28244bd895c509b75536f07" member_type: VOTER last_known_addr { host: "127.19.197.195" port: 33983 } }
I20260630 12:29:27.037416 21109 consensus_queue.cc:260] T 80cf44ef28de47b1bf9ae3cd0c260465 P 903cc160093c4263b4d7a8ade29620dc [NON_LEADER]: Queue going to NON_LEADER mode. State: All replicated index: 0, Majority replicated index: 0, Committed index: 0, Last appended: 0.0, Last appended by leader: 0, Current term: 0, Majority size: -1, State: 0, Mode: NON_LEADER, active raft config: opid_index: -1 OBSOLETE_local: false peers { permanent_uuid: "903cc160093c4263b4d7a8ade29620dc" member_type: VOTER last_known_addr { host: "127.19.197.193" port: 40059 } } peers { permanent_uuid: "de4b5e411c4a427a86d6737992003b0b" member_type: VOTER last_known_addr { host: "127.19.197.194" port: 45999 } } peers { permanent_uuid: "e395f6cff28244bd895c509b75536f07" member_type: VOTER last_known_addr { host: "127.19.197.195" port: 33983 } }
I20260630 12:29:27.041366 21111 ts_tablet_manager.cc:1434] T b95e73d8624b495db6b7ebe0157068c9 P e395f6cff28244bd895c509b75536f07: Time spent starting tablet: real 0.023s	user 0.006s	sys 0.000s
W20260630 12:29:27.039772 21029 leader_election.cc:343] T 7acc68977ba74e078cd59f87b3a1b8ef P e395f6cff28244bd895c509b75536f07 [CANDIDATE]: Term 1 pre-election: Tablet error from VoteRequest() call to peer 903cc160093c4263b4d7a8ade29620dc (127.19.197.193:40059): Illegal state: must be running to vote when last-logged opid is not known
I20260630 12:29:27.043051 21111 tablet_bootstrap.cc:492] T 80cf44ef28de47b1bf9ae3cd0c260465 P e395f6cff28244bd895c509b75536f07: Bootstrap starting.
I20260630 12:29:27.044309 20813 catalog_manager.cc:5697] T b95e73d8624b495db6b7ebe0157068c9 P 903cc160093c4263b4d7a8ade29620dc reported cstate change: term changed from 0 to 1, leader changed from <none> to 903cc160093c4263b4d7a8ade29620dc (127.19.197.193). New cstate: current_term: 1 leader_uuid: "903cc160093c4263b4d7a8ade29620dc" committed_config { opid_index: -1 OBSOLETE_local: false peers { permanent_uuid: "903cc160093c4263b4d7a8ade29620dc" member_type: VOTER last_known_addr { host: "127.19.197.193" port: 40059 } health_report { overall_health: HEALTHY } } peers { permanent_uuid: "de4b5e411c4a427a86d6737992003b0b" member_type: VOTER last_known_addr { host: "127.19.197.194" port: 45999 } health_report { overall_health: UNKNOWN } } peers { permanent_uuid: "e395f6cff28244bd895c509b75536f07" member_type: VOTER last_known_addr { host: "127.19.197.195" port: 33983 } health_report { overall_health: UNKNOWN } } }
I20260630 12:29:27.047168 20990 tablet_service.cc:1917] Received RequestConsensusVote() RPC: tablet_id: "7acc68977ba74e078cd59f87b3a1b8ef" candidate_uuid: "e395f6cff28244bd895c509b75536f07" candidate_term: 1 candidate_status { last_received { term: 0 index: 0 } } ignore_live_leader: false dest_uuid: "de4b5e411c4a427a86d6737992003b0b" is_pre_election: true
I20260630 12:29:27.047765 20990 raft_consensus.cc:2468] T 7acc68977ba74e078cd59f87b3a1b8ef P de4b5e411c4a427a86d6737992003b0b [term 0 FOLLOWER]: Leader pre-election vote request: Granting yes vote for candidate e395f6cff28244bd895c509b75536f07 in term 0.
I20260630 12:29:27.050608 21027 leader_election.cc:304] T 7acc68977ba74e078cd59f87b3a1b8ef P e395f6cff28244bd895c509b75536f07 [CANDIDATE]: Term 1 pre-election: Election decided. Result: candidate won. Election summary: received 3 responses out of 3 voters: 2 yes votes; 1 no votes. yes voters: de4b5e411c4a427a86d6737992003b0b, e395f6cff28244bd895c509b75536f07; no voters: 903cc160093c4263b4d7a8ade29620dc
I20260630 12:29:27.051466 21118 raft_consensus.cc:2804] T 7acc68977ba74e078cd59f87b3a1b8ef P e395f6cff28244bd895c509b75536f07 [term 0 FOLLOWER]: Leader pre-election won for term 1
I20260630 12:29:27.051899 21118 raft_consensus.cc:493] T 7acc68977ba74e078cd59f87b3a1b8ef P e395f6cff28244bd895c509b75536f07 [term 0 FOLLOWER]: Starting leader election (no leader contacted us within the election timeout)
I20260630 12:29:27.052250 21118 raft_consensus.cc:3060] T 7acc68977ba74e078cd59f87b3a1b8ef P e395f6cff28244bd895c509b75536f07 [term 0 FOLLOWER]: Advancing to term 1
I20260630 12:29:27.053678 21109 ts_tablet_manager.cc:1434] T 80cf44ef28de47b1bf9ae3cd0c260465 P 903cc160093c4263b4d7a8ade29620dc: Time spent starting tablet: real 0.021s	user 0.006s	sys 0.000s
I20260630 12:29:27.054929 21109 tablet_bootstrap.cc:492] T 27ae8fd75a79400e9edfa8bf019cb313 P 903cc160093c4263b4d7a8ade29620dc: Bootstrap starting.
I20260630 12:29:27.057276 21118 raft_consensus.cc:515] T 7acc68977ba74e078cd59f87b3a1b8ef P e395f6cff28244bd895c509b75536f07 [term 1 FOLLOWER]: Starting leader election with config: opid_index: -1 OBSOLETE_local: false peers { permanent_uuid: "903cc160093c4263b4d7a8ade29620dc" member_type: VOTER last_known_addr { host: "127.19.197.193" port: 40059 } } peers { permanent_uuid: "de4b5e411c4a427a86d6737992003b0b" member_type: VOTER last_known_addr { host: "127.19.197.194" port: 45999 } } peers { permanent_uuid: "e395f6cff28244bd895c509b75536f07" member_type: VOTER last_known_addr { host: "127.19.197.195" port: 33983 } }
I20260630 12:29:27.051503 21111 tablet_bootstrap.cc:654] T 80cf44ef28de47b1bf9ae3cd0c260465 P e395f6cff28244bd895c509b75536f07: Neither blocks nor log segments found. Creating new log.
I20260630 12:29:27.060923 21110 tablet_bootstrap.cc:492] T 3e02c594c8d94c7b928e2adca4a69bc6 P de4b5e411c4a427a86d6737992003b0b: No bootstrap required, opened a new log
I20260630 12:29:27.061446 21110 ts_tablet_manager.cc:1403] T 3e02c594c8d94c7b928e2adca4a69bc6 P de4b5e411c4a427a86d6737992003b0b: Time spent bootstrapping tablet: real 0.039s	user 0.011s	sys 0.016s
