I20260630 12:30:36.328599 23188 raft_consensus.cc:2468] T d5e3a1c94f704b3b8a449fcd53efbc7b P 677e9e5fb5134b4a93efbe2c9f2cf110 [term 0 FOLLOWER]: Leader pre-election vote request: Granting yes vote for candidate a1a77761502e4f39a730b2573ea114c4 in term 0.
I20260630 12:30:36.328469 23411 raft_consensus.cc:515] T d5e3a1c94f704b3b8a449fcd53efbc7b P a1a77761502e4f39a730b2573ea114c4 [term 1 FOLLOWER]: Starting leader election with config: opid_index: -1 OBSOLETE_local: false peers { permanent_uuid: "677e9e5fb5134b4a93efbe2c9f2cf110" member_type: VOTER last_known_addr { host: "127.19.155.195" port: 36539 } } peers { permanent_uuid: "26f85c22f82f4d5e9586c77bdf5fa051" member_type: VOTER last_known_addr { host: "127.19.155.194" port: 40303 } } peers { permanent_uuid: "a1a77761502e4f39a730b2573ea114c4" member_type: VOTER last_known_addr { host: "127.19.155.196" port: 41981 } }
I20260630 12:30:36.330205 23411 leader_election.cc:290] T d5e3a1c94f704b3b8a449fcd53efbc7b P a1a77761502e4f39a730b2573ea114c4 [CANDIDATE]: Term 1 election: Requested vote from peers 677e9e5fb5134b4a93efbe2c9f2cf110 (127.19.155.195:36539), 26f85c22f82f4d5e9586c77bdf5fa051 (127.19.155.194:40303)
I20260630 12:30:36.330926 23188 tablet_service.cc:1917] Received RequestConsensusVote() RPC: tablet_id: "d5e3a1c94f704b3b8a449fcd53efbc7b" candidate_uuid: "a1a77761502e4f39a730b2573ea114c4" candidate_term: 1 candidate_status { last_received { term: 0 index: 0 } } ignore_live_leader: false dest_uuid: "677e9e5fb5134b4a93efbe2c9f2cf110"
I20260630 12:30:36.331229 23116 tablet_service.cc:1917] Received RequestConsensusVote() RPC: tablet_id: "d5e3a1c94f704b3b8a449fcd53efbc7b" candidate_uuid: "a1a77761502e4f39a730b2573ea114c4" candidate_term: 1 candidate_status { last_received { term: 0 index: 0 } } ignore_live_leader: false dest_uuid: "26f85c22f82f4d5e9586c77bdf5fa051"
I20260630 12:30:36.331399 23188 raft_consensus.cc:3060] T d5e3a1c94f704b3b8a449fcd53efbc7b P 677e9e5fb5134b4a93efbe2c9f2cf110 [term 0 FOLLOWER]: Advancing to term 1
I20260630 12:30:36.331799 23116 raft_consensus.cc:3060] T d5e3a1c94f704b3b8a449fcd53efbc7b P 26f85c22f82f4d5e9586c77bdf5fa051 [term 0 FOLLOWER]: Advancing to term 1
I20260630 12:30:36.336352 23116 raft_consensus.cc:2468] T d5e3a1c94f704b3b8a449fcd53efbc7b P 26f85c22f82f4d5e9586c77bdf5fa051 [term 1 FOLLOWER]: Leader election vote request: Granting yes vote for candidate a1a77761502e4f39a730b2573ea114c4 in term 1.
I20260630 12:30:36.336586 23188 raft_consensus.cc:2468] T d5e3a1c94f704b3b8a449fcd53efbc7b P 677e9e5fb5134b4a93efbe2c9f2cf110 [term 1 FOLLOWER]: Leader election vote request: Granting yes vote for candidate a1a77761502e4f39a730b2573ea114c4 in term 1.
I20260630 12:30:36.337494 23301 leader_election.cc:304] T d5e3a1c94f704b3b8a449fcd53efbc7b P a1a77761502e4f39a730b2573ea114c4 [CANDIDATE]: Term 1 election: Election decided. Result: candidate won. Election summary: received 2 responses out of 3 voters: 2 yes votes; 0 no votes. yes voters: 26f85c22f82f4d5e9586c77bdf5fa051, a1a77761502e4f39a730b2573ea114c4; no voters: 
I20260630 12:30:36.338241 23411 raft_consensus.cc:2804] T d5e3a1c94f704b3b8a449fcd53efbc7b P a1a77761502e4f39a730b2573ea114c4 [term 1 FOLLOWER]: Leader election won for term 1
I20260630 12:30:36.339138 23411 raft_consensus.cc:697] T d5e3a1c94f704b3b8a449fcd53efbc7b P a1a77761502e4f39a730b2573ea114c4 [term 1 LEADER]: Becoming Leader. State: Replica: a1a77761502e4f39a730b2573ea114c4, State: Running, Role: LEADER
I20260630 12:30:36.339869 23411 consensus_queue.cc:237] T d5e3a1c94f704b3b8a449fcd53efbc7b P a1a77761502e4f39a730b2573ea114c4 [LEADER]: Queue going to LEADER mode. State: All replicated index: 0, Majority replicated index: 0, Committed index: 0, Last appended: 0.0, Last appended by leader: 0, Current term: 1, Majority size: 2, State: 0, Mode: LEADER, active raft config: opid_index: -1 OBSOLETE_local: false peers { permanent_uuid: "677e9e5fb5134b4a93efbe2c9f2cf110" member_type: VOTER last_known_addr { host: "127.19.155.195" port: 36539 } } peers { permanent_uuid: "26f85c22f82f4d5e9586c77bdf5fa051" member_type: VOTER last_known_addr { host: "127.19.155.194" port: 40303 } } peers { permanent_uuid: "a1a77761502e4f39a730b2573ea114c4" member_type: VOTER last_known_addr { host: "127.19.155.196" port: 41981 } }
I20260630 12:30:36.347141 22936 catalog_manager.cc:5697] T d5e3a1c94f704b3b8a449fcd53efbc7b P a1a77761502e4f39a730b2573ea114c4 reported cstate change: term changed from 0 to 1, leader changed from <none> to a1a77761502e4f39a730b2573ea114c4 (127.19.155.196). New cstate: current_term: 1 leader_uuid: "a1a77761502e4f39a730b2573ea114c4" committed_config { opid_index: -1 OBSOLETE_local: false peers { permanent_uuid: "677e9e5fb5134b4a93efbe2c9f2cf110" member_type: VOTER last_known_addr { host: "127.19.155.195" port: 36539 } health_report { overall_health: UNKNOWN } } peers { permanent_uuid: "26f85c22f82f4d5e9586c77bdf5fa051" member_type: VOTER last_known_addr { host: "127.19.155.194" port: 40303 } health_report { overall_health: UNKNOWN } } peers { permanent_uuid: "a1a77761502e4f39a730b2573ea114c4" member_type: VOTER last_known_addr { host: "127.19.155.196" port: 41981 } health_report { overall_health: HEALTHY } } }
I20260630 12:30:36.354717 23411 raft_consensus.cc:493] T 21c5ed05b86242b1959ae3024983f24a P a1a77761502e4f39a730b2573ea114c4 [term 0 FOLLOWER]: Starting pre-election (no leader contacted us within the election timeout)
I20260630 12:30:36.354423 23380 consensus_queue.cc:1048] T e485a14fd71e49bb905224f350f3308c P da79496eae0c4c57a70490c1b14ed796 [LEADER]: Connected to new peer: Peer: permanent_uuid: "26f85c22f82f4d5e9586c77bdf5fa051" member_type: VOTER last_known_addr { host: "127.19.155.194" port: 40303 }, Status: LMP_MISMATCH, Last received: 0.0, Next index: 1, Last known committed idx: 0, Time since last communication: 0.001s
I20260630 12:30:36.355145 23411 raft_consensus.cc:515] T 21c5ed05b86242b1959ae3024983f24a P a1a77761502e4f39a730b2573ea114c4 [term 0 FOLLOWER]: Starting pre-election with config: opid_index: -1 OBSOLETE_local: false peers { permanent_uuid: "a1a77761502e4f39a730b2573ea114c4" member_type: VOTER last_known_addr { host: "127.19.155.196" port: 41981 } } peers { permanent_uuid: "26f85c22f82f4d5e9586c77bdf5fa051" member_type: VOTER last_known_addr { host: "127.19.155.194" port: 40303 } } peers { permanent_uuid: "da79496eae0c4c57a70490c1b14ed796" member_type: VOTER last_known_addr { host: "127.19.155.193" port: 43667 } }
I20260630 12:30:36.357115 23411 leader_election.cc:290] T 21c5ed05b86242b1959ae3024983f24a P a1a77761502e4f39a730b2573ea114c4 [CANDIDATE]: Term 1 pre-election: Requested pre-vote from peers 26f85c22f82f4d5e9586c77bdf5fa051 (127.19.155.194:40303), da79496eae0c4c57a70490c1b14ed796 (127.19.155.193:43667)
I20260630 12:30:36.357892 23115 tablet_service.cc:1917] Received RequestConsensusVote() RPC: tablet_id: "21c5ed05b86242b1959ae3024983f24a" candidate_uuid: "a1a77761502e4f39a730b2573ea114c4" candidate_term: 1 candidate_status { last_received { term: 0 index: 0 } } ignore_live_leader: false dest_uuid: "26f85c22f82f4d5e9586c77bdf5fa051" is_pre_election: true
I20260630 12:30:36.358232 23040 tablet_service.cc:1917] Received RequestConsensusVote() RPC: tablet_id: "21c5ed05b86242b1959ae3024983f24a" candidate_uuid: "a1a77761502e4f39a730b2573ea114c4" candidate_term: 1 candidate_status { last_received { term: 0 index: 0 } } ignore_live_leader: false dest_uuid: "da79496eae0c4c57a70490c1b14ed796" is_pre_election: true
I20260630 12:30:36.358826 23115 raft_consensus.cc:2393] T 21c5ed05b86242b1959ae3024983f24a P 26f85c22f82f4d5e9586c77bdf5fa051 [term 1 FOLLOWER]: Leader pre-election vote request: Denying vote to candidate a1a77761502e4f39a730b2573ea114c4 in current term 1: Already voted for candidate da79496eae0c4c57a70490c1b14ed796 in this term.
I20260630 12:30:36.359987 23301 leader_election.cc:304] T 21c5ed05b86242b1959ae3024983f24a P a1a77761502e4f39a730b2573ea114c4 [CANDIDATE]: Term 1 pre-election: Election decided. Result: candidate lost. Election summary: received 3 responses out of 3 voters: 1 yes votes; 2 no votes. yes voters: a1a77761502e4f39a730b2573ea114c4; no voters: 26f85c22f82f4d5e9586c77bdf5fa051, da79496eae0c4c57a70490c1b14ed796
I20260630 12:30:36.360633 23411 raft_consensus.cc:3060] T 21c5ed05b86242b1959ae3024983f24a P a1a77761502e4f39a730b2573ea114c4 [term 0 FOLLOWER]: Advancing to term 1
I20260630 12:30:36.367290 23411 raft_consensus.cc:2749] T 21c5ed05b86242b1959ae3024983f24a P a1a77761502e4f39a730b2573ea114c4 [term 1 FOLLOWER]: Leader pre-election lost for term 1. Reason: could not achieve majority
I20260630 12:30:36.372689 23380 consensus_queue.cc:1048] T e485a14fd71e49bb905224f350f3308c P da79496eae0c4c57a70490c1b14ed796 [LEADER]: Connected to new peer: Peer: permanent_uuid: "a1a77761502e4f39a730b2573ea114c4" member_type: VOTER last_known_addr { host: "127.19.155.196" port: 41981 }, Status: LMP_MISMATCH, Last received: 0.0, Next index: 1, Last known committed idx: 0, Time since last communication: 0.000s
W20260630 12:30:36.419004 22926 catalog_manager.cc:4810] Async tablet task AlterTable RPC for tablet bd98fa8b2c2443d9922b6335a622607c (table range_aware_rebalance_new_range [id=5b2ca1d6c42a439c8a74f29a95844341], current schema version=0) failed: Not found: failed to reset TS proxy: No leader found: Tablet bd98fa8b2c2443d9922b6335a622607c consensus state has no leader
I20260630 12:30:36.470430 23376 raft_consensus.cc:493] T bd98fa8b2c2443d9922b6335a622607c P 26f85c22f82f4d5e9586c77bdf5fa051 [term 0 FOLLOWER]: Starting pre-election (no leader contacted us within the election timeout)
I20260630 12:30:36.471087 23376 raft_consensus.cc:515] T bd98fa8b2c2443d9922b6335a622607c P 26f85c22f82f4d5e9586c77bdf5fa051 [term 0 FOLLOWER]: Starting pre-election with config: opid_index: -1 OBSOLETE_local: false peers { permanent_uuid: "a1a77761502e4f39a730b2573ea114c4" member_type: VOTER last_known_addr { host: "127.19.155.196" port: 41981 } } peers { permanent_uuid: "da79496eae0c4c57a70490c1b14ed796" member_type: VOTER last_known_addr { host: "127.19.155.193" port: 43667 } } peers { permanent_uuid: "26f85c22f82f4d5e9586c77bdf5fa051" member_type: VOTER last_known_addr { host: "127.19.155.194" port: 40303 } }
I20260630 12:30:36.473151 23376 leader_election.cc:290] T bd98fa8b2c2443d9922b6335a622607c P 26f85c22f82f4d5e9586c77bdf5fa051 [CANDIDATE]: Term 1 pre-election: Requested pre-vote from peers a1a77761502e4f39a730b2573ea114c4 (127.19.155.196:41981), da79496eae0c4c57a70490c1b14ed796 (127.19.155.193:43667)
I20260630 12:30:36.473839 23336 tablet_service.cc:1917] Received RequestConsensusVote() RPC: tablet_id: "bd98fa8b2c2443d9922b6335a622607c" candidate_uuid: "26f85c22f82f4d5e9586c77bdf5fa051" candidate_term: 1 candidate_status { last_received { term: 0 index: 0 } } ignore_live_leader: false dest_uuid: "a1a77761502e4f39a730b2573ea114c4" is_pre_election: true
I20260630 12:30:36.474256 23040 tablet_service.cc:1917] Received RequestConsensusVote() RPC: tablet_id: "bd98fa8b2c2443d9922b6335a622607c" candidate_uuid: "26f85c22f82f4d5e9586c77bdf5fa051" candidate_term: 1 candidate_status { last_received { term: 0 index: 0 } } ignore_live_leader: false dest_uuid: "da79496eae0c4c57a70490c1b14ed796" is_pre_election: true
I20260630 12:30:36.474473 23336 raft_consensus.cc:2468] T bd98fa8b2c2443d9922b6335a622607c P a1a77761502e4f39a730b2573ea114c4 [term 0 FOLLOWER]: Leader pre-election vote request: Granting yes vote for candidate 26f85c22f82f4d5e9586c77bdf5fa051 in term 0.
I20260630 12:30:36.474670 23380 consensus_queue.cc:1048] T 21c5ed05b86242b1959ae3024983f24a P da79496eae0c4c57a70490c1b14ed796 [LEADER]: Connected to new peer: Peer: permanent_uuid: "a1a77761502e4f39a730b2573ea114c4" member_type: VOTER last_known_addr { host: "127.19.155.196" port: 41981 }, Status: LMP_MISMATCH, Last received: 0.0, Next index: 1, Last known committed idx: 0, Time since last communication: 0.000s
I20260630 12:30:36.474861 23040 raft_consensus.cc:2468] T bd98fa8b2c2443d9922b6335a622607c P da79496eae0c4c57a70490c1b14ed796 [term 0 FOLLOWER]: Leader pre-election vote request: Granting yes vote for candidate 26f85c22f82f4d5e9586c77bdf5fa051 in term 0.
I20260630 12:30:36.475806 23080 leader_election.cc:304] T bd98fa8b2c2443d9922b6335a622607c P 26f85c22f82f4d5e9586c77bdf5fa051 [CANDIDATE]: Term 1 pre-election: Election decided. Result: candidate won. Election summary: received 2 responses out of 3 voters: 2 yes votes; 0 no votes. yes voters: 26f85c22f82f4d5e9586c77bdf5fa051, a1a77761502e4f39a730b2573ea114c4; no voters: 
I20260630 12:30:36.476527 23376 raft_consensus.cc:2804] T bd98fa8b2c2443d9922b6335a622607c P 26f85c22f82f4d5e9586c77bdf5fa051 [term 0 FOLLOWER]: Leader pre-election won for term 1
I20260630 12:30:36.476866 23376 raft_consensus.cc:493] T bd98fa8b2c2443d9922b6335a622607c P 26f85c22f82f4d5e9586c77bdf5fa051 [term 0 FOLLOWER]: Starting leader election (no leader contacted us within the election timeout)
I20260630 12:30:36.477147 23376 raft_consensus.cc:3060] T bd98fa8b2c2443d9922b6335a622607c P 26f85c22f82f4d5e9586c77bdf5fa051 [term 0 FOLLOWER]: Advancing to term 1
I20260630 12:30:36.483381 23376 raft_consensus.cc:515] T bd98fa8b2c2443d9922b6335a622607c P 26f85c22f82f4d5e9586c77bdf5fa051 [term 1 FOLLOWER]: Starting leader election with config: opid_index: -1 OBSOLETE_local: false peers { permanent_uuid: "a1a77761502e4f39a730b2573ea114c4" member_type: VOTER last_known_addr { host: "127.19.155.196" port: 41981 } } peers { permanent_uuid: "da79496eae0c4c57a70490c1b14ed796" member_type: VOTER last_known_addr { host: "127.19.155.193" port: 43667 } } peers { permanent_uuid: "26f85c22f82f4d5e9586c77bdf5fa051" member_type: VOTER last_known_addr { host: "127.19.155.194" port: 40303 } }
I20260630 12:30:36.486407 23376 leader_election.cc:290] T bd98fa8b2c2443d9922b6335a622607c P 26f85c22f82f4d5e9586c77bdf5fa051 [CANDIDATE]: Term 1 election: Requested vote from peers a1a77761502e4f39a730b2573ea114c4 (127.19.155.196:41981), da79496eae0c4c57a70490c1b14ed796 (127.19.155.193:43667)
I20260630 12:30:36.487471 23040 tablet_service.cc:1917] Received RequestConsensusVote() RPC: tablet_id: "bd98fa8b2c2443d9922b6335a622607c" candidate_uuid: "26f85c22f82f4d5e9586c77bdf5fa051" candidate_term: 1 candidate_status { last_received { term: 0 index: 0 } } ignore_live_leader: false dest_uuid: "da79496eae0c4c57a70490c1b14ed796"
I20260630 12:30:36.488065 23040 raft_consensus.cc:3060] T bd98fa8b2c2443d9922b6335a622607c P da79496eae0c4c57a70490c1b14ed796 [term 0 FOLLOWER]: Advancing to term 1
I20260630 12:30:36.488174 23379 consensus_queue.cc:1048] T 21c5ed05b86242b1959ae3024983f24a P da79496eae0c4c57a70490c1b14ed796 [LEADER]: Connected to new peer: Peer: permanent_uuid: "26f85c22f82f4d5e9586c77bdf5fa051" member_type: VOTER last_known_addr { host: "127.19.155.194" port: 40303 }, Status: LMP_MISMATCH, Last received: 0.0, Next index: 1, Last known committed idx: 0, Time since last communication: 0.000s
I20260630 12:30:36.486296 23336 tablet_service.cc:1917] Received RequestConsensusVote() RPC: tablet_id: "bd98fa8b2c2443d9922b6335a622607c" candidate_uuid: "26f85c22f82f4d5e9586c77bdf5fa051" candidate_term: 1 candidate_status { last_received { term: 0 index: 0 } } ignore_live_leader: false dest_uuid: "a1a77761502e4f39a730b2573ea114c4"
I20260630 12:30:36.492316 23336 raft_consensus.cc:3060] T bd98fa8b2c2443d9922b6335a622607c P a1a77761502e4f39a730b2573ea114c4 [term 0 FOLLOWER]: Advancing to term 1
I20260630 12:30:36.498672 23336 raft_consensus.cc:2468] T bd98fa8b2c2443d9922b6335a622607c P a1a77761502e4f39a730b2573ea114c4 [term 1 FOLLOWER]: Leader election vote request: Granting yes vote for candidate 26f85c22f82f4d5e9586c77bdf5fa051 in term 1.
I20260630 12:30:36.499995 23080 leader_election.cc:304] T bd98fa8b2c2443d9922b6335a622607c P 26f85c22f82f4d5e9586c77bdf5fa051 [CANDIDATE]: Term 1 election: Election decided. Result: candidate won. Election summary: received 2 responses out of 3 voters: 2 yes votes; 0 no votes. yes voters: 26f85c22f82f4d5e9586c77bdf5fa051, a1a77761502e4f39a730b2573ea114c4; no voters: 
I20260630 12:30:36.500622 23040 raft_consensus.cc:2468] T bd98fa8b2c2443d9922b6335a622607c P da79496eae0c4c57a70490c1b14ed796 [term 1 FOLLOWER]: Leader election vote request: Granting yes vote for candidate 26f85c22f82f4d5e9586c77bdf5fa051 in term 1.
I20260630 12:30:36.501128 23376 raft_consensus.cc:2804] T bd98fa8b2c2443d9922b6335a622607c P 26f85c22f82f4d5e9586c77bdf5fa051 [term 1 FOLLOWER]: Leader election won for term 1
I20260630 12:30:36.501694 23376 raft_consensus.cc:697] T bd98fa8b2c2443d9922b6335a622607c P 26f85c22f82f4d5e9586c77bdf5fa051 [term 1 LEADER]: Becoming Leader. State: Replica: 26f85c22f82f4d5e9586c77bdf5fa051, State: Running, Role: LEADER
I20260630 12:30:36.503501 23376 consensus_queue.cc:237] T bd98fa8b2c2443d9922b6335a622607c P 26f85c22f82f4d5e9586c77bdf5fa051 [LEADER]: Queue going to LEADER mode. State: All replicated index: 0, Majority replicated index: 0, Committed index: 0, Last appended: 0.0, Last appended by leader: 0, Current term: 1, Majority size: 2, State: 0, Mode: LEADER, active raft config: opid_index: -1 OBSOLETE_local: false peers { permanent_uuid: "a1a77761502e4f39a730b2573ea114c4" member_type: VOTER last_known_addr { host: "127.19.155.196" port: 41981 } } peers { permanent_uuid: "da79496eae0c4c57a70490c1b14ed796" member_type: VOTER last_known_addr { host: "127.19.155.193" port: 43667 } } peers { permanent_uuid: "26f85c22f82f4d5e9586c77bdf5fa051" member_type: VOTER last_known_addr { host: "127.19.155.194" port: 40303 } }
I20260630 12:30:36.513660 22940 catalog_manager.cc:5697] T bd98fa8b2c2443d9922b6335a622607c P 26f85c22f82f4d5e9586c77bdf5fa051 reported cstate change: term changed from 0 to 1, leader changed from <none> to 26f85c22f82f4d5e9586c77bdf5fa051 (127.19.155.194). New cstate: current_term: 1 leader_uuid: "26f85c22f82f4d5e9586c77bdf5fa051" committed_config { opid_index: -1 OBSOLETE_local: false peers { permanent_uuid: "a1a77761502e4f39a730b2573ea114c4" member_type: VOTER last_known_addr { host: "127.19.155.196" port: 41981 } health_report { overall_health: UNKNOWN } } peers { permanent_uuid: "da79496eae0c4c57a70490c1b14ed796" member_type: VOTER last_known_addr { host: "127.19.155.193" port: 43667 } health_report { overall_health: UNKNOWN } } peers { permanent_uuid: "26f85c22f82f4d5e9586c77bdf5fa051" member_type: VOTER last_known_addr { host: "127.19.155.194" port: 40303 } health_report { overall_health: HEALTHY } } }
I20260630 12:30:36.526295 23411 raft_consensus.cc:493] T fbc477e9c0f743879ee01073042bb7c3 P a1a77761502e4f39a730b2573ea114c4 [term 0 FOLLOWER]: Starting pre-election (no leader contacted us within the election timeout)
I20260630 12:30:36.526753 23411 raft_consensus.cc:515] T fbc477e9c0f743879ee01073042bb7c3 P a1a77761502e4f39a730b2573ea114c4 [term 0 FOLLOWER]: Starting pre-election with config: opid_index: -1 OBSOLETE_local: false peers { permanent_uuid: "a1a77761502e4f39a730b2573ea114c4" member_type: VOTER last_known_addr { host: "127.19.155.196" port: 41981 } } peers { permanent_uuid: "677e9e5fb5134b4a93efbe2c9f2cf110" member_type: VOTER last_known_addr { host: "127.19.155.195" port: 36539 } } peers { permanent_uuid: "da79496eae0c4c57a70490c1b14ed796" member_type: VOTER last_known_addr { host: "127.19.155.193" port: 43667 } }
I20260630 12:30:36.528326 23411 leader_election.cc:290] T fbc477e9c0f743879ee01073042bb7c3 P a1a77761502e4f39a730b2573ea114c4 [CANDIDATE]: Term 1 pre-election: Requested pre-vote from peers 677e9e5fb5134b4a93efbe2c9f2cf110 (127.19.155.195:36539), da79496eae0c4c57a70490c1b14ed796 (127.19.155.193:43667)
I20260630 12:30:36.529101 23188 tablet_service.cc:1917] Received RequestConsensusVote() RPC: tablet_id: "fbc477e9c0f743879ee01073042bb7c3" candidate_uuid: "a1a77761502e4f39a730b2573ea114c4" candidate_term: 1 candidate_status { last_received { term: 0 index: 0 } } ignore_live_leader: false dest_uuid: "677e9e5fb5134b4a93efbe2c9f2cf110" is_pre_election: true
I20260630 12:30:36.529274 23040 tablet_service.cc:1917] Received RequestConsensusVote() RPC: tablet_id: "fbc477e9c0f743879ee01073042bb7c3" candidate_uuid: "a1a77761502e4f39a730b2573ea114c4" candidate_term: 1 candidate_status { last_received { term: 0 index: 0 } } ignore_live_leader: false dest_uuid: "da79496eae0c4c57a70490c1b14ed796" is_pre_election: true
I20260630 12:30:36.529855 23188 raft_consensus.cc:2393] T fbc477e9c0f743879ee01073042bb7c3 P 677e9e5fb5134b4a93efbe2c9f2cf110 [term 1 FOLLOWER]: Leader pre-election vote request: Denying vote to candidate a1a77761502e4f39a730b2573ea114c4 in current term 1: Already voted for candidate da79496eae0c4c57a70490c1b14ed796 in this term.
I20260630 12:30:36.530892 23300 leader_election.cc:304] T fbc477e9c0f743879ee01073042bb7c3 P a1a77761502e4f39a730b2573ea114c4 [CANDIDATE]: Term 1 pre-election: Election decided. Result: candidate lost. Election summary: received 3 responses out of 3 voters: 1 yes votes; 2 no votes. yes voters: a1a77761502e4f39a730b2573ea114c4; no voters: 677e9e5fb5134b4a93efbe2c9f2cf110, da79496eae0c4c57a70490c1b14ed796
I20260630 12:30:36.531507 23411 raft_consensus.cc:3060] T fbc477e9c0f743879ee01073042bb7c3 P a1a77761502e4f39a730b2573ea114c4 [term 0 FOLLOWER]: Advancing to term 1
I20260630 12:30:36.535965 23411 raft_consensus.cc:2749] T fbc477e9c0f743879ee01073042bb7c3 P a1a77761502e4f39a730b2573ea114c4 [term 1 FOLLOWER]: Leader pre-election lost for term 1. Reason: could not achieve majority
I20260630 12:30:36.576237 23411 raft_consensus.cc:493] T a94f9b896e72438f998bbeba4e798f09 P a1a77761502e4f39a730b2573ea114c4 [term 0 FOLLOWER]: Starting pre-election (no leader contacted us within the election timeout)
I20260630 12:30:36.576694 23411 raft_consensus.cc:515] T a94f9b896e72438f998bbeba4e798f09 P a1a77761502e4f39a730b2573ea114c4 [term 0 FOLLOWER]: Starting pre-election with config: opid_index: -1 OBSOLETE_local: false peers { permanent_uuid: "677e9e5fb5134b4a93efbe2c9f2cf110" member_type: VOTER last_known_addr { host: "127.19.155.195" port: 36539 } } peers { permanent_uuid: "a1a77761502e4f39a730b2573ea114c4" member_type: VOTER last_known_addr { host: "127.19.155.196" port: 41981 } } peers { permanent_uuid: "da79496eae0c4c57a70490c1b14ed796" member_type: VOTER last_known_addr { host: "127.19.155.193" port: 43667 } }
I20260630 12:30:36.578305 23411 leader_election.cc:290] T a94f9b896e72438f998bbeba4e798f09 P a1a77761502e4f39a730b2573ea114c4 [CANDIDATE]: Term 1 pre-election: Requested pre-vote from peers 677e9e5fb5134b4a93efbe2c9f2cf110 (127.19.155.195:36539), da79496eae0c4c57a70490c1b14ed796 (127.19.155.193:43667)
I20260630 12:30:36.579133 23188 tablet_service.cc:1917] Received RequestConsensusVote() RPC: tablet_id: "a94f9b896e72438f998bbeba4e798f09" candidate_uuid: "a1a77761502e4f39a730b2573ea114c4" candidate_term: 1 candidate_status { last_received { term: 0 index: 0 } } ignore_live_leader: false dest_uuid: "677e9e5fb5134b4a93efbe2c9f2cf110" is_pre_election: true
I20260630 12:30:36.579321 23040 tablet_service.cc:1917] Received RequestConsensusVote() RPC: tablet_id: "a94f9b896e72438f998bbeba4e798f09" candidate_uuid: "a1a77761502e4f39a730b2573ea114c4" candidate_term: 1 candidate_status { last_received { term: 0 index: 0 } } ignore_live_leader: false dest_uuid: "da79496eae0c4c57a70490c1b14ed796" is_pre_election: true
I20260630 12:30:36.580003 23040 raft_consensus.cc:2393] T a94f9b896e72438f998bbeba4e798f09 P da79496eae0c4c57a70490c1b14ed796 [term 1 FOLLOWER]: Leader pre-election vote request: Denying vote to candidate a1a77761502e4f39a730b2573ea114c4 in current term 1: Already voted for candidate 677e9e5fb5134b4a93efbe2c9f2cf110 in this term.
I20260630 12:30:36.580804 23299 leader_election.cc:304] T a94f9b896e72438f998bbeba4e798f09 P a1a77761502e4f39a730b2573ea114c4 [CANDIDATE]: Term 1 pre-election: Election decided. Result: candidate lost. Election summary: received 3 responses out of 3 voters: 1 yes votes; 2 no votes. yes voters: a1a77761502e4f39a730b2573ea114c4; no voters: 677e9e5fb5134b4a93efbe2c9f2cf110, da79496eae0c4c57a70490c1b14ed796
I20260630 12:30:36.581471 23411 raft_consensus.cc:3060] T a94f9b896e72438f998bbeba4e798f09 P a1a77761502e4f39a730b2573ea114c4 [term 0 FOLLOWER]: Advancing to term 1
I20260630 12:30:36.585950 23411 raft_consensus.cc:2749] T a94f9b896e72438f998bbeba4e798f09 P a1a77761502e4f39a730b2573ea114c4 [term 1 FOLLOWER]: Leader pre-election lost for term 1. Reason: could not achieve majority
I20260630 12:30:36.593575 23376 consensus_queue.cc:1048] T 2bbc31e87c3848a0809cc7f42d659d4d P 26f85c22f82f4d5e9586c77bdf5fa051 [LEADER]: Connected to new peer: Peer: permanent_uuid: "677e9e5fb5134b4a93efbe2c9f2cf110" member_type: VOTER last_known_addr { host: "127.19.155.195" port: 36539 }, Status: LMP_MISMATCH, Last received: 0.0, Next index: 1, Last known committed idx: 0, Time since last communication: 0.000s
I20260630 12:30:36.603032 23246 consensus_queue.cc:1048] T 2bbc31e87c3848a0809cc7f42d659d4d P 26f85c22f82f4d5e9586c77bdf5fa051 [LEADER]: Connected to new peer: Peer: permanent_uuid: "a1a77761502e4f39a730b2573ea114c4" member_type: VOTER last_known_addr { host: "127.19.155.196" port: 41981 }, Status: LMP_MISMATCH, Last received: 0.0, Next index: 1, Last known committed idx: 0, Time since last communication: 0.001s
I20260630 12:30:36.643220 23380 consensus_queue.cc:1048] T fbc477e9c0f743879ee01073042bb7c3 P da79496eae0c4c57a70490c1b14ed796 [LEADER]: Connected to new peer: Peer: permanent_uuid: "a1a77761502e4f39a730b2573ea114c4" member_type: VOTER last_known_addr { host: "127.19.155.196" port: 41981 }, Status: LMP_MISMATCH, Last received: 0.0, Next index: 1, Last known committed idx: 0, Time since last communication: 0.000s
I20260630 12:30:36.655077 23272 consensus_queue.cc:1048] T fbc477e9c0f743879ee01073042bb7c3 P da79496eae0c4c57a70490c1b14ed796 [LEADER]: Connected to new peer: Peer: permanent_uuid: "677e9e5fb5134b4a93efbe2c9f2cf110" member_type: VOTER last_known_addr { host: "127.19.155.195" port: 36539 }, Status: LMP_MISMATCH, Last received: 0.0, Next index: 1, Last known committed idx: 0, Time since last communication: 0.000s
I20260630 12:30:36.664821 22993 auto_leader_rebalancer.cc:141] leader rebalance for table range_aware_rebalance_new_range
W20260630 12:30:36.669162 22993 auto_leader_rebalancer.cc:524] the master instance isn't leader: Service unavailable: Tablet not running
W20260630 12:30:36.669425 22988 auto_rebalancer.cc:298] Could not retrieve cluster info: Service unavailable: Tablet not running
I20260630 12:30:36.716055 23256 consensus_queue.cc:1048] T a94f9b896e72438f998bbeba4e798f09 P 677e9e5fb5134b4a93efbe2c9f2cf110 [LEADER]: Connected to new peer: Peer: permanent_uuid: "da79496eae0c4c57a70490c1b14ed796" member_type: VOTER last_known_addr { host: "127.19.155.193" port: 43667 }, Status: LMP_MISMATCH, Last received: 0.0, Next index: 1, Last known committed idx: 0, Time since last communication: 0.000s
I20260630 12:30:36.729488 23256 consensus_queue.cc:1048] T a94f9b896e72438f998bbeba4e798f09 P 677e9e5fb5134b4a93efbe2c9f2cf110 [LEADER]: Connected to new peer: Peer: permanent_uuid: "a1a77761502e4f39a730b2573ea114c4" member_type: VOTER last_known_addr { host: "127.19.155.196" port: 41981 }, Status: LMP_MISMATCH, Last received: 0.0, Next index: 1, Last known committed idx: 0, Time since last communication: 0.000s
I20260630 12:30:36.789177 23411 raft_consensus.cc:493] T 2bd59a89c3e74788a724d2691bd99e3e P a1a77761502e4f39a730b2573ea114c4 [term 0 FOLLOWER]: Starting pre-election (no leader contacted us within the election timeout)
I20260630 12:30:36.789670 23411 raft_consensus.cc:515] T 2bd59a89c3e74788a724d2691bd99e3e P a1a77761502e4f39a730b2573ea114c4 [term 0 FOLLOWER]: Starting pre-election with config: opid_index: -1 OBSOLETE_local: false peers { permanent_uuid: "677e9e5fb5134b4a93efbe2c9f2cf110" member_type: VOTER last_known_addr { host: "127.19.155.195" port: 36539 } } peers { permanent_uuid: "a1a77761502e4f39a730b2573ea114c4" member_type: VOTER last_known_addr { host: "127.19.155.196" port: 41981 } } peers { permanent_uuid: "da79496eae0c4c57a70490c1b14ed796" member_type: VOTER last_known_addr { host: "127.19.155.193" port: 43667 } }
I20260630 12:30:36.791182 23411 leader_election.cc:290] T 2bd59a89c3e74788a724d2691bd99e3e P a1a77761502e4f39a730b2573ea114c4 [CANDIDATE]: Term 1 pre-election: Requested pre-vote from peers 677e9e5fb5134b4a93efbe2c9f2cf110 (127.19.155.195:36539), da79496eae0c4c57a70490c1b14ed796 (127.19.155.193:43667)
I20260630 12:30:36.792098 23188 tablet_service.cc:1917] Received RequestConsensusVote() RPC: tablet_id: "2bd59a89c3e74788a724d2691bd99e3e" candidate_uuid: "a1a77761502e4f39a730b2573ea114c4" candidate_term: 1 candidate_status { last_received { term: 0 index: 0 } } ignore_live_leader: false dest_uuid: "677e9e5fb5134b4a93efbe2c9f2cf110" is_pre_election: true
I20260630 12:30:36.792357 23040 tablet_service.cc:1917] Received RequestConsensusVote() RPC: tablet_id: "2bd59a89c3e74788a724d2691bd99e3e" candidate_uuid: "a1a77761502e4f39a730b2573ea114c4" candidate_term: 1 candidate_status { last_received { term: 0 index: 0 } } ignore_live_leader: false dest_uuid: "da79496eae0c4c57a70490c1b14ed796" is_pre_election: true
I20260630 12:30:36.792863 23188 raft_consensus.cc:2393] T 2bd59a89c3e74788a724d2691bd99e3e P 677e9e5fb5134b4a93efbe2c9f2cf110 [term 1 FOLLOWER]: Leader pre-election vote request: Denying vote to candidate a1a77761502e4f39a730b2573ea114c4 in current term 1: Already voted for candidate 677e9e5fb5134b4a93efbe2c9f2cf110 in this term.
I20260630 12:30:36.793054 23040 raft_consensus.cc:2393] T 2bd59a89c3e74788a724d2691bd99e3e P da79496eae0c4c57a70490c1b14ed796 [term 1 FOLLOWER]: Leader pre-election vote request: Denying vote to candidate a1a77761502e4f39a730b2573ea114c4 in current term 1: Already voted for candidate da79496eae0c4c57a70490c1b14ed796 in this term.
I20260630 12:30:36.793980 23299 leader_election.cc:304] T 2bd59a89c3e74788a724d2691bd99e3e P a1a77761502e4f39a730b2573ea114c4 [CANDIDATE]: Term 1 pre-election: Election decided. Result: candidate lost. Election summary: received 3 responses out of 3 voters: 1 yes votes; 2 no votes. yes voters: a1a77761502e4f39a730b2573ea114c4; no voters: 677e9e5fb5134b4a93efbe2c9f2cf110, da79496eae0c4c57a70490c1b14ed796
I20260630 12:30:36.794584 23411 raft_consensus.cc:3060] T 2bd59a89c3e74788a724d2691bd99e3e P a1a77761502e4f39a730b2573ea114c4 [term 0 FOLLOWER]: Advancing to term 1
I20260630 12:30:36.799017 23411 raft_consensus.cc:2749] T 2bd59a89c3e74788a724d2691bd99e3e P a1a77761502e4f39a730b2573ea114c4 [term 1 FOLLOWER]: Leader pre-election lost for term 1. Reason: could not achieve majority
I20260630 12:30:36.852923 23411 consensus_queue.cc:1048] T d5e3a1c94f704b3b8a449fcd53efbc7b P a1a77761502e4f39a730b2573ea114c4 [LEADER]: Connected to new peer: Peer: permanent_uuid: "26f85c22f82f4d5e9586c77bdf5fa051" member_type: VOTER last_known_addr { host: "127.19.155.194" port: 40303 }, Status: LMP_MISMATCH, Last received: 0.0, Next index: 1, Last known committed idx: 0, Time since last communication: 0.000s
I20260630 12:30:36.863631 23459 consensus_queue.cc:1048] T d5e3a1c94f704b3b8a449fcd53efbc7b P a1a77761502e4f39a730b2573ea114c4 [LEADER]: Connected to new peer: Peer: permanent_uuid: "677e9e5fb5134b4a93efbe2c9f2cf110" member_type: VOTER last_known_addr { host: "127.19.155.195" port: 36539 }, Status: LMP_MISMATCH, Last received: 0.0, Next index: 1, Last known committed idx: 0, Time since last communication: 0.000s
I20260630 12:30:36.944749 23246 consensus_queue.cc:1048] T bd98fa8b2c2443d9922b6335a622607c P 26f85c22f82f4d5e9586c77bdf5fa051 [LEADER]: Connected to new peer: Peer: permanent_uuid: "da79496eae0c4c57a70490c1b14ed796" member_type: VOTER last_known_addr { host: "127.19.155.193" port: 43667 }, Status: LMP_MISMATCH, Last received: 0.0, Next index: 1, Last known committed idx: 0, Time since last communication: 0.000s
I20260630 12:30:36.958720 23448 consensus_queue.cc:1048] T bd98fa8b2c2443d9922b6335a622607c P 26f85c22f82f4d5e9586c77bdf5fa051 [LEADER]: Connected to new peer: Peer: permanent_uuid: "a1a77761502e4f39a730b2573ea114c4" member_type: VOTER last_known_addr { host: "127.19.155.196" port: 41981 }, Status: LMP_MISMATCH, Last received: 0.0, Next index: 1, Last known committed idx: 0, Time since last communication: 0.000s
W20260630 12:30:37.540458 22926 catalog_manager.cc:4810] Async tablet task AlterTable RPC for tablet 2bd59a89c3e74788a724d2691bd99e3e (table range_aware_rebalance_new_range [id=5b2ca1d6c42a439c8a74f29a95844341], current schema version=0) failed: Not found: failed to reset TS proxy: No leader found: Tablet 2bd59a89c3e74788a724d2691bd99e3e consensus state has no leader
W20260630 12:30:37.673177 22988 auto_rebalancer.cc:298] Could not retrieve cluster info: Service unavailable: Tablet not running
I20260630 12:30:37.951738 23272 raft_consensus.cc:493] T 2bd59a89c3e74788a724d2691bd99e3e P da79496eae0c4c57a70490c1b14ed796 [term 1 FOLLOWER]: Starting pre-election (no leader contacted us within the election timeout)
I20260630 12:30:37.952294 23272 raft_consensus.cc:515] T 2bd59a89c3e74788a724d2691bd99e3e P da79496eae0c4c57a70490c1b14ed796 [term 1 FOLLOWER]: Starting pre-election with config: opid_index: -1 OBSOLETE_local: false peers { permanent_uuid: "677e9e5fb5134b4a93efbe2c9f2cf110" member_type: VOTER last_known_addr { host: "127.19.155.195" port: 36539 } } peers { permanent_uuid: "a1a77761502e4f39a730b2573ea114c4" member_type: VOTER last_known_addr { host: "127.19.155.196" port: 41981 } } peers { permanent_uuid: "da79496eae0c4c57a70490c1b14ed796" member_type: VOTER last_known_addr { host: "127.19.155.193" port: 43667 } }
I20260630 12:30:37.954775 23272 leader_election.cc:290] T 2bd59a89c3e74788a724d2691bd99e3e P da79496eae0c4c57a70490c1b14ed796 [CANDIDATE]: Term 2 pre-election: Requested pre-vote from peers 677e9e5fb5134b4a93efbe2c9f2cf110 (127.19.155.195:36539), a1a77761502e4f39a730b2573ea114c4 (127.19.155.196:41981)
I20260630 12:30:37.955349 23190 tablet_service.cc:1917] Received RequestConsensusVote() RPC: tablet_id: "2bd59a89c3e74788a724d2691bd99e3e" candidate_uuid: "da79496eae0c4c57a70490c1b14ed796" candidate_term: 2 candidate_status { last_received { term: 0 index: 0 } } ignore_live_leader: false dest_uuid: "677e9e5fb5134b4a93efbe2c9f2cf110" is_pre_election: true
I20260630 12:30:37.956243 23336 tablet_service.cc:1917] Received RequestConsensusVote() RPC: tablet_id: "2bd59a89c3e74788a724d2691bd99e3e" candidate_uuid: "da79496eae0c4c57a70490c1b14ed796" candidate_term: 2 candidate_status { last_received { term: 0 index: 0 } } ignore_live_leader: false dest_uuid: "a1a77761502e4f39a730b2573ea114c4" is_pre_election: true
I20260630 12:30:37.956730 23190 raft_consensus.cc:2468] T 2bd59a89c3e74788a724d2691bd99e3e P 677e9e5fb5134b4a93efbe2c9f2cf110 [term 1 FOLLOWER]: Leader pre-election vote request: Granting yes vote for candidate da79496eae0c4c57a70490c1b14ed796 in term 1.
I20260630 12:30:37.956923 23336 raft_consensus.cc:2468] T 2bd59a89c3e74788a724d2691bd99e3e P a1a77761502e4f39a730b2573ea114c4 [term 1 FOLLOWER]: Leader pre-election vote request: Granting yes vote for candidate da79496eae0c4c57a70490c1b14ed796 in term 1.
I20260630 12:30:37.958140 23006 leader_election.cc:304] T 2bd59a89c3e74788a724d2691bd99e3e P da79496eae0c4c57a70490c1b14ed796 [CANDIDATE]: Term 2 pre-election: Election decided. Result: candidate won. Election summary: received 2 responses out of 3 voters: 2 yes votes; 0 no votes. yes voters: 677e9e5fb5134b4a93efbe2c9f2cf110, da79496eae0c4c57a70490c1b14ed796; no voters: 
I20260630 12:30:37.958882 23468 raft_consensus.cc:2804] T 2bd59a89c3e74788a724d2691bd99e3e P da79496eae0c4c57a70490c1b14ed796 [term 1 FOLLOWER]: Leader pre-election won for term 2
I20260630 12:30:37.959180 23468 raft_consensus.cc:493] T 2bd59a89c3e74788a724d2691bd99e3e P da79496eae0c4c57a70490c1b14ed796 [term 1 FOLLOWER]: Starting leader election (no leader contacted us within the election timeout)
I20260630 12:30:37.959438 23468 raft_consensus.cc:3060] T 2bd59a89c3e74788a724d2691bd99e3e P da79496eae0c4c57a70490c1b14ed796 [term 1 FOLLOWER]: Advancing to term 2
I20260630 12:30:37.964066 23468 raft_consensus.cc:515] T 2bd59a89c3e74788a724d2691bd99e3e P da79496eae0c4c57a70490c1b14ed796 [term 2 FOLLOWER]: Starting leader election with config: opid_index: -1 OBSOLETE_local: false peers { permanent_uuid: "677e9e5fb5134b4a93efbe2c9f2cf110" member_type: VOTER last_known_addr { host: "127.19.155.195" port: 36539 } } peers { permanent_uuid: "a1a77761502e4f39a730b2573ea114c4" member_type: VOTER last_known_addr { host: "127.19.155.196" port: 41981 } } peers { permanent_uuid: "da79496eae0c4c57a70490c1b14ed796" member_type: VOTER last_known_addr { host: "127.19.155.193" port: 43667 } }
I20260630 12:30:37.965848 23468 leader_election.cc:290] T 2bd59a89c3e74788a724d2691bd99e3e P da79496eae0c4c57a70490c1b14ed796 [CANDIDATE]: Term 2 election: Requested vote from peers 677e9e5fb5134b4a93efbe2c9f2cf110 (127.19.155.195:36539), a1a77761502e4f39a730b2573ea114c4 (127.19.155.196:41981)
I20260630 12:30:37.966624 23190 tablet_service.cc:1917] Received RequestConsensusVote() RPC: tablet_id: "2bd59a89c3e74788a724d2691bd99e3e" candidate_uuid: "da79496eae0c4c57a70490c1b14ed796" candidate_term: 2 candidate_status { last_received { term: 0 index: 0 } } ignore_live_leader: false dest_uuid: "677e9e5fb5134b4a93efbe2c9f2cf110"
I20260630 12:30:37.966920 23336 tablet_service.cc:1917] Received RequestConsensusVote() RPC: tablet_id: "2bd59a89c3e74788a724d2691bd99e3e" candidate_uuid: "da79496eae0c4c57a70490c1b14ed796" candidate_term: 2 candidate_status { last_received { term: 0 index: 0 } } ignore_live_leader: false dest_uuid: "a1a77761502e4f39a730b2573ea114c4"
I20260630 12:30:37.967139 23190 raft_consensus.cc:3060] T 2bd59a89c3e74788a724d2691bd99e3e P 677e9e5fb5134b4a93efbe2c9f2cf110 [term 1 FOLLOWER]: Advancing to term 2
I20260630 12:30:37.967545 23336 raft_consensus.cc:3060] T 2bd59a89c3e74788a724d2691bd99e3e P a1a77761502e4f39a730b2573ea114c4 [term 1 FOLLOWER]: Advancing to term 2
I20260630 12:30:37.973955 23336 raft_consensus.cc:2468] T 2bd59a89c3e74788a724d2691bd99e3e P a1a77761502e4f39a730b2573ea114c4 [term 2 FOLLOWER]: Leader election vote request: Granting yes vote for candidate da79496eae0c4c57a70490c1b14ed796 in term 2.
I20260630 12:30:37.973955 23190 raft_consensus.cc:2468] T 2bd59a89c3e74788a724d2691bd99e3e P 677e9e5fb5134b4a93efbe2c9f2cf110 [term 2 FOLLOWER]: Leader election vote request: Granting yes vote for candidate da79496eae0c4c57a70490c1b14ed796 in term 2.
I20260630 12:30:37.975203 23005 leader_election.cc:304] T 2bd59a89c3e74788a724d2691bd99e3e P da79496eae0c4c57a70490c1b14ed796 [CANDIDATE]: Term 2 election: Election decided. Result: candidate won. Election summary: received 2 responses out of 3 voters: 2 yes votes; 0 no votes. yes voters: a1a77761502e4f39a730b2573ea114c4, da79496eae0c4c57a70490c1b14ed796; no voters: 
I20260630 12:30:37.975860 23468 raft_consensus.cc:2804] T 2bd59a89c3e74788a724d2691bd99e3e P da79496eae0c4c57a70490c1b14ed796 [term 2 FOLLOWER]: Leader election won for term 2
I20260630 12:30:37.976301 23468 raft_consensus.cc:697] T 2bd59a89c3e74788a724d2691bd99e3e P da79496eae0c4c57a70490c1b14ed796 [term 2 LEADER]: Becoming Leader. State: Replica: da79496eae0c4c57a70490c1b14ed796, State: Running, Role: LEADER
I20260630 12:30:37.976882 23468 consensus_queue.cc:237] T 2bd59a89c3e74788a724d2691bd99e3e P da79496eae0c4c57a70490c1b14ed796 [LEADER]: Queue going to LEADER mode. State: All replicated index: 0, Majority replicated index: 0, Committed index: 0, Last appended: 0.0, Last appended by leader: 0, Current term: 2, Majority size: 2, State: 0, Mode: LEADER, active raft config: opid_index: -1 OBSOLETE_local: false peers { permanent_uuid: "677e9e5fb5134b4a93efbe2c9f2cf110" member_type: VOTER last_known_addr { host: "127.19.155.195" port: 36539 } } peers { permanent_uuid: "a1a77761502e4f39a730b2573ea114c4" member_type: VOTER last_known_addr { host: "127.19.155.196" port: 41981 } } peers { permanent_uuid: "da79496eae0c4c57a70490c1b14ed796" member_type: VOTER last_known_addr { host: "127.19.155.193" port: 43667 } }
I20260630 12:30:37.990046 22940 catalog_manager.cc:5697] T 2bd59a89c3e74788a724d2691bd99e3e P da79496eae0c4c57a70490c1b14ed796 reported cstate change: term changed from 0 to 2, leader changed from <none> to da79496eae0c4c57a70490c1b14ed796 (127.19.155.193). New cstate: current_term: 2 leader_uuid: "da79496eae0c4c57a70490c1b14ed796" committed_config { opid_index: -1 OBSOLETE_local: false peers { permanent_uuid: "677e9e5fb5134b4a93efbe2c9f2cf110" member_type: VOTER last_known_addr { host: "127.19.155.195" port: 36539 } health_report { overall_health: UNKNOWN } } peers { permanent_uuid: "a1a77761502e4f39a730b2573ea114c4" member_type: VOTER last_known_addr { host: "127.19.155.196" port: 41981 } health_report { overall_health: UNKNOWN } } peers { permanent_uuid: "da79496eae0c4c57a70490c1b14ed796" member_type: VOTER last_known_addr { host: "127.19.155.193" port: 43667 } health_report { overall_health: HEALTHY } } }
I20260630 12:30:38.378247 23336 raft_consensus.cc:1275] T 2bd59a89c3e74788a724d2691bd99e3e P a1a77761502e4f39a730b2573ea114c4 [term 2 FOLLOWER]: Refusing update from remote peer da79496eae0c4c57a70490c1b14ed796: Log matching property violated. Preceding OpId in replica: term: 0 index: 0. Preceding OpId from leader: term: 2 index: 1. (index mismatch)
I20260630 12:30:38.379534 23468 consensus_queue.cc:1048] T 2bd59a89c3e74788a724d2691bd99e3e P da79496eae0c4c57a70490c1b14ed796 [LEADER]: Connected to new peer: Peer: permanent_uuid: "a1a77761502e4f39a730b2573ea114c4" member_type: VOTER last_known_addr { host: "127.19.155.196" port: 41981 }, Status: LMP_MISMATCH, Last received: 0.0, Next index: 1, Last known committed idx: 0, Time since last communication: 0.000s
I20260630 12:30:38.380586 23190 raft_consensus.cc:1275] T 2bd59a89c3e74788a724d2691bd99e3e P 677e9e5fb5134b4a93efbe2c9f2cf110 [term 2 FOLLOWER]: Refusing update from remote peer da79496eae0c4c57a70490c1b14ed796: Log matching property violated. Preceding OpId in replica: term: 0 index: 0. Preceding OpId from leader: term: 2 index: 1. (index mismatch)
I20260630 12:30:38.381908 23468 consensus_queue.cc:1048] T 2bd59a89c3e74788a724d2691bd99e3e P da79496eae0c4c57a70490c1b14ed796 [LEADER]: Connected to new peer: Peer: permanent_uuid: "677e9e5fb5134b4a93efbe2c9f2cf110" member_type: VOTER last_known_addr { host: "127.19.155.195" port: 36539 }, Status: LMP_MISMATCH, Last received: 0.0, Next index: 1, Last known committed idx: 0, Time since last communication: 0.000s
I20260630 12:30:38.670190 22993 auto_leader_rebalancer.cc:141] leader rebalance for table range_aware_rebalance_new_range
I20260630 12:30:38.715934 23116 tablet_service.cc:2072] Received LeaderStepDown RPC: tablet_id: "0d8264f8e2364c5ab19ac7eedb4d66e1"
dest_uuid: "26f85c22f82f4d5e9586c77bdf5fa051"
mode: GRACEFUL
new_leader_uuid: "677e9e5fb5134b4a93efbe2c9f2cf110"
 from {username='slave'} at 127.0.0.1:39816
I20260630 12:30:38.716745 23116 raft_consensus.cc:606] T 0d8264f8e2364c5ab19ac7eedb4d66e1 P 26f85c22f82f4d5e9586c77bdf5fa051 [term 1 LEADER]: Received request to transfer leadership to TS 677e9e5fb5134b4a93efbe2c9f2cf110
I20260630 12:30:38.717479 23190 consensus_queue.cc:237] T f50c73fc7fa14486bb54915f2a5968d6 P 677e9e5fb5134b4a93efbe2c9f2cf110 [LEADER]: Queue going to LEADER mode. State: All replicated index: 0, Majority replicated index: 1, Committed index: 1, Last appended: 1.1, Last appended by leader: 0, Current term: 1, Majority size: 2, State: 0, Mode: LEADER, active raft config: opid_index: 2 OBSOLETE_local: false peers { permanent_uuid: "da79496eae0c4c57a70490c1b14ed796" member_type: VOTER last_known_addr { host: "127.19.155.193" port: 43667 } attrs { replace: true } } peers { permanent_uuid: "26f85c22f82f4d5e9586c77bdf5fa051" member_type: VOTER last_known_addr { host: "127.19.155.194" port: 40303 } } peers { permanent_uuid: "677e9e5fb5134b4a93efbe2c9f2cf110" member_type: VOTER last_known_addr { host: "127.19.155.195" port: 36539 } } peers { permanent_uuid: "a1a77761502e4f39a730b2573ea114c4" member_type: NON_VOTER last_known_addr { host: "127.19.155.196" port: 41981 } attrs { promote: true } }
I20260630 12:30:38.726086 23116 raft_consensus.cc:1275] T f50c73fc7fa14486bb54915f2a5968d6 P 26f85c22f82f4d5e9586c77bdf5fa051 [term 1 FOLLOWER]: Refusing update from remote peer 677e9e5fb5134b4a93efbe2c9f2cf110: Log matching property violated. Preceding OpId in replica: term: 1 index: 1. Preceding OpId from leader: term: 1 index: 2. (index mismatch)
I20260630 12:30:38.727931 23465 consensus_queue.cc:1048] T f50c73fc7fa14486bb54915f2a5968d6 P 677e9e5fb5134b4a93efbe2c9f2cf110 [LEADER]: Connected to new peer: Peer: permanent_uuid: "26f85c22f82f4d5e9586c77bdf5fa051" member_type: VOTER last_known_addr { host: "127.19.155.194" port: 40303 }, Status: LMP_MISMATCH, Last received: 0.0, Next index: 2, Last known committed idx: 1, Time since last communication: 0.000s
W20260630 12:30:38.726159 23154 consensus_peers.cc:597] T f50c73fc7fa14486bb54915f2a5968d6 P 677e9e5fb5134b4a93efbe2c9f2cf110 -> Peer a1a77761502e4f39a730b2573ea114c4 (127.19.155.196:41981): Couldn't send request to peer a1a77761502e4f39a730b2573ea114c4. Error code: TABLET_NOT_FOUND (6). Status: Not found: Tablet not found: f50c73fc7fa14486bb54915f2a5968d6. This is attempt 1: this message will repeat every 5th retry.
I20260630 12:30:38.733541 23041 raft_consensus.cc:1275] T f50c73fc7fa14486bb54915f2a5968d6 P da79496eae0c4c57a70490c1b14ed796 [term 1 FOLLOWER]: Refusing update from remote peer 677e9e5fb5134b4a93efbe2c9f2cf110: Log matching property violated. Preceding OpId in replica: term: 1 index: 1. Preceding OpId from leader: term: 1 index: 2. (index mismatch)
I20260630 12:30:38.734038 23040 tablet_service.cc:2072] Received LeaderStepDown RPC: tablet_id: "21c5ed05b86242b1959ae3024983f24a"
dest_uuid: "da79496eae0c4c57a70490c1b14ed796"
mode: GRACEFUL
new_leader_uuid: "a1a77761502e4f39a730b2573ea114c4"
 from {username='slave'} at 127.0.0.1:45280
I20260630 12:30:38.734675 23040 raft_consensus.cc:606] T 21c5ed05b86242b1959ae3024983f24a P da79496eae0c4c57a70490c1b14ed796 [term 1 LEADER]: Received request to transfer leadership to TS a1a77761502e4f39a730b2573ea114c4
I20260630 12:30:38.736552 23487 consensus_queue.cc:1048] T f50c73fc7fa14486bb54915f2a5968d6 P 677e9e5fb5134b4a93efbe2c9f2cf110 [LEADER]: Connected to new peer: Peer: permanent_uuid: "da79496eae0c4c57a70490c1b14ed796" member_type: VOTER last_known_addr { host: "127.19.155.193" port: 43667 } attrs { replace: true }, Status: LMP_MISMATCH, Last received: 0.0, Next index: 2, Last known committed idx: 1, Time since last communication: 0.001s
I20260630 12:30:38.737604 23040 tablet_service.cc:2072] Received LeaderStepDown RPC: tablet_id: "2bd59a89c3e74788a724d2691bd99e3e"
dest_uuid: "da79496eae0c4c57a70490c1b14ed796"
mode: GRACEFUL
new_leader_uuid: "a1a77761502e4f39a730b2573ea114c4"
 from {username='slave'} at 127.0.0.1:45280
I20260630 12:30:38.738220 23040 raft_consensus.cc:606] T 2bd59a89c3e74788a724d2691bd99e3e P da79496eae0c4c57a70490c1b14ed796 [term 2 LEADER]: Received request to transfer leadership to TS a1a77761502e4f39a730b2573ea114c4
I20260630 12:30:38.740636 23115 tablet_service.cc:2072] Received LeaderStepDown RPC: tablet_id: "c3a3c9ca6d1e413282f891064aa844ef"
dest_uuid: "26f85c22f82f4d5e9586c77bdf5fa051"
mode: GRACEFUL
new_leader_uuid: "677e9e5fb5134b4a93efbe2c9f2cf110"
 from {username='slave'} at 127.0.0.1:39816
I20260630 12:30:38.741371 23115 raft_consensus.cc:606] T c3a3c9ca6d1e413282f891064aa844ef P 26f85c22f82f4d5e9586c77bdf5fa051 [term 1 LEADER]: Received request to transfer leadership to TS 677e9e5fb5134b4a93efbe2c9f2cf110
I20260630 12:30:38.740419 23489 raft_consensus.cc:2955] T f50c73fc7fa14486bb54915f2a5968d6 P 677e9e5fb5134b4a93efbe2c9f2cf110 [term 1 LEADER]: Committing config change with OpId 1.2: config changed from index -1 to 2, NON_VOTER a1a77761502e4f39a730b2573ea114c4 (127.19.155.196) added. New config: { opid_index: 2 OBSOLETE_local: false peers { permanent_uuid: "da79496eae0c4c57a70490c1b14ed796" member_type: VOTER last_known_addr { host: "127.19.155.193" port: 43667 } attrs { replace: true } } peers { permanent_uuid: "26f85c22f82f4d5e9586c77bdf5fa051" member_type: VOTER last_known_addr { host: "127.19.155.194" port: 40303 } } peers { permanent_uuid: "677e9e5fb5134b4a93efbe2c9f2cf110" member_type: VOTER last_known_addr { host: "127.19.155.195" port: 36539 } } peers { permanent_uuid: "a1a77761502e4f39a730b2573ea114c4" member_type: NON_VOTER last_known_addr { host: "127.19.155.196" port: 41981 } attrs { promote: true } } }
I20260630 12:30:38.742270 23116 raft_consensus.cc:2955] T f50c73fc7fa14486bb54915f2a5968d6 P 26f85c22f82f4d5e9586c77bdf5fa051 [term 1 FOLLOWER]: Committing config change with OpId 1.2: config changed from index -1 to 2, NON_VOTER a1a77761502e4f39a730b2573ea114c4 (127.19.155.196) added. New config: { opid_index: 2 OBSOLETE_local: false peers { permanent_uuid: "da79496eae0c4c57a70490c1b14ed796" member_type: VOTER last_known_addr { host: "127.19.155.193" port: 43667 } attrs { replace: true } } peers { permanent_uuid: "26f85c22f82f4d5e9586c77bdf5fa051" member_type: VOTER last_known_addr { host: "127.19.155.194" port: 40303 } } peers { permanent_uuid: "677e9e5fb5134b4a93efbe2c9f2cf110" member_type: VOTER last_known_addr { host: "127.19.155.195" port: 36539 } } peers { permanent_uuid: "a1a77761502e4f39a730b2573ea114c4" member_type: NON_VOTER last_known_addr { host: "127.19.155.196" port: 41981 } attrs { promote: true } } }
I20260630 12:30:38.743255 22993 auto_leader_rebalancer.cc:440] table: range_aware_rebalance_new_range, leader rebalance finish, leader transfer count: 4
I20260630 12:30:38.744114 22993 auto_leader_rebalancer.cc:515] All tables' leader rebalancing finished this round
