I20260630 12:30:40.770896 24516 raft_consensus.cc:2955] T 8b2e0b5b7a824611a6c090b35f2d5834 P 6f18de1b73f64ee4a48d58e053b628da [term 1 FOLLOWER]: Committing config change with OpId 1.2: config changed from index -1 to 2, NON_VOTER de9156737fa049a788b1c8a79d6406cf (127.21.8.196) added. New config: { opid_index: 2 OBSOLETE_local: false peers { permanent_uuid: "123a7d9025d349448573f19e9dd03325" member_type: VOTER last_known_addr { host: "127.21.8.194" port: 33907 } } peers { permanent_uuid: "6f18de1b73f64ee4a48d58e053b628da" member_type: VOTER last_known_addr { host: "127.21.8.193" port: 46403 } attrs { replace: true } } peers { permanent_uuid: "c4b38391de8047c5ba9fc1ec8ba9ed9a" member_type: VOTER last_known_addr { host: "127.21.8.195" port: 45139 } } peers { permanent_uuid: "de9156737fa049a788b1c8a79d6406cf" member_type: NON_VOTER last_known_addr { host: "127.21.8.196" port: 37677 } attrs { promote: true } } }
I20260630 12:30:40.780892 24716 raft_consensus.cc:993] T feefb316b17d4c9ba1a47a5ede87c240 P c4b38391de8047c5ba9fc1ec8ba9ed9a: : Instructing follower 6f18de1b73f64ee4a48d58e053b628da to start an election
I20260630 12:30:40.781437 24916 raft_consensus.cc:1081] T feefb316b17d4c9ba1a47a5ede87c240 P c4b38391de8047c5ba9fc1ec8ba9ed9a [term 1 LEADER]: Signalling peer 6f18de1b73f64ee4a48d58e053b628da to start an election
I20260630 12:30:40.786674 24416 catalog_manager.cc:5697] T 86d7f37a6bb94344bd5f8be19503a292 P de9156737fa049a788b1c8a79d6406cf reported cstate change: term changed from 1 to 2, leader changed from c4b38391de8047c5ba9fc1ec8ba9ed9a (127.21.8.195) to de9156737fa049a788b1c8a79d6406cf (127.21.8.196). New cstate: current_term: 2 leader_uuid: "de9156737fa049a788b1c8a79d6406cf" committed_config { opid_index: -1 OBSOLETE_local: false peers { permanent_uuid: "123a7d9025d349448573f19e9dd03325" member_type: VOTER last_known_addr { host: "127.21.8.194" port: 33907 } health_report { overall_health: UNKNOWN } } peers { permanent_uuid: "de9156737fa049a788b1c8a79d6406cf" member_type: VOTER last_known_addr { host: "127.21.8.196" port: 37677 } health_report { overall_health: HEALTHY } } peers { permanent_uuid: "c4b38391de8047c5ba9fc1ec8ba9ed9a" member_type: VOTER last_known_addr { host: "127.21.8.195" port: 45139 } health_report { overall_health: UNKNOWN } } }
I20260630 12:30:40.792832 24518 tablet_service.cc:2044] Received Run Leader Election RPC: tablet_id: "feefb316b17d4c9ba1a47a5ede87c240"
dest_uuid: "6f18de1b73f64ee4a48d58e053b628da"
 from {username='slave'} at 127.0.0.1:60620
I20260630 12:30:40.793498 24518 raft_consensus.cc:493] T feefb316b17d4c9ba1a47a5ede87c240 P 6f18de1b73f64ee4a48d58e053b628da [term 1 FOLLOWER]: Starting forced leader election (received explicit request)
I20260630 12:30:40.793941 24518 raft_consensus.cc:3060] T feefb316b17d4c9ba1a47a5ede87c240 P 6f18de1b73f64ee4a48d58e053b628da [term 1 FOLLOWER]: Advancing to term 2
I20260630 12:30:40.804034 24667 raft_consensus.cc:2468] T 86d7f37a6bb94344bd5f8be19503a292 P c4b38391de8047c5ba9fc1ec8ba9ed9a [term 2 FOLLOWER]: Leader election vote request: Granting yes vote for candidate de9156737fa049a788b1c8a79d6406cf in term 2.
I20260630 12:30:40.805181 24518 raft_consensus.cc:515] T feefb316b17d4c9ba1a47a5ede87c240 P 6f18de1b73f64ee4a48d58e053b628da [term 2 FOLLOWER]: Starting forced leader election with config: opid_index: -1 OBSOLETE_local: false peers { permanent_uuid: "6f18de1b73f64ee4a48d58e053b628da" member_type: VOTER last_known_addr { host: "127.21.8.193" port: 46403 } } peers { permanent_uuid: "123a7d9025d349448573f19e9dd03325" member_type: VOTER last_known_addr { host: "127.21.8.194" port: 33907 } } peers { permanent_uuid: "c4b38391de8047c5ba9fc1ec8ba9ed9a" member_type: VOTER last_known_addr { host: "127.21.8.195" port: 45139 } }
I20260630 12:30:40.813220 24593 tablet_service.cc:1917] Received RequestConsensusVote() RPC: tablet_id: "feefb316b17d4c9ba1a47a5ede87c240" candidate_uuid: "6f18de1b73f64ee4a48d58e053b628da" candidate_term: 2 candidate_status { last_received { term: 1 index: 1 } } ignore_live_leader: true dest_uuid: "123a7d9025d349448573f19e9dd03325"
I20260630 12:30:40.816357 24593 raft_consensus.cc:3060] T feefb316b17d4c9ba1a47a5ede87c240 P 123a7d9025d349448573f19e9dd03325 [term 1 FOLLOWER]: Advancing to term 2
I20260630 12:30:40.821743 24518 leader_election.cc:290] T feefb316b17d4c9ba1a47a5ede87c240 P 6f18de1b73f64ee4a48d58e053b628da [CANDIDATE]: Term 2 election: Requested vote from peers 123a7d9025d349448573f19e9dd03325 (127.21.8.194:33907), c4b38391de8047c5ba9fc1ec8ba9ed9a (127.21.8.195:45139)
I20260630 12:30:40.822898 24666 tablet_service.cc:1917] Received RequestConsensusVote() RPC: tablet_id: "feefb316b17d4c9ba1a47a5ede87c240" candidate_uuid: "6f18de1b73f64ee4a48d58e053b628da" candidate_term: 2 candidate_status { last_received { term: 1 index: 1 } } ignore_live_leader: true dest_uuid: "c4b38391de8047c5ba9fc1ec8ba9ed9a"
I20260630 12:30:40.823535 24666 raft_consensus.cc:3055] T feefb316b17d4c9ba1a47a5ede87c240 P c4b38391de8047c5ba9fc1ec8ba9ed9a [term 1 LEADER]: Stepping down as leader of term 1
I20260630 12:30:40.823871 24666 raft_consensus.cc:740] T feefb316b17d4c9ba1a47a5ede87c240 P c4b38391de8047c5ba9fc1ec8ba9ed9a [term 1 LEADER]: Becoming Follower/Learner. State: Replica: c4b38391de8047c5ba9fc1ec8ba9ed9a, State: Running, Role: LEADER
I20260630 12:30:40.824720 24666 consensus_queue.cc:260] T feefb316b17d4c9ba1a47a5ede87c240 P c4b38391de8047c5ba9fc1ec8ba9ed9a [NON_LEADER]: Queue going to NON_LEADER mode. State: All replicated index: 0, Majority replicated index: 1, Committed index: 1, Last appended: 1.1, Last appended by leader: 1, Current term: 1, Majority size: -1, State: 0, Mode: NON_LEADER, active raft config: opid_index: -1 OBSOLETE_local: false peers { permanent_uuid: "6f18de1b73f64ee4a48d58e053b628da" member_type: VOTER last_known_addr { host: "127.21.8.193" port: 46403 } } peers { permanent_uuid: "123a7d9025d349448573f19e9dd03325" member_type: VOTER last_known_addr { host: "127.21.8.194" port: 33907 } } peers { permanent_uuid: "c4b38391de8047c5ba9fc1ec8ba9ed9a" member_type: VOTER last_known_addr { host: "127.21.8.195" port: 45139 } }
I20260630 12:30:40.825353 24593 raft_consensus.cc:2468] T feefb316b17d4c9ba1a47a5ede87c240 P 123a7d9025d349448573f19e9dd03325 [term 2 FOLLOWER]: Leader election vote request: Granting yes vote for candidate 6f18de1b73f64ee4a48d58e053b628da in term 2.
I20260630 12:30:40.826093 24666 raft_consensus.cc:3060] T feefb316b17d4c9ba1a47a5ede87c240 P c4b38391de8047c5ba9fc1ec8ba9ed9a [term 1 FOLLOWER]: Advancing to term 2
I20260630 12:30:40.826766 24481 leader_election.cc:304] T feefb316b17d4c9ba1a47a5ede87c240 P 6f18de1b73f64ee4a48d58e053b628da [CANDIDATE]: Term 2 election: Election decided. Result: candidate won. Election summary: received 2 responses out of 3 voters: 2 yes votes; 0 no votes. yes voters: 123a7d9025d349448573f19e9dd03325, 6f18de1b73f64ee4a48d58e053b628da; no voters: 
I20260630 12:30:40.827638 24918 raft_consensus.cc:2804] T feefb316b17d4c9ba1a47a5ede87c240 P 6f18de1b73f64ee4a48d58e053b628da [term 2 FOLLOWER]: Leader election won for term 2
I20260630 12:30:40.828130 24918 raft_consensus.cc:697] T feefb316b17d4c9ba1a47a5ede87c240 P 6f18de1b73f64ee4a48d58e053b628da [term 2 LEADER]: Becoming Leader. State: Replica: 6f18de1b73f64ee4a48d58e053b628da, State: Running, Role: LEADER
I20260630 12:30:40.828893 24918 consensus_queue.cc:237] T feefb316b17d4c9ba1a47a5ede87c240 P 6f18de1b73f64ee4a48d58e053b628da [LEADER]: Queue going to LEADER mode. State: All replicated index: 0, Majority replicated index: 1, Committed index: 1, Last appended: 1.1, Last appended by leader: 1, Current term: 2, Majority size: 2, State: 0, Mode: LEADER, active raft config: opid_index: -1 OBSOLETE_local: false peers { permanent_uuid: "6f18de1b73f64ee4a48d58e053b628da" member_type: VOTER last_known_addr { host: "127.21.8.193" port: 46403 } } peers { permanent_uuid: "123a7d9025d349448573f19e9dd03325" member_type: VOTER last_known_addr { host: "127.21.8.194" port: 33907 } } peers { permanent_uuid: "c4b38391de8047c5ba9fc1ec8ba9ed9a" member_type: VOTER last_known_addr { host: "127.21.8.195" port: 45139 } }
I20260630 12:30:40.833568 24666 raft_consensus.cc:2468] T feefb316b17d4c9ba1a47a5ede87c240 P c4b38391de8047c5ba9fc1ec8ba9ed9a [term 2 FOLLOWER]: Leader election vote request: Granting yes vote for candidate 6f18de1b73f64ee4a48d58e053b628da in term 2.
I20260630 12:30:40.841805 24916 raft_consensus.cc:993] T ceae19f978644b439abe190e5e8b2bfe P c4b38391de8047c5ba9fc1ec8ba9ed9a: : Instructing follower 123a7d9025d349448573f19e9dd03325 to start an election
I20260630 12:30:40.842339 24916 raft_consensus.cc:1081] T ceae19f978644b439abe190e5e8b2bfe P c4b38391de8047c5ba9fc1ec8ba9ed9a [term 1 LEADER]: Signalling peer 123a7d9025d349448573f19e9dd03325 to start an election
I20260630 12:30:40.846184 24593 tablet_service.cc:2044] Received Run Leader Election RPC: tablet_id: "ceae19f978644b439abe190e5e8b2bfe"
dest_uuid: "123a7d9025d349448573f19e9dd03325"
 from {username='slave'} at 127.0.0.1:35524
I20260630 12:30:40.846802 24593 raft_consensus.cc:493] T ceae19f978644b439abe190e5e8b2bfe P 123a7d9025d349448573f19e9dd03325 [term 1 FOLLOWER]: Starting forced leader election (received explicit request)
I20260630 12:30:40.847206 24593 raft_consensus.cc:3060] T ceae19f978644b439abe190e5e8b2bfe P 123a7d9025d349448573f19e9dd03325 [term 1 FOLLOWER]: Advancing to term 2
I20260630 12:30:40.850880 24412 catalog_manager.cc:5697] T feefb316b17d4c9ba1a47a5ede87c240 P 6f18de1b73f64ee4a48d58e053b628da reported cstate change: term changed from 1 to 2, leader changed from c4b38391de8047c5ba9fc1ec8ba9ed9a (127.21.8.195) to 6f18de1b73f64ee4a48d58e053b628da (127.21.8.193). New cstate: current_term: 2 leader_uuid: "6f18de1b73f64ee4a48d58e053b628da" committed_config { opid_index: -1 OBSOLETE_local: false peers { permanent_uuid: "6f18de1b73f64ee4a48d58e053b628da" member_type: VOTER last_known_addr { host: "127.21.8.193" port: 46403 } health_report { overall_health: HEALTHY } } peers { permanent_uuid: "123a7d9025d349448573f19e9dd03325" member_type: VOTER last_known_addr { host: "127.21.8.194" port: 33907 } health_report { overall_health: UNKNOWN } } peers { permanent_uuid: "c4b38391de8047c5ba9fc1ec8ba9ed9a" member_type: VOTER last_known_addr { host: "127.21.8.195" port: 45139 } health_report { overall_health: UNKNOWN } } }
I20260630 12:30:40.854585 24593 raft_consensus.cc:515] T ceae19f978644b439abe190e5e8b2bfe P 123a7d9025d349448573f19e9dd03325 [term 2 FOLLOWER]: Starting forced leader election with config: opid_index: -1 OBSOLETE_local: false peers { permanent_uuid: "6f18de1b73f64ee4a48d58e053b628da" member_type: VOTER last_known_addr { host: "127.21.8.193" port: 46403 } } peers { permanent_uuid: "123a7d9025d349448573f19e9dd03325" member_type: VOTER last_known_addr { host: "127.21.8.194" port: 33907 } } peers { permanent_uuid: "c4b38391de8047c5ba9fc1ec8ba9ed9a" member_type: VOTER last_known_addr { host: "127.21.8.195" port: 45139 } }
I20260630 12:30:40.856788 24593 leader_election.cc:290] T ceae19f978644b439abe190e5e8b2bfe P 123a7d9025d349448573f19e9dd03325 [CANDIDATE]: Term 2 election: Requested vote from peers 6f18de1b73f64ee4a48d58e053b628da (127.21.8.193:46403), c4b38391de8047c5ba9fc1ec8ba9ed9a (127.21.8.195:45139)
I20260630 12:30:40.858255 24666 tablet_service.cc:1917] Received RequestConsensusVote() RPC: tablet_id: "ceae19f978644b439abe190e5e8b2bfe" candidate_uuid: "123a7d9025d349448573f19e9dd03325" candidate_term: 2 candidate_status { last_received { term: 1 index: 1 } } ignore_live_leader: true dest_uuid: "c4b38391de8047c5ba9fc1ec8ba9ed9a"
I20260630 12:30:40.858827 24666 raft_consensus.cc:3055] T ceae19f978644b439abe190e5e8b2bfe P c4b38391de8047c5ba9fc1ec8ba9ed9a [term 1 LEADER]: Stepping down as leader of term 1
I20260630 12:30:40.859150 24666 raft_consensus.cc:740] T ceae19f978644b439abe190e5e8b2bfe P c4b38391de8047c5ba9fc1ec8ba9ed9a [term 1 LEADER]: Becoming Follower/Learner. State: Replica: c4b38391de8047c5ba9fc1ec8ba9ed9a, State: Running, Role: LEADER
I20260630 12:30:40.859953 24666 consensus_queue.cc:260] T ceae19f978644b439abe190e5e8b2bfe P c4b38391de8047c5ba9fc1ec8ba9ed9a [NON_LEADER]: Queue going to NON_LEADER mode. State: All replicated index: 0, Majority replicated index: 1, Committed index: 1, Last appended: 1.1, Last appended by leader: 1, Current term: 1, Majority size: -1, State: 0, Mode: NON_LEADER, active raft config: opid_index: -1 OBSOLETE_local: false peers { permanent_uuid: "6f18de1b73f64ee4a48d58e053b628da" member_type: VOTER last_known_addr { host: "127.21.8.193" port: 46403 } } peers { permanent_uuid: "123a7d9025d349448573f19e9dd03325" member_type: VOTER last_known_addr { host: "127.21.8.194" port: 33907 } } peers { permanent_uuid: "c4b38391de8047c5ba9fc1ec8ba9ed9a" member_type: VOTER last_known_addr { host: "127.21.8.195" port: 45139 } }
I20260630 12:30:40.861256 24666 raft_consensus.cc:3060] T ceae19f978644b439abe190e5e8b2bfe P c4b38391de8047c5ba9fc1ec8ba9ed9a [term 1 FOLLOWER]: Advancing to term 2
I20260630 12:30:40.858119 24518 tablet_service.cc:1917] Received RequestConsensusVote() RPC: tablet_id: "ceae19f978644b439abe190e5e8b2bfe" candidate_uuid: "123a7d9025d349448573f19e9dd03325" candidate_term: 2 candidate_status { last_received { term: 1 index: 1 } } ignore_live_leader: true dest_uuid: "6f18de1b73f64ee4a48d58e053b628da"
I20260630 12:30:40.862087 24518 raft_consensus.cc:3060] T ceae19f978644b439abe190e5e8b2bfe P 6f18de1b73f64ee4a48d58e053b628da [term 1 FOLLOWER]: Advancing to term 2
I20260630 12:30:40.867074 24666 raft_consensus.cc:2468] T ceae19f978644b439abe190e5e8b2bfe P c4b38391de8047c5ba9fc1ec8ba9ed9a [term 2 FOLLOWER]: Leader election vote request: Granting yes vote for candidate 123a7d9025d349448573f19e9dd03325 in term 2.
I20260630 12:30:40.868224 24559 leader_election.cc:304] T ceae19f978644b439abe190e5e8b2bfe P 123a7d9025d349448573f19e9dd03325 [CANDIDATE]: Term 2 election: Election decided. Result: candidate won. Election summary: received 2 responses out of 3 voters: 2 yes votes; 0 no votes. yes voters: 123a7d9025d349448573f19e9dd03325, c4b38391de8047c5ba9fc1ec8ba9ed9a; no voters: 
I20260630 12:30:40.868950 24744 raft_consensus.cc:2804] T ceae19f978644b439abe190e5e8b2bfe P 123a7d9025d349448573f19e9dd03325 [term 2 FOLLOWER]: Leader election won for term 2
I20260630 12:30:40.869238 24518 raft_consensus.cc:2468] T ceae19f978644b439abe190e5e8b2bfe P 6f18de1b73f64ee4a48d58e053b628da [term 2 FOLLOWER]: Leader election vote request: Granting yes vote for candidate 123a7d9025d349448573f19e9dd03325 in term 2.
I20260630 12:30:40.869415 24744 raft_consensus.cc:697] T ceae19f978644b439abe190e5e8b2bfe P 123a7d9025d349448573f19e9dd03325 [term 2 LEADER]: Becoming Leader. State: Replica: 123a7d9025d349448573f19e9dd03325, State: Running, Role: LEADER
I20260630 12:30:40.870400 24744 consensus_queue.cc:237] T ceae19f978644b439abe190e5e8b2bfe P 123a7d9025d349448573f19e9dd03325 [LEADER]: Queue going to LEADER mode. State: All replicated index: 0, Majority replicated index: 1, Committed index: 1, Last appended: 1.1, Last appended by leader: 1, Current term: 2, Majority size: 2, State: 0, Mode: LEADER, active raft config: opid_index: -1 OBSOLETE_local: false peers { permanent_uuid: "6f18de1b73f64ee4a48d58e053b628da" member_type: VOTER last_known_addr { host: "127.21.8.193" port: 46403 } } peers { permanent_uuid: "123a7d9025d349448573f19e9dd03325" member_type: VOTER last_known_addr { host: "127.21.8.194" port: 33907 } } peers { permanent_uuid: "c4b38391de8047c5ba9fc1ec8ba9ed9a" member_type: VOTER last_known_addr { host: "127.21.8.195" port: 45139 } }
I20260630 12:30:40.878605 24412 catalog_manager.cc:5697] T ceae19f978644b439abe190e5e8b2bfe P 123a7d9025d349448573f19e9dd03325 reported cstate change: term changed from 1 to 2, leader changed from c4b38391de8047c5ba9fc1ec8ba9ed9a (127.21.8.195) to 123a7d9025d349448573f19e9dd03325 (127.21.8.194). New cstate: current_term: 2 leader_uuid: "123a7d9025d349448573f19e9dd03325" committed_config { opid_index: -1 OBSOLETE_local: false peers { permanent_uuid: "6f18de1b73f64ee4a48d58e053b628da" member_type: VOTER last_known_addr { host: "127.21.8.193" port: 46403 } health_report { overall_health: UNKNOWN } } peers { permanent_uuid: "123a7d9025d349448573f19e9dd03325" member_type: VOTER last_known_addr { host: "127.21.8.194" port: 33907 } health_report { overall_health: HEALTHY } } peers { permanent_uuid: "c4b38391de8047c5ba9fc1ec8ba9ed9a" member_type: VOTER last_known_addr { host: "127.21.8.195" port: 45139 } health_report { overall_health: UNKNOWN } } }
I20260630 12:30:41.023274 24956 ts_tablet_manager.cc:933] T 2d4768b5e6de48728adfdd6f109cc358 P de9156737fa049a788b1c8a79d6406cf: Initiating tablet copy from peer 6f18de1b73f64ee4a48d58e053b628da (127.21.8.193:46403)
I20260630 12:30:41.025270 24956 tablet_copy_client.cc:323] T 2d4768b5e6de48728adfdd6f109cc358 P de9156737fa049a788b1c8a79d6406cf: tablet copy: Beginning tablet copy session from remote peer at address 127.21.8.193:46403
I20260630 12:30:41.027233 24528 tablet_copy_service.cc:140] P 6f18de1b73f64ee4a48d58e053b628da: Received BeginTabletCopySession request for tablet 2d4768b5e6de48728adfdd6f109cc358 from peer de9156737fa049a788b1c8a79d6406cf ({username='slave'} at 127.0.0.1:60624)
I20260630 12:30:41.027737 24528 tablet_copy_service.cc:161] P 6f18de1b73f64ee4a48d58e053b628da: Beginning new tablet copy session on tablet 2d4768b5e6de48728adfdd6f109cc358 from peer de9156737fa049a788b1c8a79d6406cf at {username='slave'} at 127.0.0.1:60624: session id = de9156737fa049a788b1c8a79d6406cf-2d4768b5e6de48728adfdd6f109cc358
I20260630 12:30:41.033133 24528 tablet_copy_source_session.cc:215] T 2d4768b5e6de48728adfdd6f109cc358 P 6f18de1b73f64ee4a48d58e053b628da: Tablet Copy: opened 0 blocks and 1 log segments
I20260630 12:30:41.035912 24956 data_dirs.cc:400] Could only allocate 1 dirs of requested 3 for tablet 2d4768b5e6de48728adfdd6f109cc358. 1 dirs total, 0 dirs full, 0 dirs failed
I20260630 12:30:41.041257 24666 raft_consensus.cc:1275] T cda7c26c411b4a07afa98ad4ab892550 P c4b38391de8047c5ba9fc1ec8ba9ed9a [term 2 FOLLOWER]: Refusing update from remote peer 6f18de1b73f64ee4a48d58e053b628da: Log matching property violated. Preceding OpId in replica: term: 1 index: 1. Preceding OpId from leader: term: 2 index: 2. (index mismatch)
I20260630 12:30:41.043447 24918 consensus_queue.cc:1048] T cda7c26c411b4a07afa98ad4ab892550 P 6f18de1b73f64ee4a48d58e053b628da [LEADER]: Connected to new peer: Peer: permanent_uuid: "c4b38391de8047c5ba9fc1ec8ba9ed9a" member_type: VOTER last_known_addr { host: "127.21.8.195" port: 45139 }, Status: LMP_MISMATCH, Last received: 0.0, Next index: 2, Last known committed idx: 1, Time since last communication: 0.000s
I20260630 12:30:41.055294 24958 ts_tablet_manager.cc:933] T db9f4ee7c7bc4b7d94f5ab3a906625de P de9156737fa049a788b1c8a79d6406cf: Initiating tablet copy from peer 123a7d9025d349448573f19e9dd03325 (127.21.8.194:33907)
I20260630 12:30:41.055738 24956 tablet_copy_client.cc:806] T 2d4768b5e6de48728adfdd6f109cc358 P de9156737fa049a788b1c8a79d6406cf: tablet copy: Starting download of 0 data blocks...
I20260630 12:30:41.056787 24956 tablet_copy_client.cc:670] T 2d4768b5e6de48728adfdd6f109cc358 P de9156737fa049a788b1c8a79d6406cf: tablet copy: Starting download of 1 WAL segments...
I20260630 12:30:41.063241 24956 tablet_copy_client.cc:538] T 2d4768b5e6de48728adfdd6f109cc358 P de9156737fa049a788b1c8a79d6406cf: tablet copy: Tablet Copy complete. Replacing tablet superblock.
I20260630 12:30:41.075335 24958 tablet_copy_client.cc:323] T db9f4ee7c7bc4b7d94f5ab3a906625de P de9156737fa049a788b1c8a79d6406cf: tablet copy: Beginning tablet copy session from remote peer at address 127.21.8.194:33907
I20260630 12:30:41.077507 24956 tablet_bootstrap.cc:492] T 2d4768b5e6de48728adfdd6f109cc358 P de9156737fa049a788b1c8a79d6406cf: Bootstrap starting.
I20260630 12:30:41.079202 24593 raft_consensus.cc:1275] T cda7c26c411b4a07afa98ad4ab892550 P 123a7d9025d349448573f19e9dd03325 [term 2 FOLLOWER]: Refusing update from remote peer 6f18de1b73f64ee4a48d58e053b628da: Log matching property violated. Preceding OpId in replica: term: 1 index: 1. Preceding OpId from leader: term: 2 index: 2. (index mismatch)
I20260630 12:30:41.081015 24603 tablet_copy_service.cc:140] P 123a7d9025d349448573f19e9dd03325: Received BeginTabletCopySession request for tablet db9f4ee7c7bc4b7d94f5ab3a906625de from peer de9156737fa049a788b1c8a79d6406cf ({username='slave'} at 127.0.0.1:35548)
I20260630 12:30:41.081748 24603 tablet_copy_service.cc:161] P 123a7d9025d349448573f19e9dd03325: Beginning new tablet copy session on tablet db9f4ee7c7bc4b7d94f5ab3a906625de from peer de9156737fa049a788b1c8a79d6406cf at {username='slave'} at 127.0.0.1:35548: session id = de9156737fa049a788b1c8a79d6406cf-db9f4ee7c7bc4b7d94f5ab3a906625de
I20260630 12:30:41.087116 24719 consensus_queue.cc:1048] T cda7c26c411b4a07afa98ad4ab892550 P 6f18de1b73f64ee4a48d58e053b628da [LEADER]: Connected to new peer: Peer: permanent_uuid: "123a7d9025d349448573f19e9dd03325" member_type: VOTER last_known_addr { host: "127.21.8.194" port: 33907 }, Status: LMP_MISMATCH, Last received: 0.0, Next index: 2, Last known committed idx: 1, Time since last communication: 0.001s
I20260630 12:30:41.110697 24603 tablet_copy_source_session.cc:215] T db9f4ee7c7bc4b7d94f5ab3a906625de P 123a7d9025d349448573f19e9dd03325: Tablet Copy: opened 0 blocks and 1 log segments
I20260630 12:30:41.143600 24958 data_dirs.cc:400] Could only allocate 1 dirs of requested 3 for tablet db9f4ee7c7bc4b7d94f5ab3a906625de. 1 dirs total, 0 dirs full, 0 dirs failed
I20260630 12:30:41.155470 24961 ts_tablet_manager.cc:933] T d7de695752374bd48d4404d3e21c1a4c P de9156737fa049a788b1c8a79d6406cf: Initiating tablet copy from peer 123a7d9025d349448573f19e9dd03325 (127.21.8.194:33907)
I20260630 12:30:41.159730 24956 tablet_bootstrap.cc:492] T 2d4768b5e6de48728adfdd6f109cc358 P de9156737fa049a788b1c8a79d6406cf: Bootstrap replayed 1/1 log segments. Stats: ops{read=2 overwritten=0 applied=2 ignored=0} inserts{seen=0 ignored=0} mutations{seen=0 ignored=0} orphaned_commits=0. Pending: 0 replicates
I20260630 12:30:41.160885 24956 tablet_bootstrap.cc:492] T 2d4768b5e6de48728adfdd6f109cc358 P de9156737fa049a788b1c8a79d6406cf: Bootstrap complete.
I20260630 12:30:41.161682 24956 ts_tablet_manager.cc:1403] T 2d4768b5e6de48728adfdd6f109cc358 P de9156737fa049a788b1c8a79d6406cf: Time spent bootstrapping tablet: real 0.084s	user 0.023s	sys 0.015s
I20260630 12:30:41.167162 24961 tablet_copy_client.cc:323] T d7de695752374bd48d4404d3e21c1a4c P de9156737fa049a788b1c8a79d6406cf: tablet copy: Beginning tablet copy session from remote peer at address 127.21.8.194:33907
I20260630 12:30:41.166404 24956 raft_consensus.cc:359] T 2d4768b5e6de48728adfdd6f109cc358 P de9156737fa049a788b1c8a79d6406cf [term 1 LEARNER]: Replica starting. Triggering 0 pending ops. Active config: opid_index: 2 OBSOLETE_local: false peers { permanent_uuid: "123a7d9025d349448573f19e9dd03325" member_type: VOTER last_known_addr { host: "127.21.8.194" port: 33907 } attrs { replace: true } } peers { permanent_uuid: "6f18de1b73f64ee4a48d58e053b628da" member_type: VOTER last_known_addr { host: "127.21.8.193" port: 46403 } } peers { permanent_uuid: "c4b38391de8047c5ba9fc1ec8ba9ed9a" member_type: VOTER last_known_addr { host: "127.21.8.195" port: 45139 } } peers { permanent_uuid: "de9156737fa049a788b1c8a79d6406cf" member_type: NON_VOTER last_known_addr { host: "127.21.8.196" port: 37677 } attrs { promote: true } }
I20260630 12:30:41.167861 24956 raft_consensus.cc:740] T 2d4768b5e6de48728adfdd6f109cc358 P de9156737fa049a788b1c8a79d6406cf [term 1 LEARNER]: Becoming Follower/Learner. State: Replica: de9156737fa049a788b1c8a79d6406cf, State: Initialized, Role: LEARNER
I20260630 12:30:41.168568 24956 consensus_queue.cc:260] T 2d4768b5e6de48728adfdd6f109cc358 P de9156737fa049a788b1c8a79d6406cf [NON_LEADER]: Queue going to NON_LEADER mode. State: All replicated index: 0, Majority replicated index: 0, Committed index: 2, Last appended: 1.2, Last appended by leader: 2, Current term: 0, Majority size: -1, State: 0, Mode: NON_LEADER, active raft config: opid_index: 2 OBSOLETE_local: false peers { permanent_uuid: "123a7d9025d349448573f19e9dd03325" member_type: VOTER last_known_addr { host: "127.21.8.194" port: 33907 } attrs { replace: true } } peers { permanent_uuid: "6f18de1b73f64ee4a48d58e053b628da" member_type: VOTER last_known_addr { host: "127.21.8.193" port: 46403 } } peers { permanent_uuid: "c4b38391de8047c5ba9fc1ec8ba9ed9a" member_type: VOTER last_known_addr { host: "127.21.8.195" port: 45139 } } peers { permanent_uuid: "de9156737fa049a788b1c8a79d6406cf" member_type: NON_VOTER last_known_addr { host: "127.21.8.196" port: 37677 } attrs { promote: true } }
I20260630 12:30:41.169050 24603 tablet_copy_service.cc:140] P 123a7d9025d349448573f19e9dd03325: Received BeginTabletCopySession request for tablet d7de695752374bd48d4404d3e21c1a4c from peer de9156737fa049a788b1c8a79d6406cf ({username='slave'} at 127.0.0.1:35548)
I20260630 12:30:41.169696 24603 tablet_copy_service.cc:161] P 123a7d9025d349448573f19e9dd03325: Beginning new tablet copy session on tablet d7de695752374bd48d4404d3e21c1a4c from peer de9156737fa049a788b1c8a79d6406cf at {username='slave'} at 127.0.0.1:35548: session id = de9156737fa049a788b1c8a79d6406cf-d7de695752374bd48d4404d3e21c1a4c
I20260630 12:30:41.173738 24956 ts_tablet_manager.cc:1434] T 2d4768b5e6de48728adfdd6f109cc358 P de9156737fa049a788b1c8a79d6406cf: Time spent starting tablet: real 0.012s	user 0.007s	sys 0.000s
I20260630 12:30:41.175563 24964 ts_tablet_manager.cc:933] T 8b2e0b5b7a824611a6c090b35f2d5834 P de9156737fa049a788b1c8a79d6406cf: Initiating tablet copy from peer c4b38391de8047c5ba9fc1ec8ba9ed9a (127.21.8.195:45139)
I20260630 12:30:41.177249 24528 tablet_copy_service.cc:342] P 6f18de1b73f64ee4a48d58e053b628da: Request end of tablet copy session de9156737fa049a788b1c8a79d6406cf-2d4768b5e6de48728adfdd6f109cc358 received from {username='slave'} at 127.0.0.1:60624
I20260630 12:30:41.177861 24528 tablet_copy_service.cc:434] P 6f18de1b73f64ee4a48d58e053b628da: ending tablet copy session de9156737fa049a788b1c8a79d6406cf-2d4768b5e6de48728adfdd6f109cc358 on tablet 2d4768b5e6de48728adfdd6f109cc358 with peer de9156737fa049a788b1c8a79d6406cf
I20260630 12:30:41.182265 24603 tablet_copy_source_session.cc:215] T d7de695752374bd48d4404d3e21c1a4c P 123a7d9025d349448573f19e9dd03325: Tablet Copy: opened 0 blocks and 1 log segments
I20260630 12:30:41.185374 24961 data_dirs.cc:400] Could only allocate 1 dirs of requested 3 for tablet d7de695752374bd48d4404d3e21c1a4c. 1 dirs total, 0 dirs full, 0 dirs failed
I20260630 12:30:41.200802 24961 tablet_copy_client.cc:806] T d7de695752374bd48d4404d3e21c1a4c P de9156737fa049a788b1c8a79d6406cf: tablet copy: Starting download of 0 data blocks...
I20260630 12:30:41.201458 24961 tablet_copy_client.cc:670] T d7de695752374bd48d4404d3e21c1a4c P de9156737fa049a788b1c8a79d6406cf: tablet copy: Starting download of 1 WAL segments...
I20260630 12:30:41.205859 24961 tablet_copy_client.cc:538] T d7de695752374bd48d4404d3e21c1a4c P de9156737fa049a788b1c8a79d6406cf: tablet copy: Tablet Copy complete. Replacing tablet superblock.
I20260630 12:30:41.206692 24964 tablet_copy_client.cc:323] T 8b2e0b5b7a824611a6c090b35f2d5834 P de9156737fa049a788b1c8a79d6406cf: tablet copy: Beginning tablet copy session from remote peer at address 127.21.8.195:45139
I20260630 12:30:41.208928 24677 tablet_copy_service.cc:140] P c4b38391de8047c5ba9fc1ec8ba9ed9a: Received BeginTabletCopySession request for tablet 8b2e0b5b7a824611a6c090b35f2d5834 from peer de9156737fa049a788b1c8a79d6406cf ({username='slave'} at 127.0.0.1:58996)
I20260630 12:30:41.209506 24677 tablet_copy_service.cc:161] P c4b38391de8047c5ba9fc1ec8ba9ed9a: Beginning new tablet copy session on tablet 8b2e0b5b7a824611a6c090b35f2d5834 from peer de9156737fa049a788b1c8a79d6406cf at {username='slave'} at 127.0.0.1:58996: session id = de9156737fa049a788b1c8a79d6406cf-8b2e0b5b7a824611a6c090b35f2d5834
I20260630 12:30:41.211724 24958 tablet_copy_client.cc:806] T db9f4ee7c7bc4b7d94f5ab3a906625de P de9156737fa049a788b1c8a79d6406cf: tablet copy: Starting download of 0 data blocks...
I20260630 12:30:41.212314 24958 tablet_copy_client.cc:670] T db9f4ee7c7bc4b7d94f5ab3a906625de P de9156737fa049a788b1c8a79d6406cf: tablet copy: Starting download of 1 WAL segments...
I20260630 12:30:41.216364 24958 tablet_copy_client.cc:538] T db9f4ee7c7bc4b7d94f5ab3a906625de P de9156737fa049a788b1c8a79d6406cf: tablet copy: Tablet Copy complete. Replacing tablet superblock.
I20260630 12:30:41.217185 24677 tablet_copy_source_session.cc:215] T 8b2e0b5b7a824611a6c090b35f2d5834 P c4b38391de8047c5ba9fc1ec8ba9ed9a: Tablet Copy: opened 0 blocks and 1 log segments
I20260630 12:30:41.219444 24961 tablet_bootstrap.cc:492] T d7de695752374bd48d4404d3e21c1a4c P de9156737fa049a788b1c8a79d6406cf: Bootstrap starting.
I20260630 12:30:41.220904 24964 data_dirs.cc:400] Could only allocate 1 dirs of requested 3 for tablet 8b2e0b5b7a824611a6c090b35f2d5834. 1 dirs total, 0 dirs full, 0 dirs failed
I20260630 12:30:41.230613 24666 raft_consensus.cc:1275] T feefb316b17d4c9ba1a47a5ede87c240 P c4b38391de8047c5ba9fc1ec8ba9ed9a [term 2 FOLLOWER]: Refusing update from remote peer 6f18de1b73f64ee4a48d58e053b628da: Log matching property violated. Preceding OpId in replica: term: 1 index: 1. Preceding OpId from leader: term: 2 index: 2. (index mismatch)
I20260630 12:30:41.233810 24719 consensus_queue.cc:1048] T feefb316b17d4c9ba1a47a5ede87c240 P 6f18de1b73f64ee4a48d58e053b628da [LEADER]: Connected to new peer: Peer: permanent_uuid: "c4b38391de8047c5ba9fc1ec8ba9ed9a" member_type: VOTER last_known_addr { host: "127.21.8.195" port: 45139 }, Status: LMP_MISMATCH, Last received: 0.0, Next index: 2, Last known committed idx: 1, Time since last communication: 0.000s
I20260630 12:30:41.240864 24964 tablet_copy_client.cc:806] T 8b2e0b5b7a824611a6c090b35f2d5834 P de9156737fa049a788b1c8a79d6406cf: tablet copy: Starting download of 0 data blocks...
I20260630 12:30:41.241515 24964 tablet_copy_client.cc:670] T 8b2e0b5b7a824611a6c090b35f2d5834 P de9156737fa049a788b1c8a79d6406cf: tablet copy: Starting download of 1 WAL segments...
I20260630 12:30:41.245126 24961 tablet_bootstrap.cc:492] T d7de695752374bd48d4404d3e21c1a4c P de9156737fa049a788b1c8a79d6406cf: Bootstrap replayed 1/1 log segments. Stats: ops{read=2 overwritten=0 applied=2 ignored=0} inserts{seen=0 ignored=0} mutations{seen=0 ignored=0} orphaned_commits=0. Pending: 0 replicates
I20260630 12:30:41.246179 24961 tablet_bootstrap.cc:492] T d7de695752374bd48d4404d3e21c1a4c P de9156737fa049a788b1c8a79d6406cf: Bootstrap complete.
I20260630 12:30:41.246945 24961 ts_tablet_manager.cc:1403] T d7de695752374bd48d4404d3e21c1a4c P de9156737fa049a788b1c8a79d6406cf: Time spent bootstrapping tablet: real 0.028s	user 0.018s	sys 0.009s
I20260630 12:30:41.250778 24964 tablet_copy_client.cc:538] T 8b2e0b5b7a824611a6c090b35f2d5834 P de9156737fa049a788b1c8a79d6406cf: tablet copy: Tablet Copy complete. Replacing tablet superblock.
I20260630 12:30:41.250824 24961 raft_consensus.cc:359] T d7de695752374bd48d4404d3e21c1a4c P de9156737fa049a788b1c8a79d6406cf [term 1 LEARNER]: Replica starting. Triggering 0 pending ops. Active config: opid_index: 2 OBSOLETE_local: false peers { permanent_uuid: "6f18de1b73f64ee4a48d58e053b628da" member_type: VOTER last_known_addr { host: "127.21.8.193" port: 46403 } } peers { permanent_uuid: "123a7d9025d349448573f19e9dd03325" member_type: VOTER last_known_addr { host: "127.21.8.194" port: 33907 } } peers { permanent_uuid: "c4b38391de8047c5ba9fc1ec8ba9ed9a" member_type: VOTER last_known_addr { host: "127.21.8.195" port: 45139 } attrs { replace: true } } peers { permanent_uuid: "de9156737fa049a788b1c8a79d6406cf" member_type: NON_VOTER last_known_addr { host: "127.21.8.196" port: 37677 } attrs { promote: true } }
I20260630 12:30:41.251997 24961 raft_consensus.cc:740] T d7de695752374bd48d4404d3e21c1a4c P de9156737fa049a788b1c8a79d6406cf [term 1 LEARNER]: Becoming Follower/Learner. State: Replica: de9156737fa049a788b1c8a79d6406cf, State: Initialized, Role: LEARNER
I20260630 12:30:41.252487 24958 tablet_bootstrap.cc:492] T db9f4ee7c7bc4b7d94f5ab3a906625de P de9156737fa049a788b1c8a79d6406cf: Bootstrap starting.
I20260630 12:30:41.252704 24961 consensus_queue.cc:260] T d7de695752374bd48d4404d3e21c1a4c P de9156737fa049a788b1c8a79d6406cf [NON_LEADER]: Queue going to NON_LEADER mode. State: All replicated index: 0, Majority replicated index: 0, Committed index: 2, Last appended: 1.2, Last appended by leader: 2, Current term: 0, Majority size: -1, State: 0, Mode: NON_LEADER, active raft config: opid_index: 2 OBSOLETE_local: false peers { permanent_uuid: "6f18de1b73f64ee4a48d58e053b628da" member_type: VOTER last_known_addr { host: "127.21.8.193" port: 46403 } } peers { permanent_uuid: "123a7d9025d349448573f19e9dd03325" member_type: VOTER last_known_addr { host: "127.21.8.194" port: 33907 } } peers { permanent_uuid: "c4b38391de8047c5ba9fc1ec8ba9ed9a" member_type: VOTER last_known_addr { host: "127.21.8.195" port: 45139 } attrs { replace: true } } peers { permanent_uuid: "de9156737fa049a788b1c8a79d6406cf" member_type: NON_VOTER last_known_addr { host: "127.21.8.196" port: 37677 } attrs { promote: true } }
I20260630 12:30:41.263173 24593 raft_consensus.cc:1275] T feefb316b17d4c9ba1a47a5ede87c240 P 123a7d9025d349448573f19e9dd03325 [term 2 FOLLOWER]: Refusing update from remote peer 6f18de1b73f64ee4a48d58e053b628da: Log matching property violated. Preceding OpId in replica: term: 1 index: 1. Preceding OpId from leader: term: 2 index: 2. (index mismatch)
I20260630 12:30:41.265206 24719 consensus_queue.cc:1048] T feefb316b17d4c9ba1a47a5ede87c240 P 6f18de1b73f64ee4a48d58e053b628da [LEADER]: Connected to new peer: Peer: permanent_uuid: "123a7d9025d349448573f19e9dd03325" member_type: VOTER last_known_addr { host: "127.21.8.194" port: 33907 }, Status: LMP_MISMATCH, Last received: 0.0, Next index: 2, Last known committed idx: 1, Time since last communication: 0.000s
I20260630 12:30:41.267802 24964 tablet_bootstrap.cc:492] T 8b2e0b5b7a824611a6c090b35f2d5834 P de9156737fa049a788b1c8a79d6406cf: Bootstrap starting.
I20260630 12:30:41.274616 24961 ts_tablet_manager.cc:1434] T d7de695752374bd48d4404d3e21c1a4c P de9156737fa049a788b1c8a79d6406cf: Time spent starting tablet: real 0.027s	user 0.006s	sys 0.001s
I20260630 12:30:41.290740 24603 tablet_copy_service.cc:342] P 123a7d9025d349448573f19e9dd03325: Request end of tablet copy session de9156737fa049a788b1c8a79d6406cf-d7de695752374bd48d4404d3e21c1a4c received from {username='slave'} at 127.0.0.1:35548
I20260630 12:30:41.291213 24603 tablet_copy_service.cc:434] P 123a7d9025d349448573f19e9dd03325: ending tablet copy session de9156737fa049a788b1c8a79d6406cf-d7de695752374bd48d4404d3e21c1a4c on tablet d7de695752374bd48d4404d3e21c1a4c with peer de9156737fa049a788b1c8a79d6406cf
I20260630 12:30:41.303299 24593 raft_consensus.cc:1275] T 86d7f37a6bb94344bd5f8be19503a292 P 123a7d9025d349448573f19e9dd03325 [term 2 FOLLOWER]: Refusing update from remote peer de9156737fa049a788b1c8a79d6406cf: Log matching property violated. Preceding OpId in replica: term: 1 index: 1. Preceding OpId from leader: term: 2 index: 2. (index mismatch)
I20260630 12:30:41.309319 24874 consensus_queue.cc:1048] T 86d7f37a6bb94344bd5f8be19503a292 P de9156737fa049a788b1c8a79d6406cf [LEADER]: Connected to new peer: Peer: permanent_uuid: "123a7d9025d349448573f19e9dd03325" member_type: VOTER last_known_addr { host: "127.21.8.194" port: 33907 }, Status: LMP_MISMATCH, Last received: 0.0, Next index: 2, Last known committed idx: 1, Time since last communication: 0.001s
I20260630 12:30:41.313347 24964 tablet_bootstrap.cc:492] T 8b2e0b5b7a824611a6c090b35f2d5834 P de9156737fa049a788b1c8a79d6406cf: Bootstrap replayed 1/1 log segments. Stats: ops{read=2 overwritten=0 applied=2 ignored=0} inserts{seen=0 ignored=0} mutations{seen=0 ignored=0} orphaned_commits=0. Pending: 0 replicates
I20260630 12:30:41.314395 24964 tablet_bootstrap.cc:492] T 8b2e0b5b7a824611a6c090b35f2d5834 P de9156737fa049a788b1c8a79d6406cf: Bootstrap complete.
I20260630 12:30:41.315296 24964 ts_tablet_manager.cc:1403] T 8b2e0b5b7a824611a6c090b35f2d5834 P de9156737fa049a788b1c8a79d6406cf: Time spent bootstrapping tablet: real 0.048s	user 0.025s	sys 0.019s
I20260630 12:30:41.318271 24964 raft_consensus.cc:359] T 8b2e0b5b7a824611a6c090b35f2d5834 P de9156737fa049a788b1c8a79d6406cf [term 1 LEARNER]: Replica starting. Triggering 0 pending ops. Active config: opid_index: 2 OBSOLETE_local: false peers { permanent_uuid: "123a7d9025d349448573f19e9dd03325" member_type: VOTER last_known_addr { host: "127.21.8.194" port: 33907 } } peers { permanent_uuid: "6f18de1b73f64ee4a48d58e053b628da" member_type: VOTER last_known_addr { host: "127.21.8.193" port: 46403 } attrs { replace: true } } peers { permanent_uuid: "c4b38391de8047c5ba9fc1ec8ba9ed9a" member_type: VOTER last_known_addr { host: "127.21.8.195" port: 45139 } } peers { permanent_uuid: "de9156737fa049a788b1c8a79d6406cf" member_type: NON_VOTER last_known_addr { host: "127.21.8.196" port: 37677 } attrs { promote: true } }
I20260630 12:30:41.319187 24964 raft_consensus.cc:740] T 8b2e0b5b7a824611a6c090b35f2d5834 P de9156737fa049a788b1c8a79d6406cf [term 1 LEARNER]: Becoming Follower/Learner. State: Replica: de9156737fa049a788b1c8a79d6406cf, State: Initialized, Role: LEARNER
I20260630 12:30:41.319847 24964 consensus_queue.cc:260] T 8b2e0b5b7a824611a6c090b35f2d5834 P de9156737fa049a788b1c8a79d6406cf [NON_LEADER]: Queue going to NON_LEADER mode. State: All replicated index: 0, Majority replicated index: 0, Committed index: 2, Last appended: 1.2, Last appended by leader: 2, Current term: 0, Majority size: -1, State: 0, Mode: NON_LEADER, active raft config: opid_index: 2 OBSOLETE_local: false peers { permanent_uuid: "123a7d9025d349448573f19e9dd03325" member_type: VOTER last_known_addr { host: "127.21.8.194" port: 33907 } } peers { permanent_uuid: "6f18de1b73f64ee4a48d58e053b628da" member_type: VOTER last_known_addr { host: "127.21.8.193" port: 46403 } attrs { replace: true } } peers { permanent_uuid: "c4b38391de8047c5ba9fc1ec8ba9ed9a" member_type: VOTER last_known_addr { host: "127.21.8.195" port: 45139 } } peers { permanent_uuid: "de9156737fa049a788b1c8a79d6406cf" member_type: NON_VOTER last_known_addr { host: "127.21.8.196" port: 37677 } attrs { promote: true } }
I20260630 12:30:41.333129 24964 ts_tablet_manager.cc:1434] T 8b2e0b5b7a824611a6c090b35f2d5834 P de9156737fa049a788b1c8a79d6406cf: Time spent starting tablet: real 0.017s	user 0.000s	sys 0.012s
I20260630 12:30:41.334453 24958 tablet_bootstrap.cc:492] T db9f4ee7c7bc4b7d94f5ab3a906625de P de9156737fa049a788b1c8a79d6406cf: Bootstrap replayed 1/1 log segments. Stats: ops{read=2 overwritten=0 applied=2 ignored=0} inserts{seen=0 ignored=0} mutations{seen=0 ignored=0} orphaned_commits=0. Pending: 0 replicates
I20260630 12:30:41.335697 24958 tablet_bootstrap.cc:492] T db9f4ee7c7bc4b7d94f5ab3a906625de P de9156737fa049a788b1c8a79d6406cf: Bootstrap complete.
I20260630 12:30:41.336661 24958 ts_tablet_manager.cc:1403] T db9f4ee7c7bc4b7d94f5ab3a906625de P de9156737fa049a788b1c8a79d6406cf: Time spent bootstrapping tablet: real 0.084s	user 0.027s	sys 0.006s
I20260630 12:30:41.337158 24677 tablet_copy_service.cc:342] P c4b38391de8047c5ba9fc1ec8ba9ed9a: Request end of tablet copy session de9156737fa049a788b1c8a79d6406cf-8b2e0b5b7a824611a6c090b35f2d5834 received from {username='slave'} at 127.0.0.1:58996
I20260630 12:30:41.337613 24677 tablet_copy_service.cc:434] P c4b38391de8047c5ba9fc1ec8ba9ed9a: ending tablet copy session de9156737fa049a788b1c8a79d6406cf-8b2e0b5b7a824611a6c090b35f2d5834 on tablet 8b2e0b5b7a824611a6c090b35f2d5834 with peer de9156737fa049a788b1c8a79d6406cf
I20260630 12:30:41.343077 24958 raft_consensus.cc:359] T db9f4ee7c7bc4b7d94f5ab3a906625de P de9156737fa049a788b1c8a79d6406cf [term 1 LEARNER]: Replica starting. Triggering 0 pending ops. Active config: opid_index: 2 OBSOLETE_local: false peers { permanent_uuid: "123a7d9025d349448573f19e9dd03325" member_type: VOTER last_known_addr { host: "127.21.8.194" port: 33907 } } peers { permanent_uuid: "6f18de1b73f64ee4a48d58e053b628da" member_type: VOTER last_known_addr { host: "127.21.8.193" port: 46403 } attrs { replace: true } } peers { permanent_uuid: "c4b38391de8047c5ba9fc1ec8ba9ed9a" member_type: VOTER last_known_addr { host: "127.21.8.195" port: 45139 } } peers { permanent_uuid: "de9156737fa049a788b1c8a79d6406cf" member_type: NON_VOTER last_known_addr { host: "127.21.8.196" port: 37677 } attrs { promote: true } }
I20260630 12:30:41.343984 24958 raft_consensus.cc:740] T db9f4ee7c7bc4b7d94f5ab3a906625de P de9156737fa049a788b1c8a79d6406cf [term 1 LEARNER]: Becoming Follower/Learner. State: Replica: de9156737fa049a788b1c8a79d6406cf, State: Initialized, Role: LEARNER
I20260630 12:30:41.346959 24958 consensus_queue.cc:260] T db9f4ee7c7bc4b7d94f5ab3a906625de P de9156737fa049a788b1c8a79d6406cf [NON_LEADER]: Queue going to NON_LEADER mode. State: All replicated index: 0, Majority replicated index: 0, Committed index: 2, Last appended: 1.2, Last appended by leader: 2, Current term: 0, Majority size: -1, State: 0, Mode: NON_LEADER, active raft config: opid_index: 2 OBSOLETE_local: false peers { permanent_uuid: "123a7d9025d349448573f19e9dd03325" member_type: VOTER last_known_addr { host: "127.21.8.194" port: 33907 } } peers { permanent_uuid: "6f18de1b73f64ee4a48d58e053b628da" member_type: VOTER last_known_addr { host: "127.21.8.193" port: 46403 } attrs { replace: true } } peers { permanent_uuid: "c4b38391de8047c5ba9fc1ec8ba9ed9a" member_type: VOTER last_known_addr { host: "127.21.8.195" port: 45139 } } peers { permanent_uuid: "de9156737fa049a788b1c8a79d6406cf" member_type: NON_VOTER last_known_addr { host: "127.21.8.196" port: 37677 } attrs { promote: true } }
I20260630 12:30:41.351750 24667 raft_consensus.cc:1275] T 86d7f37a6bb94344bd5f8be19503a292 P c4b38391de8047c5ba9fc1ec8ba9ed9a [term 2 FOLLOWER]: Refusing update from remote peer de9156737fa049a788b1c8a79d6406cf: Log matching property violated. Preceding OpId in replica: term: 1 index: 1. Preceding OpId from leader: term: 2 index: 2. (index mismatch)
I20260630 12:30:41.356761 24972 consensus_queue.cc:1048] T 86d7f37a6bb94344bd5f8be19503a292 P de9156737fa049a788b1c8a79d6406cf [LEADER]: Connected to new peer: Peer: permanent_uuid: "c4b38391de8047c5ba9fc1ec8ba9ed9a" member_type: VOTER last_known_addr { host: "127.21.8.195" port: 45139 }, Status: LMP_MISMATCH, Last received: 0.0, Next index: 2, Last known committed idx: 1, Time since last communication: 0.000s
I20260630 12:30:41.366255 24958 ts_tablet_manager.cc:1434] T db9f4ee7c7bc4b7d94f5ab3a906625de P de9156737fa049a788b1c8a79d6406cf: Time spent starting tablet: real 0.029s	user 0.003s	sys 0.008s
I20260630 12:30:41.370184 24603 tablet_copy_service.cc:342] P 123a7d9025d349448573f19e9dd03325: Request end of tablet copy session de9156737fa049a788b1c8a79d6406cf-db9f4ee7c7bc4b7d94f5ab3a906625de received from {username='slave'} at 127.0.0.1:35548
I20260630 12:30:41.370682 24603 tablet_copy_service.cc:434] P 123a7d9025d349448573f19e9dd03325: ending tablet copy session de9156737fa049a788b1c8a79d6406cf-db9f4ee7c7bc4b7d94f5ab3a906625de on tablet db9f4ee7c7bc4b7d94f5ab3a906625de with peer de9156737fa049a788b1c8a79d6406cf
I20260630 12:30:41.428766 24518 raft_consensus.cc:1275] T ceae19f978644b439abe190e5e8b2bfe P 6f18de1b73f64ee4a48d58e053b628da [term 2 FOLLOWER]: Refusing update from remote peer 123a7d9025d349448573f19e9dd03325: Log matching property violated. Preceding OpId in replica: term: 1 index: 1. Preceding OpId from leader: term: 2 index: 2. (index mismatch)
I20260630 12:30:41.430426 24744 consensus_queue.cc:1048] T ceae19f978644b439abe190e5e8b2bfe P 123a7d9025d349448573f19e9dd03325 [LEADER]: Connected to new peer: Peer: permanent_uuid: "6f18de1b73f64ee4a48d58e053b628da" member_type: VOTER last_known_addr { host: "127.21.8.193" port: 46403 }, Status: LMP_MISMATCH, Last received: 0.0, Next index: 2, Last known committed idx: 1, Time since last communication: 0.000s
I20260630 12:30:41.440677 24666 raft_consensus.cc:1275] T ceae19f978644b439abe190e5e8b2bfe P c4b38391de8047c5ba9fc1ec8ba9ed9a [term 2 FOLLOWER]: Refusing update from remote peer 123a7d9025d349448573f19e9dd03325: Log matching property violated. Preceding OpId in replica: term: 1 index: 1. Preceding OpId from leader: term: 2 index: 2. (index mismatch)
I20260630 12:30:41.442428 24744 consensus_queue.cc:1048] T ceae19f978644b439abe190e5e8b2bfe P 123a7d9025d349448573f19e9dd03325 [LEADER]: Connected to new peer: Peer: permanent_uuid: "c4b38391de8047c5ba9fc1ec8ba9ed9a" member_type: VOTER last_known_addr { host: "127.21.8.195" port: 45139 }, Status: LMP_MISMATCH, Last received: 0.0, Next index: 2, Last known committed idx: 1, Time since last communication: 0.000s
I20260630 12:30:41.598721 24817 raft_consensus.cc:1217] T d7de695752374bd48d4404d3e21c1a4c P de9156737fa049a788b1c8a79d6406cf [term 1 LEARNER]: Deduplicated request from leader. Original: 1.1->[1.2-1.2]   Dedup: 1.2->[]
I20260630 12:30:41.612267 24817 raft_consensus.cc:1217] T 2d4768b5e6de48728adfdd6f109cc358 P de9156737fa049a788b1c8a79d6406cf [term 1 LEARNER]: Deduplicated request from leader. Original: 1.1->[1.2-1.2]   Dedup: 1.2->[]
I20260630 12:30:41.657130 24817 raft_consensus.cc:1217] T db9f4ee7c7bc4b7d94f5ab3a906625de P de9156737fa049a788b1c8a79d6406cf [term 1 LEARNER]: Deduplicated request from leader. Original: 1.1->[1.2-1.2]   Dedup: 1.2->[]
I20260630 12:30:41.678213 24817 raft_consensus.cc:1217] T 8b2e0b5b7a824611a6c090b35f2d5834 P de9156737fa049a788b1c8a79d6406cf [term 1 LEARNER]: Deduplicated request from leader. Original: 1.1->[1.2-1.2]   Dedup: 1.2->[]
I20260630 12:30:42.085968 24744 raft_consensus.cc:1064] T db9f4ee7c7bc4b7d94f5ab3a906625de P 123a7d9025d349448573f19e9dd03325: attempting to promote NON_VOTER de9156737fa049a788b1c8a79d6406cf to VOTER
I20260630 12:30:42.087883 24744 consensus_queue.cc:237] T db9f4ee7c7bc4b7d94f5ab3a906625de P 123a7d9025d349448573f19e9dd03325 [LEADER]: Queue going to LEADER mode. State: All replicated index: 0, Majority replicated index: 2, Committed index: 2, Last appended: 1.2, Last appended by leader: 0, Current term: 1, Majority size: 3, State: 0, Mode: LEADER, active raft config: opid_index: 3 OBSOLETE_local: false peers { permanent_uuid: "123a7d9025d349448573f19e9dd03325" member_type: VOTER last_known_addr { host: "127.21.8.194" port: 33907 } } peers { permanent_uuid: "6f18de1b73f64ee4a48d58e053b628da" member_type: VOTER last_known_addr { host: "127.21.8.193" port: 46403 } attrs { replace: true } } peers { permanent_uuid: "c4b38391de8047c5ba9fc1ec8ba9ed9a" member_type: VOTER last_known_addr { host: "127.21.8.195" port: 45139 } } peers { permanent_uuid: "de9156737fa049a788b1c8a79d6406cf" member_type: VOTER last_known_addr { host: "127.21.8.196" port: 37677 } attrs { promote: false } }
I20260630 12:30:42.095636 24666 raft_consensus.cc:1275] T db9f4ee7c7bc4b7d94f5ab3a906625de P c4b38391de8047c5ba9fc1ec8ba9ed9a [term 1 FOLLOWER]: Refusing update from remote peer 123a7d9025d349448573f19e9dd03325: Log matching property violated. Preceding OpId in replica: term: 1 index: 2. Preceding OpId from leader: term: 1 index: 3. (index mismatch)
I20260630 12:30:42.095747 24817 raft_consensus.cc:1275] T db9f4ee7c7bc4b7d94f5ab3a906625de P de9156737fa049a788b1c8a79d6406cf [term 1 LEARNER]: Refusing update from remote peer 123a7d9025d349448573f19e9dd03325: Log matching property violated. Preceding OpId in replica: term: 1 index: 2. Preceding OpId from leader: term: 1 index: 3. (index mismatch)
I20260630 12:30:42.095886 24518 raft_consensus.cc:1275] T db9f4ee7c7bc4b7d94f5ab3a906625de P 6f18de1b73f64ee4a48d58e053b628da [term 1 FOLLOWER]: Refusing update from remote peer 123a7d9025d349448573f19e9dd03325: Log matching property violated. Preceding OpId in replica: term: 1 index: 2. Preceding OpId from leader: term: 1 index: 3. (index mismatch)
I20260630 12:30:42.097564 24983 consensus_queue.cc:1048] T db9f4ee7c7bc4b7d94f5ab3a906625de P 123a7d9025d349448573f19e9dd03325 [LEADER]: Connected to new peer: Peer: permanent_uuid: "de9156737fa049a788b1c8a79d6406cf" member_type: VOTER last_known_addr { host: "127.21.8.196" port: 37677 } attrs { promote: false }, Status: LMP_MISMATCH, Last received: 0.0, Next index: 3, Last known committed idx: 2, Time since last communication: 0.000s
I20260630 12:30:42.098467 24744 consensus_queue.cc:1048] T db9f4ee7c7bc4b7d94f5ab3a906625de P 123a7d9025d349448573f19e9dd03325 [LEADER]: Connected to new peer: Peer: permanent_uuid: "6f18de1b73f64ee4a48d58e053b628da" member_type: VOTER last_known_addr { host: "127.21.8.193" port: 46403 } attrs { replace: true }, Status: LMP_MISMATCH, Last received: 0.0, Next index: 3, Last known committed idx: 2, Time since last communication: 0.000s
I20260630 12:30:42.099264 24717 consensus_queue.cc:1048] T db9f4ee7c7bc4b7d94f5ab3a906625de P 123a7d9025d349448573f19e9dd03325 [LEADER]: Connected to new peer: Peer: permanent_uuid: "c4b38391de8047c5ba9fc1ec8ba9ed9a" member_type: VOTER last_known_addr { host: "127.21.8.195" port: 45139 }, Status: LMP_MISMATCH, Last received: 0.0, Next index: 3, Last known committed idx: 2, Time since last communication: 0.000s
