I20260630 12:30:44.304705 22995 leader_election.cc:304] T 15c0badf98f3481f9df84c60caf5775a P c7d4998253294b95ae01d6883ca9f139 [CANDIDATE]: Term 3 election: Election decided. Result: candidate won. Election summary: received 3 responses out of 3 voters: 2 yes votes; 1 no votes. yes voters: 86feb209e01147c59b4a4ccd59636c26, c7d4998253294b95ae01d6883ca9f139; no voters: 86e1c153d0a74697b50ceeef21c36442
I20260630 12:30:44.305539 23096 raft_consensus.cc:2804] T 15c0badf98f3481f9df84c60caf5775a P c7d4998253294b95ae01d6883ca9f139 [term 3 FOLLOWER]: Leader election won for term 3
I20260630 12:30:44.308625 23096 raft_consensus.cc:697] T 15c0badf98f3481f9df84c60caf5775a P c7d4998253294b95ae01d6883ca9f139 [term 3 LEADER]: Becoming Leader. State: Replica: c7d4998253294b95ae01d6883ca9f139, State: Running, Role: LEADER
I20260630 12:30:44.309333 23096 consensus_queue.cc:237] T 15c0badf98f3481f9df84c60caf5775a P c7d4998253294b95ae01d6883ca9f139 [LEADER]: Queue going to LEADER mode. State: All replicated index: 0, Majority replicated index: 0, Committed index: 0, Last appended: 1.1, Last appended by leader: 1, Current term: 3, Majority size: 2, State: 0, Mode: LEADER, active raft config: opid_index: -1 OBSOLETE_local: false peers { permanent_uuid: "c7d4998253294b95ae01d6883ca9f139" member_type: VOTER last_known_addr { host: "127.19.53.196" port: 40095 } } peers { permanent_uuid: "86feb209e01147c59b4a4ccd59636c26" member_type: VOTER last_known_addr { host: "127.19.53.195" port: 32995 } } peers { permanent_uuid: "86e1c153d0a74697b50ceeef21c36442" member_type: VOTER last_known_addr { host: "127.19.53.194" port: 34091 } }
I20260630 12:30:44.316870 22633 catalog_manager.cc:5697] T 15c0badf98f3481f9df84c60caf5775a P c7d4998253294b95ae01d6883ca9f139 reported cstate change: term changed from 2 to 3, leader changed from 86e1c153d0a74697b50ceeef21c36442 (127.19.53.194) to c7d4998253294b95ae01d6883ca9f139 (127.19.53.196). New cstate: current_term: 3 leader_uuid: "c7d4998253294b95ae01d6883ca9f139" committed_config { opid_index: -1 OBSOLETE_local: false peers { permanent_uuid: "c7d4998253294b95ae01d6883ca9f139" member_type: VOTER last_known_addr { host: "127.19.53.196" port: 40095 } health_report { overall_health: HEALTHY } } peers { permanent_uuid: "86feb209e01147c59b4a4ccd59636c26" member_type: VOTER last_known_addr { host: "127.19.53.195" port: 32995 } health_report { overall_health: UNKNOWN } } peers { permanent_uuid: "86e1c153d0a74697b50ceeef21c36442" member_type: VOTER last_known_addr { host: "127.19.53.194" port: 34091 } health_report { overall_health: UNKNOWN } } }
I20260630 12:30:44.411173 22958 raft_consensus.cc:1064] T c08273917e1543f6a539cca9af8f8bc9 P 74d36f9e124a4c32b82c03d05a3e9a06: attempting to promote NON_VOTER c7d4998253294b95ae01d6883ca9f139 to VOTER
I20260630 12:30:44.413010 22958 consensus_queue.cc:237] T c08273917e1543f6a539cca9af8f8bc9 P 74d36f9e124a4c32b82c03d05a3e9a06 [LEADER]: Queue going to LEADER mode. State: All replicated index: 0, Majority replicated index: 2, Committed index: 2, Last appended: 1.2, Last appended by leader: 0, Current term: 1, Majority size: 3, State: 0, Mode: LEADER, active raft config: opid_index: 3 OBSOLETE_local: false peers { permanent_uuid: "86feb209e01147c59b4a4ccd59636c26" member_type: VOTER last_known_addr { host: "127.19.53.195" port: 32995 } } peers { permanent_uuid: "74d36f9e124a4c32b82c03d05a3e9a06" member_type: VOTER last_known_addr { host: "127.19.53.193" port: 33487 } } peers { permanent_uuid: "86e1c153d0a74697b50ceeef21c36442" member_type: VOTER last_known_addr { host: "127.19.53.194" port: 34091 } attrs { replace: true } } peers { permanent_uuid: "c7d4998253294b95ae01d6883ca9f139" member_type: VOTER last_known_addr { host: "127.19.53.196" port: 40095 } attrs { promote: false } }
I20260630 12:30:44.418780 23036 raft_consensus.cc:1275] T c08273917e1543f6a539cca9af8f8bc9 P c7d4998253294b95ae01d6883ca9f139 [term 1 LEARNER]: Refusing update from remote peer 74d36f9e124a4c32b82c03d05a3e9a06: Log matching property violated. Preceding OpId in replica: term: 1 index: 2. Preceding OpId from leader: term: 1 index: 3. (index mismatch)
I20260630 12:30:44.419371 22810 raft_consensus.cc:1275] T c08273917e1543f6a539cca9af8f8bc9 P 86e1c153d0a74697b50ceeef21c36442 [term 1 FOLLOWER]: Refusing update from remote peer 74d36f9e124a4c32b82c03d05a3e9a06: Log matching property violated. Preceding OpId in replica: term: 1 index: 2. Preceding OpId from leader: term: 1 index: 3. (index mismatch)
I20260630 12:30:44.419955 22881 raft_consensus.cc:1275] T c08273917e1543f6a539cca9af8f8bc9 P 86feb209e01147c59b4a4ccd59636c26 [term 1 FOLLOWER]: Refusing update from remote peer 74d36f9e124a4c32b82c03d05a3e9a06: Log matching property violated. Preceding OpId in replica: term: 1 index: 2. Preceding OpId from leader: term: 1 index: 3. (index mismatch)
I20260630 12:30:44.420401 23172 consensus_queue.cc:1048] T c08273917e1543f6a539cca9af8f8bc9 P 74d36f9e124a4c32b82c03d05a3e9a06 [LEADER]: Connected to new peer: Peer: permanent_uuid: "c7d4998253294b95ae01d6883ca9f139" member_type: VOTER last_known_addr { host: "127.19.53.196" port: 40095 } attrs { promote: false }, Status: LMP_MISMATCH, Last received: 0.0, Next index: 3, Last known committed idx: 2, Time since last communication: 0.000s
I20260630 12:30:44.421291 22958 consensus_queue.cc:1048] T c08273917e1543f6a539cca9af8f8bc9 P 74d36f9e124a4c32b82c03d05a3e9a06 [LEADER]: Connected to new peer: Peer: permanent_uuid: "86e1c153d0a74697b50ceeef21c36442" member_type: VOTER last_known_addr { host: "127.19.53.194" port: 34091 } attrs { replace: true }, Status: LMP_MISMATCH, Last received: 0.0, Next index: 3, Last known committed idx: 2, Time since last communication: 0.000s
I20260630 12:30:44.422080 22932 consensus_queue.cc:1048] T c08273917e1543f6a539cca9af8f8bc9 P 74d36f9e124a4c32b82c03d05a3e9a06 [LEADER]: Connected to new peer: Peer: permanent_uuid: "86feb209e01147c59b4a4ccd59636c26" member_type: VOTER last_known_addr { host: "127.19.53.195" port: 32995 }, Status: LMP_MISMATCH, Last received: 0.0, Next index: 3, Last known committed idx: 2, Time since last communication: 0.000s
I20260630 12:30:44.435449 22932 raft_consensus.cc:2955] T c08273917e1543f6a539cca9af8f8bc9 P 74d36f9e124a4c32b82c03d05a3e9a06 [term 1 LEADER]: Committing config change with OpId 1.3: config changed from index 2 to 3, c7d4998253294b95ae01d6883ca9f139 (127.19.53.196) changed from NON_VOTER to VOTER. New config: { opid_index: 3 OBSOLETE_local: false peers { permanent_uuid: "86feb209e01147c59b4a4ccd59636c26" member_type: VOTER last_known_addr { host: "127.19.53.195" port: 32995 } } peers { permanent_uuid: "74d36f9e124a4c32b82c03d05a3e9a06" member_type: VOTER last_known_addr { host: "127.19.53.193" port: 33487 } } peers { permanent_uuid: "86e1c153d0a74697b50ceeef21c36442" member_type: VOTER last_known_addr { host: "127.19.53.194" port: 34091 } attrs { replace: true } } peers { permanent_uuid: "c7d4998253294b95ae01d6883ca9f139" member_type: VOTER last_known_addr { host: "127.19.53.196" port: 40095 } attrs { promote: false } } }
I20260630 12:30:44.439422 22881 raft_consensus.cc:2955] T c08273917e1543f6a539cca9af8f8bc9 P 86feb209e01147c59b4a4ccd59636c26 [term 1 FOLLOWER]: Committing config change with OpId 1.3: config changed from index 2 to 3, c7d4998253294b95ae01d6883ca9f139 (127.19.53.196) changed from NON_VOTER to VOTER. New config: { opid_index: 3 OBSOLETE_local: false peers { permanent_uuid: "86feb209e01147c59b4a4ccd59636c26" member_type: VOTER last_known_addr { host: "127.19.53.195" port: 32995 } } peers { permanent_uuid: "74d36f9e124a4c32b82c03d05a3e9a06" member_type: VOTER last_known_addr { host: "127.19.53.193" port: 33487 } } peers { permanent_uuid: "86e1c153d0a74697b50ceeef21c36442" member_type: VOTER last_known_addr { host: "127.19.53.194" port: 34091 } attrs { replace: true } } peers { permanent_uuid: "c7d4998253294b95ae01d6883ca9f139" member_type: VOTER last_known_addr { host: "127.19.53.196" port: 40095 } attrs { promote: false } } }
I20260630 12:30:44.437625 23036 raft_consensus.cc:2955] T c08273917e1543f6a539cca9af8f8bc9 P c7d4998253294b95ae01d6883ca9f139 [term 1 FOLLOWER]: Committing config change with OpId 1.3: config changed from index 2 to 3, c7d4998253294b95ae01d6883ca9f139 (127.19.53.196) changed from NON_VOTER to VOTER. New config: { opid_index: 3 OBSOLETE_local: false peers { permanent_uuid: "86feb209e01147c59b4a4ccd59636c26" member_type: VOTER last_known_addr { host: "127.19.53.195" port: 32995 } } peers { permanent_uuid: "74d36f9e124a4c32b82c03d05a3e9a06" member_type: VOTER last_known_addr { host: "127.19.53.193" port: 33487 } } peers { permanent_uuid: "86e1c153d0a74697b50ceeef21c36442" member_type: VOTER last_known_addr { host: "127.19.53.194" port: 34091 } attrs { replace: true } } peers { permanent_uuid: "c7d4998253294b95ae01d6883ca9f139" member_type: VOTER last_known_addr { host: "127.19.53.196" port: 40095 } attrs { promote: false } } }
I20260630 12:30:44.453210 22633 catalog_manager.cc:5697] T c08273917e1543f6a539cca9af8f8bc9 P c7d4998253294b95ae01d6883ca9f139 reported cstate change: config changed from index 2 to 3, c7d4998253294b95ae01d6883ca9f139 (127.19.53.196) changed from NON_VOTER to VOTER. New cstate: current_term: 1 leader_uuid: "74d36f9e124a4c32b82c03d05a3e9a06" committed_config { opid_index: 3 OBSOLETE_local: false peers { permanent_uuid: "86feb209e01147c59b4a4ccd59636c26" member_type: VOTER last_known_addr { host: "127.19.53.195" port: 32995 } } peers { permanent_uuid: "74d36f9e124a4c32b82c03d05a3e9a06" member_type: VOTER last_known_addr { host: "127.19.53.193" port: 33487 } } peers { permanent_uuid: "86e1c153d0a74697b50ceeef21c36442" member_type: VOTER last_known_addr { host: "127.19.53.194" port: 34091 } attrs { replace: true } } peers { permanent_uuid: "c7d4998253294b95ae01d6883ca9f139" member_type: VOTER last_known_addr { host: "127.19.53.196" port: 40095 } attrs { promote: false } } }
I20260630 12:30:44.455119 22810 raft_consensus.cc:2955] T c08273917e1543f6a539cca9af8f8bc9 P 86e1c153d0a74697b50ceeef21c36442 [term 1 FOLLOWER]: Committing config change with OpId 1.3: config changed from index 2 to 3, c7d4998253294b95ae01d6883ca9f139 (127.19.53.196) changed from NON_VOTER to VOTER. New config: { opid_index: 3 OBSOLETE_local: false peers { permanent_uuid: "86feb209e01147c59b4a4ccd59636c26" member_type: VOTER last_known_addr { host: "127.19.53.195" port: 32995 } } peers { permanent_uuid: "74d36f9e124a4c32b82c03d05a3e9a06" member_type: VOTER last_known_addr { host: "127.19.53.193" port: 33487 } } peers { permanent_uuid: "86e1c153d0a74697b50ceeef21c36442" member_type: VOTER last_known_addr { host: "127.19.53.194" port: 34091 } attrs { replace: true } } peers { permanent_uuid: "c7d4998253294b95ae01d6883ca9f139" member_type: VOTER last_known_addr { host: "127.19.53.196" port: 40095 } attrs { promote: false } } }
I20260630 12:30:44.486861 22733 consensus_queue.cc:237] T c08273917e1543f6a539cca9af8f8bc9 P 74d36f9e124a4c32b82c03d05a3e9a06 [LEADER]: Queue going to LEADER mode. State: All replicated index: 0, Majority replicated index: 3, Committed index: 3, Last appended: 1.3, Last appended by leader: 0, Current term: 1, Majority size: 2, State: 0, Mode: LEADER, active raft config: opid_index: 4 OBSOLETE_local: false peers { permanent_uuid: "86feb209e01147c59b4a4ccd59636c26" member_type: VOTER last_known_addr { host: "127.19.53.195" port: 32995 } } peers { permanent_uuid: "74d36f9e124a4c32b82c03d05a3e9a06" member_type: VOTER last_known_addr { host: "127.19.53.193" port: 33487 } } peers { permanent_uuid: "c7d4998253294b95ae01d6883ca9f139" member_type: VOTER last_known_addr { host: "127.19.53.196" port: 40095 } attrs { promote: false } }
I20260630 12:30:44.505692 23036 raft_consensus.cc:1275] T c08273917e1543f6a539cca9af8f8bc9 P c7d4998253294b95ae01d6883ca9f139 [term 1 FOLLOWER]: Refusing update from remote peer 74d36f9e124a4c32b82c03d05a3e9a06: Log matching property violated. Preceding OpId in replica: term: 1 index: 3. Preceding OpId from leader: term: 1 index: 4. (index mismatch)
I20260630 12:30:44.506317 22881 raft_consensus.cc:1275] T c08273917e1543f6a539cca9af8f8bc9 P 86feb209e01147c59b4a4ccd59636c26 [term 1 FOLLOWER]: Refusing update from remote peer 74d36f9e124a4c32b82c03d05a3e9a06: Log matching property violated. Preceding OpId in replica: term: 1 index: 3. Preceding OpId from leader: term: 1 index: 4. (index mismatch)
I20260630 12:30:44.507205 22932 consensus_queue.cc:1048] T c08273917e1543f6a539cca9af8f8bc9 P 74d36f9e124a4c32b82c03d05a3e9a06 [LEADER]: Connected to new peer: Peer: permanent_uuid: "c7d4998253294b95ae01d6883ca9f139" member_type: VOTER last_known_addr { host: "127.19.53.196" port: 40095 } attrs { promote: false }, Status: LMP_MISMATCH, Last received: 0.0, Next index: 4, Last known committed idx: 3, Time since last communication: 0.000s
I20260630 12:30:44.508206 23172 consensus_queue.cc:1048] T c08273917e1543f6a539cca9af8f8bc9 P 74d36f9e124a4c32b82c03d05a3e9a06 [LEADER]: Connected to new peer: Peer: permanent_uuid: "86feb209e01147c59b4a4ccd59636c26" member_type: VOTER last_known_addr { host: "127.19.53.195" port: 32995 }, Status: LMP_MISMATCH, Last received: 0.0, Next index: 4, Last known committed idx: 3, Time since last communication: 0.000s
I20260630 12:30:44.514520 22958 raft_consensus.cc:2955] T c08273917e1543f6a539cca9af8f8bc9 P 74d36f9e124a4c32b82c03d05a3e9a06 [term 1 LEADER]: Committing config change with OpId 1.4: config changed from index 3 to 4, VOTER 86e1c153d0a74697b50ceeef21c36442 (127.19.53.194) evicted. New config: { opid_index: 4 OBSOLETE_local: false peers { permanent_uuid: "86feb209e01147c59b4a4ccd59636c26" member_type: VOTER last_known_addr { host: "127.19.53.195" port: 32995 } } peers { permanent_uuid: "74d36f9e124a4c32b82c03d05a3e9a06" member_type: VOTER last_known_addr { host: "127.19.53.193" port: 33487 } } peers { permanent_uuid: "c7d4998253294b95ae01d6883ca9f139" member_type: VOTER last_known_addr { host: "127.19.53.196" port: 40095 } attrs { promote: false } } }
I20260630 12:30:44.516326 22881 raft_consensus.cc:2955] T c08273917e1543f6a539cca9af8f8bc9 P 86feb209e01147c59b4a4ccd59636c26 [term 1 FOLLOWER]: Committing config change with OpId 1.4: config changed from index 3 to 4, VOTER 86e1c153d0a74697b50ceeef21c36442 (127.19.53.194) evicted. New config: { opid_index: 4 OBSOLETE_local: false peers { permanent_uuid: "86feb209e01147c59b4a4ccd59636c26" member_type: VOTER last_known_addr { host: "127.19.53.195" port: 32995 } } peers { permanent_uuid: "74d36f9e124a4c32b82c03d05a3e9a06" member_type: VOTER last_known_addr { host: "127.19.53.193" port: 33487 } } peers { permanent_uuid: "c7d4998253294b95ae01d6883ca9f139" member_type: VOTER last_known_addr { host: "127.19.53.196" port: 40095 } attrs { promote: false } } }
I20260630 12:30:44.516351 23036 raft_consensus.cc:2955] T c08273917e1543f6a539cca9af8f8bc9 P c7d4998253294b95ae01d6883ca9f139 [term 1 FOLLOWER]: Committing config change with OpId 1.4: config changed from index 3 to 4, VOTER 86e1c153d0a74697b50ceeef21c36442 (127.19.53.194) evicted. New config: { opid_index: 4 OBSOLETE_local: false peers { permanent_uuid: "86feb209e01147c59b4a4ccd59636c26" member_type: VOTER last_known_addr { host: "127.19.53.195" port: 32995 } } peers { permanent_uuid: "74d36f9e124a4c32b82c03d05a3e9a06" member_type: VOTER last_known_addr { host: "127.19.53.193" port: 33487 } } peers { permanent_uuid: "c7d4998253294b95ae01d6883ca9f139" member_type: VOTER last_known_addr { host: "127.19.53.196" port: 40095 } attrs { promote: false } } }
I20260630 12:30:44.523757 22619 catalog_manager.cc:5210] ChangeConfig:REMOVE_PEER RPC for tablet c08273917e1543f6a539cca9af8f8bc9 with cas_config_opid_index 3: ChangeConfig:REMOVE_PEER succeeded (attempt 1)
I20260630 12:30:44.529531 22630 catalog_manager.cc:5697] T c08273917e1543f6a539cca9af8f8bc9 P 86feb209e01147c59b4a4ccd59636c26 reported cstate change: config changed from index 3 to 4, VOTER 86e1c153d0a74697b50ceeef21c36442 (127.19.53.194) evicted. New cstate: current_term: 1 leader_uuid: "74d36f9e124a4c32b82c03d05a3e9a06" committed_config { opid_index: 4 OBSOLETE_local: false peers { permanent_uuid: "86feb209e01147c59b4a4ccd59636c26" member_type: VOTER last_known_addr { host: "127.19.53.195" port: 32995 } } peers { permanent_uuid: "74d36f9e124a4c32b82c03d05a3e9a06" member_type: VOTER last_known_addr { host: "127.19.53.193" port: 33487 } } peers { permanent_uuid: "c7d4998253294b95ae01d6883ca9f139" member_type: VOTER last_known_addr { host: "127.19.53.196" port: 40095 } attrs { promote: false } } }
I20260630 12:30:44.539330 22796 tablet_service.cc:1558] Processing DeleteTablet for tablet c08273917e1543f6a539cca9af8f8bc9 with delete_type TABLET_DATA_TOMBSTONED (TS 86e1c153d0a74697b50ceeef21c36442 not found in new config with opid_index 4) from {username='slave'} at 127.0.0.1:47554
I20260630 12:30:44.541405 23208 tablet_replica.cc:333] T c08273917e1543f6a539cca9af8f8bc9 P 86e1c153d0a74697b50ceeef21c36442: stopping tablet replica
I20260630 12:30:44.542325 23208 raft_consensus.cc:2243] T c08273917e1543f6a539cca9af8f8bc9 P 86e1c153d0a74697b50ceeef21c36442 [term 1 FOLLOWER]: Raft consensus shutting down.
I20260630 12:30:44.543032 23208 raft_consensus.cc:2272] T c08273917e1543f6a539cca9af8f8bc9 P 86e1c153d0a74697b50ceeef21c36442 [term 1 FOLLOWER]: Raft consensus is shut down!
I20260630 12:30:44.546162 23208 ts_tablet_manager.cc:1916] T c08273917e1543f6a539cca9af8f8bc9 P 86e1c153d0a74697b50ceeef21c36442: Deleting tablet data with delete state TABLET_DATA_TOMBSTONED
I20260630 12:30:44.556932 23208 ts_tablet_manager.cc:1929] T c08273917e1543f6a539cca9af8f8bc9 P 86e1c153d0a74697b50ceeef21c36442: tablet deleted with delete type TABLET_DATA_TOMBSTONED: last-logged OpId 1.3
I20260630 12:30:44.557228 23208 log.cc:1199] T c08273917e1543f6a539cca9af8f8bc9 P 86e1c153d0a74697b50ceeef21c36442: Deleting WAL directory at /tmp/dist-test-taskP3mMlz/test-tmp/auto_rebalancer-test.0.AutoRebalancerTest.RangeAwareRebalancesNewRangeReplicas.1782822550576854-19671-0/minicluster-data/ts-1-root/wals/c08273917e1543f6a539cca9af8f8bc9
I20260630 12:30:44.558543 22619 catalog_manager.cc:5028] TS 86e1c153d0a74697b50ceeef21c36442 (127.19.53.194:34091): tablet c08273917e1543f6a539cca9af8f8bc9 (table range_aware_rebalance_new_range [id=bdf1fea178e947d8ab5868cdc6a31c8d]) successfully deleted
I20260630 12:30:44.578184 23191 raft_consensus.cc:1064] T f3b70ecaa7de4af5b02fbf6568e1d0cf P 86e1c153d0a74697b50ceeef21c36442: attempting to promote NON_VOTER c7d4998253294b95ae01d6883ca9f139 to VOTER
W20260630 12:30:44.579797 23162 consensus_queue.cc:1175] T f3b70ecaa7de4af5b02fbf6568e1d0cf P 86e1c153d0a74697b50ceeef21c36442 [LEADER]: Queue is closed or peer was untracked, disregarding peer response. Response: responder_uuid: "74d36f9e124a4c32b82c03d05a3e9a06" responder_term: 1 status { last_received { term: 1 index: 2 } last_committed_idx: 2 last_received_current_leader { term: 1 index: 2 } }
I20260630 12:30:44.580639 23191 consensus_queue.cc:237] T f3b70ecaa7de4af5b02fbf6568e1d0cf P 86e1c153d0a74697b50ceeef21c36442 [LEADER]: Queue going to LEADER mode. State: All replicated index: 0, Majority replicated index: 2, Committed index: 2, Last appended: 1.2, Last appended by leader: 0, Current term: 1, Majority size: 3, State: 0, Mode: LEADER, active raft config: opid_index: 3 OBSOLETE_local: false peers { permanent_uuid: "74d36f9e124a4c32b82c03d05a3e9a06" member_type: VOTER last_known_addr { host: "127.19.53.193" port: 33487 } attrs { replace: true } } peers { permanent_uuid: "86e1c153d0a74697b50ceeef21c36442" member_type: VOTER last_known_addr { host: "127.19.53.194" port: 34091 } } peers { permanent_uuid: "86feb209e01147c59b4a4ccd59636c26" member_type: VOTER last_known_addr { host: "127.19.53.195" port: 32995 } } peers { permanent_uuid: "c7d4998253294b95ae01d6883ca9f139" member_type: VOTER last_known_addr { host: "127.19.53.196" port: 40095 } attrs { promote: false } }
I20260630 12:30:44.589632 22733 raft_consensus.cc:1275] T f3b70ecaa7de4af5b02fbf6568e1d0cf P 74d36f9e124a4c32b82c03d05a3e9a06 [term 1 FOLLOWER]: Refusing update from remote peer 86e1c153d0a74697b50ceeef21c36442: Log matching property violated. Preceding OpId in replica: term: 1 index: 2. Preceding OpId from leader: term: 1 index: 3. (index mismatch)
I20260630 12:30:44.589936 23036 raft_consensus.cc:1275] T f3b70ecaa7de4af5b02fbf6568e1d0cf P c7d4998253294b95ae01d6883ca9f139 [term 1 LEARNER]: Refusing update from remote peer 86e1c153d0a74697b50ceeef21c36442: Log matching property violated. Preceding OpId in replica: term: 1 index: 2. Preceding OpId from leader: term: 1 index: 3. (index mismatch)
I20260630 12:30:44.590122 22881 raft_consensus.cc:1275] T f3b70ecaa7de4af5b02fbf6568e1d0cf P 86feb209e01147c59b4a4ccd59636c26 [term 1 FOLLOWER]: Refusing update from remote peer 86e1c153d0a74697b50ceeef21c36442: Log matching property violated. Preceding OpId in replica: term: 1 index: 2. Preceding OpId from leader: term: 1 index: 3. (index mismatch)
I20260630 12:30:44.591152 23191 consensus_queue.cc:1048] T f3b70ecaa7de4af5b02fbf6568e1d0cf P 86e1c153d0a74697b50ceeef21c36442 [LEADER]: Connected to new peer: Peer: permanent_uuid: "74d36f9e124a4c32b82c03d05a3e9a06" member_type: VOTER last_known_addr { host: "127.19.53.193" port: 33487 } attrs { replace: true }, Status: LMP_MISMATCH, Last received: 0.0, Next index: 3, Last known committed idx: 2, Time since last communication: 0.000s
I20260630 12:30:44.591962 23162 consensus_queue.cc:1048] T f3b70ecaa7de4af5b02fbf6568e1d0cf P 86e1c153d0a74697b50ceeef21c36442 [LEADER]: Connected to new peer: Peer: permanent_uuid: "86feb209e01147c59b4a4ccd59636c26" member_type: VOTER last_known_addr { host: "127.19.53.195" port: 32995 }, Status: LMP_MISMATCH, Last received: 0.0, Next index: 3, Last known committed idx: 2, Time since last communication: 0.000s
I20260630 12:30:44.592882 22963 consensus_queue.cc:1048] T f3b70ecaa7de4af5b02fbf6568e1d0cf P 86e1c153d0a74697b50ceeef21c36442 [LEADER]: Connected to new peer: Peer: permanent_uuid: "c7d4998253294b95ae01d6883ca9f139" member_type: VOTER last_known_addr { host: "127.19.53.196" port: 40095 } attrs { promote: false }, Status: LMP_MISMATCH, Last received: 0.0, Next index: 3, Last known committed idx: 2, Time since last communication: 0.000s
I20260630 12:30:44.604919 22963 raft_consensus.cc:2955] T f3b70ecaa7de4af5b02fbf6568e1d0cf P 86e1c153d0a74697b50ceeef21c36442 [term 1 LEADER]: Committing config change with OpId 1.3: config changed from index 2 to 3, c7d4998253294b95ae01d6883ca9f139 (127.19.53.196) changed from NON_VOTER to VOTER. New config: { opid_index: 3 OBSOLETE_local: false peers { permanent_uuid: "74d36f9e124a4c32b82c03d05a3e9a06" member_type: VOTER last_known_addr { host: "127.19.53.193" port: 33487 } attrs { replace: true } } peers { permanent_uuid: "86e1c153d0a74697b50ceeef21c36442" member_type: VOTER last_known_addr { host: "127.19.53.194" port: 34091 } } peers { permanent_uuid: "86feb209e01147c59b4a4ccd59636c26" member_type: VOTER last_known_addr { host: "127.19.53.195" port: 32995 } } peers { permanent_uuid: "c7d4998253294b95ae01d6883ca9f139" member_type: VOTER last_known_addr { host: "127.19.53.196" port: 40095 } attrs { promote: false } } }
I20260630 12:30:44.610452 22881 raft_consensus.cc:2955] T f3b70ecaa7de4af5b02fbf6568e1d0cf P 86feb209e01147c59b4a4ccd59636c26 [term 1 FOLLOWER]: Committing config change with OpId 1.3: config changed from index 2 to 3, c7d4998253294b95ae01d6883ca9f139 (127.19.53.196) changed from NON_VOTER to VOTER. New config: { opid_index: 3 OBSOLETE_local: false peers { permanent_uuid: "74d36f9e124a4c32b82c03d05a3e9a06" member_type: VOTER last_known_addr { host: "127.19.53.193" port: 33487 } attrs { replace: true } } peers { permanent_uuid: "86e1c153d0a74697b50ceeef21c36442" member_type: VOTER last_known_addr { host: "127.19.53.194" port: 34091 } } peers { permanent_uuid: "86feb209e01147c59b4a4ccd59636c26" member_type: VOTER last_known_addr { host: "127.19.53.195" port: 32995 } } peers { permanent_uuid: "c7d4998253294b95ae01d6883ca9f139" member_type: VOTER last_known_addr { host: "127.19.53.196" port: 40095 } attrs { promote: false } } }
I20260630 12:30:44.616135 23038 raft_consensus.cc:1240] T 15c0badf98f3481f9df84c60caf5775a P c7d4998253294b95ae01d6883ca9f139 [term 3 LEADER]: Rejecting Update request from peer 86e1c153d0a74697b50ceeef21c36442 for earlier term 2. Current term is 3. Ops: []
I20260630 12:30:44.617779 23162 consensus_queue.cc:1059] T 15c0badf98f3481f9df84c60caf5775a P 86e1c153d0a74697b50ceeef21c36442 [LEADER]: Peer responded invalid term: Peer: permanent_uuid: "c7d4998253294b95ae01d6883ca9f139" member_type: VOTER last_known_addr { host: "127.19.53.196" port: 40095 }, Status: INVALID_TERM, Last received: 0.0, Next index: 2, Last known committed idx: 0, Time since last communication: 0.000s
I20260630 12:30:44.620424 23162 consensus_queue.cc:1243] T 15c0badf98f3481f9df84c60caf5775a P 86e1c153d0a74697b50ceeef21c36442 [LEADER]: Peer c7d4998253294b95ae01d6883ca9f139 log is divergent from this leader: its last log entry 3.2 is not in this leader's log and it has not received anything from this leader yet. Falling back to committed index 0
I20260630 12:30:44.621440 23162 raft_consensus.cc:3055] T 15c0badf98f3481f9df84c60caf5775a P 86e1c153d0a74697b50ceeef21c36442 [term 2 LEADER]: Stepping down as leader of term 2
I20260630 12:30:44.621969 23162 raft_consensus.cc:740] T 15c0badf98f3481f9df84c60caf5775a P 86e1c153d0a74697b50ceeef21c36442 [term 2 LEADER]: Becoming Follower/Learner. State: Replica: 86e1c153d0a74697b50ceeef21c36442, State: Running, Role: LEADER
I20260630 12:30:44.622978 22630 catalog_manager.cc:5697] T f3b70ecaa7de4af5b02fbf6568e1d0cf P 86feb209e01147c59b4a4ccd59636c26 reported cstate change: config changed from index 2 to 3, c7d4998253294b95ae01d6883ca9f139 (127.19.53.196) changed from NON_VOTER to VOTER. New cstate: current_term: 1 leader_uuid: "86e1c153d0a74697b50ceeef21c36442" committed_config { opid_index: 3 OBSOLETE_local: false peers { permanent_uuid: "74d36f9e124a4c32b82c03d05a3e9a06" member_type: VOTER last_known_addr { host: "127.19.53.193" port: 33487 } attrs { replace: true } } peers { permanent_uuid: "86e1c153d0a74697b50ceeef21c36442" member_type: VOTER last_known_addr { host: "127.19.53.194" port: 34091 } } peers { permanent_uuid: "86feb209e01147c59b4a4ccd59636c26" member_type: VOTER last_known_addr { host: "127.19.53.195" port: 32995 } } peers { permanent_uuid: "c7d4998253294b95ae01d6883ca9f139" member_type: VOTER last_known_addr { host: "127.19.53.196" port: 40095 } attrs { promote: false } } }
I20260630 12:30:44.618911 23036 raft_consensus.cc:2955] T f3b70ecaa7de4af5b02fbf6568e1d0cf P c7d4998253294b95ae01d6883ca9f139 [term 1 FOLLOWER]: Committing config change with OpId 1.3: config changed from index 2 to 3, c7d4998253294b95ae01d6883ca9f139 (127.19.53.196) changed from NON_VOTER to VOTER. New config: { opid_index: 3 OBSOLETE_local: false peers { permanent_uuid: "74d36f9e124a4c32b82c03d05a3e9a06" member_type: VOTER last_known_addr { host: "127.19.53.193" port: 33487 } attrs { replace: true } } peers { permanent_uuid: "86e1c153d0a74697b50ceeef21c36442" member_type: VOTER last_known_addr { host: "127.19.53.194" port: 34091 } } peers { permanent_uuid: "86feb209e01147c59b4a4ccd59636c26" member_type: VOTER last_known_addr { host: "127.19.53.195" port: 32995 } } peers { permanent_uuid: "c7d4998253294b95ae01d6883ca9f139" member_type: VOTER last_known_addr { host: "127.19.53.196" port: 40095 } attrs { promote: false } } }
I20260630 12:30:44.623046 23162 consensus_queue.cc:260] T 15c0badf98f3481f9df84c60caf5775a P 86e1c153d0a74697b50ceeef21c36442 [NON_LEADER]: Queue going to NON_LEADER mode. State: All replicated index: 0, Majority replicated index: 1, Committed index: 1, Last appended: 2.2, Last appended by leader: 2, Current term: 2, Majority size: -1, State: 0, Mode: NON_LEADER, active raft config: opid_index: -1 OBSOLETE_local: false peers { permanent_uuid: "c7d4998253294b95ae01d6883ca9f139" member_type: VOTER last_known_addr { host: "127.19.53.196" port: 40095 } } peers { permanent_uuid: "86feb209e01147c59b4a4ccd59636c26" member_type: VOTER last_known_addr { host: "127.19.53.195" port: 32995 } } peers { permanent_uuid: "86e1c153d0a74697b50ceeef21c36442" member_type: VOTER last_known_addr { host: "127.19.53.194" port: 34091 } }
I20260630 12:30:44.631295 23162 raft_consensus.cc:3060] T 15c0badf98f3481f9df84c60caf5775a P 86e1c153d0a74697b50ceeef21c36442 [term 2 FOLLOWER]: Advancing to term 3
I20260630 12:30:44.633769 22733 raft_consensus.cc:2955] T f3b70ecaa7de4af5b02fbf6568e1d0cf P 74d36f9e124a4c32b82c03d05a3e9a06 [term 1 FOLLOWER]: Committing config change with OpId 1.3: config changed from index 2 to 3, c7d4998253294b95ae01d6883ca9f139 (127.19.53.196) changed from NON_VOTER to VOTER. New config: { opid_index: 3 OBSOLETE_local: false peers { permanent_uuid: "74d36f9e124a4c32b82c03d05a3e9a06" member_type: VOTER last_known_addr { host: "127.19.53.193" port: 33487 } attrs { replace: true } } peers { permanent_uuid: "86e1c153d0a74697b50ceeef21c36442" member_type: VOTER last_known_addr { host: "127.19.53.194" port: 34091 } } peers { permanent_uuid: "86feb209e01147c59b4a4ccd59636c26" member_type: VOTER last_known_addr { host: "127.19.53.195" port: 32995 } } peers { permanent_uuid: "c7d4998253294b95ae01d6883ca9f139" member_type: VOTER last_known_addr { host: "127.19.53.196" port: 40095 } attrs { promote: false } } }
I20260630 12:30:44.643672 22810 consensus_queue.cc:237] T f3b70ecaa7de4af5b02fbf6568e1d0cf P 86e1c153d0a74697b50ceeef21c36442 [LEADER]: Queue going to LEADER mode. State: All replicated index: 0, Majority replicated index: 3, Committed index: 3, Last appended: 1.3, Last appended by leader: 0, Current term: 1, Majority size: 2, State: 0, Mode: LEADER, active raft config: opid_index: 4 OBSOLETE_local: false peers { permanent_uuid: "86e1c153d0a74697b50ceeef21c36442" member_type: VOTER last_known_addr { host: "127.19.53.194" port: 34091 } } peers { permanent_uuid: "86feb209e01147c59b4a4ccd59636c26" member_type: VOTER last_known_addr { host: "127.19.53.195" port: 32995 } } peers { permanent_uuid: "c7d4998253294b95ae01d6883ca9f139" member_type: VOTER last_known_addr { host: "127.19.53.196" port: 40095 } attrs { promote: false } }
I20260630 12:30:44.649857 23210 raft_consensus.cc:1064] T 47ec0faacf844452a607e34c75af5957 P 86e1c153d0a74697b50ceeef21c36442: attempting to promote NON_VOTER c7d4998253294b95ae01d6883ca9f139 to VOTER
I20260630 12:30:44.652451 23038 raft_consensus.cc:1275] T f3b70ecaa7de4af5b02fbf6568e1d0cf P c7d4998253294b95ae01d6883ca9f139 [term 1 FOLLOWER]: Refusing update from remote peer 86e1c153d0a74697b50ceeef21c36442: Log matching property violated. Preceding OpId in replica: term: 1 index: 3. Preceding OpId from leader: term: 1 index: 4. (index mismatch)
I20260630 12:30:44.655750 22881 raft_consensus.cc:1275] T f3b70ecaa7de4af5b02fbf6568e1d0cf P 86feb209e01147c59b4a4ccd59636c26 [term 1 FOLLOWER]: Refusing update from remote peer 86e1c153d0a74697b50ceeef21c36442: Log matching property violated. Preceding OpId in replica: term: 1 index: 3. Preceding OpId from leader: term: 1 index: 4. (index mismatch)
I20260630 12:30:44.652137 23210 consensus_queue.cc:237] T 47ec0faacf844452a607e34c75af5957 P 86e1c153d0a74697b50ceeef21c36442 [LEADER]: Queue going to LEADER mode. State: All replicated index: 0, Majority replicated index: 2, Committed index: 2, Last appended: 1.2, Last appended by leader: 0, Current term: 1, Majority size: 3, State: 0, Mode: LEADER, active raft config: opid_index: 3 OBSOLETE_local: false peers { permanent_uuid: "86e1c153d0a74697b50ceeef21c36442" member_type: VOTER last_known_addr { host: "127.19.53.194" port: 34091 } } peers { permanent_uuid: "74d36f9e124a4c32b82c03d05a3e9a06" member_type: VOTER last_known_addr { host: "127.19.53.193" port: 33487 } attrs { replace: true } } peers { permanent_uuid: "86feb209e01147c59b4a4ccd59636c26" member_type: VOTER last_known_addr { host: "127.19.53.195" port: 32995 } } peers { permanent_uuid: "c7d4998253294b95ae01d6883ca9f139" member_type: VOTER last_known_addr { host: "127.19.53.196" port: 40095 } attrs { promote: false } }
I20260630 12:30:44.657559 23191 consensus_queue.cc:1048] T f3b70ecaa7de4af5b02fbf6568e1d0cf P 86e1c153d0a74697b50ceeef21c36442 [LEADER]: Connected to new peer: Peer: permanent_uuid: "c7d4998253294b95ae01d6883ca9f139" member_type: VOTER last_known_addr { host: "127.19.53.196" port: 40095 } attrs { promote: false }, Status: LMP_MISMATCH, Last received: 0.0, Next index: 4, Last known committed idx: 3, Time since last communication: 0.000s
I20260630 12:30:44.659477 22963 consensus_queue.cc:1048] T f3b70ecaa7de4af5b02fbf6568e1d0cf P 86e1c153d0a74697b50ceeef21c36442 [LEADER]: Connected to new peer: Peer: permanent_uuid: "86feb209e01147c59b4a4ccd59636c26" member_type: VOTER last_known_addr { host: "127.19.53.195" port: 32995 }, Status: LMP_MISMATCH, Last received: 0.0, Next index: 4, Last known committed idx: 3, Time since last communication: 0.000s
I20260630 12:30:44.665930 23191 raft_consensus.cc:2955] T f3b70ecaa7de4af5b02fbf6568e1d0cf P 86e1c153d0a74697b50ceeef21c36442 [term 1 LEADER]: Committing config change with OpId 1.4: config changed from index 3 to 4, VOTER 74d36f9e124a4c32b82c03d05a3e9a06 (127.19.53.193) evicted. New config: { opid_index: 4 OBSOLETE_local: false peers { permanent_uuid: "86e1c153d0a74697b50ceeef21c36442" member_type: VOTER last_known_addr { host: "127.19.53.194" port: 34091 } } peers { permanent_uuid: "86feb209e01147c59b4a4ccd59636c26" member_type: VOTER last_known_addr { host: "127.19.53.195" port: 32995 } } peers { permanent_uuid: "c7d4998253294b95ae01d6883ca9f139" member_type: VOTER last_known_addr { host: "127.19.53.196" port: 40095 } attrs { promote: false } } }
I20260630 12:30:44.668175 22881 raft_consensus.cc:2955] T f3b70ecaa7de4af5b02fbf6568e1d0cf P 86feb209e01147c59b4a4ccd59636c26 [term 1 FOLLOWER]: Committing config change with OpId 1.4: config changed from index 3 to 4, VOTER 74d36f9e124a4c32b82c03d05a3e9a06 (127.19.53.193) evicted. New config: { opid_index: 4 OBSOLETE_local: false peers { permanent_uuid: "86e1c153d0a74697b50ceeef21c36442" member_type: VOTER last_known_addr { host: "127.19.53.194" port: 34091 } } peers { permanent_uuid: "86feb209e01147c59b4a4ccd59636c26" member_type: VOTER last_known_addr { host: "127.19.53.195" port: 32995 } } peers { permanent_uuid: "c7d4998253294b95ae01d6883ca9f139" member_type: VOTER last_known_addr { host: "127.19.53.196" port: 40095 } attrs { promote: false } } }
I20260630 12:30:44.670570 23038 raft_consensus.cc:2955] T f3b70ecaa7de4af5b02fbf6568e1d0cf P c7d4998253294b95ae01d6883ca9f139 [term 1 FOLLOWER]: Committing config change with OpId 1.4: config changed from index 3 to 4, VOTER 74d36f9e124a4c32b82c03d05a3e9a06 (127.19.53.193) evicted. New config: { opid_index: 4 OBSOLETE_local: false peers { permanent_uuid: "86e1c153d0a74697b50ceeef21c36442" member_type: VOTER last_known_addr { host: "127.19.53.194" port: 34091 } } peers { permanent_uuid: "86feb209e01147c59b4a4ccd59636c26" member_type: VOTER last_known_addr { host: "127.19.53.195" port: 32995 } } peers { permanent_uuid: "c7d4998253294b95ae01d6883ca9f139" member_type: VOTER last_known_addr { host: "127.19.53.196" port: 40095 } attrs { promote: false } } }
I20260630 12:30:44.674332 22883 raft_consensus.cc:1275] T 47ec0faacf844452a607e34c75af5957 P 86feb209e01147c59b4a4ccd59636c26 [term 1 FOLLOWER]: Refusing update from remote peer 86e1c153d0a74697b50ceeef21c36442: Log matching property violated. Preceding OpId in replica: term: 1 index: 2. Preceding OpId from leader: term: 1 index: 3. (index mismatch)
I20260630 12:30:44.676474 22619 catalog_manager.cc:5210] ChangeConfig:REMOVE_PEER RPC for tablet f3b70ecaa7de4af5b02fbf6568e1d0cf with cas_config_opid_index 3: ChangeConfig:REMOVE_PEER succeeded (attempt 1)
I20260630 12:30:44.677165 22963 consensus_queue.cc:1048] T 47ec0faacf844452a607e34c75af5957 P 86e1c153d0a74697b50ceeef21c36442 [LEADER]: Connected to new peer: Peer: permanent_uuid: "86feb209e01147c59b4a4ccd59636c26" member_type: VOTER last_known_addr { host: "127.19.53.195" port: 32995 }, Status: LMP_MISMATCH, Last received: 0.0, Next index: 3, Last known committed idx: 2, Time since last communication: 0.000s
I20260630 12:30:44.677759 22733 raft_consensus.cc:1275] T 47ec0faacf844452a607e34c75af5957 P 74d36f9e124a4c32b82c03d05a3e9a06 [term 1 FOLLOWER]: Refusing update from remote peer 86e1c153d0a74697b50ceeef21c36442: Log matching property violated. Preceding OpId in replica: term: 1 index: 2. Preceding OpId from leader: term: 1 index: 3. (index mismatch)
I20260630 12:30:44.679466 23036 raft_consensus.cc:1275] T 47ec0faacf844452a607e34c75af5957 P c7d4998253294b95ae01d6883ca9f139 [term 1 LEARNER]: Refusing update from remote peer 86e1c153d0a74697b50ceeef21c36442: Log matching property violated. Preceding OpId in replica: term: 1 index: 2. Preceding OpId from leader: term: 1 index: 3. (index mismatch)
I20260630 12:30:44.682816 23162 consensus_queue.cc:1048] T 47ec0faacf844452a607e34c75af5957 P 86e1c153d0a74697b50ceeef21c36442 [LEADER]: Connected to new peer: Peer: permanent_uuid: "74d36f9e124a4c32b82c03d05a3e9a06" member_type: VOTER last_known_addr { host: "127.19.53.193" port: 33487 } attrs { replace: true }, Status: LMP_MISMATCH, Last received: 0.0, Next index: 3, Last known committed idx: 2, Time since last communication: 0.000s
I20260630 12:30:44.684355 22631 catalog_manager.cc:5697] T f3b70ecaa7de4af5b02fbf6568e1d0cf P 86e1c153d0a74697b50ceeef21c36442 reported cstate change: config changed from index 3 to 4, VOTER 74d36f9e124a4c32b82c03d05a3e9a06 (127.19.53.193) evicted. New cstate: current_term: 1 leader_uuid: "86e1c153d0a74697b50ceeef21c36442" committed_config { opid_index: 4 OBSOLETE_local: false peers { permanent_uuid: "86e1c153d0a74697b50ceeef21c36442" member_type: VOTER last_known_addr { host: "127.19.53.194" port: 34091 } health_report { overall_health: HEALTHY } } peers { permanent_uuid: "86feb209e01147c59b4a4ccd59636c26" member_type: VOTER last_known_addr { host: "127.19.53.195" port: 32995 } health_report { overall_health: HEALTHY } } peers { permanent_uuid: "c7d4998253294b95ae01d6883ca9f139" member_type: VOTER last_known_addr { host: "127.19.53.196" port: 40095 } attrs { promote: false } health_report { overall_health: HEALTHY } } }
I20260630 12:30:44.685205 23191 consensus_queue.cc:1048] T 47ec0faacf844452a607e34c75af5957 P 86e1c153d0a74697b50ceeef21c36442 [LEADER]: Connected to new peer: Peer: permanent_uuid: "c7d4998253294b95ae01d6883ca9f139" member_type: VOTER last_known_addr { host: "127.19.53.196" port: 40095 } attrs { promote: false }, Status: LMP_MISMATCH, Last received: 0.0, Next index: 3, Last known committed idx: 2, Time since last communication: 0.000s
I20260630 12:30:44.697495 22718 tablet_service.cc:1558] Processing DeleteTablet for tablet f3b70ecaa7de4af5b02fbf6568e1d0cf with delete_type TABLET_DATA_TOMBSTONED (TS 74d36f9e124a4c32b82c03d05a3e9a06 not found in new config with opid_index 4) from {username='slave'} at 127.0.0.1:41782
I20260630 12:30:44.715652 23219 tablet_replica.cc:333] T f3b70ecaa7de4af5b02fbf6568e1d0cf P 74d36f9e124a4c32b82c03d05a3e9a06: stopping tablet replica
I20260630 12:30:44.717062 23219 raft_consensus.cc:2243] T f3b70ecaa7de4af5b02fbf6568e1d0cf P 74d36f9e124a4c32b82c03d05a3e9a06 [term 1 FOLLOWER]: Raft consensus shutting down.
I20260630 12:30:44.716439 23162 raft_consensus.cc:2955] T 47ec0faacf844452a607e34c75af5957 P 86e1c153d0a74697b50ceeef21c36442 [term 1 LEADER]: Committing config change with OpId 1.3: config changed from index 2 to 3, c7d4998253294b95ae01d6883ca9f139 (127.19.53.196) changed from NON_VOTER to VOTER. New config: { opid_index: 3 OBSOLETE_local: false peers { permanent_uuid: "86e1c153d0a74697b50ceeef21c36442" member_type: VOTER last_known_addr { host: "127.19.53.194" port: 34091 } } peers { permanent_uuid: "74d36f9e124a4c32b82c03d05a3e9a06" member_type: VOTER last_known_addr { host: "127.19.53.193" port: 33487 } attrs { replace: true } } peers { permanent_uuid: "86feb209e01147c59b4a4ccd59636c26" member_type: VOTER last_known_addr { host: "127.19.53.195" port: 32995 } } peers { permanent_uuid: "c7d4998253294b95ae01d6883ca9f139" member_type: VOTER last_known_addr { host: "127.19.53.196" port: 40095 } attrs { promote: false } } }
I20260630 12:30:44.718096 23219 raft_consensus.cc:2272] T f3b70ecaa7de4af5b02fbf6568e1d0cf P 74d36f9e124a4c32b82c03d05a3e9a06 [term 1 FOLLOWER]: Raft consensus is shut down!
I20260630 12:30:44.722397 23219 ts_tablet_manager.cc:1916] T f3b70ecaa7de4af5b02fbf6568e1d0cf P 74d36f9e124a4c32b82c03d05a3e9a06: Deleting tablet data with delete state TABLET_DATA_TOMBSTONED
I20260630 12:30:44.725983 22732 raft_consensus.cc:2955] T 47ec0faacf844452a607e34c75af5957 P 74d36f9e124a4c32b82c03d05a3e9a06 [term 1 FOLLOWER]: Committing config change with OpId 1.3: config changed from index 2 to 3, c7d4998253294b95ae01d6883ca9f139 (127.19.53.196) changed from NON_VOTER to VOTER. New config: { opid_index: 3 OBSOLETE_local: false peers { permanent_uuid: "86e1c153d0a74697b50ceeef21c36442" member_type: VOTER last_known_addr { host: "127.19.53.194" port: 34091 } } peers { permanent_uuid: "74d36f9e124a4c32b82c03d05a3e9a06" member_type: VOTER last_known_addr { host: "127.19.53.193" port: 33487 } attrs { replace: true } } peers { permanent_uuid: "86feb209e01147c59b4a4ccd59636c26" member_type: VOTER last_known_addr { host: "127.19.53.195" port: 32995 } } peers { permanent_uuid: "c7d4998253294b95ae01d6883ca9f139" member_type: VOTER last_known_addr { host: "127.19.53.196" port: 40095 } attrs { promote: false } } }
I20260630 12:30:44.728067 23038 raft_consensus.cc:2955] T 47ec0faacf844452a607e34c75af5957 P c7d4998253294b95ae01d6883ca9f139 [term 1 FOLLOWER]: Committing config change with OpId 1.3: config changed from index 2 to 3, c7d4998253294b95ae01d6883ca9f139 (127.19.53.196) changed from NON_VOTER to VOTER. New config: { opid_index: 3 OBSOLETE_local: false peers { permanent_uuid: "86e1c153d0a74697b50ceeef21c36442" member_type: VOTER last_known_addr { host: "127.19.53.194" port: 34091 } } peers { permanent_uuid: "74d36f9e124a4c32b82c03d05a3e9a06" member_type: VOTER last_known_addr { host: "127.19.53.193" port: 33487 } attrs { replace: true } } peers { permanent_uuid: "86feb209e01147c59b4a4ccd59636c26" member_type: VOTER last_known_addr { host: "127.19.53.195" port: 32995 } } peers { permanent_uuid: "c7d4998253294b95ae01d6883ca9f139" member_type: VOTER last_known_addr { host: "127.19.53.196" port: 40095 } attrs { promote: false } } }
I20260630 12:30:44.743604 22633 catalog_manager.cc:5697] T 47ec0faacf844452a607e34c75af5957 P c7d4998253294b95ae01d6883ca9f139 reported cstate change: config changed from index 2 to 3, c7d4998253294b95ae01d6883ca9f139 (127.19.53.196) changed from NON_VOTER to VOTER. New cstate: current_term: 1 leader_uuid: "86e1c153d0a74697b50ceeef21c36442" committed_config { opid_index: 3 OBSOLETE_local: false peers { permanent_uuid: "86e1c153d0a74697b50ceeef21c36442" member_type: VOTER last_known_addr { host: "127.19.53.194" port: 34091 } } peers { permanent_uuid: "74d36f9e124a4c32b82c03d05a3e9a06" member_type: VOTER last_known_addr { host: "127.19.53.193" port: 33487 } attrs { replace: true } } peers { permanent_uuid: "86feb209e01147c59b4a4ccd59636c26" member_type: VOTER last_known_addr { host: "127.19.53.195" port: 32995 } } peers { permanent_uuid: "c7d4998253294b95ae01d6883ca9f139" member_type: VOTER last_known_addr { host: "127.19.53.196" port: 40095 } attrs { promote: false } } }
I20260630 12:30:44.745764 22810 raft_consensus.cc:1275] T 15c0badf98f3481f9df84c60caf5775a P 86e1c153d0a74697b50ceeef21c36442 [term 3 FOLLOWER]: Refusing update from remote peer c7d4998253294b95ae01d6883ca9f139: Log matching property violated. Preceding OpId in replica: term: 2 index: 2. Preceding OpId from leader: term: 3 index: 2. (term mismatch)
I20260630 12:30:44.746156 22810 pending_rounds.cc:85] T 15c0badf98f3481f9df84c60caf5775a P 86e1c153d0a74697b50ceeef21c36442: Aborting all ops after (but not including) 1
I20260630 12:30:44.746443 22810 pending_rounds.cc:107] T 15c0badf98f3481f9df84c60caf5775a P 86e1c153d0a74697b50ceeef21c36442: Aborting uncommitted NO_OP operation due to leader change: 2.2
I20260630 12:30:44.746726 22883 raft_consensus.cc:2955] T 47ec0faacf844452a607e34c75af5957 P 86feb209e01147c59b4a4ccd59636c26 [term 1 FOLLOWER]: Committing config change with OpId 1.3: config changed from index 2 to 3, c7d4998253294b95ae01d6883ca9f139 (127.19.53.196) changed from NON_VOTER to VOTER. New config: { opid_index: 3 OBSOLETE_local: false peers { permanent_uuid: "86e1c153d0a74697b50ceeef21c36442" member_type: VOTER last_known_addr { host: "127.19.53.194" port: 34091 } } peers { permanent_uuid: "74d36f9e124a4c32b82c03d05a3e9a06" member_type: VOTER last_known_addr { host: "127.19.53.193" port: 33487 } attrs { replace: true } } peers { permanent_uuid: "86feb209e01147c59b4a4ccd59636c26" member_type: VOTER last_known_addr { host: "127.19.53.195" port: 32995 } } peers { permanent_uuid: "c7d4998253294b95ae01d6883ca9f139" member_type: VOTER last_known_addr { host: "127.19.53.196" port: 40095 } attrs { promote: false } } }
I20260630 12:30:44.746726 22810 raft_consensus.cc:2889] T 15c0badf98f3481f9df84c60caf5775a P 86e1c153d0a74697b50ceeef21c36442 [term 3 FOLLOWER]: NO_OP replication failed: Aborted: Op aborted by new leader
I20260630 12:30:44.750250 23219 ts_tablet_manager.cc:1929] T f3b70ecaa7de4af5b02fbf6568e1d0cf P 74d36f9e124a4c32b82c03d05a3e9a06: tablet deleted with delete type TABLET_DATA_TOMBSTONED: last-logged OpId 1.3
I20260630 12:30:44.750622 23219 log.cc:1199] T f3b70ecaa7de4af5b02fbf6568e1d0cf P 74d36f9e124a4c32b82c03d05a3e9a06: Deleting WAL directory at /tmp/dist-test-taskP3mMlz/test-tmp/auto_rebalancer-test.0.AutoRebalancerTest.RangeAwareRebalancesNewRangeReplicas.1782822550576854-19671-0/minicluster-data/ts-0-root/wals/f3b70ecaa7de4af5b02fbf6568e1d0cf
I20260630 12:30:44.752727 22619 catalog_manager.cc:5028] TS 74d36f9e124a4c32b82c03d05a3e9a06 (127.19.53.193:33487): tablet f3b70ecaa7de4af5b02fbf6568e1d0cf (table range_aware_rebalance_new_range [id=bdf1fea178e947d8ab5868cdc6a31c8d]) successfully deleted
I20260630 12:30:44.762631 23096 consensus_queue.cc:1048] T 15c0badf98f3481f9df84c60caf5775a P c7d4998253294b95ae01d6883ca9f139 [LEADER]: Connected to new peer: Peer: permanent_uuid: "86e1c153d0a74697b50ceeef21c36442" member_type: VOTER last_known_addr { host: "127.19.53.194" port: 34091 }, Status: LMP_MISMATCH, Last received: 0.0, Next index: 2, Last known committed idx: 1, Time since last communication: 0.000s
I20260630 12:30:44.773731 22883 raft_consensus.cc:1275] T 15c0badf98f3481f9df84c60caf5775a P 86feb209e01147c59b4a4ccd59636c26 [term 3 FOLLOWER]: Refusing update from remote peer c7d4998253294b95ae01d6883ca9f139: Log matching property violated. Preceding OpId in replica: term: 1 index: 1. Preceding OpId from leader: term: 3 index: 2. (index mismatch)
I20260630 12:30:44.778560 23096 consensus_queue.cc:1048] T 15c0badf98f3481f9df84c60caf5775a P c7d4998253294b95ae01d6883ca9f139 [LEADER]: Connected to new peer: Peer: permanent_uuid: "86feb209e01147c59b4a4ccd59636c26" member_type: VOTER last_known_addr { host: "127.19.53.195" port: 32995 }, Status: LMP_MISMATCH, Last received: 0.0, Next index: 2, Last known committed idx: 1, Time since last communication: 0.000s
I20260630 12:30:44.810096 22810 consensus_queue.cc:237] T 47ec0faacf844452a607e34c75af5957 P 86e1c153d0a74697b50ceeef21c36442 [LEADER]: Queue going to LEADER mode. State: All replicated index: 0, Majority replicated index: 3, Committed index: 3, Last appended: 1.3, Last appended by leader: 0, Current term: 1, Majority size: 2, State: 0, Mode: LEADER, active raft config: opid_index: 4 OBSOLETE_local: false peers { permanent_uuid: "86e1c153d0a74697b50ceeef21c36442" member_type: VOTER last_known_addr { host: "127.19.53.194" port: 34091 } } peers { permanent_uuid: "86feb209e01147c59b4a4ccd59636c26" member_type: VOTER last_known_addr { host: "127.19.53.195" port: 32995 } } peers { permanent_uuid: "c7d4998253294b95ae01d6883ca9f139" member_type: VOTER last_known_addr { host: "127.19.53.196" port: 40095 } attrs { promote: false } }
I20260630 12:30:44.817258 23038 raft_consensus.cc:1275] T 47ec0faacf844452a607e34c75af5957 P c7d4998253294b95ae01d6883ca9f139 [term 1 FOLLOWER]: Refusing update from remote peer 86e1c153d0a74697b50ceeef21c36442: Log matching property violated. Preceding OpId in replica: term: 1 index: 3. Preceding OpId from leader: term: 1 index: 4. (index mismatch)
I20260630 12:30:44.819368 22883 raft_consensus.cc:1275] T 47ec0faacf844452a607e34c75af5957 P 86feb209e01147c59b4a4ccd59636c26 [term 1 FOLLOWER]: Refusing update from remote peer 86e1c153d0a74697b50ceeef21c36442: Log matching property violated. Preceding OpId in replica: term: 1 index: 3. Preceding OpId from leader: term: 1 index: 4. (index mismatch)
I20260630 12:30:44.819257 23216 consensus_queue.cc:1048] T 47ec0faacf844452a607e34c75af5957 P 86e1c153d0a74697b50ceeef21c36442 [LEADER]: Connected to new peer: Peer: permanent_uuid: "c7d4998253294b95ae01d6883ca9f139" member_type: VOTER last_known_addr { host: "127.19.53.196" port: 40095 } attrs { promote: false }, Status: LMP_MISMATCH, Last received: 0.0, Next index: 4, Last known committed idx: 3, Time since last communication: 0.001s
I20260630 12:30:44.822175 23216 consensus_queue.cc:1048] T 47ec0faacf844452a607e34c75af5957 P 86e1c153d0a74697b50ceeef21c36442 [LEADER]: Connected to new peer: Peer: permanent_uuid: "86feb209e01147c59b4a4ccd59636c26" member_type: VOTER last_known_addr { host: "127.19.53.195" port: 32995 }, Status: LMP_MISMATCH, Last received: 0.0, Next index: 4, Last known committed idx: 3, Time since last communication: 0.000s
