I20260630 12:12:24.464650  3238 raft_consensus.cc:740] T 498cafc6259e4af2b1b64e624b3a0ad8 P 194ab2ca87da4c6c88aeab5096d57d73 [term 0 FOLLOWER]: Becoming Follower/Learner. State: Replica: 194ab2ca87da4c6c88aeab5096d57d73, State: Initialized, Role: FOLLOWER
I20260630 12:12:24.464846  3244 raft_consensus.cc:515] T 5decd30ad0134f01be4cbcee7a97654a P 2b2ac3d37e2c43a9a506c119d7e05146 [term 0 FOLLOWER]: Starting pre-election with config: opid_index: -1 OBSOLETE_local: false peers { permanent_uuid: "fceec131fce54d3aa0bf31e6c332a08e" member_type: VOTER last_known_addr { host: "127.0.107.193" port: 45029 } } peers { permanent_uuid: "2b2ac3d37e2c43a9a506c119d7e05146" member_type: VOTER last_known_addr { host: "127.0.107.194" port: 34757 } } peers { permanent_uuid: "194ab2ca87da4c6c88aeab5096d57d73" member_type: VOTER last_known_addr { host: "127.0.107.195" port: 33775 } }
I20260630 12:12:24.465504  3238 consensus_queue.cc:260] T 498cafc6259e4af2b1b64e624b3a0ad8 P 194ab2ca87da4c6c88aeab5096d57d73 [NON_LEADER]: Queue going to NON_LEADER mode. State: All replicated index: 0, Majority replicated index: 0, Committed index: 0, Last appended: 0.0, Last appended by leader: 0, Current term: 0, Majority size: -1, State: 0, Mode: NON_LEADER, active raft config: opid_index: -1 OBSOLETE_local: false peers { permanent_uuid: "fceec131fce54d3aa0bf31e6c332a08e" member_type: VOTER last_known_addr { host: "127.0.107.193" port: 45029 } } peers { permanent_uuid: "2b2ac3d37e2c43a9a506c119d7e05146" member_type: VOTER last_known_addr { host: "127.0.107.194" port: 34757 } } peers { permanent_uuid: "194ab2ca87da4c6c88aeab5096d57d73" member_type: VOTER last_known_addr { host: "127.0.107.195" port: 33775 } }
I20260630 12:12:24.466226  3043 tablet_service.cc:1917] Received RequestConsensusVote() RPC: tablet_id: "498cafc6259e4af2b1b64e624b3a0ad8" candidate_uuid: "2b2ac3d37e2c43a9a506c119d7e05146" candidate_term: 1 candidate_status { last_received { term: 0 index: 0 } } ignore_live_leader: false dest_uuid: "fceec131fce54d3aa0bf31e6c332a08e" is_pre_election: true
I20260630 12:12:24.466841  3244 leader_election.cc:290] T 5decd30ad0134f01be4cbcee7a97654a P 2b2ac3d37e2c43a9a506c119d7e05146 [CANDIDATE]: Term 1 pre-election: Requested pre-vote from peers fceec131fce54d3aa0bf31e6c332a08e (127.0.107.193:45029), 194ab2ca87da4c6c88aeab5096d57d73 (127.0.107.195:33775)
I20260630 12:12:24.466991  3043 raft_consensus.cc:2468] T 498cafc6259e4af2b1b64e624b3a0ad8 P fceec131fce54d3aa0bf31e6c332a08e [term 0 FOLLOWER]: Leader pre-election vote request: Granting yes vote for candidate 2b2ac3d37e2c43a9a506c119d7e05146 in term 0.
I20260630 12:12:24.467798  3238 ts_tablet_manager.cc:1434] T 498cafc6259e4af2b1b64e624b3a0ad8 P 194ab2ca87da4c6c88aeab5096d57d73: Time spent starting tablet: real 0.006s	user 0.008s	sys 0.000s
I20260630 12:12:24.468675  3084 leader_election.cc:304] T 498cafc6259e4af2b1b64e624b3a0ad8 P 2b2ac3d37e2c43a9a506c119d7e05146 [CANDIDATE]: Term 1 pre-election: Election decided. Result: candidate won. Election summary: received 2 responses out of 3 voters: 2 yes votes; 0 no votes. yes voters: 2b2ac3d37e2c43a9a506c119d7e05146, fceec131fce54d3aa0bf31e6c332a08e; no voters: 
I20260630 12:12:24.469296  3043 tablet_service.cc:1917] Received RequestConsensusVote() RPC: tablet_id: "5decd30ad0134f01be4cbcee7a97654a" candidate_uuid: "2b2ac3d37e2c43a9a506c119d7e05146" candidate_term: 1 candidate_status { last_received { term: 0 index: 0 } } ignore_live_leader: false dest_uuid: "fceec131fce54d3aa0bf31e6c332a08e" is_pre_election: true
I20260630 12:12:24.469507  3244 raft_consensus.cc:2804] T 498cafc6259e4af2b1b64e624b3a0ad8 P 2b2ac3d37e2c43a9a506c119d7e05146 [term 0 FOLLOWER]: Leader pre-election won for term 1
I20260630 12:12:24.469861  3244 raft_consensus.cc:493] T 498cafc6259e4af2b1b64e624b3a0ad8 P 2b2ac3d37e2c43a9a506c119d7e05146 [term 0 FOLLOWER]: Starting leader election (no leader contacted us within the election timeout)
I20260630 12:12:24.469938  3043 raft_consensus.cc:2468] T 5decd30ad0134f01be4cbcee7a97654a P fceec131fce54d3aa0bf31e6c332a08e [term 0 FOLLOWER]: Leader pre-election vote request: Granting yes vote for candidate 2b2ac3d37e2c43a9a506c119d7e05146 in term 0.
I20260630 12:12:24.470258  3244 raft_consensus.cc:3060] T 498cafc6259e4af2b1b64e624b3a0ad8 P 2b2ac3d37e2c43a9a506c119d7e05146 [term 0 FOLLOWER]: Advancing to term 1
I20260630 12:12:24.471738  3084 leader_election.cc:304] T 5decd30ad0134f01be4cbcee7a97654a P 2b2ac3d37e2c43a9a506c119d7e05146 [CANDIDATE]: Term 1 pre-election: Election decided. Result: candidate won. Election summary: received 2 responses out of 3 voters: 2 yes votes; 0 no votes. yes voters: 2b2ac3d37e2c43a9a506c119d7e05146, fceec131fce54d3aa0bf31e6c332a08e; no voters: 
I20260630 12:12:24.472412  3192 tablet_service.cc:1917] Received RequestConsensusVote() RPC: tablet_id: "498cafc6259e4af2b1b64e624b3a0ad8" candidate_uuid: "2b2ac3d37e2c43a9a506c119d7e05146" candidate_term: 1 candidate_status { last_received { term: 0 index: 0 } } ignore_live_leader: false dest_uuid: "194ab2ca87da4c6c88aeab5096d57d73" is_pre_election: true
I20260630 12:12:24.472757  3253 raft_consensus.cc:2804] T 5decd30ad0134f01be4cbcee7a97654a P 2b2ac3d37e2c43a9a506c119d7e05146 [term 0 FOLLOWER]: Leader pre-election won for term 1
I20260630 12:12:24.473188  3253 raft_consensus.cc:493] T 5decd30ad0134f01be4cbcee7a97654a P 2b2ac3d37e2c43a9a506c119d7e05146 [term 0 FOLLOWER]: Starting leader election (no leader contacted us within the election timeout)
I20260630 12:12:24.473133  3192 raft_consensus.cc:2468] T 498cafc6259e4af2b1b64e624b3a0ad8 P 194ab2ca87da4c6c88aeab5096d57d73 [term 0 FOLLOWER]: Leader pre-election vote request: Granting yes vote for candidate 2b2ac3d37e2c43a9a506c119d7e05146 in term 0.
I20260630 12:12:24.473706  3253 raft_consensus.cc:3060] T 5decd30ad0134f01be4cbcee7a97654a P 2b2ac3d37e2c43a9a506c119d7e05146 [term 0 FOLLOWER]: Advancing to term 1
I20260630 12:12:24.477910  3244 raft_consensus.cc:515] T 498cafc6259e4af2b1b64e624b3a0ad8 P 2b2ac3d37e2c43a9a506c119d7e05146 [term 1 FOLLOWER]: Starting leader election with config: opid_index: -1 OBSOLETE_local: false peers { permanent_uuid: "fceec131fce54d3aa0bf31e6c332a08e" member_type: VOTER last_known_addr { host: "127.0.107.193" port: 45029 } } peers { permanent_uuid: "2b2ac3d37e2c43a9a506c119d7e05146" member_type: VOTER last_known_addr { host: "127.0.107.194" port: 34757 } } peers { permanent_uuid: "194ab2ca87da4c6c88aeab5096d57d73" member_type: VOTER last_known_addr { host: "127.0.107.195" port: 33775 } }
I20260630 12:12:24.479265  3191 tablet_service.cc:1917] Received RequestConsensusVote() RPC: tablet_id: "5decd30ad0134f01be4cbcee7a97654a" candidate_uuid: "2b2ac3d37e2c43a9a506c119d7e05146" candidate_term: 1 candidate_status { last_received { term: 0 index: 0 } } ignore_live_leader: false dest_uuid: "194ab2ca87da4c6c88aeab5096d57d73" is_pre_election: true
I20260630 12:12:24.479947  3191 raft_consensus.cc:2468] T 5decd30ad0134f01be4cbcee7a97654a P 194ab2ca87da4c6c88aeab5096d57d73 [term 0 FOLLOWER]: Leader pre-election vote request: Granting yes vote for candidate 2b2ac3d37e2c43a9a506c119d7e05146 in term 0.
I20260630 12:12:24.480103  3244 leader_election.cc:290] T 498cafc6259e4af2b1b64e624b3a0ad8 P 2b2ac3d37e2c43a9a506c119d7e05146 [CANDIDATE]: Term 1 election: Requested vote from peers fceec131fce54d3aa0bf31e6c332a08e (127.0.107.193:45029), 194ab2ca87da4c6c88aeab5096d57d73 (127.0.107.195:33775)
I20260630 12:12:24.480954  3043 tablet_service.cc:1917] Received RequestConsensusVote() RPC: tablet_id: "498cafc6259e4af2b1b64e624b3a0ad8" candidate_uuid: "2b2ac3d37e2c43a9a506c119d7e05146" candidate_term: 1 candidate_status { last_received { term: 0 index: 0 } } ignore_live_leader: false dest_uuid: "fceec131fce54d3aa0bf31e6c332a08e"
I20260630 12:12:24.481248  3191 tablet_service.cc:1917] Received RequestConsensusVote() RPC: tablet_id: "498cafc6259e4af2b1b64e624b3a0ad8" candidate_uuid: "2b2ac3d37e2c43a9a506c119d7e05146" candidate_term: 1 candidate_status { last_received { term: 0 index: 0 } } ignore_live_leader: false dest_uuid: "194ab2ca87da4c6c88aeab5096d57d73"
I20260630 12:12:24.481863  3191 raft_consensus.cc:3060] T 498cafc6259e4af2b1b64e624b3a0ad8 P 194ab2ca87da4c6c88aeab5096d57d73 [term 0 FOLLOWER]: Advancing to term 1
I20260630 12:12:24.481873  3043 raft_consensus.cc:3060] T 498cafc6259e4af2b1b64e624b3a0ad8 P fceec131fce54d3aa0bf31e6c332a08e [term 0 FOLLOWER]: Advancing to term 1
I20260630 12:12:24.482916  3253 raft_consensus.cc:515] T 5decd30ad0134f01be4cbcee7a97654a P 2b2ac3d37e2c43a9a506c119d7e05146 [term 1 FOLLOWER]: Starting leader election with config: opid_index: -1 OBSOLETE_local: false peers { permanent_uuid: "fceec131fce54d3aa0bf31e6c332a08e" member_type: VOTER last_known_addr { host: "127.0.107.193" port: 45029 } } peers { permanent_uuid: "2b2ac3d37e2c43a9a506c119d7e05146" member_type: VOTER last_known_addr { host: "127.0.107.194" port: 34757 } } peers { permanent_uuid: "194ab2ca87da4c6c88aeab5096d57d73" member_type: VOTER last_known_addr { host: "127.0.107.195" port: 33775 } }
I20260630 12:12:24.485129  3253 leader_election.cc:290] T 5decd30ad0134f01be4cbcee7a97654a P 2b2ac3d37e2c43a9a506c119d7e05146 [CANDIDATE]: Term 1 election: Requested vote from peers fceec131fce54d3aa0bf31e6c332a08e (127.0.107.193:45029), 194ab2ca87da4c6c88aeab5096d57d73 (127.0.107.195:33775)
I20260630 12:12:24.486099  3042 tablet_service.cc:1917] Received RequestConsensusVote() RPC: tablet_id: "5decd30ad0134f01be4cbcee7a97654a" candidate_uuid: "2b2ac3d37e2c43a9a506c119d7e05146" candidate_term: 1 candidate_status { last_received { term: 0 index: 0 } } ignore_live_leader: false dest_uuid: "fceec131fce54d3aa0bf31e6c332a08e"
I20260630 12:12:24.486794  3042 raft_consensus.cc:3060] T 5decd30ad0134f01be4cbcee7a97654a P fceec131fce54d3aa0bf31e6c332a08e [term 0 FOLLOWER]: Advancing to term 1
I20260630 12:12:24.487882  3043 raft_consensus.cc:2468] T 498cafc6259e4af2b1b64e624b3a0ad8 P fceec131fce54d3aa0bf31e6c332a08e [term 1 FOLLOWER]: Leader election vote request: Granting yes vote for candidate 2b2ac3d37e2c43a9a506c119d7e05146 in term 1.
I20260630 12:12:24.488853  3084 leader_election.cc:304] T 498cafc6259e4af2b1b64e624b3a0ad8 P 2b2ac3d37e2c43a9a506c119d7e05146 [CANDIDATE]: Term 1 election: Election decided. Result: candidate won. Election summary: received 2 responses out of 3 voters: 2 yes votes; 0 no votes. yes voters: 2b2ac3d37e2c43a9a506c119d7e05146, fceec131fce54d3aa0bf31e6c332a08e; no voters: 
I20260630 12:12:24.489372  3191 raft_consensus.cc:2468] T 498cafc6259e4af2b1b64e624b3a0ad8 P 194ab2ca87da4c6c88aeab5096d57d73 [term 1 FOLLOWER]: Leader election vote request: Granting yes vote for candidate 2b2ac3d37e2c43a9a506c119d7e05146 in term 1.
I20260630 12:12:24.489866  3253 raft_consensus.cc:2804] T 498cafc6259e4af2b1b64e624b3a0ad8 P 2b2ac3d37e2c43a9a506c119d7e05146 [term 1 FOLLOWER]: Leader election won for term 1
I20260630 12:12:24.490052  3192 tablet_service.cc:1917] Received RequestConsensusVote() RPC: tablet_id: "5decd30ad0134f01be4cbcee7a97654a" candidate_uuid: "2b2ac3d37e2c43a9a506c119d7e05146" candidate_term: 1 candidate_status { last_received { term: 0 index: 0 } } ignore_live_leader: false dest_uuid: "194ab2ca87da4c6c88aeab5096d57d73"
I20260630 12:12:24.490433  3253 raft_consensus.cc:697] T 498cafc6259e4af2b1b64e624b3a0ad8 P 2b2ac3d37e2c43a9a506c119d7e05146 [term 1 LEADER]: Becoming Leader. State: Replica: 2b2ac3d37e2c43a9a506c119d7e05146, State: Running, Role: LEADER
I20260630 12:12:24.490731  3192 raft_consensus.cc:3060] T 5decd30ad0134f01be4cbcee7a97654a P 194ab2ca87da4c6c88aeab5096d57d73 [term 0 FOLLOWER]: Advancing to term 1
I20260630 12:12:24.491400  3253 consensus_queue.cc:237] T 498cafc6259e4af2b1b64e624b3a0ad8 P 2b2ac3d37e2c43a9a506c119d7e05146 [LEADER]: Queue going to LEADER mode. State: All replicated index: 0, Majority replicated index: 0, Committed index: 0, Last appended: 0.0, Last appended by leader: 0, Current term: 1, Majority size: 2, State: 0, Mode: LEADER, active raft config: opid_index: -1 OBSOLETE_local: false peers { permanent_uuid: "fceec131fce54d3aa0bf31e6c332a08e" member_type: VOTER last_known_addr { host: "127.0.107.193" port: 45029 } } peers { permanent_uuid: "2b2ac3d37e2c43a9a506c119d7e05146" member_type: VOTER last_known_addr { host: "127.0.107.194" port: 34757 } } peers { permanent_uuid: "194ab2ca87da4c6c88aeab5096d57d73" member_type: VOTER last_known_addr { host: "127.0.107.195" port: 33775 } }
I20260630 12:12:24.493317  3042 raft_consensus.cc:2468] T 5decd30ad0134f01be4cbcee7a97654a P fceec131fce54d3aa0bf31e6c332a08e [term 1 FOLLOWER]: Leader election vote request: Granting yes vote for candidate 2b2ac3d37e2c43a9a506c119d7e05146 in term 1.
I20260630 12:12:24.494379  3084 leader_election.cc:304] T 5decd30ad0134f01be4cbcee7a97654a P 2b2ac3d37e2c43a9a506c119d7e05146 [CANDIDATE]: Term 1 election: Election decided. Result: candidate won. Election summary: received 2 responses out of 3 voters: 2 yes votes; 0 no votes. yes voters: 2b2ac3d37e2c43a9a506c119d7e05146, fceec131fce54d3aa0bf31e6c332a08e; no voters: 
I20260630 12:12:24.495075  3244 raft_consensus.cc:2804] T 5decd30ad0134f01be4cbcee7a97654a P 2b2ac3d37e2c43a9a506c119d7e05146 [term 1 FOLLOWER]: Leader election won for term 1
I20260630 12:12:24.500213  3192 raft_consensus.cc:2468] T 5decd30ad0134f01be4cbcee7a97654a P 194ab2ca87da4c6c88aeab5096d57d73 [term 1 FOLLOWER]: Leader election vote request: Granting yes vote for candidate 2b2ac3d37e2c43a9a506c119d7e05146 in term 1.
I20260630 12:12:24.502827  3244 raft_consensus.cc:697] T 5decd30ad0134f01be4cbcee7a97654a P 2b2ac3d37e2c43a9a506c119d7e05146 [term 1 LEADER]: Becoming Leader. State: Replica: 2b2ac3d37e2c43a9a506c119d7e05146, State: Running, Role: LEADER
I20260630 12:12:24.503572  3244 consensus_queue.cc:237] T 5decd30ad0134f01be4cbcee7a97654a P 2b2ac3d37e2c43a9a506c119d7e05146 [LEADER]: Queue going to LEADER mode. State: All replicated index: 0, Majority replicated index: 0, Committed index: 0, Last appended: 0.0, Last appended by leader: 0, Current term: 1, Majority size: 2, State: 0, Mode: LEADER, active raft config: opid_index: -1 OBSOLETE_local: false peers { permanent_uuid: "fceec131fce54d3aa0bf31e6c332a08e" member_type: VOTER last_known_addr { host: "127.0.107.193" port: 45029 } } peers { permanent_uuid: "2b2ac3d37e2c43a9a506c119d7e05146" member_type: VOTER last_known_addr { host: "127.0.107.194" port: 34757 } } peers { permanent_uuid: "194ab2ca87da4c6c88aeab5096d57d73" member_type: VOTER last_known_addr { host: "127.0.107.195" port: 33775 } }
I20260630 12:12:24.506357  2941 catalog_manager.cc:5697] T 498cafc6259e4af2b1b64e624b3a0ad8 P 2b2ac3d37e2c43a9a506c119d7e05146 reported cstate change: term changed from 0 to 1, leader changed from <none> to 2b2ac3d37e2c43a9a506c119d7e05146 (127.0.107.194). New cstate: current_term: 1 leader_uuid: "2b2ac3d37e2c43a9a506c119d7e05146" committed_config { opid_index: -1 OBSOLETE_local: false peers { permanent_uuid: "fceec131fce54d3aa0bf31e6c332a08e" member_type: VOTER last_known_addr { host: "127.0.107.193" port: 45029 } health_report { overall_health: UNKNOWN } } peers { permanent_uuid: "2b2ac3d37e2c43a9a506c119d7e05146" member_type: VOTER last_known_addr { host: "127.0.107.194" port: 34757 } health_report { overall_health: HEALTHY } } peers { permanent_uuid: "194ab2ca87da4c6c88aeab5096d57d73" member_type: VOTER last_known_addr { host: "127.0.107.195" port: 33775 } health_report { overall_health: UNKNOWN } } }
I20260630 12:12:24.518324  2941 catalog_manager.cc:5697] T 5decd30ad0134f01be4cbcee7a97654a P 2b2ac3d37e2c43a9a506c119d7e05146 reported cstate change: term changed from 0 to 1, leader changed from <none> to 2b2ac3d37e2c43a9a506c119d7e05146 (127.0.107.194). New cstate: current_term: 1 leader_uuid: "2b2ac3d37e2c43a9a506c119d7e05146" committed_config { opid_index: -1 OBSOLETE_local: false peers { permanent_uuid: "fceec131fce54d3aa0bf31e6c332a08e" member_type: VOTER last_known_addr { host: "127.0.107.193" port: 45029 } health_report { overall_health: UNKNOWN } } peers { permanent_uuid: "2b2ac3d37e2c43a9a506c119d7e05146" member_type: VOTER last_known_addr { host: "127.0.107.194" port: 34757 } health_report { overall_health: HEALTHY } } peers { permanent_uuid: "194ab2ca87da4c6c88aeab5096d57d73" member_type: VOTER last_known_addr { host: "127.0.107.195" port: 33775 } health_report { overall_health: UNKNOWN } } }
I20260630 12:12:24.596405  3244 raft_consensus.cc:493] T b7e559dfd019475cb1a7c251ef596948 P 2b2ac3d37e2c43a9a506c119d7e05146 [term 0 FOLLOWER]: Starting pre-election (no leader contacted us within the election timeout)
I20260630 12:12:24.596900  3244 raft_consensus.cc:515] T b7e559dfd019475cb1a7c251ef596948 P 2b2ac3d37e2c43a9a506c119d7e05146 [term 0 FOLLOWER]: Starting pre-election with config: opid_index: -1 OBSOLETE_local: false peers { permanent_uuid: "fceec131fce54d3aa0bf31e6c332a08e" member_type: VOTER last_known_addr { host: "127.0.107.193" port: 45029 } } peers { permanent_uuid: "2b2ac3d37e2c43a9a506c119d7e05146" member_type: VOTER last_known_addr { host: "127.0.107.194" port: 34757 } } peers { permanent_uuid: "194ab2ca87da4c6c88aeab5096d57d73" member_type: VOTER last_known_addr { host: "127.0.107.195" port: 33775 } }
I20260630 12:12:24.598572  3244 leader_election.cc:290] T b7e559dfd019475cb1a7c251ef596948 P 2b2ac3d37e2c43a9a506c119d7e05146 [CANDIDATE]: Term 1 pre-election: Requested pre-vote from peers fceec131fce54d3aa0bf31e6c332a08e (127.0.107.193:45029), 194ab2ca87da4c6c88aeab5096d57d73 (127.0.107.195:33775)
I20260630 12:12:24.599658  3192 tablet_service.cc:1917] Received RequestConsensusVote() RPC: tablet_id: "b7e559dfd019475cb1a7c251ef596948" candidate_uuid: "2b2ac3d37e2c43a9a506c119d7e05146" candidate_term: 1 candidate_status { last_received { term: 0 index: 0 } } ignore_live_leader: false dest_uuid: "194ab2ca87da4c6c88aeab5096d57d73" is_pre_election: true
I20260630 12:12:24.599690  3042 tablet_service.cc:1917] Received RequestConsensusVote() RPC: tablet_id: "b7e559dfd019475cb1a7c251ef596948" candidate_uuid: "2b2ac3d37e2c43a9a506c119d7e05146" candidate_term: 1 candidate_status { last_received { term: 0 index: 0 } } ignore_live_leader: false dest_uuid: "fceec131fce54d3aa0bf31e6c332a08e" is_pre_election: true
I20260630 12:12:24.600071  3245 raft_consensus.cc:493] T e16aa760a99e4a1f873aca8ce067964d P 194ab2ca87da4c6c88aeab5096d57d73 [term 0 FOLLOWER]: Starting pre-election (no leader contacted us within the election timeout)
I20260630 12:12:24.600449  3192 raft_consensus.cc:2468] T b7e559dfd019475cb1a7c251ef596948 P 194ab2ca87da4c6c88aeab5096d57d73 [term 0 FOLLOWER]: Leader pre-election vote request: Granting yes vote for candidate 2b2ac3d37e2c43a9a506c119d7e05146 in term 0.
I20260630 12:12:24.600581  3042 raft_consensus.cc:2468] T b7e559dfd019475cb1a7c251ef596948 P fceec131fce54d3aa0bf31e6c332a08e [term 0 FOLLOWER]: Leader pre-election vote request: Granting yes vote for candidate 2b2ac3d37e2c43a9a506c119d7e05146 in term 0.
I20260630 12:12:24.600534  3245 raft_consensus.cc:515] T e16aa760a99e4a1f873aca8ce067964d P 194ab2ca87da4c6c88aeab5096d57d73 [term 0 FOLLOWER]: Starting pre-election with config: opid_index: -1 OBSOLETE_local: false peers { permanent_uuid: "fceec131fce54d3aa0bf31e6c332a08e" member_type: VOTER last_known_addr { host: "127.0.107.193" port: 45029 } } peers { permanent_uuid: "2b2ac3d37e2c43a9a506c119d7e05146" member_type: VOTER last_known_addr { host: "127.0.107.194" port: 34757 } } peers { permanent_uuid: "194ab2ca87da4c6c88aeab5096d57d73" member_type: VOTER last_known_addr { host: "127.0.107.195" port: 33775 } }
I20260630 12:12:24.602264  3084 leader_election.cc:304] T b7e559dfd019475cb1a7c251ef596948 P 2b2ac3d37e2c43a9a506c119d7e05146 [CANDIDATE]: Term 1 pre-election: Election decided. Result: candidate won. Election summary: received 2 responses out of 3 voters: 2 yes votes; 0 no votes. yes voters: 2b2ac3d37e2c43a9a506c119d7e05146, fceec131fce54d3aa0bf31e6c332a08e; no voters: 
I20260630 12:12:24.603078  3244 raft_consensus.cc:2804] T b7e559dfd019475cb1a7c251ef596948 P 2b2ac3d37e2c43a9a506c119d7e05146 [term 0 FOLLOWER]: Leader pre-election won for term 1
I20260630 12:12:24.603483  3244 raft_consensus.cc:493] T b7e559dfd019475cb1a7c251ef596948 P 2b2ac3d37e2c43a9a506c119d7e05146 [term 0 FOLLOWER]: Starting leader election (no leader contacted us within the election timeout)
I20260630 12:12:24.603938  3245 leader_election.cc:290] T e16aa760a99e4a1f873aca8ce067964d P 194ab2ca87da4c6c88aeab5096d57d73 [CANDIDATE]: Term 1 pre-election: Requested pre-vote from peers fceec131fce54d3aa0bf31e6c332a08e (127.0.107.193:45029), 2b2ac3d37e2c43a9a506c119d7e05146 (127.0.107.194:34757)
I20260630 12:12:24.604028  3244 raft_consensus.cc:3060] T b7e559dfd019475cb1a7c251ef596948 P 2b2ac3d37e2c43a9a506c119d7e05146 [term 0 FOLLOWER]: Advancing to term 1
I20260630 12:12:24.612898  3244 raft_consensus.cc:515] T b7e559dfd019475cb1a7c251ef596948 P 2b2ac3d37e2c43a9a506c119d7e05146 [term 1 FOLLOWER]: Starting leader election with config: opid_index: -1 OBSOLETE_local: false peers { permanent_uuid: "fceec131fce54d3aa0bf31e6c332a08e" member_type: VOTER last_known_addr { host: "127.0.107.193" port: 45029 } } peers { permanent_uuid: "2b2ac3d37e2c43a9a506c119d7e05146" member_type: VOTER last_known_addr { host: "127.0.107.194" port: 34757 } } peers { permanent_uuid: "194ab2ca87da4c6c88aeab5096d57d73" member_type: VOTER last_known_addr { host: "127.0.107.195" port: 33775 } }
I20260630 12:12:24.615502  3042 tablet_service.cc:1917] Received RequestConsensusVote() RPC: tablet_id: "b7e559dfd019475cb1a7c251ef596948" candidate_uuid: "2b2ac3d37e2c43a9a506c119d7e05146" candidate_term: 1 candidate_status { last_received { term: 0 index: 0 } } ignore_live_leader: false dest_uuid: "fceec131fce54d3aa0bf31e6c332a08e"
I20260630 12:12:24.615959  3244 leader_election.cc:290] T b7e559dfd019475cb1a7c251ef596948 P 2b2ac3d37e2c43a9a506c119d7e05146 [CANDIDATE]: Term 1 election: Requested vote from peers fceec131fce54d3aa0bf31e6c332a08e (127.0.107.193:45029), 194ab2ca87da4c6c88aeab5096d57d73 (127.0.107.195:33775)
I20260630 12:12:24.616106  3042 raft_consensus.cc:3060] T b7e559dfd019475cb1a7c251ef596948 P fceec131fce54d3aa0bf31e6c332a08e [term 0 FOLLOWER]: Advancing to term 1
I20260630 12:12:24.617162  3192 tablet_service.cc:1917] Received RequestConsensusVote() RPC: tablet_id: "b7e559dfd019475cb1a7c251ef596948" candidate_uuid: "2b2ac3d37e2c43a9a506c119d7e05146" candidate_term: 1 candidate_status { last_received { term: 0 index: 0 } } ignore_live_leader: false dest_uuid: "194ab2ca87da4c6c88aeab5096d57d73"
I20260630 12:12:24.617713  3192 raft_consensus.cc:3060] T b7e559dfd019475cb1a7c251ef596948 P 194ab2ca87da4c6c88aeab5096d57d73 [term 0 FOLLOWER]: Advancing to term 1
I20260630 12:12:24.618983  3043 tablet_service.cc:1917] Received RequestConsensusVote() RPC: tablet_id: "e16aa760a99e4a1f873aca8ce067964d" candidate_uuid: "194ab2ca87da4c6c88aeab5096d57d73" candidate_term: 1 candidate_status { last_received { term: 0 index: 0 } } ignore_live_leader: false dest_uuid: "fceec131fce54d3aa0bf31e6c332a08e" is_pre_election: true
I20260630 12:12:24.619130  3118 tablet_service.cc:1917] Received RequestConsensusVote() RPC: tablet_id: "e16aa760a99e4a1f873aca8ce067964d" candidate_uuid: "194ab2ca87da4c6c88aeab5096d57d73" candidate_term: 1 candidate_status { last_received { term: 0 index: 0 } } ignore_live_leader: false dest_uuid: "2b2ac3d37e2c43a9a506c119d7e05146" is_pre_election: true
I20260630 12:12:24.619598  3043 raft_consensus.cc:2468] T e16aa760a99e4a1f873aca8ce067964d P fceec131fce54d3aa0bf31e6c332a08e [term 0 FOLLOWER]: Leader pre-election vote request: Granting yes vote for candidate 194ab2ca87da4c6c88aeab5096d57d73 in term 0.
I20260630 12:12:24.619844  3118 raft_consensus.cc:2468] T e16aa760a99e4a1f873aca8ce067964d P 2b2ac3d37e2c43a9a506c119d7e05146 [term 0 FOLLOWER]: Leader pre-election vote request: Granting yes vote for candidate 194ab2ca87da4c6c88aeab5096d57d73 in term 0.
I20260630 12:12:24.620810  3158 leader_election.cc:304] T e16aa760a99e4a1f873aca8ce067964d P 194ab2ca87da4c6c88aeab5096d57d73 [CANDIDATE]: Term 1 pre-election: Election decided. Result: candidate won. Election summary: received 2 responses out of 3 voters: 2 yes votes; 0 no votes. yes voters: 194ab2ca87da4c6c88aeab5096d57d73, fceec131fce54d3aa0bf31e6c332a08e; no voters: 
I20260630 12:12:24.621656  3245 raft_consensus.cc:2804] T e16aa760a99e4a1f873aca8ce067964d P 194ab2ca87da4c6c88aeab5096d57d73 [term 0 FOLLOWER]: Leader pre-election won for term 1
I20260630 12:12:24.622011  3245 raft_consensus.cc:493] T e16aa760a99e4a1f873aca8ce067964d P 194ab2ca87da4c6c88aeab5096d57d73 [term 0 FOLLOWER]: Starting leader election (no leader contacted us within the election timeout)
I20260630 12:12:24.622344  3245 raft_consensus.cc:3060] T e16aa760a99e4a1f873aca8ce067964d P 194ab2ca87da4c6c88aeab5096d57d73 [term 0 FOLLOWER]: Advancing to term 1
I20260630 12:12:24.624071  3192 raft_consensus.cc:2468] T b7e559dfd019475cb1a7c251ef596948 P 194ab2ca87da4c6c88aeab5096d57d73 [term 1 FOLLOWER]: Leader election vote request: Granting yes vote for candidate 2b2ac3d37e2c43a9a506c119d7e05146 in term 1.
I20260630 12:12:24.624989  3042 raft_consensus.cc:2468] T b7e559dfd019475cb1a7c251ef596948 P fceec131fce54d3aa0bf31e6c332a08e [term 1 FOLLOWER]: Leader election vote request: Granting yes vote for candidate 2b2ac3d37e2c43a9a506c119d7e05146 in term 1.
I20260630 12:12:24.625159  3083 leader_election.cc:304] T b7e559dfd019475cb1a7c251ef596948 P 2b2ac3d37e2c43a9a506c119d7e05146 [CANDIDATE]: Term 1 election: Election decided. Result: candidate won. Election summary: received 2 responses out of 3 voters: 2 yes votes; 0 no votes. yes voters: 194ab2ca87da4c6c88aeab5096d57d73, 2b2ac3d37e2c43a9a506c119d7e05146; no voters: 
I20260630 12:12:24.625978  3244 raft_consensus.cc:2804] T b7e559dfd019475cb1a7c251ef596948 P 2b2ac3d37e2c43a9a506c119d7e05146 [term 1 FOLLOWER]: Leader election won for term 1
I20260630 12:12:24.626485  3244 raft_consensus.cc:697] T b7e559dfd019475cb1a7c251ef596948 P 2b2ac3d37e2c43a9a506c119d7e05146 [term 1 LEADER]: Becoming Leader. State: Replica: 2b2ac3d37e2c43a9a506c119d7e05146, State: Running, Role: LEADER
I20260630 12:12:24.627343  3244 consensus_queue.cc:237] T b7e559dfd019475cb1a7c251ef596948 P 2b2ac3d37e2c43a9a506c119d7e05146 [LEADER]: Queue going to LEADER mode. State: All replicated index: 0, Majority replicated index: 0, Committed index: 0, Last appended: 0.0, Last appended by leader: 0, Current term: 1, Majority size: 2, State: 0, Mode: LEADER, active raft config: opid_index: -1 OBSOLETE_local: false peers { permanent_uuid: "fceec131fce54d3aa0bf31e6c332a08e" member_type: VOTER last_known_addr { host: "127.0.107.193" port: 45029 } } peers { permanent_uuid: "2b2ac3d37e2c43a9a506c119d7e05146" member_type: VOTER last_known_addr { host: "127.0.107.194" port: 34757 } } peers { permanent_uuid: "194ab2ca87da4c6c88aeab5096d57d73" member_type: VOTER last_known_addr { host: "127.0.107.195" port: 33775 } }
I20260630 12:12:24.629357  3245 raft_consensus.cc:515] T e16aa760a99e4a1f873aca8ce067964d P 194ab2ca87da4c6c88aeab5096d57d73 [term 1 FOLLOWER]: Starting leader election with config: opid_index: -1 OBSOLETE_local: false peers { permanent_uuid: "fceec131fce54d3aa0bf31e6c332a08e" member_type: VOTER last_known_addr { host: "127.0.107.193" port: 45029 } } peers { permanent_uuid: "2b2ac3d37e2c43a9a506c119d7e05146" member_type: VOTER last_known_addr { host: "127.0.107.194" port: 34757 } } peers { permanent_uuid: "194ab2ca87da4c6c88aeab5096d57d73" member_type: VOTER last_known_addr { host: "127.0.107.195" port: 33775 } }
I20260630 12:12:24.631498  3245 leader_election.cc:290] T e16aa760a99e4a1f873aca8ce067964d P 194ab2ca87da4c6c88aeab5096d57d73 [CANDIDATE]: Term 1 election: Requested vote from peers fceec131fce54d3aa0bf31e6c332a08e (127.0.107.193:45029), 2b2ac3d37e2c43a9a506c119d7e05146 (127.0.107.194:34757)
I20260630 12:12:24.632784  3118 tablet_service.cc:1917] Received RequestConsensusVote() RPC: tablet_id: "e16aa760a99e4a1f873aca8ce067964d" candidate_uuid: "194ab2ca87da4c6c88aeab5096d57d73" candidate_term: 1 candidate_status { last_received { term: 0 index: 0 } } ignore_live_leader: false dest_uuid: "2b2ac3d37e2c43a9a506c119d7e05146"
I20260630 12:12:24.633132  3042 tablet_service.cc:1917] Received RequestConsensusVote() RPC: tablet_id: "e16aa760a99e4a1f873aca8ce067964d" candidate_uuid: "194ab2ca87da4c6c88aeab5096d57d73" candidate_term: 1 candidate_status { last_received { term: 0 index: 0 } } ignore_live_leader: false dest_uuid: "fceec131fce54d3aa0bf31e6c332a08e"
I20260630 12:12:24.633411  3118 raft_consensus.cc:3060] T e16aa760a99e4a1f873aca8ce067964d P 2b2ac3d37e2c43a9a506c119d7e05146 [term 0 FOLLOWER]: Advancing to term 1
I20260630 12:12:24.633716  3042 raft_consensus.cc:3060] T e16aa760a99e4a1f873aca8ce067964d P fceec131fce54d3aa0bf31e6c332a08e [term 0 FOLLOWER]: Advancing to term 1
I20260630 12:12:24.635316  2941 catalog_manager.cc:5697] T b7e559dfd019475cb1a7c251ef596948 P 2b2ac3d37e2c43a9a506c119d7e05146 reported cstate change: term changed from 0 to 1, leader changed from <none> to 2b2ac3d37e2c43a9a506c119d7e05146 (127.0.107.194). New cstate: current_term: 1 leader_uuid: "2b2ac3d37e2c43a9a506c119d7e05146" committed_config { opid_index: -1 OBSOLETE_local: false peers { permanent_uuid: "fceec131fce54d3aa0bf31e6c332a08e" member_type: VOTER last_known_addr { host: "127.0.107.193" port: 45029 } health_report { overall_health: UNKNOWN } } peers { permanent_uuid: "2b2ac3d37e2c43a9a506c119d7e05146" member_type: VOTER last_known_addr { host: "127.0.107.194" port: 34757 } health_report { overall_health: HEALTHY } } peers { permanent_uuid: "194ab2ca87da4c6c88aeab5096d57d73" member_type: VOTER last_known_addr { host: "127.0.107.195" port: 33775 } health_report { overall_health: UNKNOWN } } }
I20260630 12:12:24.640663  3118 raft_consensus.cc:2468] T e16aa760a99e4a1f873aca8ce067964d P 2b2ac3d37e2c43a9a506c119d7e05146 [term 1 FOLLOWER]: Leader election vote request: Granting yes vote for candidate 194ab2ca87da4c6c88aeab5096d57d73 in term 1.
I20260630 12:12:24.641986  2994 auto_leader_rebalancer.cc:141] leader rebalance for table range_aware_auto_rebalancer_test
W20260630 12:12:24.642094  2989 auto_rebalancer.cc:298] Could not retrieve cluster info: Service unavailable: Tablet not running
I20260630 12:12:24.642247  3156 leader_election.cc:304] T e16aa760a99e4a1f873aca8ce067964d P 194ab2ca87da4c6c88aeab5096d57d73 [CANDIDATE]: Term 1 election: Election decided. Result: candidate won. Election summary: received 2 responses out of 3 voters: 2 yes votes; 0 no votes. yes voters: 194ab2ca87da4c6c88aeab5096d57d73, 2b2ac3d37e2c43a9a506c119d7e05146; no voters: 
I20260630 12:12:24.640663  3042 raft_consensus.cc:2468] T e16aa760a99e4a1f873aca8ce067964d P fceec131fce54d3aa0bf31e6c332a08e [term 1 FOLLOWER]: Leader election vote request: Granting yes vote for candidate 194ab2ca87da4c6c88aeab5096d57d73 in term 1.
I20260630 12:12:24.643157  3245 raft_consensus.cc:2804] T e16aa760a99e4a1f873aca8ce067964d P 194ab2ca87da4c6c88aeab5096d57d73 [term 1 FOLLOWER]: Leader election won for term 1
I20260630 12:12:24.645099  3245 raft_consensus.cc:697] T e16aa760a99e4a1f873aca8ce067964d P 194ab2ca87da4c6c88aeab5096d57d73 [term 1 LEADER]: Becoming Leader. State: Replica: 194ab2ca87da4c6c88aeab5096d57d73, State: Running, Role: LEADER
W20260630 12:12:24.645685  2994 auto_leader_rebalancer.cc:524] the master instance isn't leader: Service unavailable: Tablet not running
I20260630 12:12:24.645872  3245 consensus_queue.cc:237] T e16aa760a99e4a1f873aca8ce067964d P 194ab2ca87da4c6c88aeab5096d57d73 [LEADER]: Queue going to LEADER mode. State: All replicated index: 0, Majority replicated index: 0, Committed index: 0, Last appended: 0.0, Last appended by leader: 0, Current term: 1, Majority size: 2, State: 0, Mode: LEADER, active raft config: opid_index: -1 OBSOLETE_local: false peers { permanent_uuid: "fceec131fce54d3aa0bf31e6c332a08e" member_type: VOTER last_known_addr { host: "127.0.107.193" port: 45029 } } peers { permanent_uuid: "2b2ac3d37e2c43a9a506c119d7e05146" member_type: VOTER last_known_addr { host: "127.0.107.194" port: 34757 } } peers { permanent_uuid: "194ab2ca87da4c6c88aeab5096d57d73" member_type: VOTER last_known_addr { host: "127.0.107.195" port: 33775 } }
I20260630 12:12:24.652758  2941 catalog_manager.cc:5697] T e16aa760a99e4a1f873aca8ce067964d P 194ab2ca87da4c6c88aeab5096d57d73 reported cstate change: term changed from 0 to 1, leader changed from <none> to 194ab2ca87da4c6c88aeab5096d57d73 (127.0.107.195). New cstate: current_term: 1 leader_uuid: "194ab2ca87da4c6c88aeab5096d57d73" committed_config { opid_index: -1 OBSOLETE_local: false peers { permanent_uuid: "fceec131fce54d3aa0bf31e6c332a08e" member_type: VOTER last_known_addr { host: "127.0.107.193" port: 45029 } health_report { overall_health: UNKNOWN } } peers { permanent_uuid: "2b2ac3d37e2c43a9a506c119d7e05146" member_type: VOTER last_known_addr { host: "127.0.107.194" port: 34757 } health_report { overall_health: UNKNOWN } } peers { permanent_uuid: "194ab2ca87da4c6c88aeab5096d57d73" member_type: VOTER last_known_addr { host: "127.0.107.195" port: 33775 } health_report { overall_health: HEALTHY } } }
I20260630 12:12:24.733238   431 tablet_server.cc:179] TabletServer@127.0.107.193:0 shutting down...
I20260630 12:12:24.750088   431 ts_tablet_manager.cc:1507] Shutting down tablet manager...
I20260630 12:12:24.750972   431 tablet_replica.cc:333] T 5decd30ad0134f01be4cbcee7a97654a P fceec131fce54d3aa0bf31e6c332a08e: stopping tablet replica
I20260630 12:12:24.751523   431 raft_consensus.cc:2243] T 5decd30ad0134f01be4cbcee7a97654a P fceec131fce54d3aa0bf31e6c332a08e [term 1 FOLLOWER]: Raft consensus shutting down.
I20260630 12:12:24.751938   431 raft_consensus.cc:2272] T 5decd30ad0134f01be4cbcee7a97654a P fceec131fce54d3aa0bf31e6c332a08e [term 1 FOLLOWER]: Raft consensus is shut down!
I20260630 12:12:24.753891   431 tablet_replica.cc:333] T b7e559dfd019475cb1a7c251ef596948 P fceec131fce54d3aa0bf31e6c332a08e: stopping tablet replica
I20260630 12:12:24.754387   431 raft_consensus.cc:2243] T b7e559dfd019475cb1a7c251ef596948 P fceec131fce54d3aa0bf31e6c332a08e [term 1 FOLLOWER]: Raft consensus shutting down.
I20260630 12:12:24.754834   431 raft_consensus.cc:2272] T b7e559dfd019475cb1a7c251ef596948 P fceec131fce54d3aa0bf31e6c332a08e [term 1 FOLLOWER]: Raft consensus is shut down!
I20260630 12:12:24.756596   431 tablet_replica.cc:333] T 498cafc6259e4af2b1b64e624b3a0ad8 P fceec131fce54d3aa0bf31e6c332a08e: stopping tablet replica
I20260630 12:12:24.757071   431 raft_consensus.cc:2243] T 498cafc6259e4af2b1b64e624b3a0ad8 P fceec131fce54d3aa0bf31e6c332a08e [term 1 FOLLOWER]: Raft consensus shutting down.
I20260630 12:12:24.757421   431 raft_consensus.cc:2272] T 498cafc6259e4af2b1b64e624b3a0ad8 P fceec131fce54d3aa0bf31e6c332a08e [term 1 FOLLOWER]: Raft consensus is shut down!
I20260630 12:12:24.759281   431 tablet_replica.cc:333] T e16aa760a99e4a1f873aca8ce067964d P fceec131fce54d3aa0bf31e6c332a08e: stopping tablet replica
I20260630 12:12:24.759728   431 raft_consensus.cc:2243] T e16aa760a99e4a1f873aca8ce067964d P fceec131fce54d3aa0bf31e6c332a08e [term 1 FOLLOWER]: Raft consensus shutting down.
I20260630 12:12:24.760073   431 raft_consensus.cc:2272] T e16aa760a99e4a1f873aca8ce067964d P fceec131fce54d3aa0bf31e6c332a08e [term 1 FOLLOWER]: Raft consensus is shut down!
I20260630 12:12:24.781023   431 tablet_server.cc:196] TabletServer@127.0.107.193:0 shutdown complete.
I20260630 12:12:24.792343   431 tablet_server.cc:179] TabletServer@127.0.107.194:0 shutting down...
I20260630 12:12:24.810853   431 ts_tablet_manager.cc:1507] Shutting down tablet manager...
I20260630 12:12:24.811658   431 tablet_replica.cc:333] T 5decd30ad0134f01be4cbcee7a97654a P 2b2ac3d37e2c43a9a506c119d7e05146: stopping tablet replica
I20260630 12:12:24.812201   431 raft_consensus.cc:2243] T 5decd30ad0134f01be4cbcee7a97654a P 2b2ac3d37e2c43a9a506c119d7e05146 [term 1 LEADER]: Raft consensus shutting down.
I20260630 12:12:24.812783   431 pending_rounds.cc:70] T 5decd30ad0134f01be4cbcee7a97654a P 2b2ac3d37e2c43a9a506c119d7e05146: Trying to abort 1 pending ops.
I20260630 12:12:24.813050   431 pending_rounds.cc:77] T 5decd30ad0134f01be4cbcee7a97654a P 2b2ac3d37e2c43a9a506c119d7e05146: Aborting op as it isn't in flight: id { term: 1 index: 1 } timestamp: 7302437046295920640 op_type: NO_OP noop_request { }
I20260630 12:12:24.813364   431 raft_consensus.cc:2889] T 5decd30ad0134f01be4cbcee7a97654a P 2b2ac3d37e2c43a9a506c119d7e05146 [term 1 LEADER]: NO_OP replication failed: Aborted: Op aborted
I20260630 12:12:24.813658   431 raft_consensus.cc:2272] T 5decd30ad0134f01be4cbcee7a97654a P 2b2ac3d37e2c43a9a506c119d7e05146 [term 1 FOLLOWER]: Raft consensus is shut down!
I20260630 12:12:24.815888   431 tablet_replica.cc:333] T b7e559dfd019475cb1a7c251ef596948 P 2b2ac3d37e2c43a9a506c119d7e05146: stopping tablet replica
I20260630 12:12:24.816390   431 raft_consensus.cc:2243] T b7e559dfd019475cb1a7c251ef596948 P 2b2ac3d37e2c43a9a506c119d7e05146 [term 1 LEADER]: Raft consensus shutting down.
I20260630 12:12:24.816937   431 pending_rounds.cc:70] T b7e559dfd019475cb1a7c251ef596948 P 2b2ac3d37e2c43a9a506c119d7e05146: Trying to abort 1 pending ops.
I20260630 12:12:24.817087   431 pending_rounds.cc:77] T b7e559dfd019475cb1a7c251ef596948 P 2b2ac3d37e2c43a9a506c119d7e05146: Aborting op as it isn't in flight: id { term: 1 index: 1 } timestamp: 7302437046802948096 op_type: NO_OP noop_request { }
I20260630 12:12:24.817351   431 raft_consensus.cc:2889] T b7e559dfd019475cb1a7c251ef596948 P 2b2ac3d37e2c43a9a506c119d7e05146 [term 1 LEADER]: NO_OP replication failed: Aborted: Op aborted
I20260630 12:12:24.817662   431 raft_consensus.cc:2272] T b7e559dfd019475cb1a7c251ef596948 P 2b2ac3d37e2c43a9a506c119d7e05146 [term 1 FOLLOWER]: Raft consensus is shut down!
I20260630 12:12:24.819933   431 tablet_replica.cc:333] T e16aa760a99e4a1f873aca8ce067964d P 2b2ac3d37e2c43a9a506c119d7e05146: stopping tablet replica
I20260630 12:12:24.820430   431 raft_consensus.cc:2243] T e16aa760a99e4a1f873aca8ce067964d P 2b2ac3d37e2c43a9a506c119d7e05146 [term 1 FOLLOWER]: Raft consensus shutting down.
I20260630 12:12:24.820791   431 raft_consensus.cc:2272] T e16aa760a99e4a1f873aca8ce067964d P 2b2ac3d37e2c43a9a506c119d7e05146 [term 1 FOLLOWER]: Raft consensus is shut down!
I20260630 12:12:24.822530   431 tablet_replica.cc:333] T 498cafc6259e4af2b1b64e624b3a0ad8 P 2b2ac3d37e2c43a9a506c119d7e05146: stopping tablet replica
I20260630 12:12:24.823021   431 raft_consensus.cc:2243] T 498cafc6259e4af2b1b64e624b3a0ad8 P 2b2ac3d37e2c43a9a506c119d7e05146 [term 1 LEADER]: Raft consensus shutting down.
I20260630 12:12:24.823550   431 pending_rounds.cc:70] T 498cafc6259e4af2b1b64e624b3a0ad8 P 2b2ac3d37e2c43a9a506c119d7e05146: Trying to abort 1 pending ops.
I20260630 12:12:24.823704   431 pending_rounds.cc:77] T 498cafc6259e4af2b1b64e624b3a0ad8 P 2b2ac3d37e2c43a9a506c119d7e05146: Aborting op as it isn't in flight: id { term: 1 index: 1 } timestamp: 7302437046247776256 op_type: NO_OP noop_request { }
I20260630 12:12:24.823973   431 raft_consensus.cc:2889] T 498cafc6259e4af2b1b64e624b3a0ad8 P 2b2ac3d37e2c43a9a506c119d7e05146 [term 1 LEADER]: NO_OP replication failed: Aborted: Op aborted
I20260630 12:12:24.824288   431 raft_consensus.cc:2272] T 498cafc6259e4af2b1b64e624b3a0ad8 P 2b2ac3d37e2c43a9a506c119d7e05146 [term 1 FOLLOWER]: Raft consensus is shut down!
I20260630 12:12:24.838083   431 tablet_server.cc:196] TabletServer@127.0.107.194:0 shutdown complete.
I20260630 12:12:24.849031   431 tablet_server.cc:179] TabletServer@127.0.107.195:0 shutting down...
I20260630 12:12:24.869199   431 ts_tablet_manager.cc:1507] Shutting down tablet manager...
I20260630 12:12:24.870092   431 tablet_replica.cc:333] T b7e559dfd019475cb1a7c251ef596948 P 194ab2ca87da4c6c88aeab5096d57d73: stopping tablet replica
I20260630 12:12:24.870863   431 raft_consensus.cc:2243] T b7e559dfd019475cb1a7c251ef596948 P 194ab2ca87da4c6c88aeab5096d57d73 [term 1 FOLLOWER]: Raft consensus shutting down.
I20260630 12:12:24.871253   431 raft_consensus.cc:2272] T b7e559dfd019475cb1a7c251ef596948 P 194ab2ca87da4c6c88aeab5096d57d73 [term 1 FOLLOWER]: Raft consensus is shut down!
I20260630 12:12:24.873152   431 tablet_replica.cc:333] T 498cafc6259e4af2b1b64e624b3a0ad8 P 194ab2ca87da4c6c88aeab5096d57d73: stopping tablet replica
I20260630 12:12:24.873647   431 raft_consensus.cc:2243] T 498cafc6259e4af2b1b64e624b3a0ad8 P 194ab2ca87da4c6c88aeab5096d57d73 [term 1 FOLLOWER]: Raft consensus shutting down.
I20260630 12:12:24.873979   431 raft_consensus.cc:2272] T 498cafc6259e4af2b1b64e624b3a0ad8 P 194ab2ca87da4c6c88aeab5096d57d73 [term 1 FOLLOWER]: Raft consensus is shut down!
I20260630 12:12:24.875903   431 tablet_replica.cc:333] T e16aa760a99e4a1f873aca8ce067964d P 194ab2ca87da4c6c88aeab5096d57d73: stopping tablet replica
I20260630 12:12:24.876363   431 raft_consensus.cc:2243] T e16aa760a99e4a1f873aca8ce067964d P 194ab2ca87da4c6c88aeab5096d57d73 [term 1 LEADER]: Raft consensus shutting down.
I20260630 12:12:24.876889   431 pending_rounds.cc:70] T e16aa760a99e4a1f873aca8ce067964d P 194ab2ca87da4c6c88aeab5096d57d73: Trying to abort 1 pending ops.
I20260630 12:12:24.877048   431 pending_rounds.cc:77] T e16aa760a99e4a1f873aca8ce067964d P 194ab2ca87da4c6c88aeab5096d57d73: Aborting op as it isn't in flight: id { term: 1 index: 1 } timestamp: 7302437046878740480 op_type: NO_OP noop_request { }
I20260630 12:12:24.877318   431 raft_consensus.cc:2889] T e16aa760a99e4a1f873aca8ce067964d P 194ab2ca87da4c6c88aeab5096d57d73 [term 1 LEADER]: NO_OP replication failed: Aborted: Op aborted
I20260630 12:12:24.877568   431 raft_consensus.cc:2272] T e16aa760a99e4a1f873aca8ce067964d P 194ab2ca87da4c6c88aeab5096d57d73 [term 1 FOLLOWER]: Raft consensus is shut down!
I20260630 12:12:24.879609   431 tablet_replica.cc:333] T 5decd30ad0134f01be4cbcee7a97654a P 194ab2ca87da4c6c88aeab5096d57d73: stopping tablet replica
I20260630 12:12:24.880038   431 raft_consensus.cc:2243] T 5decd30ad0134f01be4cbcee7a97654a P 194ab2ca87da4c6c88aeab5096d57d73 [term 1 FOLLOWER]: Raft consensus shutting down.
I20260630 12:12:24.880360   431 raft_consensus.cc:2272] T 5decd30ad0134f01be4cbcee7a97654a P 194ab2ca87da4c6c88aeab5096d57d73 [term 1 FOLLOWER]: Raft consensus is shut down!
I20260630 12:12:24.902171   431 tablet_server.cc:196] TabletServer@127.0.107.195:0 shutdown complete.
I20260630 12:12:24.912559   431 master.cc:562] Master@127.0.107.254:36319 shutting down...
I20260630 12:12:24.925730   431 raft_consensus.cc:2243] T 00000000000000000000000000000000 P e7719a16721d43b38eddab49677e608a [term 1 LEADER]: Raft consensus shutting down.
I20260630 12:12:24.926203   431 raft_consensus.cc:2272] T 00000000000000000000000000000000 P e7719a16721d43b38eddab49677e608a [term 1 FOLLOWER]: Raft consensus is shut down!
I20260630 12:12:24.926525   431 tablet_replica.cc:333] T 00000000000000000000000000000000 P e7719a16721d43b38eddab49677e608a: stopping tablet replica
I20260630 12:12:24.944744   431 master.cc:584] Master@127.0.107.254:36319 shutdown complete.
[       OK ] AutoRebalancerTest.RangeAwareBuildClusterInfoGroupsByRange (2464 ms)
[ RUN      ] AutoRebalancerTest.RangeAwareRebalancesNewRangeReplicas
I20260630 12:12:24.974886   431 internal_mini_cluster.cc:156] Creating distributed mini masters. Addrs: 127.0.107.254:40473
I20260630 12:12:24.975863   431 file_cache.cc:492] Constructed file cache file cache with capacity 419430
W20260630 12:12:24.980640  3266 instance_detector.cc:116] could not retrieve AWS instance metadata: Network error: curl error: HTTP response code said error: The requested URL returned error: 404
W20260630 12:12:24.981886  3267 instance_detector.cc:116] could not retrieve Azure instance metadata: Network error: curl error: HTTP response code said error: The requested URL returned error: 404
W20260630 12:12:24.982198  3269 instance_detector.cc:116] could not retrieve OpenStack instance metadata: Network error: curl error: HTTP response code said error: The requested URL returned error: 404
I20260630 12:12:24.982913   431 server_base.cc:1061] running on GCE node
I20260630 12:12:24.983817   431 hybrid_clock.cc:584] initializing the hybrid clock with 'system_unsync' time source
W20260630 12:12:24.983991   431 system_unsync_time.cc:38] NTP support is disabled. Clock error bounds will not be accurate. This configuration is not suitable for distributed clusters.
I20260630 12:12:24.984105   431 hybrid_clock.cc:648] HybridClock initialized: now 1782821544984094 us; error 0 us; skew 500 ppm
I20260630 12:12:24.984517   431 server_base.cc:861] Flag tcmalloc_max_total_thread_cache_bytes is not working since tcmalloc is not enabled.
I20260630 12:12:24.986681   431 webserver.cc:533] Webserver started at http://127.0.107.254:34633/ using document root <none> and password file <none>
I20260630 12:12:24.987195   431 fs_manager.cc:362] Metadata directory not provided
I20260630 12:12:24.987345   431 fs_manager.cc:368] Using write-ahead log directory (fs_wal_dir) as metadata directory
I20260630 12:12:24.987545   431 server_base.cc:909] This appears to be a new deployment of Kudu; creating new FS layout
I20260630 12:12:24.988478   431 fs_manager.cc:1068] Generated new instance metadata in path /tmp/dist-test-task8c0jIZ/test-tmp/auto_rebalancer-test.0.AutoRebalancerTest.RangeAwareRebalancesNewRangeReplicas.1782821465186925-431-0/minicluster-data/master-0-root/instance:
uuid: "68864d0e0cc6404cb3b9590cf3f093e4"
format_stamp: "Formatted at 2026-06-30 12:12:24 on dist-test-slave-45vn"
I20260630 12:12:24.992558   431 fs_manager.cc:696] Time spent creating directory manager: real 0.004s	user 0.005s	sys 0.000s
I20260630 12:12:24.995638  3274 log_block_manager.cc:4031] Time spent loading block containers with low live blocks: real 0.000s	user 0.000s	sys 0.000s
I20260630 12:12:24.996366   431 fs_manager.cc:730] Time spent opening block manager: real 0.002s	user 0.000s	sys 0.003s
I20260630 12:12:24.996644   431 fs_manager.cc:647] Opened local filesystem: /tmp/dist-test-task8c0jIZ/test-tmp/auto_rebalancer-test.0.AutoRebalancerTest.RangeAwareRebalancesNewRangeReplicas.1782821465186925-431-0/minicluster-data/master-0-root
uuid: "68864d0e0cc6404cb3b9590cf3f093e4"
format_stamp: "Formatted at 2026-06-30 12:12:24 on dist-test-slave-45vn"
I20260630 12:12:24.996919   431 fs_report.cc:389] FS layout report
--------------------
wal directory: /tmp/dist-test-task8c0jIZ/test-tmp/auto_rebalancer-test.0.AutoRebalancerTest.RangeAwareRebalancesNewRangeReplicas.1782821465186925-431-0/minicluster-data/master-0-root
metadata directory: /tmp/dist-test-task8c0jIZ/test-tmp/auto_rebalancer-test.0.AutoRebalancerTest.RangeAwareRebalancesNewRangeReplicas.1782821465186925-431-0/minicluster-data/master-0-root
1 data directories: /tmp/dist-test-task8c0jIZ/test-tmp/auto_rebalancer-test.0.AutoRebalancerTest.RangeAwareRebalancesNewRangeReplicas.1782821465186925-431-0/minicluster-data/master-0-root/data
Total live blocks: 0
Total live bytes: 0
Total live bytes (after alignment): 0
Total number of LBM containers: 0 (0 full)
Did not check for missing blocks
Did not check for orphaned blocks
Total full LBM containers with extra space: 0 (0 repaired)
Total full LBM container extra space in bytes: 0 (0 repaired)
Total incomplete LBM containers: 0 (0 repaired)
Total LBM partial records: 0 (0 repaired)
Total corrupted LBM metadata records in RocksDB: 0 (0 repaired)
I20260630 12:12:25.019697   431 rpc_server.cc:225] running with OpenSSL 1.1.1  11 Sep 2018
I20260630 12:12:25.020670   431 kserver.cc:163] Server-wide thread pool size limit: 3276
I20260630 12:12:25.054795   431 rpc_server.cc:307] RPC server started. Bound to: 127.0.107.254:40473
I20260630 12:12:25.054944  3325 acceptor_pool.cc:272] collecting diagnostics on the listening RPC socket 127.0.107.254:40473 every 8 connection(s)
I20260630 12:12:25.058581  3326 data_dirs.cc:400] Could only allocate 1 dirs of requested 3 for tablet 00000000000000000000000000000000. 1 dirs total, 0 dirs full, 0 dirs failed
I20260630 12:12:25.068434  3326 tablet_bootstrap.cc:492] T 00000000000000000000000000000000 P 68864d0e0cc6404cb3b9590cf3f093e4: Bootstrap starting.
I20260630 12:12:25.072741  3326 tablet_bootstrap.cc:654] T 00000000000000000000000000000000 P 68864d0e0cc6404cb3b9590cf3f093e4: Neither blocks nor log segments found. Creating new log.
I20260630 12:12:25.076563  3326 tablet_bootstrap.cc:492] T 00000000000000000000000000000000 P 68864d0e0cc6404cb3b9590cf3f093e4: No bootstrap required, opened a new log
I20260630 12:12:25.079468  3326 raft_consensus.cc:359] T 00000000000000000000000000000000 P 68864d0e0cc6404cb3b9590cf3f093e4 [term 0 FOLLOWER]: Replica starting. Triggering 0 pending ops. Active config: opid_index: -1 OBSOLETE_local: true peers { permanent_uuid: "68864d0e0cc6404cb3b9590cf3f093e4" member_type: VOTER }
I20260630 12:12:25.079895  3326 raft_consensus.cc:385] T 00000000000000000000000000000000 P 68864d0e0cc6404cb3b9590cf3f093e4 [term 0 FOLLOWER]: Consensus starting up: Expiring failure detector timer to make a prompt election more likely
I20260630 12:12:25.080142  3326 raft_consensus.cc:740] T 00000000000000000000000000000000 P 68864d0e0cc6404cb3b9590cf3f093e4 [term 0 FOLLOWER]: Becoming Follower/Learner. State: Replica: 68864d0e0cc6404cb3b9590cf3f093e4, State: Initialized, Role: FOLLOWER
I20260630 12:12:25.080772  3326 consensus_queue.cc:260] T 00000000000000000000000000000000 P 68864d0e0cc6404cb3b9590cf3f093e4 [NON_LEADER]: Queue going to NON_LEADER mode. State: All replicated index: 0, Majority replicated index: 0, Committed index: 0, Last appended: 0.0, Last appended by leader: 0, Current term: 0, Majority size: -1, State: 0, Mode: NON_LEADER, active raft config: opid_index: -1 OBSOLETE_local: true peers { permanent_uuid: "68864d0e0cc6404cb3b9590cf3f093e4" member_type: VOTER }
