[==========] Running 26 tests from 2 test suites.
[----------] Global test environment set-up.
[----------] 24 tests from AutoRebalancerTest
[ RUN      ] AutoRebalancerTest.OnlyLeaderDoesAutoRebalancing
WARNING: Logging before InitGoogleLogging() is written to STDERR
I20260630 12:29:09.044899 20154 internal_mini_cluster.cc:156] Creating distributed mini masters. Addrs: 127.19.174.190:33759,127.19.174.189:46791,127.19.174.188:39065
I20260630 12:29:09.046705 20154 env_posix.cc:2267] Not raising this process' open files per process limit of 1048576; it is already as high as it can go
I20260630 12:29:09.047695 20154 file_cache.cc:492] Constructed file cache file cache with capacity 419430
W20260630 12:29:09.064154 20160 instance_detector.cc:116] could not retrieve AWS instance metadata: Network error: curl error: HTTP response code said error: The requested URL returned error: 404
W20260630 12:29:09.064208 20161 instance_detector.cc:116] could not retrieve Azure instance metadata: Network error: curl error: HTTP response code said error: The requested URL returned error: 404
I20260630 12:29:09.066406 20154 server_base.cc:1061] running on GCE node
W20260630 12:29:09.064167 20163 instance_detector.cc:116] could not retrieve OpenStack instance metadata: Network error: curl error: HTTP response code said error: The requested URL returned error: 404
I20260630 12:29:10.261180 20154 hybrid_clock.cc:584] initializing the hybrid clock with 'system_unsync' time source
W20260630 12:29:10.261447 20154 system_unsync_time.cc:38] NTP support is disabled. Clock error bounds will not be accurate. This configuration is not suitable for distributed clusters.
I20260630 12:29:10.261688 20154 hybrid_clock.cc:648] HybridClock initialized: now 1782822550261656 us; error 0 us; skew 500 ppm
I20260630 12:29:10.262642 20154 server_base.cc:861] Flag tcmalloc_max_total_thread_cache_bytes is not working since tcmalloc is not enabled.
I20260630 12:29:10.269604 20154 webserver.cc:533] Webserver started at http://127.19.174.190:36287/ using document root <none> and password file <none>
I20260630 12:29:10.270516 20154 fs_manager.cc:362] Metadata directory not provided
I20260630 12:29:10.270766 20154 fs_manager.cc:368] Using write-ahead log directory (fs_wal_dir) as metadata directory
I20260630 12:29:10.271265 20154 server_base.cc:909] This appears to be a new deployment of Kudu; creating new FS layout
I20260630 12:29:10.277554 20154 fs_manager.cc:1068] Generated new instance metadata in path /tmp/dist-test-taskL095FA/test-tmp/auto_rebalancer-test.0.AutoRebalancerTest.OnlyLeaderDoesAutoRebalancing.1782822548880313-20154-0/minicluster-data/master-0-root/instance:
uuid: "ff4f6037fcb1455dbb89e5ad2a3d17f9"
format_stamp: "Formatted at 2026-06-30 12:29:10 on dist-test-slave-dzjf"
I20260630 12:29:10.285826 20154 fs_manager.cc:696] Time spent creating directory manager: real 0.007s	user 0.006s	sys 0.000s
I20260630 12:29:10.291293 20169 log_block_manager.cc:4031] Time spent loading block containers with low live blocks: real 0.000s	user 0.000s	sys 0.000s
I20260630 12:29:10.292462 20154 fs_manager.cc:730] Time spent opening block manager: real 0.004s	user 0.004s	sys 0.000s
I20260630 12:29:10.292827 20154 fs_manager.cc:647] Opened local filesystem: /tmp/dist-test-taskL095FA/test-tmp/auto_rebalancer-test.0.AutoRebalancerTest.OnlyLeaderDoesAutoRebalancing.1782822548880313-20154-0/minicluster-data/master-0-root
uuid: "ff4f6037fcb1455dbb89e5ad2a3d17f9"
format_stamp: "Formatted at 2026-06-30 12:29:10 on dist-test-slave-dzjf"
I20260630 12:29:10.293202 20154 fs_report.cc:389] FS layout report
--------------------
wal directory: /tmp/dist-test-taskL095FA/test-tmp/auto_rebalancer-test.0.AutoRebalancerTest.OnlyLeaderDoesAutoRebalancing.1782822548880313-20154-0/minicluster-data/master-0-root
metadata directory: /tmp/dist-test-taskL095FA/test-tmp/auto_rebalancer-test.0.AutoRebalancerTest.OnlyLeaderDoesAutoRebalancing.1782822548880313-20154-0/minicluster-data/master-0-root
1 data directories: /tmp/dist-test-taskL095FA/test-tmp/auto_rebalancer-test.0.AutoRebalancerTest.OnlyLeaderDoesAutoRebalancing.1782822548880313-20154-0/minicluster-data/master-0-root/data
Total live blocks: 0
Total live bytes: 0
Total live bytes (after alignment): 0
Total number of LBM containers: 0 (0 full)
Did not check for missing blocks
Did not check for orphaned blocks
Total full LBM containers with extra space: 0 (0 repaired)
Total full LBM container extra space in bytes: 0 (0 repaired)
Total incomplete LBM containers: 0 (0 repaired)
Total LBM partial records: 0 (0 repaired)
Total corrupted LBM metadata records in RocksDB: 0 (0 repaired)
I20260630 12:29:10.358315 20154 rpc_server.cc:225] running with OpenSSL 1.1.1  11 Sep 2018
I20260630 12:29:10.359963 20154 env_posix.cc:2267] Not raising this process' running threads per effective uid limit of 18446744073709551615; it is already as high as it can go
I20260630 12:29:10.360455 20154 kserver.cc:163] Server-wide thread pool size limit: 3276
I20260630 12:29:10.435756 20154 rpc_server.cc:307] RPC server started. Bound to: 127.19.174.190:33759
I20260630 12:29:10.435822 20220 acceptor_pool.cc:272] collecting diagnostics on the listening RPC socket 127.19.174.190:33759 every 8 connection(s)
I20260630 12:29:10.442619 20154 file_cache.cc:492] Constructed file cache file cache with capacity 419430
I20260630 12:29:10.443904 20221 data_dirs.cc:400] Could only allocate 1 dirs of requested 3 for tablet 00000000000000000000000000000000. 1 dirs total, 0 dirs full, 0 dirs failed
W20260630 12:29:10.449676 20223 instance_detector.cc:116] could not retrieve AWS instance metadata: Network error: curl error: HTTP response code said error: The requested URL returned error: 404
W20260630 12:29:10.450841 20224 instance_detector.cc:116] could not retrieve Azure instance metadata: Network error: curl error: HTTP response code said error: The requested URL returned error: 404
I20260630 12:29:10.454708 20154 server_base.cc:1061] running on GCE node
W20260630 12:29:10.455258 20226 instance_detector.cc:116] could not retrieve OpenStack instance metadata: Network error: curl error: HTTP response code said error: The requested URL returned error: 404
I20260630 12:29:10.456137 20154 hybrid_clock.cc:584] initializing the hybrid clock with 'system_unsync' time source
W20260630 12:29:10.456367 20154 system_unsync_time.cc:38] NTP support is disabled. Clock error bounds will not be accurate. This configuration is not suitable for distributed clusters.
I20260630 12:29:10.456568 20154 hybrid_clock.cc:648] HybridClock initialized: now 1782822550456549 us; error 0 us; skew 500 ppm
I20260630 12:29:10.457160 20154 server_base.cc:861] Flag tcmalloc_max_total_thread_cache_bytes is not working since tcmalloc is not enabled.
I20260630 12:29:10.461432 20154 webserver.cc:533] Webserver started at http://127.19.174.189:33193/ using document root <none> and password file <none>
I20260630 12:29:10.462003 20154 fs_manager.cc:362] Metadata directory not provided
I20260630 12:29:10.462244 20154 fs_manager.cc:368] Using write-ahead log directory (fs_wal_dir) as metadata directory
I20260630 12:29:10.462590 20154 server_base.cc:909] This appears to be a new deployment of Kudu; creating new FS layout
I20260630 12:29:10.463697 20154 fs_manager.cc:1068] Generated new instance metadata in path /tmp/dist-test-taskL095FA/test-tmp/auto_rebalancer-test.0.AutoRebalancerTest.OnlyLeaderDoesAutoRebalancing.1782822548880313-20154-0/minicluster-data/master-1-root/instance:
uuid: "7697d3edb59c48f8a62153fef5758a84"
format_stamp: "Formatted at 2026-06-30 12:29:10 on dist-test-slave-dzjf"
I20260630 12:29:10.464798 20221 sys_catalog.cc:422] member_type: VOTER last_known_addr { host: "127.19.174.190" port: 33759 } has no permanent_uuid. Determining permanent_uuid...
I20260630 12:29:10.470047 20154 fs_manager.cc:696] Time spent creating directory manager: real 0.006s	user 0.006s	sys 0.001s
I20260630 12:29:10.476197 20233 log_block_manager.cc:4031] Time spent loading block containers with low live blocks: real 0.000s	user 0.000s	sys 0.000s
I20260630 12:29:10.477198 20154 fs_manager.cc:730] Time spent opening block manager: real 0.004s	user 0.002s	sys 0.003s
I20260630 12:29:10.477548 20154 fs_manager.cc:647] Opened local filesystem: /tmp/dist-test-taskL095FA/test-tmp/auto_rebalancer-test.0.AutoRebalancerTest.OnlyLeaderDoesAutoRebalancing.1782822548880313-20154-0/minicluster-data/master-1-root
uuid: "7697d3edb59c48f8a62153fef5758a84"
format_stamp: "Formatted at 2026-06-30 12:29:10 on dist-test-slave-dzjf"
I20260630 12:29:10.477952 20154 fs_report.cc:389] FS layout report
--------------------
wal directory: /tmp/dist-test-taskL095FA/test-tmp/auto_rebalancer-test.0.AutoRebalancerTest.OnlyLeaderDoesAutoRebalancing.1782822548880313-20154-0/minicluster-data/master-1-root
metadata directory: /tmp/dist-test-taskL095FA/test-tmp/auto_rebalancer-test.0.AutoRebalancerTest.OnlyLeaderDoesAutoRebalancing.1782822548880313-20154-0/minicluster-data/master-1-root
1 data directories: /tmp/dist-test-taskL095FA/test-tmp/auto_rebalancer-test.0.AutoRebalancerTest.OnlyLeaderDoesAutoRebalancing.1782822548880313-20154-0/minicluster-data/master-1-root/data
Total live blocks: 0
Total live bytes: 0
Total live bytes (after alignment): 0
Total number of LBM containers: 0 (0 full)
Did not check for missing blocks
Did not check for orphaned blocks
Total full LBM containers with extra space: 0 (0 repaired)
Total full LBM container extra space in bytes: 0 (0 repaired)
Total incomplete LBM containers: 0 (0 repaired)
Total LBM partial records: 0 (0 repaired)
Total corrupted LBM metadata records in RocksDB: 0 (0 repaired)
I20260630 12:29:10.492801 20221 sys_catalog.cc:422] member_type: VOTER last_known_addr { host: "127.19.174.189" port: 46791 } has no permanent_uuid. Determining permanent_uuid...
I20260630 12:29:10.493203 20154 rpc_server.cc:225] running with OpenSSL 1.1.1  11 Sep 2018
I20260630 12:29:10.494602 20154 kserver.cc:163] Server-wide thread pool size limit: 3276
W20260630 12:29:10.495383 20170 proxy.cc:239] Call had error, refreshing address and retrying: Network error: Client connection negotiation failed: client connection to 127.19.174.189:46791: connect: Connection refused (error 111)
W20260630 12:29:10.500859 20221 consensus_peers.cc:760] Error getting permanent uuid from config peer 127.19.174.189:46791: Network error: Client connection negotiation failed: client connection to 127.19.174.189:46791: connect: Connection refused (error 111)
I20260630 12:29:10.550532 20221 consensus_peers.cc:770] Retrying to get permanent uuid for remote peer: member_type: VOTER last_known_addr { host: "127.19.174.189" port: 46791 } attempt: 1
W20260630 12:29:10.555356 20221 consensus_peers.cc:760] Error getting permanent uuid from config peer 127.19.174.189:46791: Network error: Client connection negotiation failed: client connection to 127.19.174.189:46791: connect: Connection refused (error 111)
I20260630 12:29:10.564363 20154 rpc_server.cc:307] RPC server started. Bound to: 127.19.174.189:46791
I20260630 12:29:10.564605 20285 acceptor_pool.cc:272] collecting diagnostics on the listening RPC socket 127.19.174.189:46791 every 8 connection(s)
I20260630 12:29:10.569118 20286 data_dirs.cc:400] Could only allocate 1 dirs of requested 3 for tablet 00000000000000000000000000000000. 1 dirs total, 0 dirs full, 0 dirs failed
I20260630 12:29:10.569877 20154 file_cache.cc:492] Constructed file cache file cache with capacity 419430
I20260630 12:29:10.575174 20286 sys_catalog.cc:422] member_type: VOTER last_known_addr { host: "127.19.174.190" port: 33759 } has no permanent_uuid. Determining permanent_uuid...
W20260630 12:29:10.576149 20288 instance_detector.cc:116] could not retrieve AWS instance metadata: Network error: curl error: HTTP response code said error: The requested URL returned error: 404
W20260630 12:29:10.579927 20289 instance_detector.cc:116] could not retrieve Azure instance metadata: Network error: curl error: HTTP response code said error: The requested URL returned error: 404
I20260630 12:29:10.585803 20154 server_base.cc:1061] running on GCE node
W20260630 12:29:10.586089 20291 instance_detector.cc:116] could not retrieve OpenStack instance metadata: Network error: curl error: HTTP response code said error: The requested URL returned error: 404
I20260630 12:29:10.587473 20154 hybrid_clock.cc:584] initializing the hybrid clock with 'system_unsync' time source
W20260630 12:29:10.587657 20154 system_unsync_time.cc:38] NTP support is disabled. Clock error bounds will not be accurate. This configuration is not suitable for distributed clusters.
I20260630 12:29:10.587890 20154 hybrid_clock.cc:648] HybridClock initialized: now 1782822550587852 us; error 0 us; skew 500 ppm
I20260630 12:29:10.588454 20154 server_base.cc:861] Flag tcmalloc_max_total_thread_cache_bytes is not working since tcmalloc is not enabled.
I20260630 12:29:10.592008 20154 webserver.cc:533] Webserver started at http://127.19.174.188:36529/ using document root <none> and password file <none>
I20260630 12:29:10.592677 20154 fs_manager.cc:362] Metadata directory not provided
I20260630 12:29:10.592893 20154 fs_manager.cc:368] Using write-ahead log directory (fs_wal_dir) as metadata directory
I20260630 12:29:10.593211 20154 server_base.cc:909] This appears to be a new deployment of Kudu; creating new FS layout
I20260630 12:29:10.594731 20154 fs_manager.cc:1068] Generated new instance metadata in path /tmp/dist-test-taskL095FA/test-tmp/auto_rebalancer-test.0.AutoRebalancerTest.OnlyLeaderDoesAutoRebalancing.1782822548880313-20154-0/minicluster-data/master-2-root/instance:
uuid: "9a7554d380c9495e8865836f5f4fafe6"
format_stamp: "Formatted at 2026-06-30 12:29:10 on dist-test-slave-dzjf"
I20260630 12:29:10.595534 20286 sys_catalog.cc:422] member_type: VOTER last_known_addr { host: "127.19.174.189" port: 46791 } has no permanent_uuid. Determining permanent_uuid...
I20260630 12:29:10.600951 20154 fs_manager.cc:696] Time spent creating directory manager: real 0.006s	user 0.006s	sys 0.000s
I20260630 12:29:10.605829 20298 log_block_manager.cc:4031] Time spent loading block containers with low live blocks: real 0.000s	user 0.000s	sys 0.000s
I20260630 12:29:10.606783 20154 fs_manager.cc:730] Time spent opening block manager: real 0.004s	user 0.003s	sys 0.000s
I20260630 12:29:10.607123 20154 fs_manager.cc:647] Opened local filesystem: /tmp/dist-test-taskL095FA/test-tmp/auto_rebalancer-test.0.AutoRebalancerTest.OnlyLeaderDoesAutoRebalancing.1782822548880313-20154-0/minicluster-data/master-2-root
uuid: "9a7554d380c9495e8865836f5f4fafe6"
format_stamp: "Formatted at 2026-06-30 12:29:10 on dist-test-slave-dzjf"
I20260630 12:29:10.607468 20154 fs_report.cc:389] FS layout report
--------------------
wal directory: /tmp/dist-test-taskL095FA/test-tmp/auto_rebalancer-test.0.AutoRebalancerTest.OnlyLeaderDoesAutoRebalancing.1782822548880313-20154-0/minicluster-data/master-2-root
metadata directory: /tmp/dist-test-taskL095FA/test-tmp/auto_rebalancer-test.0.AutoRebalancerTest.OnlyLeaderDoesAutoRebalancing.1782822548880313-20154-0/minicluster-data/master-2-root
1 data directories: /tmp/dist-test-taskL095FA/test-tmp/auto_rebalancer-test.0.AutoRebalancerTest.OnlyLeaderDoesAutoRebalancing.1782822548880313-20154-0/minicluster-data/master-2-root/data
Total live blocks: 0
Total live bytes: 0
Total live bytes (after alignment): 0
Total number of LBM containers: 0 (0 full)
Did not check for missing blocks
Did not check for orphaned blocks
Total full LBM containers with extra space: 0 (0 repaired)
Total full LBM container extra space in bytes: 0 (0 repaired)
Total incomplete LBM containers: 0 (0 repaired)
Total LBM partial records: 0 (0 repaired)
Total corrupted LBM metadata records in RocksDB: 0 (0 repaired)
I20260630 12:29:10.608969 20286 sys_catalog.cc:422] member_type: VOTER last_known_addr { host: "127.19.174.188" port: 39065 } has no permanent_uuid. Determining permanent_uuid...
W20260630 12:29:10.616407 20286 consensus_peers.cc:760] Error getting permanent uuid from config peer 127.19.174.188:39065: Network error: Client connection negotiation failed: client connection to 127.19.174.188:39065: connect: Connection refused (error 111)
I20260630 12:29:10.623805 20221 consensus_peers.cc:770] Retrying to get permanent uuid for remote peer: member_type: VOTER last_known_addr { host: "127.19.174.189" port: 46791 } attempt: 2
I20260630 12:29:10.632817 20154 rpc_server.cc:225] running with OpenSSL 1.1.1  11 Sep 2018
I20260630 12:29:10.634023 20154 kserver.cc:163] Server-wide thread pool size limit: 3276
I20260630 12:29:10.637816 20221 sys_catalog.cc:422] member_type: VOTER last_known_addr { host: "127.19.174.188" port: 39065 } has no permanent_uuid. Determining permanent_uuid...
W20260630 12:29:10.642417 20221 consensus_peers.cc:760] Error getting permanent uuid from config peer 127.19.174.188:39065: Network error: Client connection negotiation failed: client connection to 127.19.174.188:39065: connect: Connection refused (error 111)
I20260630 12:29:10.659855 20286 consensus_peers.cc:770] Retrying to get permanent uuid for remote peer: member_type: VOTER last_known_addr { host: "127.19.174.188" port: 39065 } attempt: 1
W20260630 12:29:10.665241 20286 consensus_peers.cc:760] Error getting permanent uuid from config peer 127.19.174.188:39065: Network error: Client connection negotiation failed: client connection to 127.19.174.188:39065: connect: Connection refused (error 111)
I20260630 12:29:10.674171 20221 consensus_peers.cc:770] Retrying to get permanent uuid for remote peer: member_type: VOTER last_known_addr { host: "127.19.174.188" port: 39065 } attempt: 1
W20260630 12:29:10.680243 20221 consensus_peers.cc:760] Error getting permanent uuid from config peer 127.19.174.188:39065: Network error: Client connection negotiation failed: client connection to 127.19.174.188:39065: connect: Connection refused (error 111)
I20260630 12:29:10.703858 20154 rpc_server.cc:307] RPC server started. Bound to: 127.19.174.188:39065
I20260630 12:29:10.703994 20350 acceptor_pool.cc:272] collecting diagnostics on the listening RPC socket 127.19.174.188:39065 every 8 connection(s)
I20260630 12:29:10.708197 20351 data_dirs.cc:400] Could only allocate 1 dirs of requested 3 for tablet 00000000000000000000000000000000. 1 dirs total, 0 dirs full, 0 dirs failed
I20260630 12:29:10.708295 20154 internal_mini_cluster.cc:184] Waiting to initialize catalog manager on master 0
I20260630 12:29:10.713654 20351 sys_catalog.cc:422] member_type: VOTER last_known_addr { host: "127.19.174.190" port: 33759 } has no permanent_uuid. Determining permanent_uuid...
I20260630 12:29:10.725317 20351 sys_catalog.cc:422] member_type: VOTER last_known_addr { host: "127.19.174.189" port: 46791 } has no permanent_uuid. Determining permanent_uuid...
I20260630 12:29:10.733969 20351 sys_catalog.cc:422] member_type: VOTER last_known_addr { host: "127.19.174.188" port: 39065 } has no permanent_uuid. Determining permanent_uuid...
I20260630 12:29:10.740770 20286 consensus_peers.cc:770] Retrying to get permanent uuid for remote peer: member_type: VOTER last_known_addr { host: "127.19.174.188" port: 39065 } attempt: 2
I20260630 12:29:10.747740 20221 consensus_peers.cc:770] Retrying to get permanent uuid for remote peer: member_type: VOTER last_known_addr { host: "127.19.174.188" port: 39065 } attempt: 2
I20260630 12:29:10.754029 20351 tablet_bootstrap.cc:492] T 00000000000000000000000000000000 P 9a7554d380c9495e8865836f5f4fafe6: Bootstrap starting.
I20260630 12:29:10.760442 20286 tablet_bootstrap.cc:492] T 00000000000000000000000000000000 P 7697d3edb59c48f8a62153fef5758a84: Bootstrap starting.
I20260630 12:29:10.761946 20351 tablet_bootstrap.cc:654] T 00000000000000000000000000000000 P 9a7554d380c9495e8865836f5f4fafe6: Neither blocks nor log segments found. Creating new log.
I20260630 12:29:10.764967 20351 log.cc:826] T 00000000000000000000000000000000 P 9a7554d380c9495e8865836f5f4fafe6: Log is configured to *not* fsync() on all Append() calls
I20260630 12:29:10.765555 20286 tablet_bootstrap.cc:654] T 00000000000000000000000000000000 P 7697d3edb59c48f8a62153fef5758a84: Neither blocks nor log segments found. Creating new log.
I20260630 12:29:10.766587 20221 tablet_bootstrap.cc:492] T 00000000000000000000000000000000 P ff4f6037fcb1455dbb89e5ad2a3d17f9: Bootstrap starting.
I20260630 12:29:10.771320 20351 tablet_bootstrap.cc:492] T 00000000000000000000000000000000 P 9a7554d380c9495e8865836f5f4fafe6: No bootstrap required, opened a new log
I20260630 12:29:10.772878 20221 tablet_bootstrap.cc:654] T 00000000000000000000000000000000 P ff4f6037fcb1455dbb89e5ad2a3d17f9: Neither blocks nor log segments found. Creating new log.
I20260630 12:29:10.773231 20286 tablet_bootstrap.cc:492] T 00000000000000000000000000000000 P 7697d3edb59c48f8a62153fef5758a84: No bootstrap required, opened a new log
I20260630 12:29:10.779114 20221 tablet_bootstrap.cc:492] T 00000000000000000000000000000000 P ff4f6037fcb1455dbb89e5ad2a3d17f9: No bootstrap required, opened a new log
I20260630 12:29:10.793243 20286 raft_consensus.cc:359] T 00000000000000000000000000000000 P 7697d3edb59c48f8a62153fef5758a84 [term 0 FOLLOWER]: Replica starting. Triggering 0 pending ops. Active config: opid_index: -1 OBSOLETE_local: false peers { permanent_uuid: "ff4f6037fcb1455dbb89e5ad2a3d17f9" member_type: VOTER last_known_addr { host: "127.19.174.190" port: 33759 } } peers { permanent_uuid: "7697d3edb59c48f8a62153fef5758a84" member_type: VOTER last_known_addr { host: "127.19.174.189" port: 46791 } } peers { permanent_uuid: "9a7554d380c9495e8865836f5f4fafe6" member_type: VOTER last_known_addr { host: "127.19.174.188" port: 39065 } }
I20260630 12:29:10.793257 20221 raft_consensus.cc:359] T 00000000000000000000000000000000 P ff4f6037fcb1455dbb89e5ad2a3d17f9 [term 0 FOLLOWER]: Replica starting. Triggering 0 pending ops. Active config: opid_index: -1 OBSOLETE_local: false peers { permanent_uuid: "ff4f6037fcb1455dbb89e5ad2a3d17f9" member_type: VOTER last_known_addr { host: "127.19.174.190" port: 33759 } } peers { permanent_uuid: "7697d3edb59c48f8a62153fef5758a84" member_type: VOTER last_known_addr { host: "127.19.174.189" port: 46791 } } peers { permanent_uuid: "9a7554d380c9495e8865836f5f4fafe6" member_type: VOTER last_known_addr { host: "127.19.174.188" port: 39065 } }
I20260630 12:29:10.793257 20351 raft_consensus.cc:359] T 00000000000000000000000000000000 P 9a7554d380c9495e8865836f5f4fafe6 [term 0 FOLLOWER]: Replica starting. Triggering 0 pending ops. Active config: opid_index: -1 OBSOLETE_local: false peers { permanent_uuid: "ff4f6037fcb1455dbb89e5ad2a3d17f9" member_type: VOTER last_known_addr { host: "127.19.174.190" port: 33759 } } peers { permanent_uuid: "7697d3edb59c48f8a62153fef5758a84" member_type: VOTER last_known_addr { host: "127.19.174.189" port: 46791 } } peers { permanent_uuid: "9a7554d380c9495e8865836f5f4fafe6" member_type: VOTER last_known_addr { host: "127.19.174.188" port: 39065 } }
I20260630 12:29:10.793989 20286 raft_consensus.cc:385] T 00000000000000000000000000000000 P 7697d3edb59c48f8a62153fef5758a84 [term 0 FOLLOWER]: Consensus starting up: Expiring failure detector timer to make a prompt election more likely
I20260630 12:29:10.794202 20221 raft_consensus.cc:385] T 00000000000000000000000000000000 P ff4f6037fcb1455dbb89e5ad2a3d17f9 [term 0 FOLLOWER]: Consensus starting up: Expiring failure detector timer to make a prompt election more likely
I20260630 12:29:10.794291 20351 raft_consensus.cc:385] T 00000000000000000000000000000000 P 9a7554d380c9495e8865836f5f4fafe6 [term 0 FOLLOWER]: Consensus starting up: Expiring failure detector timer to make a prompt election more likely
I20260630 12:29:10.794409 20286 raft_consensus.cc:740] T 00000000000000000000000000000000 P 7697d3edb59c48f8a62153fef5758a84 [term 0 FOLLOWER]: Becoming Follower/Learner. State: Replica: 7697d3edb59c48f8a62153fef5758a84, State: Initialized, Role: FOLLOWER
I20260630 12:29:10.794579 20221 raft_consensus.cc:740] T 00000000000000000000000000000000 P ff4f6037fcb1455dbb89e5ad2a3d17f9 [term 0 FOLLOWER]: Becoming Follower/Learner. State: Replica: ff4f6037fcb1455dbb89e5ad2a3d17f9, State: Initialized, Role: FOLLOWER
I20260630 12:29:10.794610 20351 raft_consensus.cc:740] T 00000000000000000000000000000000 P 9a7554d380c9495e8865836f5f4fafe6 [term 0 FOLLOWER]: Becoming Follower/Learner. State: Replica: 9a7554d380c9495e8865836f5f4fafe6, State: Initialized, Role: FOLLOWER
I20260630 12:29:10.795521 20286 consensus_queue.cc:260] T 00000000000000000000000000000000 P 7697d3edb59c48f8a62153fef5758a84 [NON_LEADER]: Queue going to NON_LEADER mode. State: All replicated index: 0, Majority replicated index: 0, Committed index: 0, Last appended: 0.0, Last appended by leader: 0, Current term: 0, Majority size: -1, State: 0, Mode: NON_LEADER, active raft config: opid_index: -1 OBSOLETE_local: false peers { permanent_uuid: "ff4f6037fcb1455dbb89e5ad2a3d17f9" member_type: VOTER last_known_addr { host: "127.19.174.190" port: 33759 } } peers { permanent_uuid: "7697d3edb59c48f8a62153fef5758a84" member_type: VOTER last_known_addr { host: "127.19.174.189" port: 46791 } } peers { permanent_uuid: "9a7554d380c9495e8865836f5f4fafe6" member_type: VOTER last_known_addr { host: "127.19.174.188" port: 39065 } }
I20260630 12:29:10.795529 20221 consensus_queue.cc:260] T 00000000000000000000000000000000 P ff4f6037fcb1455dbb89e5ad2a3d17f9 [NON_LEADER]: Queue going to NON_LEADER mode. State: All replicated index: 0, Majority replicated index: 0, Committed index: 0, Last appended: 0.0, Last appended by leader: 0, Current term: 0, Majority size: -1, State: 0, Mode: NON_LEADER, active raft config: opid_index: -1 OBSOLETE_local: false peers { permanent_uuid: "ff4f6037fcb1455dbb89e5ad2a3d17f9" member_type: VOTER last_known_addr { host: "127.19.174.190" port: 33759 } } peers { permanent_uuid: "7697d3edb59c48f8a62153fef5758a84" member_type: VOTER last_known_addr { host: "127.19.174.189" port: 46791 } } peers { permanent_uuid: "9a7554d380c9495e8865836f5f4fafe6" member_type: VOTER last_known_addr { host: "127.19.174.188" port: 39065 } }
I20260630 12:29:10.795529 20351 consensus_queue.cc:260] T 00000000000000000000000000000000 P 9a7554d380c9495e8865836f5f4fafe6 [NON_LEADER]: Queue going to NON_LEADER mode. State: All replicated index: 0, Majority replicated index: 0, Committed index: 0, Last appended: 0.0, Last appended by leader: 0, Current term: 0, Majority size: -1, State: 0, Mode: NON_LEADER, active raft config: opid_index: -1 OBSOLETE_local: false peers { permanent_uuid: "ff4f6037fcb1455dbb89e5ad2a3d17f9" member_type: VOTER last_known_addr { host: "127.19.174.190" port: 33759 } } peers { permanent_uuid: "7697d3edb59c48f8a62153fef5758a84" member_type: VOTER last_known_addr { host: "127.19.174.189" port: 46791 } } peers { permanent_uuid: "9a7554d380c9495e8865836f5f4fafe6" member_type: VOTER last_known_addr { host: "127.19.174.188" port: 39065 } }
I20260630 12:29:10.799105 20359 sys_catalog.cc:455] T 00000000000000000000000000000000 P 7697d3edb59c48f8a62153fef5758a84 [sys.catalog]: SysCatalogTable state changed. Reason: RaftConsensus started. Latest consensus state: current_term: 0 committed_config { opid_index: -1 OBSOLETE_local: false peers { permanent_uuid: "ff4f6037fcb1455dbb89e5ad2a3d17f9" member_type: VOTER last_known_addr { host: "127.19.174.190" port: 33759 } } peers { permanent_uuid: "7697d3edb59c48f8a62153fef5758a84" member_type: VOTER last_known_addr { host: "127.19.174.189" port: 46791 } } peers { permanent_uuid: "9a7554d380c9495e8865836f5f4fafe6" member_type: VOTER last_known_addr { host: "127.19.174.188" port: 39065 } } }
I20260630 12:29:10.799767 20286 sys_catalog.cc:565] T 00000000000000000000000000000000 P 7697d3edb59c48f8a62153fef5758a84 [sys.catalog]: configured and running, proceeding with master startup.
I20260630 12:29:10.799901 20359 sys_catalog.cc:458] T 00000000000000000000000000000000 P 7697d3edb59c48f8a62153fef5758a84 [sys.catalog]: This master's current role is: FOLLOWER
I20260630 12:29:10.799479 20360 sys_catalog.cc:455] T 00000000000000000000000000000000 P ff4f6037fcb1455dbb89e5ad2a3d17f9 [sys.catalog]: SysCatalogTable state changed. Reason: RaftConsensus started. Latest consensus state: current_term: 0 committed_config { opid_index: -1 OBSOLETE_local: false peers { permanent_uuid: "ff4f6037fcb1455dbb89e5ad2a3d17f9" member_type: VOTER last_known_addr { host: "127.19.174.190" port: 33759 } } peers { permanent_uuid: "7697d3edb59c48f8a62153fef5758a84" member_type: VOTER last_known_addr { host: "127.19.174.189" port: 46791 } } peers { permanent_uuid: "9a7554d380c9495e8865836f5f4fafe6" member_type: VOTER last_known_addr { host: "127.19.174.188" port: 39065 } } }
I20260630 12:29:10.800748 20360 sys_catalog.cc:458] T 00000000000000000000000000000000 P ff4f6037fcb1455dbb89e5ad2a3d17f9 [sys.catalog]: This master's current role is: FOLLOWER
I20260630 12:29:10.801340 20221 sys_catalog.cc:565] T 00000000000000000000000000000000 P ff4f6037fcb1455dbb89e5ad2a3d17f9 [sys.catalog]: configured and running, proceeding with master startup.
I20260630 12:29:10.803488 20361 sys_catalog.cc:455] T 00000000000000000000000000000000 P 9a7554d380c9495e8865836f5f4fafe6 [sys.catalog]: SysCatalogTable state changed. Reason: RaftConsensus started. Latest consensus state: current_term: 0 committed_config { opid_index: -1 OBSOLETE_local: false peers { permanent_uuid: "ff4f6037fcb1455dbb89e5ad2a3d17f9" member_type: VOTER last_known_addr { host: "127.19.174.190" port: 33759 } } peers { permanent_uuid: "7697d3edb59c48f8a62153fef5758a84" member_type: VOTER last_known_addr { host: "127.19.174.189" port: 46791 } } peers { permanent_uuid: "9a7554d380c9495e8865836f5f4fafe6" member_type: VOTER last_known_addr { host: "127.19.174.188" port: 39065 } } }
I20260630 12:29:10.804291 20361 sys_catalog.cc:458] T 00000000000000000000000000000000 P 9a7554d380c9495e8865836f5f4fafe6 [sys.catalog]: This master's current role is: FOLLOWER
I20260630 12:29:10.805160 20351 sys_catalog.cc:565] T 00000000000000000000000000000000 P 9a7554d380c9495e8865836f5f4fafe6 [sys.catalog]: configured and running, proceeding with master startup.
I20260630 12:29:10.844710 20154 internal_mini_cluster.cc:184] Waiting to initialize catalog manager on master 1
W20260630 12:29:10.854228 20390 catalog_manager.cc:1594] T 00000000000000000000000000000000 P 9a7554d380c9495e8865836f5f4fafe6: loading cluster ID for follower catalog manager: Not found: cluster ID entry not found
W20260630 12:29:10.854684 20390 catalog_manager.cc:883] Not found: cluster ID entry not found: failed to prepare follower catalog manager, will retry
W20260630 12:29:10.855093 20388 catalog_manager.cc:1594] T 00000000000000000000000000000000 P ff4f6037fcb1455dbb89e5ad2a3d17f9: loading cluster ID for follower catalog manager: Not found: cluster ID entry not found
W20260630 12:29:10.855350 20388 catalog_manager.cc:883] Not found: cluster ID entry not found: failed to prepare follower catalog manager, will retry
I20260630 12:29:10.861518 20154 internal_mini_cluster.cc:184] Waiting to initialize catalog manager on master 2
I20260630 12:29:10.863379 20154 file_cache.cc:492] Constructed file cache file cache with capacity 419430
W20260630 12:29:10.865357 20395 catalog_manager.cc:1594] T 00000000000000000000000000000000 P 7697d3edb59c48f8a62153fef5758a84: loading cluster ID for follower catalog manager: Not found: cluster ID entry not found
W20260630 12:29:10.865669 20395 catalog_manager.cc:883] Not found: cluster ID entry not found: failed to prepare follower catalog manager, will retry
W20260630 12:29:10.865864 20175 tablet.cc:2406] T 00000000000000000000000000000000 P ff4f6037fcb1455dbb89e5ad2a3d17f9: Can't schedule compaction. Clean time has not been advanced past its initial value.
W20260630 12:29:10.878206 20396 instance_detector.cc:116] could not retrieve AWS instance metadata: Network error: curl error: HTTP response code said error: The requested URL returned error: 404
W20260630 12:29:10.878134 20397 instance_detector.cc:116] could not retrieve Azure instance metadata: Network error: curl error: HTTP response code said error: The requested URL returned error: 404
W20260630 12:29:10.881480 20399 instance_detector.cc:116] could not retrieve OpenStack instance metadata: Network error: curl error: HTTP response code said error: The requested URL returned error: 404
I20260630 12:29:10.883951 20154 server_base.cc:1061] running on GCE node
I20260630 12:29:10.884979 20154 hybrid_clock.cc:584] initializing the hybrid clock with 'system_unsync' time source
W20260630 12:29:10.885248 20154 system_unsync_time.cc:38] NTP support is disabled. Clock error bounds will not be accurate. This configuration is not suitable for distributed clusters.
I20260630 12:29:10.885461 20154 hybrid_clock.cc:648] HybridClock initialized: now 1782822550885440 us; error 0 us; skew 500 ppm
I20260630 12:29:10.886122 20154 server_base.cc:861] Flag tcmalloc_max_total_thread_cache_bytes is not working since tcmalloc is not enabled.
I20260630 12:29:10.888933 20154 webserver.cc:533] Webserver started at http://127.19.174.129:34161/ using document root <none> and password file <none>
I20260630 12:29:10.889550 20154 fs_manager.cc:362] Metadata directory not provided
I20260630 12:29:10.889780 20154 fs_manager.cc:368] Using write-ahead log directory (fs_wal_dir) as metadata directory
I20260630 12:29:10.890105 20154 server_base.cc:909] This appears to be a new deployment of Kudu; creating new FS layout
I20260630 12:29:10.893736 20154 fs_manager.cc:1068] Generated new instance metadata in path /tmp/dist-test-taskL095FA/test-tmp/auto_rebalancer-test.0.AutoRebalancerTest.OnlyLeaderDoesAutoRebalancing.1782822548880313-20154-0/minicluster-data/ts-0-root/instance:
uuid: "b09da0d484034f30bade60df4587b496"
format_stamp: "Formatted at 2026-06-30 12:29:10 on dist-test-slave-dzjf"
I20260630 12:29:10.899631 20154 fs_manager.cc:696] Time spent creating directory manager: real 0.005s	user 0.004s	sys 0.000s
I20260630 12:29:10.903710 20404 log_block_manager.cc:4031] Time spent loading block containers with low live blocks: real 0.000s	user 0.000s	sys 0.000s
I20260630 12:29:10.904650 20154 fs_manager.cc:730] Time spent opening block manager: real 0.002s	user 0.001s	sys 0.003s
I20260630 12:29:10.904911 20154 fs_manager.cc:647] Opened local filesystem: /tmp/dist-test-taskL095FA/test-tmp/auto_rebalancer-test.0.AutoRebalancerTest.OnlyLeaderDoesAutoRebalancing.1782822548880313-20154-0/minicluster-data/ts-0-root
uuid: "b09da0d484034f30bade60df4587b496"
format_stamp: "Formatted at 2026-06-30 12:29:10 on dist-test-slave-dzjf"
I20260630 12:29:10.905208 20154 fs_report.cc:389] FS layout report
--------------------
wal directory: /tmp/dist-test-taskL095FA/test-tmp/auto_rebalancer-test.0.AutoRebalancerTest.OnlyLeaderDoesAutoRebalancing.1782822548880313-20154-0/minicluster-data/ts-0-root
metadata directory: /tmp/dist-test-taskL095FA/test-tmp/auto_rebalancer-test.0.AutoRebalancerTest.OnlyLeaderDoesAutoRebalancing.1782822548880313-20154-0/minicluster-data/ts-0-root
1 data directories: /tmp/dist-test-taskL095FA/test-tmp/auto_rebalancer-test.0.AutoRebalancerTest.OnlyLeaderDoesAutoRebalancing.1782822548880313-20154-0/minicluster-data/ts-0-root/data
Total live blocks: 0
Total live bytes: 0
Total live bytes (after alignment): 0
Total number of LBM containers: 0 (0 full)
Did not check for missing blocks
Did not check for orphaned blocks
Total full LBM containers with extra space: 0 (0 repaired)
Total full LBM container extra space in bytes: 0 (0 repaired)
Total incomplete LBM containers: 0 (0 repaired)
Total LBM partial records: 0 (0 repaired)
Total corrupted LBM metadata records in RocksDB: 0 (0 repaired)
I20260630 12:29:10.905936 20361 raft_consensus.cc:493] T 00000000000000000000000000000000 P 9a7554d380c9495e8865836f5f4fafe6 [term 0 FOLLOWER]: Starting pre-election (no leader contacted us within the election timeout)
I20260630 12:29:10.906541 20361 raft_consensus.cc:515] T 00000000000000000000000000000000 P 9a7554d380c9495e8865836f5f4fafe6 [term 0 FOLLOWER]: Starting pre-election with config: opid_index: -1 OBSOLETE_local: false peers { permanent_uuid: "ff4f6037fcb1455dbb89e5ad2a3d17f9" member_type: VOTER last_known_addr { host: "127.19.174.190" port: 33759 } } peers { permanent_uuid: "7697d3edb59c48f8a62153fef5758a84" member_type: VOTER last_known_addr { host: "127.19.174.189" port: 46791 } } peers { permanent_uuid: "9a7554d380c9495e8865836f5f4fafe6" member_type: VOTER last_known_addr { host: "127.19.174.188" port: 39065 } }
I20260630 12:29:10.909281 20361 leader_election.cc:290] T 00000000000000000000000000000000 P 9a7554d380c9495e8865836f5f4fafe6 [CANDIDATE]: Term 1 pre-election: Requested pre-vote from peers ff4f6037fcb1455dbb89e5ad2a3d17f9 (127.19.174.190:33759), 7697d3edb59c48f8a62153fef5758a84 (127.19.174.189:46791)
I20260630 12:29:10.911208 20261 tablet_service.cc:1917] Received RequestConsensusVote() RPC: tablet_id: "00000000000000000000000000000000" candidate_uuid: "9a7554d380c9495e8865836f5f4fafe6" candidate_term: 1 candidate_status { last_received { term: 0 index: 0 } } ignore_live_leader: false dest_uuid: "7697d3edb59c48f8a62153fef5758a84" is_pre_election: true
I20260630 12:29:10.911486 20196 tablet_service.cc:1917] Received RequestConsensusVote() RPC: tablet_id: "00000000000000000000000000000000" candidate_uuid: "9a7554d380c9495e8865836f5f4fafe6" candidate_term: 1 candidate_status { last_received { term: 0 index: 0 } } ignore_live_leader: false dest_uuid: "ff4f6037fcb1455dbb89e5ad2a3d17f9" is_pre_election: true
I20260630 12:29:10.912070 20261 raft_consensus.cc:2468] T 00000000000000000000000000000000 P 7697d3edb59c48f8a62153fef5758a84 [term 0 FOLLOWER]: Leader pre-election vote request: Granting yes vote for candidate 9a7554d380c9495e8865836f5f4fafe6 in term 0.
I20260630 12:29:10.912379 20196 raft_consensus.cc:2468] T 00000000000000000000000000000000 P ff4f6037fcb1455dbb89e5ad2a3d17f9 [term 0 FOLLOWER]: Leader pre-election vote request: Granting yes vote for candidate 9a7554d380c9495e8865836f5f4fafe6 in term 0.
I20260630 12:29:10.913592 20299 leader_election.cc:304] T 00000000000000000000000000000000 P 9a7554d380c9495e8865836f5f4fafe6 [CANDIDATE]: Term 1 pre-election: Election decided. Result: candidate won. Election summary: received 2 responses out of 3 voters: 2 yes votes; 0 no votes. yes voters: 7697d3edb59c48f8a62153fef5758a84, 9a7554d380c9495e8865836f5f4fafe6; no voters: 
I20260630 12:29:10.914837 20361 raft_consensus.cc:2804] T 00000000000000000000000000000000 P 9a7554d380c9495e8865836f5f4fafe6 [term 0 FOLLOWER]: Leader pre-election won for term 1
I20260630 12:29:10.915225 20361 raft_consensus.cc:493] T 00000000000000000000000000000000 P 9a7554d380c9495e8865836f5f4fafe6 [term 0 FOLLOWER]: Starting leader election (no leader contacted us within the election timeout)
I20260630 12:29:10.915586 20361 raft_consensus.cc:3060] T 00000000000000000000000000000000 P 9a7554d380c9495e8865836f5f4fafe6 [term 0 FOLLOWER]: Advancing to term 1
I20260630 12:29:10.923002 20361 raft_consensus.cc:515] T 00000000000000000000000000000000 P 9a7554d380c9495e8865836f5f4fafe6 [term 1 FOLLOWER]: Starting leader election with config: opid_index: -1 OBSOLETE_local: false peers { permanent_uuid: "ff4f6037fcb1455dbb89e5ad2a3d17f9" member_type: VOTER last_known_addr { host: "127.19.174.190" port: 33759 } } peers { permanent_uuid: "7697d3edb59c48f8a62153fef5758a84" member_type: VOTER last_known_addr { host: "127.19.174.189" port: 46791 } } peers { permanent_uuid: "9a7554d380c9495e8865836f5f4fafe6" member_type: VOTER last_known_addr { host: "127.19.174.188" port: 39065 } }
I20260630 12:29:10.925969 20196 tablet_service.cc:1917] Received RequestConsensusVote() RPC: tablet_id: "00000000000000000000000000000000" candidate_uuid: "9a7554d380c9495e8865836f5f4fafe6" candidate_term: 1 candidate_status { last_received { term: 0 index: 0 } } ignore_live_leader: false dest_uuid: "ff4f6037fcb1455dbb89e5ad2a3d17f9"
I20260630 12:29:10.926739 20196 raft_consensus.cc:3060] T 00000000000000000000000000000000 P ff4f6037fcb1455dbb89e5ad2a3d17f9 [term 0 FOLLOWER]: Advancing to term 1
I20260630 12:29:10.926774 20261 tablet_service.cc:1917] Received RequestConsensusVote() RPC: tablet_id: "00000000000000000000000000000000" candidate_uuid: "9a7554d380c9495e8865836f5f4fafe6" candidate_term: 1 candidate_status { last_received { term: 0 index: 0 } } ignore_live_leader: false dest_uuid: "7697d3edb59c48f8a62153fef5758a84"
I20260630 12:29:10.927438 20261 raft_consensus.cc:3060] T 00000000000000000000000000000000 P 7697d3edb59c48f8a62153fef5758a84 [term 0 FOLLOWER]: Advancing to term 1
I20260630 12:29:10.934785 20261 raft_consensus.cc:2468] T 00000000000000000000000000000000 P 7697d3edb59c48f8a62153fef5758a84 [term 1 FOLLOWER]: Leader election vote request: Granting yes vote for candidate 9a7554d380c9495e8865836f5f4fafe6 in term 1.
I20260630 12:29:10.935971 20299 leader_election.cc:304] T 00000000000000000000000000000000 P 9a7554d380c9495e8865836f5f4fafe6 [CANDIDATE]: Term 1 election: Election decided. Result: candidate won. Election summary: received 2 responses out of 3 voters: 2 yes votes; 0 no votes. yes voters: 7697d3edb59c48f8a62153fef5758a84, 9a7554d380c9495e8865836f5f4fafe6; no voters: 
I20260630 12:29:10.936901 20196 raft_consensus.cc:2468] T 00000000000000000000000000000000 P ff4f6037fcb1455dbb89e5ad2a3d17f9 [term 1 FOLLOWER]: Leader election vote request: Granting yes vote for candidate 9a7554d380c9495e8865836f5f4fafe6 in term 1.
I20260630 12:29:10.938387 20361 leader_election.cc:290] T 00000000000000000000000000000000 P 9a7554d380c9495e8865836f5f4fafe6 [CANDIDATE]: Term 1 election: Requested vote from peers ff4f6037fcb1455dbb89e5ad2a3d17f9 (127.19.174.190:33759), 7697d3edb59c48f8a62153fef5758a84 (127.19.174.189:46791)
I20260630 12:29:10.939193 20361 raft_consensus.cc:2804] T 00000000000000000000000000000000 P 9a7554d380c9495e8865836f5f4fafe6 [term 1 FOLLOWER]: Leader election won for term 1
I20260630 12:29:10.940032 20361 raft_consensus.cc:697] T 00000000000000000000000000000000 P 9a7554d380c9495e8865836f5f4fafe6 [term 1 LEADER]: Becoming Leader. State: Replica: 9a7554d380c9495e8865836f5f4fafe6, State: Running, Role: LEADER
I20260630 12:29:10.941381 20361 consensus_queue.cc:237] T 00000000000000000000000000000000 P 9a7554d380c9495e8865836f5f4fafe6 [LEADER]: Queue going to LEADER mode. State: All replicated index: 0, Majority replicated index: 0, Committed index: 0, Last appended: 0.0, Last appended by leader: 0, Current term: 1, Majority size: 2, State: 0, Mode: LEADER, active raft config: opid_index: -1 OBSOLETE_local: false peers { permanent_uuid: "ff4f6037fcb1455dbb89e5ad2a3d17f9" member_type: VOTER last_known_addr { host: "127.19.174.190" port: 33759 } } peers { permanent_uuid: "7697d3edb59c48f8a62153fef5758a84" member_type: VOTER last_known_addr { host: "127.19.174.189" port: 46791 } } peers { permanent_uuid: "9a7554d380c9495e8865836f5f4fafe6" member_type: VOTER last_known_addr { host: "127.19.174.188" port: 39065 } }
I20260630 12:29:10.956028 20409 sys_catalog.cc:455] T 00000000000000000000000000000000 P 9a7554d380c9495e8865836f5f4fafe6 [sys.catalog]: SysCatalogTable state changed. Reason: New leader 9a7554d380c9495e8865836f5f4fafe6. Latest consensus state: current_term: 1 leader_uuid: "9a7554d380c9495e8865836f5f4fafe6" committed_config { opid_index: -1 OBSOLETE_local: false peers { permanent_uuid: "ff4f6037fcb1455dbb89e5ad2a3d17f9" member_type: VOTER last_known_addr { host: "127.19.174.190" port: 33759 } } peers { permanent_uuid: "7697d3edb59c48f8a62153fef5758a84" member_type: VOTER last_known_addr { host: "127.19.174.189" port: 46791 } } peers { permanent_uuid: "9a7554d380c9495e8865836f5f4fafe6" member_type: VOTER last_known_addr { host: "127.19.174.188" port: 39065 } } }
I20260630 12:29:10.956929 20409 sys_catalog.cc:458] T 00000000000000000000000000000000 P 9a7554d380c9495e8865836f5f4fafe6 [sys.catalog]: This master's current role is: LEADER
I20260630 12:29:10.959746 20411 catalog_manager.cc:1511] Loading table and tablet metadata into memory...
I20260630 12:29:10.961862 20154 rpc_server.cc:225] running with OpenSSL 1.1.1  11 Sep 2018
I20260630 12:29:10.963655 20154 kserver.cc:163] Server-wide thread pool size limit: 3276
I20260630 12:29:10.966409 20154 txn_system_client.cc:432] TxnSystemClient initialization is disabled...
I20260630 12:29:10.968122 20411 catalog_manager.cc:1520] Initializing Kudu cluster ID...
I20260630 12:29:10.971534 20154 ts_tablet_manager.cc:585] Loaded tablet metadata (0 total tablets, 0 live tablets)
I20260630 12:29:10.971822 20154 ts_tablet_manager.cc:531] Time spent load tablet metadata: real 0.000s	user 0.000s	sys 0.000s
I20260630 12:29:10.972105 20154 ts_tablet_manager.cc:616] Registered 0 tablets
I20260630 12:29:10.972312 20154 ts_tablet_manager.cc:595] Time spent register tablets: real 0.000s	user 0.000s	sys 0.000s
I20260630 12:29:10.983906 20261 raft_consensus.cc:1275] T 00000000000000000000000000000000 P 7697d3edb59c48f8a62153fef5758a84 [term 1 FOLLOWER]: Refusing update from remote peer 9a7554d380c9495e8865836f5f4fafe6: Log matching property violated. Preceding OpId in replica: term: 0 index: 0. Preceding OpId from leader: term: 1 index: 2. (index mismatch)
I20260630 12:29:10.984220 20196 raft_consensus.cc:1275] T 00000000000000000000000000000000 P ff4f6037fcb1455dbb89e5ad2a3d17f9 [term 1 FOLLOWER]: Refusing update from remote peer 9a7554d380c9495e8865836f5f4fafe6: Log matching property violated. Preceding OpId in replica: term: 0 index: 0. Preceding OpId from leader: term: 1 index: 2. (index mismatch)
I20260630 12:29:10.985885 20361 consensus_queue.cc:1048] T 00000000000000000000000000000000 P 9a7554d380c9495e8865836f5f4fafe6 [LEADER]: Connected to new peer: Peer: permanent_uuid: "7697d3edb59c48f8a62153fef5758a84" member_type: VOTER last_known_addr { host: "127.19.174.189" port: 46791 }, Status: LMP_MISMATCH, Last received: 0.0, Next index: 1, Last known committed idx: 0, Time since last communication: 0.000s
I20260630 12:29:10.986567 20409 consensus_queue.cc:1048] T 00000000000000000000000000000000 P 9a7554d380c9495e8865836f5f4fafe6 [LEADER]: Connected to new peer: Peer: permanent_uuid: "ff4f6037fcb1455dbb89e5ad2a3d17f9" member_type: VOTER last_known_addr { host: "127.19.174.190" port: 33759 }, Status: LMP_MISMATCH, Last received: 0.0, Next index: 1, Last known committed idx: 0, Time since last communication: 0.000s
I20260630 12:29:11.012007 20359 sys_catalog.cc:455] T 00000000000000000000000000000000 P 7697d3edb59c48f8a62153fef5758a84 [sys.catalog]: SysCatalogTable state changed. Reason: New leader 9a7554d380c9495e8865836f5f4fafe6. Latest consensus state: current_term: 1 leader_uuid: "9a7554d380c9495e8865836f5f4fafe6" committed_config { opid_index: -1 OBSOLETE_local: false peers { permanent_uuid: "ff4f6037fcb1455dbb89e5ad2a3d17f9" member_type: VOTER last_known_addr { host: "127.19.174.190" port: 33759 } } peers { permanent_uuid: "7697d3edb59c48f8a62153fef5758a84" member_type: VOTER last_known_addr { host: "127.19.174.189" port: 46791 } } peers { permanent_uuid: "9a7554d380c9495e8865836f5f4fafe6" member_type: VOTER last_known_addr { host: "127.19.174.188" port: 39065 } } }
I20260630 12:29:11.013064 20359 sys_catalog.cc:458] T 00000000000000000000000000000000 P 7697d3edb59c48f8a62153fef5758a84 [sys.catalog]: This master's current role is: FOLLOWER
I20260630 12:29:11.029631 20415 mvcc.cc:204] Tried to move back new op lower bound from 7302441168813350912 to 7302441168674701312. Current Snapshot: MvccSnapshot[applied={T|T < 7302441168813350912}]
I20260630 12:29:11.037736 20359 sys_catalog.cc:455] T 00000000000000000000000000000000 P 7697d3edb59c48f8a62153fef5758a84 [sys.catalog]: SysCatalogTable state changed. Reason: Replicated consensus-only round. Latest consensus state: current_term: 1 leader_uuid: "9a7554d380c9495e8865836f5f4fafe6" committed_config { opid_index: -1 OBSOLETE_local: false peers { permanent_uuid: "ff4f6037fcb1455dbb89e5ad2a3d17f9" member_type: VOTER last_known_addr { host: "127.19.174.190" port: 33759 } } peers { permanent_uuid: "7697d3edb59c48f8a62153fef5758a84" member_type: VOTER last_known_addr { host: "127.19.174.189" port: 46791 } } peers { permanent_uuid: "9a7554d380c9495e8865836f5f4fafe6" member_type: VOTER last_known_addr { host: "127.19.174.188" port: 39065 } } }
I20260630 12:29:11.038590 20359 sys_catalog.cc:458] T 00000000000000000000000000000000 P 7697d3edb59c48f8a62153fef5758a84 [sys.catalog]: This master's current role is: FOLLOWER
I20260630 12:29:11.043663 20411 catalog_manager.cc:1383] Generated new cluster ID: ab643c2cbb3f4b318c8dd15cfeb60332
I20260630 12:29:11.043992 20411 catalog_manager.cc:1531] Initializing Kudu internal certificate authority...
I20260630 12:29:11.043555 20360 sys_catalog.cc:455] T 00000000000000000000000000000000 P ff4f6037fcb1455dbb89e5ad2a3d17f9 [sys.catalog]: SysCatalogTable state changed. Reason: New leader 9a7554d380c9495e8865836f5f4fafe6. Latest consensus state: current_term: 1 leader_uuid: "9a7554d380c9495e8865836f5f4fafe6" committed_config { opid_index: -1 OBSOLETE_local: false peers { permanent_uuid: "ff4f6037fcb1455dbb89e5ad2a3d17f9" member_type: VOTER last_known_addr { host: "127.19.174.190" port: 33759 } } peers { permanent_uuid: "7697d3edb59c48f8a62153fef5758a84" member_type: VOTER last_known_addr { host: "127.19.174.189" port: 46791 } } peers { permanent_uuid: "9a7554d380c9495e8865836f5f4fafe6" member_type: VOTER last_known_addr { host: "127.19.174.188" port: 39065 } } }
I20260630 12:29:11.044296 20360 sys_catalog.cc:458] T 00000000000000000000000000000000 P ff4f6037fcb1455dbb89e5ad2a3d17f9 [sys.catalog]: This master's current role is: FOLLOWER
